71.168.122.164 - - [25/Aug/2008:17:42:02 -0700] "GET /tmp/?D=A HTTP/1.1" 200 520 "-" "Mozilla/5.0 (compatible; MJ12bot/v1.2.3; http://www.majestic12.co.uk/bot.php?+)" "shaneperfect.com"
71.168.122.164 - - [25/Aug/2008:17:42:14 -0700] "GET /tmp/?N=D HTTP/1.1" 200 520 "-" "Mozilla/5.0 (compatible; MJ12bot/v1.2.3; http://www.majestic12.co.uk/bot.php?+)" "shaneperfect.com"
208.80.193.41 - - [25/Aug/2008:23:09:05 -0700] "GET / HTTP/1.0" 200 763 "-" "Mozilla/4.0 (compatible; MSIE 6.0; Windows NT 5.1; {5969F4F3-B929-7BE6-9F39-71B340A1B121}; Embedded Web Browser from: http://bsalsa.com/; .NET CLR 1.1.4322)" "shaneperfect.com"
66.34.204.26 - - [26/Aug/2008:04:41:24 -0700] "GET / HTTP/1.1" 200 779 "http://www.keywordspy.com/keyword-research/shaneperfect.com" "Mozilla/4.0 (compatible; MSIE 7.0; Windows NT 5.1; Alexa Toolbar)" "shaneperfect.com"
66.34.204.26 - - [26/Aug/2008:04:41:24 -0700] "GET / HTTP/1.1" 200 779 "http://www.keywordspy.com/keyword-research/shaneperfect.com" "Mozilla/4.0 (compatible; MSIE 7.0; Windows NT 5.1; Alexa Toolbar)" "shaneperfect.com"
66.34.204.26 - - [26/Aug/2008:04:41:24 -0700] "GET / HTTP/1.1" 200 779 "http://www.keywordspy.com/keyword-research/shaneperfect.com" "Mozilla/4.0 (compatible; MSIE 7.0; Windows NT 5.1; Alexa Toolbar)" "shaneperfect.com"
67.195.37.92 - - [26/Aug/2008:06:11:06 -0700] "GET /robots.txt HTTP/1.0" 404 275 "-" "Mozilla/5.0 (compatible; Yahoo! Slurp; http://help.yahoo.com/help/us/ysearch/slurp)" "shaneperfect.com"
67.195.37.92 - - [26/Aug/2008:06:11:53 -0700] "GET /?N=D HTTP/1.0" 200 763 "-" "Mozilla/5.0 (compatible; Yahoo! Slurp; http://help.yahoo.com/help/us/ysearch/slurp)" "shaneperfect.com"
38.99.13.121 - - [26/Aug/2008:08:30:09 -0700] "GET /robots.txt HTTP/1.0" 404 275 "-" "Mozilla/5.0 (Twiceler-0.9 http://www.cuil.com/twiceler/robot.html)" "shaneperfect.com"
67.195.37.92 - - [26/Aug/2008:12:21:08 -0700] "GET /robots.txt HTTP/1.0" 404 275 "-" "Mozilla/5.0 (compatible; Yahoo! Slurp; http://help.yahoo.com/help/us/ysearch/slurp)" "shaneperfect.com"
67.195.37.92 - - [26/Aug/2008:12:21:09 -0700] "GET / HTTP/1.0" 200 763 "-" "Mozilla/5.0 (X11; U; Linux i686 (x86_64); en-US; rv:1.8.1.4) Gecko/20080721 BonEcho/2.0.0.4" "shaneperfect.com"
75.16.210.64 - - [26/Aug/2008:16:01:00 -0700] "GET /logs/ HTTP/1.0" 200 4932 "-" "Wget/1.5.3.1" "shaneperfect.com"
75.16.210.64 - - [26/Aug/2008:16:01:00 -0700] "GET /robots.txt HTTP/1.0" 404 275 "-" "Wget/1.5.3.1" "shaneperfect.com"
75.16.210.64 - - [26/Aug/2008:16:01:01 -0700] "GET /logs/access.log HTTP/1.0" 200 102173 "http://shaneperfect.com/logs/" "Wget/1.5.3.1" "shaneperfect.com"
65.214.45.215 - - [26/Aug/2008:19:32:10 -0700] "GET /robots.txt HTTP/1.0" 404 275 "-" "Mozilla/5.0 (compatible; Ask Jeeves/Teoma; +http://about.ask.com/en/docs/about/webmasters.shtml)" "shaneperfect.com"
65.214.45.215 - - [26/Aug/2008:19:32:10 -0700] "GET /logs/access_070301.log HTTP/1.0" 200 25559 "-" "Mozilla/5.0 (compatible; Ask Jeeves/Teoma; +http://about.ask.com/en/docs/about/webmasters.shtml)" "shaneperfect.com"
208.80.193.35 - - [27/Aug/2008:01:26:11 -0700] "GET / HTTP/1.0" 200 763 "-" "Mozilla/4.0 (compatible; MSIE 6.0; Windows NT 5.1; SV1; PeoplePal 6.1)" "shaneperfect.com"
212.162.98.92 - - [27/Aug/2008:02:23:22 -0700] "GET /logs/access_070301.log HTTP/1.1" 200 25559 "http://www.google.it/search?hl=it&client=firefox-a&rls=org.mozilla:en-US:official&hs=Fiw&q=Mozilla/5.001+(windows%3B+U%3B+NT4.0%3B+en-us)+Gecko/25250101&start=10&sa=N" "Mozilla/5.0 (X11; U; Linux i686; en-US; rv:1.9.0.1) Gecko/2008071615 Fedora/3.0.1-1.fc9 Firefox/3.0.1" "shaneperfect.com"
212.162.98.92 - - [27/Aug/2008:02:23:23 -0700] "GET /favicon.ico HTTP/1.1" 404 275 "-" "Mozilla/5.0 (X11; U; Linux i686; en-US; rv:1.9.0.1) Gecko/2008071615 Fedora/3.0.1-1.fc9 Firefox/3.0.1" "shaneperfect.com"
212.162.98.92 - - [27/Aug/2008:02:23:26 -0700] "GET /favicon.ico HTTP/1.1" 404 275 "-" "Mozilla/5.0 (X11; U; Linux i686; en-US; rv:1.9.0.1) Gecko/2008071615 Fedora/3.0.1-1.fc9 Firefox/3.0.1" "shaneperfect.com"
74.6.22.171 - - [27/Aug/2008:11:47:07 -0700] "GET /robots.txt HTTP/1.0" 404 275 "-" "Mozilla/5.0 (compatible; Yahoo! Slurp; http://help.yahoo.com/help/us/ysearch/slurp)" "shaneperfect.com"
74.6.22.171 - - [27/Aug/2008:11:47:07 -0700] "GET / HTTP/1.0" 200 763 "-" "Mozilla/5.0 (compatible; Yahoo! Slurp; http://help.yahoo.com/help/us/ysearch/slurp)" "shaneperfect.com"
67.195.37.92 - - [27/Aug/2008:12:39:09 -0700] "GET /robots.txt HTTP/1.0" 404 275 "-" "Mozilla/5.0 (compatible; Yahoo! Slurp; http://help.yahoo.com/help/us/ysearch/slurp)" "shaneperfect.com"
67.195.37.92 - - [27/Aug/2008:12:40:18 -0700] "GET /?M=A HTTP/1.0" 200 763 "-" "Mozilla/5.0 (X11; U; Linux i686 (x86_64); en-US; rv:1.8.1.4) Gecko/20080721 BonEcho/2.0.0.4" "shaneperfect.com"
74.6.22.171 - - [27/Aug/2008:13:11:47 -0700] "GET /?N=D HTTP/1.0" 200 763 "-" "Mozilla/5.0 (compatible; Yahoo! Slurp; http://help.yahoo.com/help/us/ysearch/slurp)" "shaneperfect.com"
75.16.210.64 - - [27/Aug/2008:16:01:16 -0700] "GET /logs/ HTTP/1.0" 200 4932 "-" "Wget/1.5.3.1" "shaneperfect.com"
75.16.210.64 - - [27/Aug/2008:16:01:16 -0700] "GET /robots.txt HTTP/1.0" 404 275 "-" "Wget/1.5.3.1" "shaneperfect.com"
75.16.210.64 - - [27/Aug/2008:16:01:17 -0700] "GET /logs/access.log HTTP/1.0" 200 104893 "http://shaneperfect.com/logs/" "Wget/1.5.3.1" "shaneperfect.com"
85.73.164.24 - - [28/Aug/2008:02:29:57 -0700] "GET / HTTP/1.1" 200 779 "http://www.hollyheath.com/fineart.html" "Mozilla/4.0 (compatible; MSIE 7.0; Windows NT 5.1; .NET CLR 1.1.4322; .NET CLR 2.0.50727)" "shaneperfect.com"
208.80.193.44 - - [28/Aug/2008:04:59:42 -0700] "GET / HTTP/1.0" 200 763 "-" "Mozilla/4.0 (compatible; MSIE 6.0; Windows NT 5.1; SV1; Advanced Searchbar; .NET CLR 1.1.4322; .NET CLR 2.0.50727)" "shaneperfect.com"
38.99.13.121 - - [28/Aug/2008:07:29:48 -0700] "GET /robots.txt HTTP/1.0" 404 275 "-" "Mozilla/5.0 (Twiceler-0.9 http://www.cuil.com/twiceler/robot.html)" "shaneperfect.com"
206.123.130.2 - - [28/Aug/2008:09:29:22 -0700] "GET / HTTP/1.1" 200 779 "http://www.hollyheath.com/fineart.html" "Mozilla/4.0 (compatible; MSIE 7.0; Windows NT 5.1; .NET CLR 1.1.4322; .NET CLR 2.0.50727; InfoPath.1; .NET CLR 3.0.04506.30; .NET CLR 3.0.04506.648)" "shaneperfect.com"
75.16.210.64 - - [28/Aug/2008:16:01:18 -0700] "GET /logs/ HTTP/1.0" 200 4932 "-" "Wget/1.5.3.1" "shaneperfect.com"
75.16.210.64 - - [28/Aug/2008:16:01:18 -0700] "GET /robots.txt HTTP/1.0" 404 275 "-" "Wget/1.5.3.1" "shaneperfect.com"
75.16.210.64 - - [28/Aug/2008:16:01:19 -0700] "GET /logs/access.log HTTP/1.0" 200 106173 "http://shaneperfect.com/logs/" "Wget/1.5.3.1" "shaneperfect.com"
74.6.22.106 - - [28/Aug/2008:23:03:06 -0700] "GET /robots.txt HTTP/1.0" 404 275 "-" "Mozilla/5.0 (compatible; Yahoo! Slurp; http://help.yahoo.com/help/us/ysearch/slurp)" "www.shaneperfect.com"
74.6.22.106 - - [28/Aug/2008:23:03:06 -0700] "GET / HTTP/1.0" 200 763 "-" "Mozilla/5.0 (compatible; Yahoo! Slurp; http://help.yahoo.com/help/us/ysearch/slurp)" "www.shaneperfect.com"
65.55.105.113 - - [29/Aug/2008:01:14:59 -0700] "GET /robots.txt HTTP/1.1" 404 275 "-" "msnbot/1.1 (+http://search.msn.com/msnbot.htm)" "shaneperfect.com"
65.55.105.113 - - [29/Aug/2008:01:14:59 -0700] "GET / HTTP/1.1" 200 779 "-" "msnbot/1.1 (+http://search.msn.com/msnbot.htm)" "shaneperfect.com"
208.80.193.48 - - [29/Aug/2008:07:50:23 -0700] "GET / HTTP/1.0" 200 763 "-" "Mozilla/4.0 (compatible; MSIE 6.0; Windows NT 5.1; SV1; FunWebProducts; .NET CLR 2.0.50727; MSN 6.1; MSNbMSFT; MSNmen-us; MSNc00; v5m)" "shaneperfect.com"
74.6.17.187 - - [29/Aug/2008:14:24:00 -0700] "GET /robots.txt HTTP/1.0" 404 275 "-" "Mozilla/5.0 (compatible; Yahoo! Slurp; http://help.yahoo.com/help/us/ysearch/slurp)" "shaneperfect.com"
74.6.17.187 - - [29/Aug/2008:14:24:00 -0700] "GET /logs/ HTTP/1.0" 200 4932 "-" "Mozilla/5.0 (compatible; Yahoo! Slurp; http://help.yahoo.com/help/us/ysearch/slurp)" "shaneperfect.com"
75.16.210.64 - - [29/Aug/2008:16:00:42 -0700] "GET /logs/ HTTP/1.0" 200 4932 "-" "Wget/1.5.3.1" "shaneperfect.com"
75.16.210.64 - - [29/Aug/2008:16:00:43 -0700] "GET /robots.txt HTTP/1.0" 404 275 "-" "Wget/1.5.3.1" "shaneperfect.com"
75.16.210.64 - - [29/Aug/2008:16:00:43 -0700] "GET /logs/access.log HTTP/1.0" 200 107842 "http://shaneperfect.com/logs/" "Wget/1.5.3.1" "shaneperfect.com"
67.195.37.167 - - [29/Aug/2008:16:49:43 -0700] "GET /robots.txt HTTP/1.0" 404 275 "-" "Mozilla/5.0 (compatible; Yahoo! Slurp; http://help.yahoo.com/help/us/ysearch/slurp)" "shaneperfect.com"
67.195.37.167 - - [29/Aug/2008:16:51:12 -0700] "GET /logs/ HTTP/1.0" 200 4932 "-" "Mozilla/5.0 (compatible; Yahoo! Slurp; http://help.yahoo.com/help/us/ysearch/slurp)" "shaneperfect.com"
72.20.109.36 - - [29/Aug/2008:18:57:41 -0700] "GET /robots.txt HTTP/1.1" 404 275 "-" "GurujiBot/1.0 (+http://www.guruji.com/en/WebmasterFAQ.html)" "www.shaneperfect.com"
72.20.109.36 - - [29/Aug/2008:18:57:41 -0700] "GET / HTTP/1.1" 200 779 "-" "GurujiBot/1.0 (+http://www.guruji.com/en/WebmasterFAQ.html)" "www.shaneperfect.com"
74.6.17.182 - - [29/Aug/2008:19:09:37 -0700] "GET /robots.txt HTTP/1.0" 404 275 "-" "Mozilla/5.0 (compatible; Yahoo! Slurp; http://help.yahoo.com/help/us/ysearch/slurp)" "www.shaneperfect.com"
74.6.17.182 - - [29/Aug/2008:19:09:37 -0700] "GET /?M=A HTTP/1.0" 200 763 "-" "Mozilla/5.0 (compatible; Yahoo! Slurp; http://help.yahoo.com/help/us/ysearch/slurp)" "www.shaneperfect.com"
80.226.13.18 - - [29/Aug/2008:20:55:34 -0700] "GET /logs/access_070331.log HTTP/1.1" 200 6009 "http://www.google.de/search?num=30&hl=de&newwindow=1&safe=off&q=filetype:log+access.log+-CVS&start=120&sa=N" "Mozilla/4.0 (compatible; MSIE 7.0; Windows NT 5.1; Mozilla/4.0 (compatible; MSIE 6.0; Windows NT 5.1; SV1) ; .NET CLR 2.0.50727; .NET CLR 3.0.04506.30)" "shaneperfect.com"
80.226.13.18 - - [29/Aug/2008:20:56:16 -0700] "GET /logs/ HTTP/1.1" 200 4948 "-" "Mozilla/4.0 (compatible; MSIE 7.0; Windows NT 5.1; Mozilla/4.0 (compatible; MSIE 6.0; Windows NT 5.1; SV1) ; .NET CLR 2.0.50727; .NET CLR 3.0.04506.30)" "shaneperfect.com"
80.226.13.18 - - [29/Aug/2008:20:56:18 -0700] "GET /favicon.ico HTTP/1.1" 404 275 "-" "Mozilla/4.0 (compatible; MSIE 7.0; Windows NT 5.1; Mozilla/4.0 (compatible; MSIE 6.0; Windows NT 5.1; SV1) ; .NET CLR 2.0.50727; .NET CLR 3.0.04506.30)" "shaneperfect.com"
80.226.13.18 - - [29/Aug/2008:20:56:21 -0700] "GET /logs/access_070531.log HTTP/1.1" 200 73402 "http://shaneperfect.com/logs/" "Mozilla/4.0 (compatible; MSIE 7.0; Windows NT 5.1; Mozilla/4.0 (compatible; MSIE 6.0; Windows NT 5.1; SV1) ; .NET CLR 2.0.50727; .NET CLR 3.0.04506.30)" "shaneperfect.com"
80.226.13.18 - - [29/Aug/2008:20:57:23 -0700] "GET / HTTP/1.1" 200 779 "http://shaneperfect.com/logs/" "Mozilla/4.0 (compatible; MSIE 7.0; Windows NT 5.1; Mozilla/4.0 (compatible; MSIE 6.0; Windows NT 5.1; SV1) ; .NET CLR 2.0.50727; .NET CLR 3.0.04506.30)" "shaneperfect.com"
80.226.13.18 - - [29/Aug/2008:20:57:27 -0700] "GET /tmp/ HTTP/1.1" 200 520 "http://shaneperfect.com/" "Mozilla/4.0 (compatible; MSIE 7.0; Windows NT 5.1; Mozilla/4.0 (compatible; MSIE 6.0; Windows NT 5.1; SV1) ; .NET CLR 2.0.50727; .NET CLR 3.0.04506.30)" "shaneperfect.com"
80.226.13.18 - - [29/Aug/2008:20:57:30 -0700] "GET / HTTP/1.1" 200 779 "http://shaneperfect.com/tmp/" "Mozilla/4.0 (compatible; MSIE 7.0; Windows NT 5.1; Mozilla/4.0 (compatible; MSIE 6.0; Windows NT 5.1; SV1) ; .NET CLR 2.0.50727; .NET CLR 3.0.04506.30)" "shaneperfect.com"
80.226.13.18 - - [29/Aug/2008:20:57:31 -0700] "GET / HTTP/1.1" 200 779 "http://shaneperfect.com/" "Mozilla/4.0 (compatible; MSIE 7.0; Windows NT 5.1; Mozilla/4.0 (compatible; MSIE 6.0; Windows NT 5.1; SV1) ; .NET CLR 2.0.50727; .NET CLR 3.0.04506.30)" "shaneperfect.com"
80.226.13.18 - - [29/Aug/2008:20:57:34 -0700] "GET / HTTP/1.1" 200 779 "http://shaneperfect.com/" "Mozilla/4.0 (compatible; MSIE 7.0; Windows NT 5.1; Mozilla/4.0 (compatible; MSIE 6.0; Windows NT 5.1; SV1) ; .NET CLR 2.0.50727; .NET CLR 3.0.04506.30)" "shaneperfect.com"
80.226.13.18 - - [29/Aug/2008:21:01:42 -0700] "GET /tmp/ HTTP/1.1" 200 520 "http://shaneperfect.com/" "Mozilla/4.0 (compatible; MSIE 7.0; Windows NT 5.1; Mozilla/4.0 (compatible; MSIE 6.0; Windows NT 5.1; SV1) ; .NET CLR 2.0.50727; .NET CLR 3.0.04506.30)" "shaneperfect.com"
80.226.13.18 - - [29/Aug/2008:21:01:45 -0700] "GET / HTTP/1.1" 200 779 "http://shaneperfect.com/logs/" "Mozilla/4.0 (compatible; MSIE 7.0; Windows NT 5.1; Mozilla/4.0 (compatible; MSIE 6.0; Windows NT 5.1; SV1) ; .NET CLR 2.0.50727; .NET CLR 3.0.04506.30)" "shaneperfect.com"
80.226.13.18 - - [29/Aug/2008:21:01:46 -0700] "GET /logs/ HTTP/1.1" 200 4948 "-" "Mozilla/4.0 (compatible; MSIE 7.0; Windows NT 5.1; Mozilla/4.0 (compatible; MSIE 6.0; Windows NT 5.1; SV1) ; .NET CLR 2.0.50727; .NET CLR 3.0.04506.30)" "shaneperfect.com"
80.226.13.18 - - [29/Aug/2008:21:01:55 -0700] "GET /logs/access_080731.log HTTP/1.1" 200 114139 "http://shaneperfect.com/logs/" "Mozilla/4.0 (compatible; MSIE 7.0; Windows NT 5.1; Mozilla/4.0 (compatible; MSIE 6.0; Windows NT 5.1; SV1) ; .NET CLR 2.0.50727; .NET CLR 3.0.04506.30)" "shaneperfect.com"
74.6.22.104 - - [29/Aug/2008:21:30:48 -0700] "GET /robots.txt HTTP/1.0" 404 275 "-" "Mozilla/5.0 (compatible; Yahoo! Slurp; http://help.yahoo.com/help/us/ysearch/slurp)" "shaneperfect.com"
74.6.22.104 - - [29/Aug/2008:21:30:48 -0700] "GET /?S=A HTTP/1.0" 200 763 "-" "Mozilla/5.0 (compatible; Yahoo! Slurp; http://help.yahoo.com/help/us/ysearch/slurp)" "shaneperfect.com"
74.6.22.104 - - [30/Aug/2008:05:38:15 -0700] "GET /?D=A HTTP/1.0" 200 763 "-" "Mozilla/5.0 (compatible; Yahoo! Slurp; http://help.yahoo.com/help/us/ysearch/slurp)" "shaneperfect.com"
208.80.193.35 - - [30/Aug/2008:08:53:41 -0700] "GET / HTTP/1.0" 200 763 "-" "Mozilla/4.0 (compatible; MSIE 6.0; Windows NT 5.1; SV1; NN5.1.0.9; .NET CLR 1.0.3705; .NET CLR 1.1.4322)" "shaneperfect.com"
71.97.188.177 - - [30/Aug/2008:12:35:25 -0700] "GET / HTTP/1.1" 200 779 "http://www.google.com/search?hl=en&q=shane+perfect&btnG=Search" "Mozilla/5.0 (Windows; U; Windows NT 5.1; en-US; rv:1.7.2) Gecko/20040804 Netscape/7.2 (ax)" "shaneperfect.com"
71.97.188.177 - - [30/Aug/2008:12:35:25 -0700] "GET /favicon.ico HTTP/1.1" 404 275 "-" "Mozilla/5.0 (Windows; U; Windows NT 5.1; en-US; rv:1.7.2) Gecko/20040804 Netscape/7.2 (ax)" "shaneperfect.com"
71.97.188.177 - - [30/Aug/2008:12:37:56 -0700] "GET /logs/ HTTP/1.1" 200 4948 "http://shaneperfect.com/" "Mozilla/5.0 (Windows; U; Windows NT 5.1; en-US; rv:1.7.2) Gecko/20040804 Netscape/7.2 (ax)" "shaneperfect.com"
71.97.188.177 - - [30/Aug/2008:12:38:02 -0700] "GET /logs/access.log HTTP/1.1" 200 114188 "http://shaneperfect.com/logs/" "Mozilla/5.0 (Windows; U; Windows NT 5.1; en-US; rv:1.7.2) Gecko/20040804 Netscape/7.2 (ax)" "shaneperfect.com"
71.97.188.177 - - [30/Aug/2008:12:38:45 -0700] "GET /tmp/ HTTP/1.1" 200 520 "http://shaneperfect.com/" "Mozilla/5.0 (Windows; U; Windows NT 5.1; en-US; rv:1.7.2) Gecko/20040804 Netscape/7.2 (ax)" "shaneperfect.com"
71.97.188.177 - - [30/Aug/2008:12:38:45 -0700] "GET /tmp/ HTTP/1.1" 200 520 "http://shaneperfect.com/" "Mozilla/5.0 (Windows; U; Windows NT 5.1; en-US; rv:1.7.2) Gecko/20040804 Netscape/7.2 (ax)" "shaneperfect.com"
74.6.17.182 - - [30/Aug/2008:13:30:41 -0700] "GET /robots.txt HTTP/1.0" 404 275 "-" "Mozilla/5.0 (compatible; Yahoo! Slurp; http://help.yahoo.com/help/us/ysearch/slurp)" "www.shaneperfect.com"
74.6.17.182 - - [30/Aug/2008:13:30:41 -0700] "GET /tmp/ HTTP/1.0" 200 504 "-" "Mozilla/5.0 (compatible; Yahoo! Slurp; http://help.yahoo.com/help/us/ysearch/slurp)" "www.shaneperfect.com"
66.231.189.152 - - [31/Aug/2008:01:06:12 -0700] "GET /robots.txt HTTP/1.0" 404 275 "-" "Gigabot/3.0 (http://www.gigablast.com/spider.html)" "www.shaneperfect.com"
66.231.188.106 - - [31/Aug/2008:01:06:13 -0700] "GET /?M=A HTTP/1.0" 200 763 "-" "Gigabot/3.0 (http://www.gigablast.com/spider.html)" "www.shaneperfect.com"
66.231.188.106 - - [31/Aug/2008:02:11:44 -0700] "GET /tmp/ HTTP/1.0" 200 504 "-" "Gigabot/3.0 (http://www.gigablast.com/spider.html)" "www.shaneperfect.com"
66.231.188.106 - - [31/Aug/2008:03:24:42 -0700] "GET /?N=D HTTP/1.0" 200 763 "-" "Gigabot/3.0 (http://www.gigablast.com/spider.html)" "www.shaneperfect.com"
74.6.17.182 - - [31/Aug/2008:05:54:52 -0700] "GET /robots.txt HTTP/1.0" 404 275 "-" "Mozilla/5.0 (compatible; Yahoo! Slurp; http://help.yahoo.com/help/us/ysearch/slurp)" "www.shaneperfect.com"
74.6.17.182 - - [31/Aug/2008:05:54:52 -0700] "GET /?N=D HTTP/1.0" 200 763 "-" "Mozilla/5.0 (compatible; Yahoo! Slurp; http://help.yahoo.com/help/us/ysearch/slurp)" "www.shaneperfect.com"
66.231.188.106 - - [31/Aug/2008:06:10:11 -0700] "GET /?S=A HTTP/1.0" 200 763 "-" "Gigabot/3.0 (http://www.gigablast.com/spider.html)" "www.shaneperfect.com"
66.231.188.106 - - [31/Aug/2008:09:44:16 -0700] "GET /?D=A HTTP/1.0" 200 763 "-" "Gigabot/3.0 (http://www.gigablast.com/spider.html)" "www.shaneperfect.com"
208.80.193.26 - - [31/Aug/2008:10:28:19 -0700] "GET / HTTP/1.0" 200 763 "-" "Mozilla/4.0 (compatible; MSIE 6.0; Windows NT 5.1; libero; .NET CLR 1.1.4322)" "shaneperfect.com"
74.6.17.182 - - [31/Aug/2008:13:52:37 -0700] "GET /?D=A HTTP/1.0" 200 763 "-" "Mozilla/5.0 (compatible; Yahoo! Slurp; http://help.yahoo.com/help/us/ysearch/slurp)" "www.shaneperfect.com"