62.209.200.19 - - [17/Jun/2008:21:37:58 -0700] "GET /tmp/ HTTP/1.0" 200 504 "-" "Mozilla/4.0 (compatible; MSIE 7.0; Windows NT 5.1; .NET CLR 2.0.50727; .NET CLR 1.1.4322)" "shaneperfect.com"
62.209.200.19 - - [17/Jun/2008:21:37:59 -0700] "GET /?N=D HTTP/1.0" 200 763 "-" "Mozilla/4.0 (compatible; MSIE 7.0; Windows NT 5.1; .NET CLR 2.0.50727; .NET CLR 1.1.4322)" "shaneperfect.com"
62.209.200.19 - - [17/Jun/2008:21:37:59 -0700] "GET /?N=A HTTP/1.0" 200 763 "-" "Mozilla/4.0 (compatible; MSIE 7.0; Windows NT 5.1; .NET CLR 2.0.50727; .NET CLR 1.1.4322)" "shaneperfect.com"
62.209.200.19 - - [17/Jun/2008:21:37:59 -0700] "GET /?D=D HTTP/1.0" 200 763 "-" "Mozilla/4.0 (compatible; MSIE 7.0; Windows NT 5.1; .NET CLR 2.0.50727; .NET CLR 1.1.4322)" "shaneperfect.com"
62.209.200.19 - - [17/Jun/2008:21:38:00 -0700] "GET /logs/access_070331.log HTTP/1.0" 200 6009 "-" "Mozilla/4.0 (compatible; MSIE 7.0; Windows NT 5.1; .NET CLR 2.0.50727; .NET CLR 1.1.4322)" "shaneperfect.com"
62.209.200.19 - - [17/Jun/2008:21:38:00 -0700] "GET /logs/access_080401.log HTTP/1.0" 200 269 "-" "Mozilla/4.0 (compatible; MSIE 7.0; Windows NT 5.1; .NET CLR 2.0.50727; .NET CLR 1.1.4322)" "shaneperfect.com"
62.209.200.19 - - [17/Jun/2008:21:38:00 -0700] "GET /?M=D HTTP/1.0" 200 763 "-" "Mozilla/4.0 (compatible; MSIE 7.0; Windows NT 5.1; .NET CLR 2.0.50727; .NET CLR 1.1.4322)" "shaneperfect.com"
62.209.200.19 - - [17/Jun/2008:21:38:01 -0700] "GET /?S=D HTTP/1.0" 200 763 "-" "Mozilla/4.0 (compatible; MSIE 7.0; Windows NT 5.1; .NET CLR 2.0.50727; .NET CLR 1.1.4322)" "shaneperfect.com"
62.209.200.19 - - [17/Jun/2008:21:38:01 -0700] "GET /tmp/?N=D HTTP/1.0" 200 504 "-" "Mozilla/4.0 (compatible; MSIE 7.0; Windows NT 5.1; .NET CLR 2.0.50727; .NET CLR 1.1.4322)" "shaneperfect.com"
62.209.200.19 - - [17/Jun/2008:21:38:01 -0700] "GET /tmp/?M=A HTTP/1.0" 200 504 "-" "Mozilla/4.0 (compatible; MSIE 7.0; Windows NT 5.1; .NET CLR 2.0.50727; .NET CLR 1.1.4322)" "shaneperfect.com"
62.209.200.19 - - [17/Jun/2008:21:38:02 -0700] "GET /tmp/?N=A HTTP/1.0" 200 504 "-" "Mozilla/4.0 (compatible; MSIE 7.0; Windows NT 5.1; .NET CLR 2.0.50727; .NET CLR 1.1.4322)" "shaneperfect.com"
62.209.200.19 - - [17/Jun/2008:21:38:02 -0700] "GET /tmp/?M=D HTTP/1.0" 200 504 "-" "Mozilla/4.0 (compatible; MSIE 7.0; Windows NT 5.1; .NET CLR 2.0.50727; .NET CLR 1.1.4322)" "shaneperfect.com"
193.65.59.221 - - [18/Jun/2008:00:03:45 -0700] "GET / HTTP/1.0" 200 763 "-" "Mozilla/4.0 (compatible; MSIE 7.0; Windows NT 5.1; .NET CLR 2.0.50727; .NET CLR 1.1.4322)" "www.shaneperfect.com"
193.65.59.221 - - [18/Jun/2008:00:03:46 -0700] "GET /?S=http%3A%2F%2Fwww.marsbook.co.kr%2Fmain%2Fcreated%2Fproduct%2F2%2Fmumas%2Fsuvoye%2F HTTP/1.0" 200 763 "-" "Mozilla/4.0 (compatible; MSIE 7.0; Windows NT 5.1; .NET CLR 2.0.50727; .NET CLR 1.1.4322)" "www.shaneperfect.com"
193.65.59.221 - - [18/Jun/2008:00:03:46 -0700] "GET /?S=http%3A%2F%2Fmojazubarka.sk%2Ftest%2Fadmin%2Fsicaqe%2Fjufoxir%2F HTTP/1.0" 200 763 "-" "Mozilla/4.0 (compatible; MSIE 7.0; Windows NT 5.1; .NET CLR 2.0.50727; .NET CLR 1.1.4322)" "www.shaneperfect.com"
193.65.59.221 - - [18/Jun/2008:00:03:46 -0700] "GET /?S=http%3A%2F%2Fwww.channelnewsperu.com%2Fimagenes%2Fpublicaciones%2Ffotos%2Femesuki%2Flewu%2F HTTP/1.0" 200 763 "-" "Mozilla/4.0 (compatible; MSIE 7.0; Windows NT 5.1; .NET CLR 2.0.50727; .NET CLR 1.1.4322)" "www.shaneperfect.com"
193.65.59.221 - - [18/Jun/2008:00:03:46 -0700] "GET /?N=http%3A%2F%2Fwww.clubnataciotortosa.com%2FUserFiles%2FFile%2Fedut%2Fade%2F HTTP/1.0" 200 763 "-" "Mozilla/4.0 (compatible; MSIE 7.0; Windows NT 5.1; .NET CLR 2.0.50727; .NET CLR 1.1.4322)" "www.shaneperfect.com"
193.65.59.221 - - [18/Jun/2008:00:03:47 -0700] "GET /?N=http%3A%2F%2Frabotnitsa.ru%2Fjoomla__%2Fadministrator%2Fbackups%2Farim%2Fzaf%2F HTTP/1.0" 200 763 "-" "Mozilla/4.0 (compatible; MSIE 7.0; Windows NT 5.1; .NET CLR 2.0.50727; .NET CLR 1.1.4322)" "www.shaneperfect.com"
193.65.59.221 - - [18/Jun/2008:00:03:47 -0700] "GET /?N=http%3A%2F%2Fmslayouts.ws%2Ficons%2Fadministrator%2Fcomponents%2Fcom_menus%2Fetotag%2Fqeba%2F HTTP/1.0" 200 763 "-" "Mozilla/4.0 (compatible; MSIE 7.0; Windows NT 5.1; .NET CLR 2.0.50727; .NET CLR 1.1.4322)" "www.shaneperfect.com"
193.65.59.221 - - [18/Jun/2008:00:03:47 -0700] "GET /?D=http%3A%2F%2Fmojazubarka.sk%2Ftest%2Fadmin%2Fsicaqe%2Fjufoxir%2F HTTP/1.0" 200 763 "-" "Mozilla/4.0 (compatible; MSIE 7.0; Windows NT 5.1; .NET CLR 2.0.50727; .NET CLR 1.1.4322)" "www.shaneperfect.com"
193.65.59.221 - - [18/Jun/2008:00:03:47 -0700] "GET /?D=http%3A%2F%2Fwww.channelnewsperu.com%2Fimagenes%2Fpublicaciones%2Ffotos%2Femesuki%2Flewu%2F HTTP/1.0" 200 763 "-" "Mozilla/4.0 (compatible; MSIE 7.0; Windows NT 5.1; .NET CLR 2.0.50727; .NET CLR 1.1.4322)" "www.shaneperfect.com"
193.65.59.221 - - [18/Jun/2008:00:03:48 -0700] "GET /?D=http%3A%2F%2Fwww.interkonet.com%2Fgaleria%2Fmodules%2Falbumselect%2Fucu%2Fyixipuz%2F HTTP/1.0" 200 763 "-" "Mozilla/4.0 (compatible; MSIE 7.0; Windows NT 5.1; .NET CLR 2.0.50727; .NET CLR 1.1.4322)" "www.shaneperfect.com"
193.65.59.221 - - [18/Jun/2008:00:03:48 -0700] "GET /?M=http%3A%2F%2Fwww.interkonet.com%2Fgaleria%2Fmodules%2Falbumselect%2Fucu%2Fyixipuz%2F HTTP/1.0" 200 763 "-" "Mozilla/4.0 (compatible; MSIE 7.0; Windows NT 5.1; .NET CLR 2.0.50727; .NET CLR 1.1.4322)" "www.shaneperfect.com"
193.65.59.221 - - [18/Jun/2008:00:03:48 -0700] "GET /?M=http%3A%2F%2Fwww.marsbook.co.kr%2Fmain%2Fcreated%2Fproduct%2F2%2Fmumas%2Fsuvoye%2F HTTP/1.0" 200 763 "-" "Mozilla/4.0 (compatible; MSIE 7.0; Windows NT 5.1; .NET CLR 2.0.50727; .NET CLR 1.1.4322)" "www.shaneperfect.com"
193.65.59.221 - - [18/Jun/2008:00:03:49 -0700] "GET /?M=http%3A%2F%2Fwww.elettrodataservice.it%2Ffoto_articoli%2Fpivafof%2Fmibi%2F HTTP/1.0" 200 763 "-" "Mozilla/4.0 (compatible; MSIE 7.0; Windows NT 5.1; .NET CLR 2.0.50727; .NET CLR 1.1.4322)" "www.shaneperfect.com"
193.65.59.221 - - [18/Jun/2008:00:03:49 -0700] "GET /?S=A HTTP/1.0" 200 763 "-" "Mozilla/4.0 (compatible; MSIE 7.0; Windows NT 5.1; .NET CLR 2.0.50727; .NET CLR 1.1.4322)" "www.shaneperfect.com"
193.65.59.221 - - [18/Jun/2008:00:03:49 -0700] "GET /?N=D HTTP/1.0" 200 763 "-" "Mozilla/4.0 (compatible; MSIE 7.0; Windows NT 5.1; .NET CLR 2.0.50727; .NET CLR 1.1.4322)" "www.shaneperfect.com"
193.65.59.221 - - [18/Jun/2008:00:03:49 -0700] "GET /logs/ HTTP/1.0" 200 4503 "-" "Mozilla/4.0 (compatible; MSIE 7.0; Windows NT 5.1; .NET CLR 2.0.50727; .NET CLR 1.1.4322)" "www.shaneperfect.com"
193.65.59.221 - - [18/Jun/2008:00:03:50 -0700] "GET /?D=A HTTP/1.0" 200 763 "-" "Mozilla/4.0 (compatible; MSIE 7.0; Windows NT 5.1; .NET CLR 2.0.50727; .NET CLR 1.1.4322)" "www.shaneperfect.com"
193.65.59.221 - - [18/Jun/2008:00:03:50 -0700] "GET /tmp/ HTTP/1.0" 200 504 "-" "Mozilla/4.0 (compatible; MSIE 7.0; Windows NT 5.1; .NET CLR 2.0.50727; .NET CLR 1.1.4322)" "www.shaneperfect.com"
193.65.59.221 - - [18/Jun/2008:00:03:50 -0700] "GET /?M=A HTTP/1.0" 200 763 "-" "Mozilla/4.0 (compatible; MSIE 7.0; Windows NT 5.1; .NET CLR 2.0.50727; .NET CLR 1.1.4322)" "www.shaneperfect.com"
193.65.59.221 - - [18/Jun/2008:00:03:51 -0700] "GET /?N=A HTTP/1.0" 200 763 "-" "Mozilla/4.0 (compatible; MSIE 7.0; Windows NT 5.1; .NET CLR 2.0.50727; .NET CLR 1.1.4322)" "www.shaneperfect.com"
193.65.59.221 - - [18/Jun/2008:00:03:51 -0700] "GET /?S=D HTTP/1.0" 200 763 "-" "Mozilla/4.0 (compatible; MSIE 7.0; Windows NT 5.1; .NET CLR 2.0.50727; .NET CLR 1.1.4322)" "www.shaneperfect.com"
193.65.59.221 - - [18/Jun/2008:00:03:51 -0700] "GET /logs/access_070531.log HTTP/1.0" 200 73402 "-" "Mozilla/4.0 (compatible; MSIE 7.0; Windows NT 5.1; .NET CLR 2.0.50727; .NET CLR 1.1.4322)" "www.shaneperfect.com"
193.65.59.221 - - [18/Jun/2008:00:03:52 -0700] "GET /logs/access_070501.log HTTP/1.0" 200 70463 "-" "Mozilla/4.0 (compatible; MSIE 7.0; Windows NT 5.1; .NET CLR 2.0.50727; .NET CLR 1.1.4322)" "www.shaneperfect.com"
193.65.59.221 - - [18/Jun/2008:00:03:53 -0700] "GET /?D=D HTTP/1.0" 200 763 "-" "Mozilla/4.0 (compatible; MSIE 7.0; Windows NT 5.1; .NET CLR 2.0.50727; .NET CLR 1.1.4322)" "www.shaneperfect.com"
193.65.59.221 - - [18/Jun/2008:00:03:53 -0700] "GET /tmp/?M=A HTTP/1.0" 200 504 "-" "Mozilla/4.0 (compatible; MSIE 7.0; Windows NT 5.1; .NET CLR 2.0.50727; .NET CLR 1.1.4322)" "www.shaneperfect.com"
193.65.59.221 - - [18/Jun/2008:00:03:53 -0700] "GET /tmp/?N=D HTTP/1.0" 200 504 "-" "Mozilla/4.0 (compatible; MSIE 7.0; Windows NT 5.1; .NET CLR 2.0.50727; .NET CLR 1.1.4322)" "www.shaneperfect.com"
193.65.59.221 - - [18/Jun/2008:00:03:54 -0700] "GET /?M=D HTTP/1.0" 200 763 "-" "Mozilla/4.0 (compatible; MSIE 7.0; Windows NT 5.1; .NET CLR 2.0.50727; .NET CLR 1.1.4322)" "www.shaneperfect.com"
193.65.59.221 - - [18/Jun/2008:00:03:54 -0700] "GET /tmp/?N=A HTTP/1.0" 200 504 "-" "Mozilla/4.0 (compatible; MSIE 7.0; Windows NT 5.1; .NET CLR 2.0.50727; .NET CLR 1.1.4322)" "www.shaneperfect.com"
67.195.37.185 - - [18/Jun/2008:06:41:13 -0700] "GET /robots.txt HTTP/1.0" 404 275 "-" "Mozilla/5.0 (compatible; Yahoo! Slurp; http://help.yahoo.com/help/us/ysearch/slurp)" "shaneperfect.com"
67.195.37.185 - - [18/Jun/2008:06:41:28 -0700] "GET / HTTP/1.0" 200 763 "-" "Mozilla/5.0 (compatible; Yahoo! Slurp/3.0; http://help.yahoo.com/help/us/ysearch/slurp)" "shaneperfect.com"
38.99.13.121 - - [18/Jun/2008:09:52:48 -0700] "GET /robots.txt HTTP/1.0" 404 275 "-" "Mozilla/5.0 (Twiceler-0.9 http://www.cuill.com/twiceler/robot.html)" "shaneperfect.com"
208.80.193.30 - - [18/Jun/2008:10:03:13 -0700] "GET / HTTP/1.0" 200 763 "-" "Mozilla/4.0 (compatible; MSIE 7.0; Windows NT 5.1; ntlworld v2.0; .NET CLR 1.1.4322)" "shaneperfect.com"
74.6.22.124 - - [18/Jun/2008:12:05:04 -0700] "GET /robots.txt HTTP/1.0" 404 275 "-" "Mozilla/5.0 (compatible; Yahoo! Slurp; http://help.yahoo.com/help/us/ysearch/slurp)" "shaneperfect.com"
74.6.22.124 - - [18/Jun/2008:12:05:04 -0700] "GET /tmp/?N=D HTTP/1.0" 200 504 "-" "Mozilla/5.0 (compatible; Yahoo! Slurp; http://help.yahoo.com/help/us/ysearch/slurp)" "shaneperfect.com"
70.238.66.172 - - [18/Jun/2008:16:01:02 -0700] "GET /logs/ HTTP/1.0" 200 4503 "-" "Wget/1.5.3.1" "shaneperfect.com"
70.238.66.172 - - [18/Jun/2008:16:01:02 -0700] "GET /robots.txt HTTP/1.0" 404 275 "-" "Wget/1.5.3.1" "shaneperfect.com"
70.238.66.172 - - [18/Jun/2008:16:01:02 -0700] "GET /logs/access.log HTTP/1.0" 200 109745 "http://shaneperfect.com/logs/" "Wget/1.5.3.1" "shaneperfect.com"
74.6.22.124 - - [18/Jun/2008:21:08:30 -0700] "GET /robots.txt HTTP/1.0" 404 275 "-" "Mozilla/5.0 (compatible; Yahoo! Slurp; http://help.yahoo.com/help/us/ysearch/slurp)" "shaneperfect.com"
74.6.22.124 - - [18/Jun/2008:21:08:30 -0700] "GET /?M=A HTTP/1.0" 200 763 "-" "Mozilla/5.0 (compatible; Yahoo! Slurp; http://help.yahoo.com/help/us/ysearch/slurp)" "shaneperfect.com"
74.6.17.184 - - [18/Jun/2008:23:01:04 -0700] "GET /robots.txt HTTP/1.0" 404 275 "-" "Mozilla/5.0 (compatible; Yahoo! Slurp; http://help.yahoo.com/help/us/ysearch/slurp)" "www.shaneperfect.com"
74.6.17.184 - - [18/Jun/2008:23:01:04 -0700] "GET / HTTP/1.0" 200 763 "-" "Mozilla/5.0 (compatible; Yahoo! Slurp; http://help.yahoo.com/help/us/ysearch/slurp)" "www.shaneperfect.com"
66.34.204.26 - - [19/Jun/2008:00:21:14 -0700] "GET / HTTP/1.1" 200 779 "http://www.keywordspy.com/keyword-research/shaneperfect.com" "Mozilla/4.0 (compatible; MSIE 7.0; Windows NT 5.1; Alexa Toolbar)" "shaneperfect.com"
66.34.204.26 - - [19/Jun/2008:00:21:14 -0700] "GET / HTTP/1.1" 200 779 "http://www.keywordspy.com/keyword-research/shaneperfect.com" "Mozilla/4.0 (compatible; MSIE 7.0; Windows NT 5.1; Alexa Toolbar)" "shaneperfect.com"
66.34.204.26 - - [19/Jun/2008:00:21:15 -0700] "GET / HTTP/1.1" 200 779 "http://www.keywordspy.com/keyword-research/shaneperfect.com" "Mozilla/4.0 (compatible; MSIE 7.0; Windows NT 5.1; Alexa Toolbar)" "shaneperfect.com"
213.123.211.128 - - [19/Jun/2008:02:39:27 -0700] "GET /logs/access_080601.log HTTP/1.1" 200 2674 "-" "Mozilla/4.0 (compatible; MSIE 6.0; Windows NT 5.1;1813)" "shaneperfect.com"
65.55.105.113 - - [19/Jun/2008:03:01:59 -0700] "GET /robots.txt HTTP/1.1" 404 275 "-" "msnbot/1.1 (+http://search.msn.com/msnbot.htm)" "shaneperfect.com"
65.55.105.113 - - [19/Jun/2008:03:02:01 -0700] "GET / HTTP/1.1" 200 779 "-" "msnbot/1.1 (+http://search.msn.com/msnbot.htm)" "shaneperfect.com"
69.246.213.89 - - [19/Jun/2008:05:03:22 -0700] "GET / HTTP/1.1" 200 779 "http://www.hollyheath.com/artiststatement.html" "Mozilla/5.0 (Macintosh; U; Intel Mac OS X; en-US; rv:1.8.0.4) Gecko/20060613 Camino/1.0.2" "shaneperfect.com"
69.246.213.89 - - [19/Jun/2008:05:03:22 -0700] "GET /favicon.ico HTTP/1.1" 404 275 "-" "Mozilla/5.0 (Macintosh; U; Intel Mac OS X; en-US; rv:1.8.0.4) Gecko/20060613 Camino/1.0.2" "shaneperfect.com"
70.238.66.172 - - [19/Jun/2008:16:00:55 -0700] "GET /logs/ HTTP/1.0" 200 4503 "-" "Wget/1.5.3.1" "shaneperfect.com"
70.238.66.172 - - [19/Jun/2008:16:00:55 -0700] "GET /robots.txt HTTP/1.0" 404 275 "-" "Wget/1.5.3.1" "shaneperfect.com"
70.238.66.172 - - [19/Jun/2008:16:00:56 -0700] "GET /logs/access.log HTTP/1.0" 200 112451 "http://shaneperfect.com/logs/" "Wget/1.5.3.1" "shaneperfect.com"
74.6.17.184 - - [19/Jun/2008:17:04:09 -0700] "GET /robots.txt HTTP/1.0" 404 275 "-" "Mozilla/5.0 (compatible; Yahoo! Slurp; http://help.yahoo.com/help/us/ysearch/slurp)" "www.shaneperfect.com"
74.6.17.184 - - [19/Jun/2008:17:04:09 -0700] "GET /?M=A HTTP/1.0" 200 763 "-" "Mozilla/5.0 (compatible; Yahoo! Slurp; http://help.yahoo.com/help/us/ysearch/slurp)" "www.shaneperfect.com"
67.195.37.185 - - [20/Jun/2008:00:27:29 -0700] "GET /robots.txt HTTP/1.0" 404 275 "-" "Mozilla/5.0 (compatible; Yahoo! Slurp; http://help.yahoo.com/help/us/ysearch/slurp)" "shaneperfect.com"
67.195.37.185 - - [20/Jun/2008:00:27:38 -0700] "GET /?S=A HTTP/1.0" 200 763 "-" "Mozilla/5.0 (compatible; Yahoo! Slurp/3.0; http://help.yahoo.com/help/us/ysearch/slurp)" "shaneperfect.com"
66.249.72.230 - - [20/Jun/2008:01:27:03 -0700] "GET /robots.txt HTTP/1.1" 404 275 "-" "Mozilla/5.0 (compatible; Googlebot/2.1; +http://www.google.com/bot.html)" "shaneperfect.com"
66.249.72.230 - - [20/Jun/2008:01:27:03 -0700] "GET /logs/access_080601.log HTTP/1.1" 304 - "-" "Mozilla/5.0 (compatible; Googlebot/2.1; +http://www.google.com/bot.html)" "shaneperfect.com"
208.80.28.78 - - [20/Jun/2008:09:23:19 -0700] "GET / HTTP/1.1" 200 779 "http://www.hollyheath.com/artiststatement.html" "Mozilla/4.0 (compatible; MSIE 7.0; Windows NT 5.1; .NET CLR 1.1.4322; .NET CLR 2.0.50727; InfoPath.1)" "shaneperfect.com"
208.80.28.78 - - [20/Jun/2008:09:23:20 -0700] "GET /favicon.ico HTTP/1.1" 404 275 "-" "Mozilla/4.0 (compatible; MSIE 7.0; Windows NT 5.1; .NET CLR 1.1.4322; .NET CLR 2.0.50727; InfoPath.1)" "shaneperfect.com"
74.6.17.184 - - [20/Jun/2008:09:36:02 -0700] "GET /robots.txt HTTP/1.0" 404 275 "-" "Mozilla/5.0 (compatible; Yahoo! Slurp; http://help.yahoo.com/help/us/ysearch/slurp)" "www.shaneperfect.com"
74.6.17.184 - - [20/Jun/2008:09:36:02 -0700] "GET /tmp/ HTTP/1.0" 200 504 "-" "Mozilla/5.0 (compatible; Yahoo! Slurp; http://help.yahoo.com/help/us/ysearch/slurp)" "www.shaneperfect.com"
74.6.17.184 - - [20/Jun/2008:11:56:48 -0700] "GET /tmp/?N=D HTTP/1.0" 200 504 "-" "Mozilla/5.0 (compatible; Yahoo! Slurp; http://help.yahoo.com/help/us/ysearch/slurp)" "www.shaneperfect.com"
208.80.193.37 - - [20/Jun/2008:12:14:07 -0700] "GET / HTTP/1.0" 200 763 "-" "Mozilla/4.0 (compatible; MSIE 6.0; Windows NT 5.1; SV1; ZangoToolbar 4.8.2; HbTools 4.8.4)" "shaneperfect.com"
67.195.37.185 - - [20/Jun/2008:14:02:21 -0700] "GET /robots.txt HTTP/1.0" 404 275 "-" "Mozilla/5.0 (compatible; Yahoo! Slurp; http://help.yahoo.com/help/us/ysearch/slurp)" "shaneperfect.com"
67.195.37.185 - - [20/Jun/2008:14:02:30 -0700] "GET /?D=A HTTP/1.0" 200 763 "-" "Mozilla/5.0 (compatible; Yahoo! Slurp/3.0; http://help.yahoo.com/help/us/ysearch/slurp)" "shaneperfect.com"
74.6.17.184 - - [20/Jun/2008:14:38:21 -0700] "GET /?M=D HTTP/1.0" 200 763 "-" "Mozilla/5.0 (compatible; Yahoo! Slurp; http://help.yahoo.com/help/us/ysearch/slurp)" "www.shaneperfect.com"
70.238.66.172 - - [20/Jun/2008:16:00:57 -0700] "GET /logs/ HTTP/1.0" 200 4503 "-" "Wget/1.5.3.1" "shaneperfect.com"
70.238.66.172 - - [20/Jun/2008:16:00:57 -0700] "GET /robots.txt HTTP/1.0" 404 275 "-" "Wget/1.5.3.1" "shaneperfect.com"
70.238.66.172 - - [20/Jun/2008:16:00:57 -0700] "GET /logs/access.log HTTP/1.0" 200 115751 "http://shaneperfect.com/logs/" "Wget/1.5.3.1" "shaneperfect.com"
74.6.22.124 - - [20/Jun/2008:18:52:07 -0700] "GET /robots.txt HTTP/1.0" 404 275 "-" "Mozilla/5.0 (compatible; Yahoo! Slurp; http://help.yahoo.com/help/us/ysearch/slurp)" "shaneperfect.com"
74.6.22.124 - - [20/Jun/2008:18:52:07 -0700] "GET /tmp/?S=D HTTP/1.0" 200 504 "-" "Mozilla/5.0 (compatible; Yahoo! Slurp; http://help.yahoo.com/help/us/ysearch/slurp)" "shaneperfect.com"
62.150.142.134 - - [20/Jun/2008:20:43:54 -0700] "GET /logs/access_070301.log HTTP/1.1" 200 25559 "-" "Mozilla/4.0 (compatible; MSIE 6.0; Windows NT 5.1;1813)" "shaneperfect.com"
66.249.72.230 - - [20/Jun/2008:21:10:28 -0700] "GET /robots.txt HTTP/1.1" 404 275 "-" "Mozilla/5.0 (compatible; Googlebot/2.1; +http://www.google.com/bot.html)" "shaneperfect.com"
66.249.72.230 - - [20/Jun/2008:21:10:28 -0700] "GET /logs/access_080501.log HTTP/1.1" 304 - "-" "Mozilla/5.0 (compatible; Googlebot/2.1; +http://www.google.com/bot.html)" "shaneperfect.com"
66.249.72.230 - - [20/Jun/2008:21:38:46 -0700] "GET /logs/ HTTP/1.1" 200 4519 "-" "Mozilla/5.0 (compatible; Googlebot/2.1; +http://www.google.com/bot.html)" "shaneperfect.com"
74.6.17.184 - - [21/Jun/2008:06:17:50 -0700] "GET /robots.txt HTTP/1.0" 404 275 "-" "Mozilla/5.0 (compatible; Yahoo! Slurp; http://help.yahoo.com/help/us/ysearch/slurp)" "www.shaneperfect.com"
74.6.17.184 - - [21/Jun/2008:06:17:50 -0700] "GET /?N=D HTTP/1.0" 200 763 "-" "Mozilla/5.0 (compatible; Yahoo! Slurp; http://help.yahoo.com/help/us/ysearch/slurp)" "www.shaneperfect.com"
208.80.193.43 - - [21/Jun/2008:15:34:00 -0700] "GET / HTTP/1.0" 200 763 "-" "Mozilla/4.0 (compatible; MSIE 6.0; Windows NT 5.0; CMLSNRV)" "shaneperfect.com"
38.99.13.121 - - [21/Jun/2008:22:12:24 -0700] "GET /robots.txt HTTP/1.0" 404 275 "-" "Mozilla/5.0 (Twiceler-0.9 http://www.cuill.com/twiceler/robot.html)" "shaneperfect.com"
66.231.189.152 - - [21/Jun/2008:23:19:47 -0700] "GET /robots.txt HTTP/1.0" 404 275 "-" "Gigabot/3.0 (http://www.gigablast.com/spider.html)" "www.shaneperfect.com"
66.231.189.78 - - [21/Jun/2008:23:19:47 -0700] "GET / HTTP/1.0" 200 763 "-" "Gigabot/3.0 (http://www.gigablast.com/spider.html)" "www.shaneperfect.com"
68.21.80.84 - - [22/Jun/2008:19:33:27 -0700] "GET /logs/access_070331.log HTTP/1.1" 200 6009 "http://shaneperfect.com/logs" "Mozilla/4.0 (compatible; MSIE 5.00; Windows 98)" "shaneperfect.com"
68.21.80.84 - - [23/Jun/2008:03:17:58 -0700] "GET /logs/access_070301.log HTTP/1.1" 200 25559 "http://shaneperfect.com/logs" "Mozilla/4.0 (compatible; MSIE 5.00; Windows 98)" "shaneperfect.com"
38.99.13.121 - - [23/Jun/2008:07:29:11 -0700] "GET /robots.txt HTTP/1.0" 404 275 "-" "Mozilla/5.0 (Twiceler-0.9 http://www.cuill.com/twiceler/robot.html)" "shaneperfect.com"
66.249.72.230 - - [23/Jun/2008:08:57:53 -0700] "GET /robots.txt HTTP/1.1" 404 275 "-" "Mozilla/5.0 (compatible; Googlebot/2.1; +http://www.google.com/bot.html)" "shaneperfect.com"
66.249.72.230 - - [23/Jun/2008:08:57:53 -0700] "GET / HTTP/1.1" 200 779 "-" "Mozilla/5.0 (compatible; Googlebot/2.1; +http://www.google.com/bot.html)" "shaneperfect.com"
66.249.72.230 - - [23/Jun/2008:09:38:26 -0700] "GET /logs/access_080601.log HTTP/1.1" 304 - "-" "Mozilla/5.0 (compatible; Googlebot/2.1; +http://www.google.com/bot.html)" "shaneperfect.com"
74.6.18.240 - - [23/Jun/2008:11:20:28 -0700] "GET /robots.txt HTTP/1.0" 404 275 "-" "Mozilla/5.0 (compatible; Yahoo! Slurp; http://help.yahoo.com/help/us/ysearch/slurp)" "www.shaneperfect.com"
74.6.18.240 - - [23/Jun/2008:11:20:28 -0700] "GET /?N=A HTTP/1.0" 200 763 "-" "Mozilla/5.0 (compatible; Yahoo! Slurp; http://help.yahoo.com/help/us/ysearch/slurp)" "www.shaneperfect.com"
70.238.66.172 - - [23/Jun/2008:16:00:56 -0700] "GET /logs/ HTTP/1.0" 200 4503 "-" "Wget/1.5.3.1" "shaneperfect.com"
70.238.66.172 - - [23/Jun/2008:16:00:56 -0700] "GET /robots.txt HTTP/1.0" 404 275 "-" "Wget/1.5.3.1" "shaneperfect.com"
70.238.66.172 - - [23/Jun/2008:16:00:57 -0700] "GET /logs/access.log HTTP/1.0" 200 119750 "http://shaneperfect.com/logs/" "Wget/1.5.3.1" "shaneperfect.com"
66.249.72.230 - - [23/Jun/2008:18:01:14 -0700] "GET /logs/access_070330.log HTTP/1.1" 304 - "-" "Mozilla/5.0 (compatible; Googlebot/2.1; +http://www.google.com/bot.html)" "shaneperfect.com"
74.6.17.182 - - [23/Jun/2008:19:22:09 -0700] "GET /robots.txt HTTP/1.0" 404 275 "-" "Mozilla/5.0 (compatible; Yahoo! Slurp; http://help.yahoo.com/help/us/ysearch/slurp)" "www.shaneperfect.com"
74.6.17.182 - - [23/Jun/2008:19:22:11 -0700] "GET /?D=A HTTP/1.0" 200 763 "-" "Mozilla/5.0 (compatible; Yahoo! Slurp; http://help.yahoo.com/help/us/ysearch/slurp)" "www.shaneperfect.com"
74.52.245.146 - - [23/Jun/2008:20:32:22 -0700] "GET / HTTP/1.0" 200 763 "-" "Mozilla/5.0 (X11; U; Linux i686; en-US; rv:1.7.5) Gecko/20041107 Firefox/1.0" "www.shaneperfect.com"
203.190.57.31 - - [24/Jun/2008:03:59:33 -0700] "GET /favicon.ico HTTP/1.0" 404 275 "-" "Mozilla/5.0 (Windows; U; Windows NT 5.1; ja; rv:1.8.1.14) Gecko/20080404 Firefox/2.0.0.14" "shaneperfect.com"
38.99.13.121 - - [24/Jun/2008:08:53:29 -0700] "GET /robots.txt HTTP/1.0" 404 275 "-" "Mozilla/5.0 (Twiceler-0.9 http://www.cuill.com/twiceler/robot.html)" "shaneperfect.com"
208.80.193.43 - - [24/Jun/2008:14:26:35 -0700] "GET / HTTP/1.0" 200 763 "-" "Mozilla/4.0 (compatible; MSIE 6.0; Windows NT 5.1; SV1; Creative; .NET CLR 1.1.4322; InfoPath.1; .NET CLR 2.0.50727)" "shaneperfect.com"
88.242.85.15 - - [24/Jun/2008:15:53:09 -0700] "HEAD /logs/access_070331.log HTTP/1.1" 200 0 "-" "User-Agent: Mozilla/4.0 (compatible; MSIE 6.0; Windows NT 5.1; SV1)" "shaneperfect.com"
88.242.85.15 - - [24/Jun/2008:15:53:09 -0700] "GET /logs/access_070331.log HTTP/1.1" 200 6009 "-" "User-Agent: Mozilla/4.0 (compatible; MSIE 6.0; Windows NT 5.1; SV1)" "shaneperfect.com"
88.242.85.15 - - [24/Jun/2008:15:54:57 -0700] "HEAD /logs/access_070331.log HTTP/1.1" 200 0 "-" "User-Agent: Mozilla/4.0 (compatible; MSIE 6.0; Windows NT 5.1; SV1)" "shaneperfect.com"
88.242.85.15 - - [24/Jun/2008:15:54:58 -0700] "GET /logs/access_070331.log HTTP/1.1" 200 6009 "-" "User-Agent: Mozilla/4.0 (compatible; MSIE 6.0; Windows NT 5.1; SV1)" "shaneperfect.com"
70.238.66.172 - - [24/Jun/2008:16:01:03 -0700] "GET /logs/ HTTP/1.0" 200 4503 "-" "Wget/1.5.3.1" "shaneperfect.com"
70.238.66.172 - - [24/Jun/2008:16:01:04 -0700] "GET /robots.txt HTTP/1.0" 404 275 "-" "Wget/1.5.3.1" "shaneperfect.com"
70.238.66.172 - - [24/Jun/2008:16:01:04 -0700] "GET /logs/access.log HTTP/1.0" 200 122220 "http://shaneperfect.com/logs/" "Wget/1.5.3.1" "shaneperfect.com"
74.6.18.247 - - [24/Jun/2008:16:47:39 -0700] "GET /robots.txt HTTP/1.0" 404 275 "-" "Mozilla/5.0 (compatible; Yahoo! Slurp; http://help.yahoo.com/help/us/ysearch/slurp)" "shaneperfect.com"
67.195.52.107 - - [24/Jun/2008:16:47:54 -0700] "GET / HTTP/1.0" 200 763 "-" "Mozilla/5.0 (compatible; Yahoo! Slurp; http://help.yahoo.com/help/us/ysearch/slurp)" "shaneperfect.com"
67.195.51.247 - - [24/Jun/2008:16:49:13 -0700] "GET /tmp/ HTTP/1.0" 200 504 "-" "Mozilla/5.0 (compatible; Yahoo! Slurp; http://help.yahoo.com/help/us/ysearch/slurp)" "shaneperfect.com"
74.6.17.173 - - [24/Jun/2008:18:39:35 -0700] "GET /robots.txt HTTP/1.0" 404 275 "-" "Mozilla/5.0 (compatible; Yahoo! Slurp; http://help.yahoo.com/help/us/ysearch/slurp)" "shaneperfect.com"
67.195.51.216 - - [24/Jun/2008:18:39:35 -0700] "GET /?D=A HTTP/1.0" 200 763 "-" "Mozilla/5.0 (compatible; Yahoo! Slurp; http://help.yahoo.com/help/us/ysearch/slurp)" "shaneperfect.com"
74.6.22.97 - - [24/Jun/2008:18:41:08 -0700] "GET /robots.txt HTTP/1.0" 404 275 "-" "Mozilla/5.0 (compatible; Yahoo! Slurp; http://help.yahoo.com/help/us/ysearch/slurp)" "shaneperfect.com"
67.195.51.240 - - [24/Jun/2008:18:41:15 -0700] "GET /?M=A HTTP/1.0" 200 763 "-" "Mozilla/5.0 (compatible; Yahoo! Slurp; http://help.yahoo.com/help/us/ysearch/slurp)" "shaneperfect.com"
74.6.22.179 - - [24/Jun/2008:20:40:49 -0700] "GET /robots.txt HTTP/1.0" 404 275 "-" "Mozilla/5.0 (compatible; Yahoo! Slurp; http://help.yahoo.com/help/us/ysearch/slurp)" "shaneperfect.com"
74.6.22.179 - - [24/Jun/2008:20:40:49 -0700] "GET / HTTP/1.0" 200 763 "-" "Mozilla/5.0 (compatible; Yahoo! Slurp; http://help.yahoo.com/help/us/ysearch/slurp)" "shaneperfect.com"
74.6.22.88 - - [24/Jun/2008:21:26:35 -0700] "GET /robots.txt HTTP/1.0" 404 275 "-" "Mozilla/5.0 (compatible; Yahoo! Slurp; http://help.yahoo.com/help/us/ysearch/slurp)" "shaneperfect.com"
67.195.52.90 - - [24/Jun/2008:21:26:35 -0700] "GET /logs/ HTTP/1.0" 200 4503 "-" "Mozilla/5.0 (compatible; Yahoo! Slurp; http://help.yahoo.com/help/us/ysearch/slurp)" "shaneperfect.com"
67.195.51.172 - - [24/Jun/2008:21:33:34 -0700] "GET /?S=A HTTP/1.0" 200 763 "-" "Mozilla/5.0 (compatible; Yahoo! Slurp; http://help.yahoo.com/help/us/ysearch/slurp)" "shaneperfect.com"
74.6.22.167 - - [25/Jun/2008:04:22:16 -0700] "GET /robots.txt HTTP/1.0" 404 275 "-" "Mozilla/5.0 (compatible; Yahoo! Slurp; http://help.yahoo.com/help/us/ysearch/slurp)" "shaneperfect.com"
67.195.52.61 - - [25/Jun/2008:04:22:26 -0700] "GET /?N=D HTTP/1.0" 200 763 "-" "Mozilla/5.0 (compatible; Yahoo! Slurp; http://help.yahoo.com/help/us/ysearch/slurp)" "shaneperfect.com"
74.6.22.179 - - [25/Jun/2008:06:32:37 -0700] "GET /robots.txt HTTP/1.0" 404 275 "-" "Mozilla/5.0 (compatible; Yahoo! Slurp; http://help.yahoo.com/help/us/ysearch/slurp)" "shaneperfect.com"
74.6.22.179 - - [25/Jun/2008:06:32:38 -0700] "GET /?N=D HTTP/1.0" 200 763 "-" "Mozilla/5.0 (compatible; Yahoo! Slurp; http://help.yahoo.com/help/us/ysearch/slurp)" "shaneperfect.com"
66.34.204.26 - - [25/Jun/2008:07:02:35 -0700] "GET / HTTP/1.1" 200 779 "http://www.keywordspy.com/keyword-research/shaneperfect.com" "Mozilla/4.0 (compatible; MSIE 7.0; Windows NT 5.1; Alexa Toolbar)" "shaneperfect.com"
66.34.204.26 - - [25/Jun/2008:07:02:35 -0700] "GET / HTTP/1.1" 200 779 "http://www.keywordspy.com/keyword-research/shaneperfect.com" "Mozilla/4.0 (compatible; MSIE 7.0; Windows NT 5.1; Alexa Toolbar)" "shaneperfect.com"
66.34.204.26 - - [25/Jun/2008:07:02:35 -0700] "GET / HTTP/1.1" 200 779 "http://www.keywordspy.com/keyword-research/shaneperfect.com" "Mozilla/4.0 (compatible; MSIE 7.0; Windows NT 5.1; Alexa Toolbar)" "shaneperfect.com"
76.244.88.46 - - [25/Jun/2008:12:02:43 -0700] "GET / HTTP/1.1" 200 779 "http://www.hollyheath.com/artiststatement.html" "Mozilla/5.0 (Macintosh; U; PPC Mac OS X Mach-O; en-US; rv:1.8.1.14) Gecko/20080404 Firefox/2.0.0.14" "shaneperfect.com"
76.244.88.46 - - [25/Jun/2008:12:02:44 -0700] "GET /favicon.ico HTTP/1.1" 404 275 "-" "Mozilla/5.0 (Macintosh; U; PPC Mac OS X Mach-O; en-US; rv:1.8.1.14) Gecko/20080404 Firefox/2.0.0.14" "shaneperfect.com"
208.80.193.27 - - [25/Jun/2008:12:24:34 -0700] "GET / HTTP/1.0" 200 763 "-" "Mozilla/4.0 (compatible; MSIE 7.0; Windows NT 5.1; FunWebProducts; SIMBAR=0; .NET CLR 1.0.3705; .NET CLR 1.1.4322; Media Center PC 4.0; IEMB3; IEMB3)" "shaneperfect.com"
74.6.22.179 - - [25/Jun/2008:12:26:48 -0700] "GET /?D=D HTTP/1.0" 200 763 "-" "Mozilla/5.0 (compatible; Yahoo! Slurp; http://help.yahoo.com/help/us/ysearch/slurp)" "shaneperfect.com"
67.195.37.164 - - [25/Jun/2008:12:30:45 -0700] "GET /robots.txt HTTP/1.0" 404 275 "-" "Mozilla/5.0 (compatible; Yahoo! Slurp; http://help.yahoo.com/help/us/ysearch/slurp)" "shaneperfect.com"
67.195.37.164 - - [25/Jun/2008:12:31:03 -0700] "GET / HTTP/1.0" 200 763 "-" "Mozilla/5.0 (compatible; Yahoo! Slurp/3.0; http://help.yahoo.com/help/us/ysearch/slurp)" "shaneperfect.com"
67.195.37.164 - - [25/Jun/2008:12:35:12 -0700] "GET /?S=A HTTP/1.0" 200 763 "-" "Mozilla/5.0 (compatible; Yahoo! Slurp/3.0; http://help.yahoo.com/help/us/ysearch/slurp)" "shaneperfect.com"
70.238.66.172 - - [25/Jun/2008:16:00:51 -0700] "GET /logs/ HTTP/1.0" 200 4503 "-" "Wget/1.5.3.1" "shaneperfect.com"
70.238.66.172 - - [25/Jun/2008:16:00:51 -0700] "GET /robots.txt HTTP/1.0" 404 275 "-" "Wget/1.5.3.1" "shaneperfect.com"
70.238.66.172 - - [25/Jun/2008:16:00:51 -0700] "GET /logs/access.log HTTP/1.0" 200 127689 "http://shaneperfect.com/logs/" "Wget/1.5.3.1" "shaneperfect.com"
69.245.222.154 - - [25/Jun/2008:16:41:57 -0700] "GET / HTTP/1.1" 200 779 "http://www.hollyheath.com/fineart.html" "Mozilla/5.0 (Macintosh; U; Intel Mac OS X; en-US; rv:1.8.1.14) Gecko/20080404 Firefox/2.0.0.14" "shaneperfect.com"
69.245.222.154 - - [25/Jun/2008:16:41:58 -0700] "GET /favicon.ico HTTP/1.1" 404 275 "-" "Mozilla/5.0 (Macintosh; U; Intel Mac OS X; en-US; rv:1.8.1.14) Gecko/20080404 Firefox/2.0.0.14" "shaneperfect.com"
38.99.13.121 - - [25/Jun/2008:21:01:52 -0700] "GET / HTTP/1.0" 200 763 "-" "Mozilla/5.0 (Twiceler-0.9 http://www.cuill.com/twiceler/robot.html) One-time, weeklong image crawl" "shaneperfect.com"
67.195.37.164 - - [25/Jun/2008:22:12:15 -0700] "GET /robots.txt HTTP/1.0" 404 275 "-" "Mozilla/5.0 (compatible; Yahoo! Slurp; http://help.yahoo.com/help/us/ysearch/slurp)" "shaneperfect.com"
67.195.37.164 - - [25/Jun/2008:22:12:46 -0700] "GET /?N=D HTTP/1.0" 200 763 "-" "Mozilla/5.0 (compatible; Yahoo! Slurp/3.0; http://help.yahoo.com/help/us/ysearch/slurp)" "shaneperfect.com"
74.6.22.105 - - [25/Jun/2008:23:07:43 -0700] "GET /robots.txt HTTP/1.0" 404 275 "-" "Mozilla/5.0 (compatible; Yahoo! Slurp; http://help.yahoo.com/help/us/ysearch/slurp)" "www.shaneperfect.com"
74.6.22.105 - - [25/Jun/2008:23:07:43 -0700] "GET / HTTP/1.0" 200 763 "-" "Mozilla/5.0 (compatible; Yahoo! Slurp; http://help.yahoo.com/help/us/ysearch/slurp)" "www.shaneperfect.com"
38.99.13.121 - - [26/Jun/2008:07:22:55 -0700] "GET /robots.txt HTTP/1.0" 404 275 "-" "Mozilla/5.0 (Twiceler-0.9 http://www.cuill.com/twiceler/robot.html)" "shaneperfect.com"
208.80.193.30 - - [26/Jun/2008:09:53:51 -0700] "GET / HTTP/1.0" 200 763 "-" "Mozilla/4.0 (compatible; MSIE 6.0; Windows NT 5.1; SV1; IEMB3; .NET CLR 1.0.3705; .NET CLR 1.1.4322; HbTools 4.8.0; .NET CLR 2.0.50727; .NET CLR 3.0.04506.30; InfoPath.1)" "shaneperfect.com"
66.249.72.168 - - [26/Jun/2008:10:15:48 -0700] "GET /robots.txt HTTP/1.1" 404 275 "-" "Mozilla/5.0 (compatible; Googlebot/2.1; +http://www.google.com/bot.html)" "shaneperfect.com"
66.249.72.168 - - [26/Jun/2008:10:15:48 -0700] "GET /logs/access_080601.log HTTP/1.1" 304 - "-" "Mozilla/5.0 (compatible; Googlebot/2.1; +http://www.google.com/bot.html)" "shaneperfect.com"
74.6.22.179 - - [26/Jun/2008:12:30:18 -0700] "GET /robots.txt HTTP/1.0" 404 275 "-" "Mozilla/5.0 (compatible; Yahoo! Slurp; http://help.yahoo.com/help/us/ysearch/slurp)" "shaneperfect.com"
74.6.22.179 - - [26/Jun/2008:12:30:18 -0700] "GET /tmp/ HTTP/1.0" 200 504 "-" "Mozilla/5.0 (compatible; Yahoo! Slurp; http://help.yahoo.com/help/us/ysearch/slurp)" "sha