75.32.92.207 - - [07/May/2008:16:01:20 -0700] "GET /logs/ HTTP/1.0" 200 4217 "-" "Wget/1.5.3.1" "shaneperfect.com"
75.32.92.207 - - [07/May/2008:16:01:20 -0700] "GET /robots.txt HTTP/1.0" 404 275 "-" "Wget/1.5.3.1" "shaneperfect.com"
75.32.92.207 - - [07/May/2008:16:01:20 -0700] "GET /logs/access.log HTTP/1.0" 200 49994 "http://shaneperfect.com/logs/" "Wget/1.5.3.1" "shaneperfect.com"
74.6.22.171 - - [07/May/2008:16:43:22 -0700] "GET /robots.txt HTTP/1.0" 404 275 "-" "Mozilla/5.0 (compatible; Yahoo! Slurp; http://help.yahoo.com/help/us/ysearch/slurp)" "www.shaneperfect.com"
74.6.19.158 - - [07/May/2008:16:43:24 -0700] "GET /logs/access_070731.log HTTP/1.0" 200 89341 "-" "Mozilla/5.0 (compatible; Yahoo! Slurp; http://help.yahoo.com/help/us/ysearch/slurp)" "www.shaneperfect.com"
208.80.193.29 - - [07/May/2008:16:52:25 -0700] "GET / HTTP/1.1" 200 779 "-" "Mozilla/5.0 (compatible; Konqueror/3.0; i686 Linux; 20021124)" "shaneperfect.com"
38.99.13.121 - - [07/May/2008:17:44:50 -0700] "GET /robots.txt HTTP/1.0" 404 275 "-" "Mozilla/5.0 (Twiceler-0.9 http://www.cuill.com/twiceler/robot.html)" "shaneperfect.com"
74.6.22.171 - - [07/May/2008:21:55:56 -0700] "GET /robots.txt HTTP/1.0" 404 275 "-" "Mozilla/5.0 (compatible; Yahoo! Slurp; http://help.yahoo.com/help/us/ysearch/slurp)" "www.shaneperfect.com"
74.6.25.176 - - [07/May/2008:21:55:56 -0700] "GET / HTTP/1.0" 200 763 "-" "Mozilla/5.0 (compatible; Yahoo! Slurp; http://help.yahoo.com/help/us/ysearch/slurp)" "www.shaneperfect.com"
74.6.29.162 - - [07/May/2008:21:59:32 -0700] "GET /?M=A HTTP/1.0" 200 763 "-" "Mozilla/5.0 (compatible; Yahoo! Slurp; http://help.yahoo.com/help/us/ysearch/slurp)" "www.shaneperfect.com"
74.6.22.171 - - [07/May/2008:23:55:31 -0700] "GET /robots.txt HTTP/1.0" 404 275 "-" "Mozilla/5.0 (compatible; Yahoo! Slurp; http://help.yahoo.com/help/us/ysearch/slurp)" "www.shaneperfect.com"
74.6.20.88 - - [07/May/2008:23:55:31 -0700] "GET /?N=D HTTP/1.0" 200 763 "-" "Mozilla/5.0 (compatible; Yahoo! Slurp; http://help.yahoo.com/help/us/ysearch/slurp)" "www.shaneperfect.com"
74.6.20.217 - - [08/May/2008:01:16:19 -0700] "GET /logs/access_070501.log HTTP/1.0" 200 70463 "-" "Mozilla/5.0 (compatible; Yahoo! Slurp; http://help.yahoo.com/help/us/ysearch/slurp)" "www.shaneperfect.com"
74.6.23.246 - - [08/May/2008:01:36:09 -0700] "GET /logs/ HTTP/1.0" 200 4217 "-" "Mozilla/5.0 (compatible; Yahoo! Slurp; http://help.yahoo.com/help/us/ysearch/slurp)" "www.shaneperfect.com"
66.34.204.26 - - [08/May/2008:05:15:59 -0700] "GET / HTTP/1.1" 200 779 "http://www.keywordspy.com/keyword-research/shaneperfect.com" "Mozilla/4.0 (compatible; MSIE 7.0; Windows NT 5.1; Alexa Toolbar)" "shaneperfect.com"
66.34.204.26 - - [08/May/2008:05:15:59 -0700] "GET / HTTP/1.1" 200 779 "http://www.keywordspy.com/keyword-research/shaneperfect.com" "Mozilla/4.0 (compatible; MSIE 7.0; Windows NT 5.1; Alexa Toolbar)" "shaneperfect.com"
66.34.204.26 - - [08/May/2008:05:15:59 -0700] "GET / HTTP/1.1" 200 779 "http://www.keywordspy.com/keyword-research/shaneperfect.com" "Mozilla/4.0 (compatible; MSIE 7.0; Windows NT 5.1; Alexa Toolbar)" "shaneperfect.com"
74.6.22.122 - - [08/May/2008:08:11:27 -0700] "GET /robots.txt HTTP/1.0" 404 275 "-" "Mozilla/5.0 (compatible; Yahoo! Slurp; http://help.yahoo.com/help/us/ysearch/slurp)" "shaneperfect.com"
74.6.12.48 - - [08/May/2008:08:11:28 -0700] "GET /?D=A HTTP/1.0" 200 763 "-" "Mozilla/5.0 (compatible; Yahoo! Slurp; http://help.yahoo.com/help/us/ysearch/slurp)" "shaneperfect.com"
75.32.92.207 - - [08/May/2008:16:01:18 -0700] "GET /logs/ HTTP/1.0" 200 4217 "-" "Wget/1.5.3.1" "shaneperfect.com"
75.32.92.207 - - [08/May/2008:16:01:19 -0700] "GET /robots.txt HTTP/1.0" 404 275 "-" "Wget/1.5.3.1" "shaneperfect.com"
75.32.92.207 - - [08/May/2008:16:01:19 -0700] "GET /logs/access.log HTTP/1.0" 200 53484 "http://shaneperfect.com/logs/" "Wget/1.5.3.1" "shaneperfect.com"
74.6.22.171 - - [08/May/2008:21:01:17 -0700] "GET /robots.txt HTTP/1.0" 404 275 "-" "Mozilla/5.0 (compatible; Yahoo! Slurp; http://help.yahoo.com/help/us/ysearch/slurp)" "www.shaneperfect.com"
74.6.29.33 - - [08/May/2008:21:01:18 -0700] "GET /tmp/ HTTP/1.0" 200 504 "-" "Mozilla/5.0 (compatible; Yahoo! Slurp; http://help.yahoo.com/help/us/ysearch/slurp)" "www.shaneperfect.com"
74.6.20.251 - - [08/May/2008:22:48:04 -0700] "GET /tmp/?M=A HTTP/1.0" 200 504 "-" "Mozilla/5.0 (compatible; Yahoo! Slurp; http://help.yahoo.com/help/us/ysearch/slurp)" "www.shaneperfect.com"
98.163.68.67 - - [09/May/2008:00:17:09 -0700] "GET / HTTP/1.1" 200 779 "-" "-" "shaneperfect.com"
74.6.22.181 - - [09/May/2008:01:17:19 -0700] "GET /robots.txt HTTP/1.0" 404 275 "-" "Mozilla/5.0 (compatible; Yahoo! Slurp; http://help.yahoo.com/help/us/ysearch/slurp)" "www.shaneperfect.com"
74.6.29.218 - - [09/May/2008:01:17:20 -0700] "GET /?S=A HTTP/1.0" 200 763 "-" "Mozilla/5.0 (compatible; Yahoo! Slurp; http://help.yahoo.com/help/us/ysearch/slurp)" "www.shaneperfect.com"
67.195.37.92 - - [09/May/2008:13:07:32 -0700] "GET /robots.txt HTTP/1.0" 404 275 "-" "Mozilla/5.0 (compatible; Yahoo! Slurp; http://help.yahoo.com/help/us/ysearch/slurp)" "shaneperfect.com"
67.195.37.92 - - [09/May/2008:13:07:33 -0700] "GET /?N=D HTTP/1.0" 200 763 "-" "Mozilla/5.0 (compatible; Yahoo! Slurp/3.0; http://help.yahoo.com/help/us/ysearch/slurp)" "shaneperfect.com"
67.195.37.92 - - [09/May/2008:16:21:10 -0700] "GET /?M=A HTTP/1.0" 200 763 "-" "Mozilla/5.0 (compatible; Yahoo! Slurp/3.0; http://help.yahoo.com/help/us/ysearch/slurp)" "shaneperfect.com"
74.6.22.181 - - [09/May/2008:19:03:11 -0700] "GET /robots.txt HTTP/1.0" 404 275 "-" "Mozilla/5.0 (compatible; Yahoo! Slurp; http://help.yahoo.com/help/us/ysearch/slurp)" "www.shaneperfect.com"
74.6.29.52 - - [09/May/2008:19:03:11 -0700] "GET /?D=A HTTP/1.0" 200 763 "-" "Mozilla/5.0 (compatible; Yahoo! Slurp; http://help.yahoo.com/help/us/ysearch/slurp)" "www.shaneperfect.com"
129.241.104.189 - - [09/May/2008:21:33:48 -0700] "GET /robots.txt HTTP/1.1" 404 275 "-" "boitho.com-dc/0.85 ( http://www.boitho.com/dcbot.html )" "www.shaneperfect.com"
74.6.28.120 - - [09/May/2008:22:28:20 -0700] "GET /tmp/?N=D HTTP/1.0" 200 504 "-" "Mozilla/5.0 (compatible; Yahoo! Slurp; http://help.yahoo.com/help/us/ysearch/slurp)" "www.shaneperfect.com"
129.241.104.188 - - [10/May/2008:04:13:57 -0700] "GET /?N=D HTTP/1.1" 200 779 "-" "boitho.com-dc/0.85 ( http://www.boitho.com/dcbot.html )" "www.shaneperfect.com"
74.6.22.102 - - [10/May/2008:12:44:16 -0700] "GET /robots.txt HTTP/1.0" 404 275 "-" "Mozilla/5.0 (compatible; Yahoo! Slurp; http://help.yahoo.com/help/us/ysearch/slurp)" "shaneperfect.com"
74.6.17.250 - - [10/May/2008:12:44:17 -0700] "GET /logs/ HTTP/1.0" 200 4217 "-" "Mozilla/5.0 (compatible; Yahoo! Slurp; http://help.yahoo.com/help/us/ysearch/slurp)" "shaneperfect.com"
129.241.50.32 - - [10/May/2008:13:39:04 -0700] "GET /robots.txt HTTP/1.1" 404 275 "-" "boitho.com-dc/0.86 ( http://www.boitho.com/dcbot.html )" "www.shaneperfect.com"
198.22.21.50 - - [10/May/2008:20:52:40 -0700] "GET / HTTP/1.1" 200 779 "http://www.google.com/search?q=shane+perfect&hl=en" "Mozilla/4.0 (compatible; MSIE 6.0; Windows NT 5.1; SV1; Mozilla/4.0 (compatible; MSIE 6.0; Windows NT 5.1; SV1) )" "shaneperfect.com"
198.22.21.50 - - [10/May/2008:20:52:40 -0700] "GET /favicon.ico HTTP/1.1" 404 275 "-" "Mozilla/4.0 (compatible; MSIE 6.0; Windows NT 5.1; SV1; Mozilla/4.0 (compatible; MSIE 6.0; Windows NT 5.1; SV1) )" "shaneperfect.com"
198.22.21.50 - - [10/May/2008:20:52:41 -0700] "GET /logs/ HTTP/1.1" 200 4233 "http://shaneperfect.com/" "Mozilla/4.0 (compatible; MSIE 6.0; Windows NT 5.1; SV1; Mozilla/4.0 (compatible; MSIE 6.0; Windows NT 5.1; SV1) )" "shaneperfect.com"
198.22.21.50 - - [10/May/2008:20:52:42 -0700] "GET /logs/access.log HTTP/1.1" 200 56929 "http://shaneperfect.com/logs/" "Mozilla/4.0 (compatible; MSIE 6.0; Windows NT 5.1; SV1; Mozilla/4.0 (compatible; MSIE 6.0; Windows NT 5.1; SV1) )" "shaneperfect.com"
198.22.21.50 - - [10/May/2008:20:52:52 -0700] "GET /logs/access_070301.log HTTP/1.1" 200 25559 "http://shaneperfect.com/logs/" "Mozilla/4.0 (compatible; MSIE 6.0; Windows NT 5.1; SV1; Mozilla/4.0 (compatible; MSIE 6.0; Windows NT 5.1; SV1) )" "shaneperfect.com"
198.22.21.50 - - [10/May/2008:20:52:59 -0700] "GET / HTTP/1.1" 200 779 "http://www.google.com/search?q=shane+perfect&hl=en" "Mozilla/4.0 (compatible; MSIE 6.0; Windows NT 5.1; SV1; Mozilla/4.0 (compatible; MSIE 6.0; Windows NT 5.1; SV1) )" "shaneperfect.com"
74.6.22.181 - - [11/May/2008:00:34:27 -0700] "GET /robots.txt HTTP/1.0" 404 275 "-" "Mozilla/5.0 (compatible; Yahoo! Slurp; http://help.yahoo.com/help/us/ysearch/slurp)" "www.shaneperfect.com"
74.6.9.46 - - [11/May/2008:00:34:28 -0700] "GET /logs/access_080101.log HTTP/1.0" 200 1796 "-" "Mozilla/5.0 (compatible; Yahoo! Slurp; http://help.yahoo.com/help/us/ysearch/slurp)" "www.shaneperfect.com"
66.249.66.144 - - [11/May/2008:02:31:30 -0700] "GET /robots.txt HTTP/1.1" 404 275 "-" "Mozilla/5.0 (compatible; Googlebot/2.1; +http://www.google.com/bot.html)" "shaneperfect.com"
66.249.66.144 - - [11/May/2008:02:31:30 -0700] "GET /logs/access_070331.log HTTP/1.1" 200 6009 "-" "Mozilla/5.0 (compatible; Googlebot/2.1; +http://www.google.com/bot.html)" "shaneperfect.com"
129.241.104.175 - - [11/May/2008:02:52:37 -0700] "GET /tmp/ HTTP/1.1" 200 520 "-" "boitho.com-dc/0.85 ( http://www.boitho.com/dcbot.html )" "www.shaneperfect.com"
74.6.22.102 - - [11/May/2008:09:51:17 -0700] "GET /robots.txt HTTP/1.0" 404 275 "-" "Mozilla/5.0 (compatible; Yahoo! Slurp; http://help.yahoo.com/help/us/ysearch/slurp)" "shaneperfect.com"
74.6.26.183 - - [11/May/2008:09:51:18 -0700] "GET /?M=D HTTP/1.0" 200 763 "-" "Mozilla/5.0 (compatible; Yahoo! Slurp; http://help.yahoo.com/help/us/ysearch/slurp)" "shaneperfect.com"
38.99.13.121 - - [11/May/2008:21:04:25 -0700] "GET /robots.txt HTTP/1.0" 404 275 "-" "Mozilla/5.0 (Twiceler-0.9 http://www.cuill.com/twiceler/robot.html)" "shaneperfect.com"
66.249.66.144 - - [11/May/2008:21:12:42 -0700] "GET /robots.txt HTTP/1.1" 404 275 "-" "Mozilla/5.0 (compatible; Googlebot/2.1; +http://www.google.com/bot.html)" "shaneperfect.com"
66.249.66.144 - - [11/May/2008:21:12:42 -0700] "GET /logs/access_080401.log HTTP/1.1" 304 - "-" "Mozilla/5.0 (compatible; Googlebot/2.1; +http://www.google.com/bot.html)" "shaneperfect.com"
66.249.66.144 - - [11/May/2008:21:25:53 -0700] "GET /logs/access_080331.log HTTP/1.1" 304 - "-" "Mozilla/5.0 (compatible; Googlebot/2.1; +http://www.google.com/bot.html)" "shaneperfect.com"
75.117.80.134 - - [12/May/2008:01:56:18 -0700] "GET /logs/access_070301.log HTTP/1.1" 200 25559 "http://www.google.com/search?q=%22/images/sx/%22&hl=en&safe=off&start=10&sa=N" "Mozilla/5.0 (Windows; U; Windows NT 5.1; en-US; rv:1.8.1.14) Gecko/20080404 Firefox/2.0.0.14" "shaneperfect.com"
75.117.80.134 - - [12/May/2008:01:56:19 -0700] "GET /favicon.ico HTTP/1.1" 404 275 "-" "Mozilla/5.0 (Windows; U; Windows NT 5.1; en-US; rv:1.8.1.14) Gecko/20080404 Firefox/2.0.0.14" "shaneperfect.com"
38.105.83.10 - - [12/May/2008:03:08:20 -0700] "GET / HTTP/1.1" 200 779 "-" "Mozilla/4.0 (compatible; MSIE 7.0; Windows NT 5.2)" "www.shaneperfect.com"
38.105.83.10 - - [12/May/2008:03:08:21 -0700] "GET /logs/ HTTP/1.1" 200 4233 "http://www.shaneperfect.com/" "Mozilla/4.0 (compatible; MSIE 7.0; Windows NT 5.2)" "www.shaneperfect.com"
38.105.83.10 - - [12/May/2008:03:08:21 -0700] "GET /tmp/ HTTP/1.1" 200 520 "http://www.shaneperfect.com/" "Mozilla/4.0 (compatible; MSIE 7.0; Windows NT 5.2)" "www.shaneperfect.com"
38.105.83.10 - - [12/May/2008:03:08:27 -0700] "GET /logs/access_071101.log HTTP/1.1" 200 2087 "http://www.shaneperfect.com/logs/" "Mozilla/4.0 (compatible; MSIE 7.0; Windows NT 5.2)" "www.shaneperfect.com"
38.105.83.10 - - [12/May/2008:03:08:27 -0700] "GET /logs/access_080301.log HTTP/1.1" 200 197147 "http://www.shaneperfect.com/logs/" "Mozilla/4.0 (compatible; MSIE 7.0; Windows NT 5.2)" "www.shaneperfect.com"
38.105.83.10 - - [12/May/2008:03:08:29 -0700] "GET /logs/access_080201.log HTTP/1.1" 200 110350 "http://www.shaneperfect.com/logs/" "Mozilla/4.0 (compatible; MSIE 7.0; Windows NT 5.2)" "www.shaneperfect.com"
38.105.83.10 - - [12/May/2008:03:08:32 -0700] "GET /logs/access_080329.log HTTP/1.1" 200 196608 "http://www.shaneperfect.com/logs/" "Mozilla/4.0 (compatible; MSIE 7.0; Windows NT 5.2)" "www.shaneperfect.com"
38.105.83.10 - - [12/May/2008:03:08:33 -0700] "GET /logs/access_080330.log HTTP/1.1" 200 383 "http://www.shaneperfect.com/logs/" "Mozilla/4.0 (compatible; MSIE 7.0; Windows NT 5.2)" "www.shaneperfect.com"
38.105.83.10 - - [12/May/2008:03:08:35 -0700] "GET /logs/access_071001.log HTTP/1.1" 200 59526 "http://www.shaneperfect.com/logs/" "Mozilla/4.0 (compatible; MSIE 7.0; Windows NT 5.2)" "www.shaneperfect.com"
38.105.83.10 - - [12/May/2008:03:08:38 -0700] "GET /logs/access_070329.log HTTP/1.1" 200 49820 "http://www.shaneperfect.com/logs/" "Mozilla/4.0 (compatible; MSIE 7.0; Windows NT 5.2)" "www.shaneperfect.com"
38.105.83.10 - - [12/May/2008:03:08:39 -0700] "GET /logs/access_070731.log HTTP/1.1" 200 89341 "http://www.shaneperfect.com/logs/" "Mozilla/4.0 (compatible; MSIE 7.0; Windows NT 5.2)" "www.shaneperfect.com"
38.105.83.10 - - [12/May/2008:03:08:43 -0700] "GET /logs/access_070401.log HTTP/1.1" 200 1955 "http://www.shaneperfect.com/logs/" "Mozilla/4.0 (compatible; MSIE 7.0; Windows NT 5.2)" "www.shaneperfect.com"
38.105.83.10 - - [12/May/2008:03:08:44 -0700] "GET /logs/access.log HTTP/1.1" 200 60954 "http://www.shaneperfect.com/logs/" "Mozilla/4.0 (compatible; MSIE 7.0; Windows NT 5.2)" "www.shaneperfect.com"
38.105.83.10 - - [12/May/2008:03:08:47 -0700] "GET /logs/access_070531.log HTTP/1.1" 200 73402 "http://www.shaneperfect.com/logs/" "Mozilla/4.0 (compatible; MSIE 7.0; Windows NT 5.2)" "www.shaneperfect.com"
38.105.83.10 - - [12/May/2008:03:08:47 -0700] "GET /logs/access_070801.log HTTP/1.1" 200 1244 "http://www.shaneperfect.com/logs/" "Mozilla/4.0 (compatible; MSIE 7.0; Windows NT 5.2)" "www.shaneperfect.com"
38.105.83.10 - - [12/May/2008:03:08:52 -0700] "GET /logs/access_080331.log HTTP/1.1" 200 1023 "http://www.shaneperfect.com/logs/" "Mozilla/4.0 (compatible; MSIE 7.0; Windows NT 5.2)" "www.shaneperfect.com"
38.105.83.10 - - [12/May/2008:03:08:52 -0700] "GET /logs/access_070330.log HTTP/1.1" 200 2550 "http://www.shaneperfect.com/logs/" "Mozilla/4.0 (compatible; MSIE 7.0; Windows NT 5.2)" "www.shaneperfect.com"
38.105.83.10 - - [12/May/2008:03:08:57 -0700] "GET /logs/access_070501.log HTTP/1.1" 200 70463 "http://www.shaneperfect.com/logs/" "Mozilla/4.0 (compatible; MSIE 7.0; Windows NT 5.2)" "www.shaneperfect.com"
38.105.83.10 - - [12/May/2008:03:08:58 -0700] "GET /logs/access_070331.log HTTP/1.1" 200 6009 "http://www.shaneperfect.com/logs/" "Mozilla/4.0 (compatible; MSIE 7.0; Windows NT 5.2)" "www.shaneperfect.com"
38.105.83.10 - - [12/May/2008:03:09:00 -0700] "GET /logs/access_071201.log HTTP/1.1" 200 74801 "http://www.shaneperfect.com/logs/" "Mozilla/4.0 (compatible; MSIE 7.0; Windows NT 5.2)" "www.shaneperfect.com"
38.105.83.10 - - [12/May/2008:03:09:00 -0700] "GET /logs/access_080401.log HTTP/1.1" 200 269 "http://www.shaneperfect.com/logs/" "Mozilla/4.0 (compatible; MSIE 7.0; Windows NT 5.2)" "www.shaneperfect.com"
38.105.83.10 - - [12/May/2008:03:09:04 -0700] "GET /logs/access_071231.log HTTP/1.1" 200 79015 "http://www.shaneperfect.com/logs/" "Mozilla/4.0 (compatible; MSIE 7.0; Windows NT 5.2)" "www.shaneperfect.com"
38.105.83.10 - - [12/May/2008:03:09:04 -0700] "GET /logs/access_080101.log HTTP/1.1" 200 1796 "http://www.shaneperfect.com/logs/" "Mozilla/4.0 (compatible; MSIE 7.0; Windows NT 5.2)" "www.shaneperfect.com"
38.105.83.10 - - [12/May/2008:03:09:07 -0700] "GET /logs/access_070301.log HTTP/1.1" 200 25559 "http://www.shaneperfect.com/logs/" "Mozilla/4.0 (compatible; MSIE 7.0; Windows NT 5.2)" "www.shaneperfect.com"
38.105.83.10 - - [12/May/2008:03:09:07 -0700] "GET /logs/access_070701.log HTTP/1.1" 200 125427 "http://www.shaneperfect.com/logs/" "Mozilla/4.0 (compatible; MSIE 7.0; Windows NT 5.2)" "www.shaneperfect.com"
38.105.83.10 - - [12/May/2008:03:09:11 -0700] "GET /logs/access_070901.log HTTP/1.1" 200 86106 "http://www.shaneperfect.com/logs/" "Mozilla/4.0 (compatible; MSIE 7.0; Windows NT 5.2)" "www.shaneperfect.com"
38.105.83.10 - - [12/May/2008:03:09:12 -0700] "GET /logs/access_070601.log HTTP/1.1" 200 1711 "http://www.shaneperfect.com/logs/" "Mozilla/4.0 (compatible; MSIE 7.0; Windows NT 5.2)" "www.shaneperfect.com"
38.105.83.10 - - [12/May/2008:03:09:15 -0700] "GET /logs/access_071031.log HTTP/1.1" 200 74325 "http://www.shaneperfect.com/logs/" "Mozilla/4.0 (compatible; MSIE 7.0; Windows NT 5.2)" "www.shaneperfect.com"
38.105.83.10 - - [12/May/2008:03:09:15 -0700] "GET /logs/access_080501.log HTTP/1.1" 200 139112 "http://www.shaneperfect.com/logs/" "Mozilla/4.0 (compatible; MSIE 7.0; Windows NT 5.2)" "www.shaneperfect.com"
209.167.76.209 - - [12/May/2008:07:11:28 -0700] "GET /logs/access_070301.log HTTP/1.1" 200 25559 "-" "Mozilla/4.0 (compatible; MSIE 6.0; Windows NT 5.1; SV1)" "shaneperfect.com"
209.167.76.209 - - [12/May/2008:07:11:29 -0700] "GET /logs/access_070301.log HTTP/1.1" 200 25559 "-" "Mozilla/4.0 (compatible; MSIE 6.0; Windows NT 5.1; SV1)" "shaneperfect.com"
71.97.161.178 - - [12/May/2008:12:49:44 -0700] "GET / HTTP/1.1" 200 779 "-" "Mozilla/4.0 (compatible; MSIE 7.0; Windows NT 5.1; .NET CLR 1.1.4322; .NET CLR 2.0.50727; InfoPath.1; .NET CLR 3.0.04506.30; .NET CLR 3.0.04506.648)" "shaneperfect.com"
71.97.161.178 - - [12/May/2008:12:49:45 -0700] "GET /favicon.ico HTTP/1.1" 404 275 "-" "Mozilla/4.0 (compatible; MSIE 7.0; Windows NT 5.1; .NET CLR 1.1.4322; .NET CLR 2.0.50727; InfoPath.1; .NET CLR 3.0.04506.30; .NET CLR 3.0.04506.648)" "shaneperfect.com"
71.97.161.178 - - [12/May/2008:12:49:52 -0700] "GET / HTTP/1.1" 200 779 "-" "Mozilla/4.0 (compatible; MSIE 7.0; Windows NT 5.1; .NET CLR 1.1.4322; .NET CLR 2.0.50727; InfoPath.1; .NET CLR 3.0.04506.30; .NET CLR 3.0.04506.648)" "www.shaneperfect.com"
71.97.161.178 - - [12/May/2008:12:49:52 -0700] "GET /favicon.ico HTTP/1.1" 404 275 "-" "Mozilla/4.0 (compatible; MSIE 7.0; Windows NT 5.1; .NET CLR 1.1.4322; .NET CLR 2.0.50727; InfoPath.1; .NET CLR 3.0.04506.30; .NET CLR 3.0.04506.648)" "www.shaneperfect.com"
71.97.161.178 - - [12/May/2008:12:49:59 -0700] "GET / HTTP/1.1" 200 779 "http://www.shaneperfect.com/" "Mozilla/4.0 (compatible; MSIE 7.0; Windows NT 5.1; .NET CLR 1.1.4322; .NET CLR 2.0.50727; InfoPath.1; .NET CLR 3.0.04506.30; .NET CLR 3.0.04506.648)" "www.shaneperfect.com"
71.97.161.178 - - [12/May/2008:12:50:02 -0700] "GET /?N=D HTTP/1.1" 200 779 "http://www.shaneperfect.com/" "Mozilla/4.0 (compatible; MSIE 7.0; Windows NT 5.1; .NET CLR 1.1.4322; .NET CLR 2.0.50727; InfoPath.1; .NET CLR 3.0.04506.30; .NET CLR 3.0.04506.648)" "www.shaneperfect.com"
71.97.161.178 - - [12/May/2008:12:50:20 -0700] "GET /logs/access_080101.log HTTP/1.1" 200 1796 "http://www.google.com/search?hl=en&q=shaneperfect.com" "Mozilla/4.0 (compatible; MSIE 7.0; Windows NT 5.1; .NET CLR 1.1.4322; .NET CLR 2.0.50727; InfoPath.1; .NET CLR 3.0.04506.30; .NET CLR 3.0.04506.648)" "shaneperfect.com"
71.97.161.178 - - [12/May/2008:12:50:25 -0700] "GET /logs/access_070801.log HTTP/1.1" 200 1244 "http://www.google.com/search?hl=en&q=shaneperfect.com" "Mozilla/4.0 (compatible; MSIE 7.0; Windows NT 5.1; .NET CLR 1.1.4322; .NET CLR 2.0.50727; InfoPath.1; .NET CLR 3.0.04506.30; .NET CLR 3.0.04506.648)" "shaneperfect.com"
74.6.22.181 - - [12/May/2008:13:33:48 -0700] "GET /robots.txt HTTP/1.0" 404 275 "-" "Mozilla/5.0 (compatible; Yahoo! Slurp; http://help.yahoo.com/help/us/ysearch/slurp)" "www.shaneperfect.com"
74.6.17.253 - - [12/May/2008:13:33:48 -0700] "GET /?N=A HTTP/1.0" 200 763 "-" "Mozilla/5.0 (compatible; Yahoo! Slurp; http://help.yahoo.com/help/us/ysearch/slurp)" "www.shaneperfect.com"
75.32.92.207 - - [12/May/2008:16:00:47 -0700] "GET /logs/ HTTP/1.0" 200 4217 "-" "Wget/1.5.3.1" "shaneperfect.com"
75.32.92.207 - - [12/May/2008:16:00:47 -0700] "GET /robots.txt HTTP/1.0" 404 275 "-" "Wget/1.5.3.1" "shaneperfect.com"
75.32.92.207 - - [12/May/2008:16:00:47 -0700] "GET /logs/access.log HTTP/1.0" 200 69818 "http://shaneperfect.com/logs/" "Wget/1.5.3.1" "shaneperfect.com"
74.6.22.104 - - [12/May/2008:22:52:08 -0700] "GET /robots.txt HTTP/1.0" 404 275 "-" "Mozilla/5.0 (compatible; Yahoo! Slurp; http://help.yahoo.com/help/us/ysearch/slurp)" "shaneperfect.com"
74.6.23.58 - - [12/May/2008:22:52:08 -0700] "GET /tmp/?M=A HTTP/1.0" 200 504 "-" "Mozilla/5.0 (compatible; Yahoo! Slurp; http://help.yahoo.com/help/us/ysearch/slurp)" "shaneperfect.com"
208.80.193.35 - - [13/May/2008:00:24:02 -0700] "GET / HTTP/1.1" 200 779 "-" "Mozilla/4.0 (compatible; MSIE 6.0; Windows NT 5.1; Q312469)" "shaneperfect.com"
74.6.22.103 - - [13/May/2008:07:51:26 -0700] "GET /robots.txt HTTP/1.0" 404 275 "-" "Mozilla/5.0 (compatible; Yahoo! Slurp; http://help.yahoo.com/help/us/ysearch/slurp)" "shaneperfect.com"
74.6.23.118 - - [13/May/2008:07:51:26 -0700] "GET / HTTP/1.0" 200 763 "-" "Mozilla/5.0 (compatible; Yahoo! Slurp; http://help.yahoo.com/help/us/ysearch/slurp)" "shaneperfect.com"
74.6.23.172 - - [13/May/2008:07:53:51 -0700] "GET /?S=A HTTP/1.0" 200 763 "-" "Mozilla/5.0 (compatible; Yahoo! Slurp; http://help.yahoo.com/help/us/ysearch/slurp)" "shaneperfect.com"
74.6.19.217 - - [13/May/2008:08:21:45 -0700] "GET /?N=D HTTP/1.0" 200 763 "-" "Mozilla/5.0 (compatible; Yahoo! Slurp; http://help.yahoo.com/help/us/ysearch/slurp)" "shaneperfect.com"
149.164.58.112 - - [13/May/2008:08:57:10 -0700] "GET / HTTP/1.1" 200 779 "http://hollyheath.com/fineart.html" "Mozilla/4.0 (compatible; MSIE 7.0; Windows NT 5.1; .NET CLR 1.1.4322; .NET CLR 2.0.50727; InfoPath.1)" "shaneperfect.com"
149.164.58.112 - - [13/May/2008:08:57:11 -0700] "GET /favicon.ico HTTP/1.1" 404 275 "-" "Mozilla/4.0 (compatible; MSIE 7.0; Windows NT 5.1; .NET CLR 1.1.4322; .NET CLR 2.0.50727; InfoPath.1)" "shaneperfect.com"
75.32.92.207 - - [13/May/2008:16:00:51 -0700] "GET /logs/ HTTP/1.0" 200 4217 "-" "Wget/1.5.3.1" "shaneperfect.com"
75.32.92.207 - - [13/May/2008:16:00:51 -0700] "GET /robots.txt HTTP/1.0" 404 275 "-" "Wget/1.5.3.1" "shaneperfect.com"
75.32.92.207 - - [13/May/2008:16:00:51 -0700] "GET /logs/access.log HTTP/1.0" 200 71916 "http://shaneperfect.com/logs/" "Wget/1.5.3.1" "shaneperfect.com"
67.91.83.162 - - [13/May/2008:16:59:22 -0700] "GET / HTTP/1.1" 200 779 "http://www.google.com/search?q=index+parent+directory+perfect&btnG=Search&hl=en" "Mozilla/4.0 (compatible; MSIE 7.0; Windows NT 5.1; .NET CLR 2.0.50727)" "shaneperfect.com"
67.91.83.162 - - [13/May/2008:16:59:22 -0700] "GET /favicon.ico HTTP/1.1" 404 275 "-" "Mozilla/4.0 (compatible; MSIE 7.0; Windows NT 5.1; .NET CLR 2.0.50727)" "shaneperfect.com"
67.195.37.92 - - [13/May/2008:19:04:04 -0700] "GET /robots.txt HTTP/1.0" 404 275 "-" "Mozilla/5.0 (compatible; Yahoo! Slurp; http://help.yahoo.com/help/us/ysearch/slurp)" "shaneperfect.com"
67.195.37.92 - - [13/May/2008:19:04:09 -0700] "GET / HTTP/1.0" 200 763 "-" "Mozilla/5.0 (compatible; Yahoo! Slurp/3.0; http://help.yahoo.com/help/us/ysearch/slurp)" "shaneperfect.com"
67.195.37.92 - - [13/May/2008:19:11:29 -0700] "GET /?M=A HTTP/1.0" 200 763 "-" "Mozilla/5.0 (compatible; Yahoo! Slurp/3.0; http://help.yahoo.com/help/us/ysearch/slurp)" "shaneperfect.com"
74.6.22.103 - - [14/May/2008:00:00:00 -0700] "GET /robots.txt HTTP/1.0" 404 275 "-" "Mozilla/5.0 (compatible; Yahoo! Slurp; http://help.yahoo.com/help/us/ysearch/slurp)" "shaneperfect.com"
74.6.7.220 - - [14/May/2008:00:00:00 -0700] "GET /tmp/?D=A HTTP/1.0" 200 504 "-" "Mozilla/5.0 (compatible; Yahoo! Slurp; http://help.yahoo.com/help/us/ysearch/slurp)" "shaneperfect.com"
38.104.58.118 - - [14/May/2008:02:14:35 -0700] "GET /robots.txt HTTP/1.1" 404 275 "-" "panscient.com" "www.shaneperfect.com"
38.104.58.118 - - [14/May/2008:02:14:35 -0700] "GET / HTTP/1.1" 200 779 "-" "panscient.com" "www.shaneperfect.com"
38.104.58.118 - - [14/May/2008:02:14:36 -0700] "GET /?M=A HTTP/1.1" 200 779 "-" "panscient.com" "www.shaneperfect.com"
38.104.58.118 - - [14/May/2008:02:14:37 -0700] "GET /tmp/ HTTP/1.1" 200 520 "-" "panscient.com" "www.shaneperfect.com"
38.104.58.118 - - [14/May/2008:02:14:38 -0700] "GET /logs/ HTTP/1.1" 200 4233 "-" "panscient.com" "www.shaneperfect.com"
38.104.58.118 - - [14/May/2008:02:14:39 -0700] "GET /?N=A HTTP/1.1" 200 779 "-" "panscient.com" "www.shaneperfect.com"
38.104.58.118 - - [14/May/2008:02:14:40 -0700] "GET /?N=D HTTP/1.1" 200 779 "-" "panscient.com" "www.shaneperfect.com"
38.104.58.118 - - [14/May/2008:02:14:41 -0700] "GET /tmp/?N=D HTTP/1.1" 200 520 "-" "panscient.com" "www.shaneperfect.com"
38.104.58.118 - - [14/May/2008:02:14:42 -0700] "GET /logs/?N=D HTTP/1.1" 200 4233 "-" "panscient.com" "www.shaneperfect.com"
38.104.58.118 - - [14/May/2008:02:14:43 -0700] "GET /?D=A HTTP/1.1" 200 779 "-" "panscient.com" "www.shaneperfect.com"
38.104.58.118 - - [14/May/2008:02:14:44 -0700] "GET /?D=D HTTP/1.1" 200 779 "-" "panscient.com" "www.shaneperfect.com"
67.195.37.92 - - [14/May/2008:02:25:30 -0700] "GET /robots.txt HTTP/1.0" 404 275 "-" "Mozilla/5.0 (compatible; Yahoo! Slurp; http://help.yahoo.com/help/us/ysearch/slurp)" "shaneperfect.com"
67.195.37.92 - - [14/May/2008:02:25:31 -0700] "GET /?S=A HTTP/1.0" 200 763 "-" "Mozilla/5.0 (compatible; Yahoo! Slurp/3.0; http://help.yahoo.com/help/us/ysearch/slurp)" "shaneperfect.com"
67.195.37.92 - - [14/May/2008:03:02:49 -0700] "GET /?D=A HTTP/1.0" 200 763 "-" "Mozilla/5.0 (compatible; Yahoo! Slurp/3.0; http://help.yahoo.com/help/us/ysearch/slurp)" "shaneperfect.com"
67.195.37.92 - - [14/May/2008:09:51:19 -0700] "GET /robots.txt HTTP/1.0" 404 275 "-" "Mozilla/5.0 (compatible; Yahoo! Slurp; http://help.yahoo.com/help/us/ysearch/slurp)" "shaneperfect.com"
67.195.37.92 - - [14/May/2008:09:51:20 -0700] "GET /tmp/ HTTP/1.0" 200 504 "-" "Mozilla/5.0 (compatible; Yahoo! Slurp/3.0; http://help.yahoo.com/help/us/ysearch/slurp)" "shaneperfect.com"
72.86.90.229 - - [14/May/2008:11:39:10 -0700] "GET / HTTP/1.1" 200 779 "-" "Mozilla/4.0 (compatible; MSIE 7.0; Windows NT 5.1; .NET CLR 1.0.3705; .NET CLR 1.1.4322; Media Center PC 4.0)" "shaneperfect.com"
72.86.90.229 - - [14/May/2008:11:39:11 -0700] "GET /favicon.ico HTTP/1.1" 404 275 "-" "Mozilla/4.0 (compatible; MSIE 7.0; Windows NT 5.1; .NET CLR 1.0.3705; .NET CLR 1.1.4322; Media Center PC 4.0)" "shaneperfect.com"
38.99.13.121 - - [14/May/2008:12:25:06 -0700] "GET /robots.txt HTTP/1.0" 404 275 "-" "Mozilla/5.0 (Twiceler-0.9 http://www.cuill.com/twiceler/robot.html)" "shaneperfect.com"
74.6.22.103 - - [14/May/2008:14:57:47 -0700] "GET /robots.txt HTTP/1.0" 404 275 "-" "Mozilla/5.0 (compatible; Yahoo! Slurp; http://help.yahoo.com/help/us/ysearch/slurp)" "shaneperfect.com"
74.6.9.95 - - [14/May/2008:14:57:48 -0700] "GET /?M=A HTTP/1.0" 200 763 "-" "Mozilla/5.0 (compatible; Yahoo! Slurp; http://help.yahoo.com/help/us/ysearch/slurp)" "shaneperfect.com"
75.32.92.207 - - [14/May/2008:16:00:47 -0700] "GET /logs/ HTTP/1.0" 200 4217 "-" "Wget/1.5.3.1" "shaneperfect.com"
75.32.92.207 - - [14/May/2008:16:00:48 -0700] "GET /robots.txt HTTP/1.0" 404 275 "-" "Wget/1.5.3.1" "shaneperfect.com"
75.32.92.207 - - [14/May/2008:16:00:48 -0700] "GET /logs/access.log HTTP/1.0" 200 76898 "http://shaneperfect.com/logs/" "Wget/1.5.3.1" "shaneperfect.com"
74.6.22.181 - - [14/May/2008:22:38:05 -0700] "GET /robots.txt HTTP/1.0" 404 275 "-" "Mozilla/5.0 (compatible; Yahoo! Slurp; http://help.yahoo.com/help/us/ysearch/slurp)" "www.shaneperfect.com"
74.6.25.176 - - [14/May/2008:22:38:06 -0700] "GET / HTTP/1.0" 200 763 "-" "Mozilla/5.0 (compatible; Yahoo! Slurp; http://help.yahoo.com/help/us/ysearch/slurp)" "www.shaneperfect.com"
74.6.29.162 - - [14/May/2008:22:44:45 -0700] "GET /?M=A HTTP/1.0" 200 763 "-" "Mozilla/5.0 (compatible; Yahoo! Slurp; http://help.yahoo.com/help/us/ysearch/slurp)" "www.shaneperfect.com"
74.6.20.88 - - [15/May/2008:00:22:46 -0700] "GET /?N=D HTTP/1.0" 200 763 "-" "Mozilla/5.0 (compatible; Yahoo! Slurp; http://help.yahoo.com/help/us/ysearch/slurp)" "www.shaneperfect.com"
74.6.12.31 - - [15/May/2008:02:09:01 -0700] "GET /robots.txt HTTP/1.0" 404 275 "-" "Mozilla/5.0 (compatible; Yahoo! Slurp; http://help.yahoo.com/help/us/ysearch/slurp)" "shaneperfect.com"
67.195.52.107 - - [15/May/2008:02:09:01 -0700] "GET / HTTP/1.0" 200 763 "-" "Mozilla/5.0 (compatible; Yahoo! Slurp; http://help.yahoo.com/help/us/ysearch/slurp)" "shaneperfect.com"
67.195.51.247 - - [15/May/2008:02:10:21 -0700] "GET /tmp/ HTTP/1.0" 200 504 "-" "Mozilla/5.0 (compatible; Yahoo! Slurp; http://help.yahoo.com/help/us/ysearch/slurp)" "shaneperfect.com"
67.195.51.240 - - [15/May/2008:02:12:43 -0700] "GET /?M=A HTTP/1.0" 200 763 "-" "Mozilla/5.0 (compatible; Yahoo! Slurp; http://help.yahoo.com/help/us/ysearch/slurp)" "shaneperfect.com"
67.195.51.172 - - [15/May/2008:02:13:51 -0700] "GET /?S=A HTTP/1.0" 200 763 "-" "Mozilla/5.0 (compatible; Yahoo! Slurp; http://help.yahoo.com/help/us/ysearch/slurp)" "shaneperfect.com"
67.195.52.90 - - [15/May/2008:07:58:02 -0700] "GET /logs/ HTTP/1.0" 200 4217 "-" "Mozilla/5.0 (compatible; Yahoo! Slurp; http://help.yahoo.com/help/us/ysearch/slurp)" "shaneperfect.com"
66.249.242.74 - - [15/May/2008:12:04:53 -0700] "GET / HTTP/1.1" 200 779 "http://www.hollyheath.com/fineart.html" "Mozilla/4.0 (compatible; MSIE 6.0; Windows NT 5.2; SV1; .NET CLR 1.1.4322; .NET CLR 2.0.50727)" "shaneperfect.com"
66.249.242.74 - - [15/May/2008:12:04:58 -0700] "GET / HTTP/1.1" 200 779 "http://www.hollyheath.com/fineart.html" "Mozilla/4.0 (compatible; MSIE 6.0; Windows NT 5.2; SV1; .NET CLR 1.1.4322; .NET CLR 2.0.50727)" "shaneperfect.com"
66.249.242.74 - - [15/May/2008:12:05:00 -0700] "GET /logs/ HTTP/1.1" 200 4233 "http://shaneperfect.com/" "Mozilla/4.0 (compatible; MSIE 6.0; Windows NT 5.2; SV1; .NET CLR 1.1.4322; .NET CLR 2.0.50727)" "shaneperfect.com"
66.249.242.74 - - [15/May/2008:12:05:02 -0700] "GET /logs/access.log HTTP/1.1" 200 79603 "http://shaneperfect.com/logs/" "Mozilla/4.0 (compatible; MSIE 6.0; Windows NT 5.2; SV1; .NET CLR 1.1.4322; .NET CLR 2.0.50727)" "shaneperfect.com"
66.249.242.74 - - [15/May/2008:12:05:05 -0700] "GET /logs/access_070731.log HTTP/1.1" 200 89341 "http://shaneperfect.com/logs/" "Mozilla/4.0 (compatible; MSIE 6.0; Windows NT 5.2; SV1; .NET CLR 1.1.4322; .NET CLR 2.0.50727)" "shaneperfect.com"
66.249.242.74 - - [15/May/2008:12:05:08 -0700] "GET / HTTP/1.1" 200 779 "http://www.hollyheath.com/fineart.html" "Mozilla/4.0 (compatible; MSIE 6.0; Windows NT 5.2; SV1; .NET CLR 1.1.4322; .NET CLR 2.0.50727)" "shaneperfect.com"
66.249.242.74 - - [15/May/2008:12:05:09 -0700] "GET /tmp/ HTTP/1.1" 200 520 "http://shaneperfect.com/" "Mozilla/4.0 (compatible; MSIE 6.0; Windows NT 5.2; SV1; .NET CLR 1.1.4322; .NET CLR 2.0.50727)" "shaneperfect.com"
75.32.92.207 - - [15/May/2008:16:00:57 -0700] "GET /logs/ HTTP/1.0" 200 4217 "-" "Wget/1.5.3.1" "shaneperfect.com"
75.32.92.207 - - [15/May/2008:16:00:58 -0700] "GET /robots.txt HTTP/1.0" 404 275 "-" "Wget/1.5.3.1" "shaneperfect.com"
75.32.92.207 - - [15/May/2008:16:00:58 -0700] "GET /logs/access.log HTTP/1.0" 200 80753 "http://shaneperfect.com/logs/" "Wget/1.5.3.1" "shaneperfect.com"
74.6.22.181 - - [15/May/2008:18:29:12 -0700] "GET /robots.txt HTTP/1.0" 404 275 "-" "Mozilla/5.0 (compatible; Yahoo! Slurp; http://help.yahoo.com/help/us/ysearch/slurp)" "www.shaneperfect.com"
74.6.23.246 - - [15/May/2008:18:29:14 -0700] "GET /logs/ HTTP/1.0" 200 4217 "-" "Mozilla/5.0 (compatible; Yahoo! Slurp; http://help.yahoo.com/help/us/ysearch/slurp)" "www.shaneperfect.com"
74.6.28.224 - - [15/May/2008:18:32:43 -0700] "GET /logs/access_070331.log HTTP/1.0" 200 6009 "-" "Mozilla/5.0 (compatible; Yahoo! Slurp; http://help.yahoo.com/help/us/ysearch/slurp)" "www.shaneperfect.com"
66.249.72.5 - - [15/May/2008:19:43:53 -0700] "GET /robots.txt HTTP/1.1" 404 275 "-" "Mozilla/5.0 (compatible; Googlebot/2.1; +http://www.google.com/bot.html)" "shaneperfect.com"
66.249.72.5 - - [15/May/2008:19:43:53 -0700] "GET /logs/access_080501.log HTTP/1.1" 200 139112 "-" "Mozilla/5.0 (compatible; Googlebot/2.1; +http://www.google.com/bot.html)" "shaneperfect.com"
72.232.237.202 - - [16/May/2008:03:02:41 -0700] "GET / HTTP/1.1" 200 779 "http://therarestwords.com/shaneperfect.com" "TheRarestParser/0.2a" "shaneperfect.com"
74.6.12.31 - - [16/May/2008:05:05:52 -0700] "GET /robots.txt HTTP/1.0" 404 275 "-" "Mozilla/5.0 (compatible; Yahoo! Slurp; http://help.yahoo.com/help/us/ysearch/slurp)" "shaneperfect.com"
67.195.52.61 - - [16/May/2008:05:05:53 -0700] "GET /?N=D HTTP/1.0" 200 763 "-" "Mozilla/5.0 (compatible; Yahoo! Slurp; http://help.yahoo.com/help/us/ysearch/slurp)" "shaneperfect.com"
74.6.22.103 - - [16/May/2008:05:29:19 -0700] "GET /robots.txt HTTP/1.0" 404 275 "-" "Mozilla/5.0 (compatible; Yahoo! Slurp; http://help.yahoo.com/help/us/ysearch/slurp)" "shaneperfect.com"
74.6.12.48 - - [16/May/2008:05:29:20 -0700] "GET /?D=A HTTP/1.0" 200 763 "-" "Mozilla/5.0 (compatible; Yahoo! Slurp; http://help.yahoo.com/help/us/ysearch/slurp)" "shaneperfect.com"
74.6.22.181 - - [16/May/2008:05:44:19 -0700] "GET /robots.txt HTTP/1.0" 404 275 "-" "Mozilla/5.0 (compatible; Yahoo! Slurp; http://help.yahoo.com/help/us/ysearch/slurp)" "www.shaneperfect.com"
74.6.29.218 - - [16/May/2008:05:44:19 -0700] "GET /?S=A HTTP/1.0" 200 763 "-" "Mozilla/5.0 (compatible; Yahoo! Slurp; http://help.yahoo.com/help/us/ysearch/slurp)" "www.shaneperfect.com"
66.249.72.5 - - [16/May/2008:07:39:04 -0700] "GET /logs/ HTTP/1.1" 200 4233 "-" "Mozilla/5.0 (compatible; Googlebot/2.1; +http://www.google.com/bot.html)" "shaneperfect.com"
74.6.19.52 - - [16/May/2008:07:51:25 -0700] "GET /logs/?N=D HTTP/1.0" 200 4217 "-" "Mozilla/5.0 (compatible; Yahoo! Slurp; http://help.yahoo.com/help/us/ysearch/slurp)" "www.shaneperfect.com"
218.46.75.205 - - [16/May/2008:08:03:29 -0700] "GET / HTTP/1.1" 200 779 "-" "Mozilla/4.0 (compatible; MSIE 6.0; Windows NT 5.1; SV1; .NET CLR 1.1.4322)" "shaneperfect.com"
218.46.75.205 - - [16/May/2008:08:03:35 -0700] "GET / HTTP/1.1" 200 779 "http://shaneperfect.com/" "Mozilla/4.0 (compatible; MSIE 6.0; Windows NT 5.1; SV1; .NET CLR 1.1.4322)" "shaneperfect.com"
67.195.51.216 - - [16/May/2008:09:30:08 -0700] "GET /?D=A HTTP/1.0" 200 763 "-" "Mozilla/5.0 (compatible; Yahoo! Slurp; http://help.yahoo.com/help/us/ysearch/slurp)" "shaneperfect.com"
75.32.92.207 - - [16/May/2008:16:00:49 -0700] "GET /logs/ HTTP/1.0" 200 4217 "-" "Wget/1.5.3.1" "shaneperfect.com"
75.32.92.207 - - [16/May/2008:16:00:50 -0700] "GET /robots.txt HTTP/1.0" 404 275 "-" "Wget/1.5.3.1" "shaneperfect.com"
75.32.92.207 - - [16/May/2008:16:00:50 -0700] "GET /logs/access.log HTTP/1.0" 200 84301 "http://shaneperfect.com/logs/" "Wget/1.5.3.1" "shaneperfect.com"
74.6.8.91 - - [16/May/2008:18:19:13 -0700] "GET /robots.txt HTTP/1.0" 404 275 "-" "Mozilla/5.0 (compatible; Yahoo! Slurp; http://help.yahoo.com/help/us/ysearch/slurp)" "www.shaneperfect.com"
74.6.29.33 - - [16/May/2008:18:19:13 -0700] "GET /tmp/ HTTP/1.0" 200 504 "-" "Mozilla/5.0 (compatible; Yahoo! Slurp; http://help.yahoo.com/help/us/ysearch/slurp)" "www.shaneperfect.com"
66.34.204.26 - - [17/May/2008:00:06:30 -0700] "GET / HTTP/1.1" 200 779 "http://www.keywordspy.com/keyword-research/shaneperfect.com" "Mozilla/4.0 (compatible; MSIE 7.0; Windows NT 5.1; Alexa Toolbar)" "shaneperfect.com"
66.34.204.26 - - [17/May/2008:00:06:30 -0700] "GET / HTTP/1.1" 200 779 "http://www.keywordspy.com/keyword-research/shaneperfect.com" "Mozilla/4.0 (compatible; MSIE 7.0; Windows NT 5.1; Alexa Toolbar)" "shaneperfect.com"
66.34.204.26 - - [17/May/2008:00:06:30 -0700] "GET / HTTP/1.1" 200 779 "http://www.keywordspy.com/keyword-research/shaneperfect.com" "Mozilla/4.0 (compatible; MSIE 7.0; Windows NT 5.1; Alexa Toolbar)" "shaneperfect.com"
74.6.18.253 - - [17/May/2008:08:37:45 -0700] "GET /robots.txt HTTP/1.0" 404 275 "-" "Mozilla/5.0 (compatible; Yahoo! Slurp; http://help.yahoo.com/help/us/ysearch/slurp)" "www.shaneperfect.com"
87.116.168.32 - - [17/May/2008:17:26:26 -0700] "GET / HTTP/1.1" 200 779 "http://www.feedagg.com/feed.php?FeedID=1283" "Mozilla/4.0 (compatible; MSIE 6.0; Windows NT 5.1; SV1; Maxthon; .NET CLR 1.1.4322)" "shaneperfect.com"
208.80.193.39 - - [18/May/2008:05:11:02 -0700] "GET / HTTP/1.1" 200 779 "-" "Mozilla/4.0 (compatible; MSIE 6.0; Windows NT 5.1; Q312468)" "shaneperfect.com"
66.249.85.130 - - [18/May/2008:14:28:20 -0700] "GET /favicon.ico HTTP/1.1" 404 275 "-" "Mozilla/5.0 (Windows; U; Windows NT 5.1; en-US; rv:1.8.1.14) Gecko/20080404 Firefox/2.0.0.14" "shaneperfect.com"
66.249.85.85 - - [18/May/2008:14:29:15 -0700] "GET /logs/access_070331.log HTTP/1.1" 200 6009 "http://www.google.com/search?hl=en&q=who+is+http%3A%2F%2Fwww.picsearch.com%2Fbot.html&btnG=Google+Search" "Mozilla/5.0 (Windows; U; Windows NT 5.1; en-US; rv:1.8.1.14; Google-TR-5.1.707.23222-en) Gecko/20080404 Firefox/2.0.0.14" "shaneperfect.com"
66.249.85.130 - - [18/May/2008:14:29:15 -0700] "GET /favicon.ico HTTP/1.1" 404 275 "-" "Mozilla/5.0 (Windows; U; Windows NT 5.1; en-US; rv:1.8.1.14) Gecko/20080404 Firefox/2.0.0.14" "shaneperfect.com"
70.71.124.84 - - [18/May/2008:14:29:15 -0700] "GET /logs/access_070331.log HTTP/1.1" 206 6009 "-" "Mozilla/5.0 (Windows; U; Windows NT 5.1; en-US; rv:1.8.1.14) Gecko/20080404 Firefox/2.0.0.14" "shaneperfect.com"
66.249.85.129 - - [18/May/2008:14:29:16 -0700] "GET /favicon.ico HTTP/1.1" 404 275 "-" "Mozilla/5.0 (Windows; U; Windows NT 5.1; en-US; rv:1.8.1.14) Gecko/20080404 Firefox/2.0.0.14" "shaneperfect.com"
66.249.85.87 - - [18/May/2008:14:29:16 -0700] "GET /favicon.ico HTTP/1.1" 404 275 "-" "Mozilla/5.0 (compatible; Google Desktop)" "shaneperfect.com"
38.99.13.121 - - [18/May/2008:14:50:45 -0700] "GET /robots.txt HTTP/1.0" 404 275 "-" "Mozilla/5.0 (Twiceler-0.9 http://www.cuill.com/twiceler/robot.html)" "shaneperfect.com"
75.32.92.207 - - [19/May/2008:16:00:57 -0700] "GET /logs/ HTTP/1.0" 200 4217 "-" "Wget/1.5.3.1" "shaneperfect.com"
75.32.92.207 - - [19/May/2008:16:00:57 -0700] "GET /robots.txt HTTP/1.0" 404 275 "-" "Wget/1.5.3.1" "shaneperfect.com"
75.32.92.207 - - [19/May/2008:16:00:58 -0700] "GET /logs/access.log HTTP/1.0" 200 87779 "http://shaneperfect.com/logs/" "Wget/1.5.3.1" "shaneperfect.com"
82.161.231.16 - - [20/May/2008:00:53:14 -0700] "GET / HTTP/1.0" 200 763 "-" "Mozilla/2.0 (compatible; MSIE 3.0B; Windows NT)" "www.shaneperfect.com"
129.241.104.187 - - [20/May/2008:07:21:41 -0700] "GET /robots.txt HTTP/1.1" 404 275 "-" "boitho.com-dc/0.86 ( http://www.boitho.com/dcbot.html )" "www.shaneperfect.com"
74.6.17.189 - - [20/May/2008:08:51:17 -0700] "GET /robots.txt HTTP/1.0" 404 275 "-" "Mozilla/5.0 (compatible; Yahoo! Slurp; http://help.yahoo.com/help/us/ysearch/slurp)" "shaneperfect.com"
74.6.23.118 - - [20/May/2008:08:51:18 -0700] "GET / HTTP/1.0" 200 763 "-" "Mozilla/5.0 (compatible; Yahoo! Slurp; http://help.yahoo.com/help/us/ysearch/slurp)" "shaneperfect.com"
74.6.17.250 - - [20/May/2008:08:55:07 -0700] "GET /logs/ HTTP/1.0" 200 4217 "-" "Mozilla/5.0 (compatible; Yahoo! Slurp; http://help.yahoo.com/help/us/ysearch/slurp)" "shaneperfect.com"
74.6.23.172 - - [20/May/2008:08:56:06 -0700] "GET /?S=A HTTP/1.0" 200 763 "-" "Mozilla/5.0 (compatible; Yahoo! Slurp; http://help.yahoo.com/help/us/ysearch/slurp)" "shaneperfect.com"
74.6.9.179 - - [20/May/2008:08:56:51 -0700] "GET /tmp/ HTTP/1.0" 200 504 "-" "Mozilla/5.0 (compatible; Yahoo! Slurp; http://help.yahoo.com/help/us/ysearch/slurp)" "shaneperfect.com"
74.6.22.177 - - [20/May/2008:09:37:39 -0700] "GET /robots.txt HTTP/1.0" 404 275 "-" "Mozilla/5.0 (compatible; Yahoo! Slurp; http://help.yahoo.com/help/us/ysearch/slurp)" "shaneperfect.com"
74.6.22.177 - - [20/May/2008:09:37:39 -0700] "GET /?N=D HTTP/1.0" 200 763 "-" "Mozilla/5.0 (compatible; Yahoo! Slurp; http://help.yahoo.com/help/us/ysearch/slurp)" "shaneperfect.com"
97.112.119.138 - - [20/May/2008:11:42:45 -0700] "GET / HTTP/1.1" 200 779 "http://www.hollyheath.com/fineart.html" "Mozilla/5.0 (Windows; U; Windows NT 5.1; en-US; rv:1.8.1.14) Gecko/20080404 Firefox/2.0.0.14" "shaneperfect.com"
97.112.119.138 - - [20/May/2008:11:42:46 -0700] "GET /favicon.ico HTTP/1.1" 404 275 "-" "Mozilla/5.0 (Windows; U; Windows NT 5.1; en-US; rv:1.8.1.14) Gecko/20080404 Firefox/2.0.0.14" "shaneperfect.com"
193.71.105.251 - - [20/May/2008:13:48:40 -0700] "GET /?D=A HTTP/1.1" 200 779 "-" "boitho.com-dc/0.82 ( http://www.boitho.com/dcbot.html )" "www.shaneperfect.com"
72.36.131.99 - - [20/May/2008:14:15:17 -0700] "GET /logs/access_070331.log HTTP/1.1" 200 6009 "-" "Mozilla/4.0 (compatible; MSIE 6.0; Windows NT 5.1; SV1)" "shaneperfect.com"
70.255.174.246 - - [20/May/2008:16:01:02 -0700] "GET /logs/ HTTP/1.0" 200 4217 "-" "Wget/1.5.3.1" "shaneperfect.com"
70.255.174.246 - - [20/May/2008:16:01:02 -0700] "GET /robots.txt HTTP/1.0" 404 275 "-" "Wget/1.5.3.1" "shaneperfect.com"
70.255.174.246 - - [20/May/2008:16:01:03 -0700] "GET /logs/access.log HTTP/1.0" 200 90542 "http://shaneperfect.com/logs/" "Wget/1.5.3.1" "shaneperfect.com"
98.226.190.151 - - [21/May/2008:11:26:04 -0700] "GET / HTTP/1.1" 200 779 "http://www.hollyheath.com/fineart.html" "Mozilla/4.0 (compatible; MSIE 6.0; Windows NT 5.1; SV1; .NET CLR 1.1.4322)" "shaneperfect.com"
38.99.13.121 - - [21/May/2008:12:36:40 -0700] "GET /robots.txt HTTP/1.0" 404 275 "-" "Mozilla/5.0 (Twiceler-0.9 http://www.cuill.com/twiceler/robot.html)" "shaneperfect.com"
74.6.18.249 - - [21/May/2008:22:44:18 -0700] "GET /robots.txt HTTP/1.0" 404 275 "-" "Mozilla/5.0 (compatible; Yahoo! Slurp; http://help.yahoo.com/help/us/ysearch/slurp)" "www.shaneperfect.com"
74.6.25.176 - - [21/May/2008:22:44:18 -0700] "GET / HTTP/1.0" 200 763 "-" "Mozilla/5.0 (compatible; Yahoo! Slurp; http://help.yahoo.com/help/us/ysearch/slurp)" "www.shaneperfect.com"
74.6.29.162 - - [21/May/2008:22:47:52 -0700] "GET /?M=A HTTP/1.0" 200 763 "-" "Mozilla/5.0 (compatible; Yahoo! Slurp; http://help.yahoo.com/help/us/ysearch/slurp)" "www.shaneperfect.com"
74.6.17.189 - - [22/May/2008:03:22:17 -0700] "GET /robots.txt HTTP/1.0" 404 275 "-" "Mozilla/5.0 (compatible; Yahoo! Slurp; http://help.yahoo.com/help/us/ysearch/slurp)" "shaneperfect.com"
74.6.9.95 - - [22/May/2008:03:22:17 -0700] "GET /?M=A HTTP/1.0" 200 763 "-" "Mozilla/5.0 (compatible; Yahoo! Slurp; http://help.yahoo.com/help/us/ysearch/slurp)" "shaneperfect.com"
208.119.151.50 - - [22/May/2008:08:21:34 -0700] "GET / HTTP/1.0" 200 763 "http://www.hollyheath.com/fineart.html" "Mozilla/4.0 (compatible; MSIE 6.0; Windows NT 5.1; SV1; .NET CLR 1.1.4322)" "shaneperfect.com"
208.119.151.50 - - [22/May/2008:08:21:39 -0700] "GET / HTTP/1.0" 200 763 "http://shaneperfect.com/" "Mozilla/4.0 (compatible; MSIE 6.0; Windows NT 5.1; SV1; .NET CLR 1.1.4322)" "shaneperfect.com"
208.119.151.50 - - [22/May/2008:08:21:41 -0700] "GET /logs/ HTTP/1.0" 200 4217 "http://shaneperfect.com/" "Mozilla/4.0 (compatible; MSIE 6.0; Windows NT 5.1; SV1; .NET CLR 1.1.4322)" "shaneperfect.com"
208.119.151.50 - - [22/May/2008:08:21:44 -0700] "GET /logs/access.log HTTP/1.0" 200 92861 "http://shaneperfect.com/logs/" "Mozilla/4.0 (compatible; MSIE 6.0; Windows NT 5.1; SV1; .NET CLR 1.1.4322)" "shaneperfect.com"
208.119.151.50 - - [22/May/2008:08:21:48 -0700] "GET /logs/access_070301.log HTTP/1.0" 200 25559 "http://shaneperfect.com/logs/" "Mozilla/4.0 (compatible; MSIE 6.0; Windows NT 5.1; SV1; .NET CLR 1.1.4322)" "shaneperfect.com"
208.119.151.50 - - [22/May/2008:08:21:52 -0700] "GET / HTTP/1.0" 200 763 "http://shaneperfect.com/" "Mozilla/4.0 (compatible; MSIE 6.0; Windows NT 5.1; SV1; .NET CLR 1.1.4322)" "shaneperfect.com"
74.6.18.249 - - [22/May/2008:08:42:37 -0700] "GET /robots.txt HTTP/1.0" 404 275 "-" "Mozilla/5.0 (compatible; Yahoo! Slurp; http://help.yahoo.com/help/us/ysearch/slurp)" "www.shaneperfect.com"
74.6.24.218 - - [22/May/2008:08:42:37 -0700] "GET /tmp/?D=A HTTP/1.0" 200 504 "-" "Mozilla/5.0 (compatible; Yahoo! Slurp; http://help.yahoo.com/help/us/ysearch/slurp)" "www.shaneperfect.com"
65.55.213.78 - - [22/May/2008:09:21:28 -0700] "GET /robots.txt HTTP/1.0" 404 275 "-" "msnbot-media/1.0 (+http://search.msn.com/msnbot.htm)" "shaneperfect.com"
65.55.213.78 - - [22/May/2008:09:21:28 -0700] "GET / HTTP/1.0" 200 763 "-" "msnbot-media/1.0 (+http://search.msn.com/msnbot.htm)" "shaneperfect.com"
70.255.174.246 - - [22/May/2008:16:01:04 -0700] "GET /logs/ HTTP/1.0" 200 4217 "-" "Wget/1.5.3.1" "shaneperfect.com"
70.255.174.246 - - [22/May/2008:16:01:05 -0700] "GET /robots.txt HTTP/1.0" 404 275 "-" "Wget/1.5.3.1" "shaneperfect.com"
70.255.174.246 - - [22/May/2008:16:01:05 -0700] "GET /logs/access.log HTTP/1.0" 200 94192 "http://shaneperfect.com/logs/" "Wget/1.5.3.1" "shaneperfect.com"
65.55.213.78 - - [22/May/2008:17:17:28 -0700] "GET /robots.txt HTTP/1.0" 404 275 "-" "msnbot-media/1.0 (+http://search.msn.com/msnbot.htm)" "shaneperfect.com"
65.55.213.78 - - [22/May/2008:17:17:28 -0700] "GET /?D=A HTTP/1.0" 200 763 "-" "msnbot-media/1.0 (+http://search.msn.com/msnbot.htm)" "shaneperfect.com"
74.6.18.249 - - [23/May/2008:00:48:38 -0700] "GET /robots.txt HTTP/1.0" 404 275 "-" "Mozilla/5.0 (compatible; Yahoo! Slurp; http://help.yahoo.com/help/us/ysearch/slurp)" "www.shaneperfect.com"
74.6.20.88 - - [23/May/2008:00:48:38 -0700] "GET /?N=D HTTP/1.0" 200 763 "-" "Mozilla/5.0 (compatible; Yahoo! Slurp; http://help.yahoo.com/help/us/ysearch/slurp)" "www.shaneperfect.com"
72.167.164.3 - - [23/May/2008:04:36:22 -0700] "GET / HTTP/1.0" 200 763 "-" "EmailSearch" "www.shaneperfect.com"
74.6.18.249 - - [23/May/2008:08:11:10 -0700] "GET /robots.txt HTTP/1.0" 404 275 "-" "Mozilla/5.0 (compatible; Yahoo! Slurp; http://help.yahoo.com/help/us/ysearch/slurp)" "www.shaneperfect.com"
74.6.29.218 - - [23/May/2008:08:11:10 -0700] "GET /?S=A HTTP/1.0" 200 763 "-" "Mozilla/5.0 (compatible; Yahoo! Slurp; http://help.yahoo.com/help/us/ysearch/slurp)" "www.shaneperfect.com"
38.99.13.121 - - [23/May/2008:09:35:07 -0700] "GET /robots.txt HTTP/1.0" 404 275 "-" "Mozilla/5.0 (Twiceler-0.9 http://www.cuill.com/twiceler/robot.html)" "shaneperfect.com"
65.55.213.78 - - [23/May/2008:09:38:57 -0700] "GET /robots.txt HTTP/1.0" 404 275 "-" "msnbot-media/1.0 (+http://search.msn.com/msnbot.htm)" "shaneperfect.com"
65.55.213.78 - - [23/May/2008:09:38:57 -0700] "GET /logs/ HTTP/1.0" 200 4217 "-" "msnbot-media/1.0 (+http://search.msn.com/msnbot.htm)" "shaneperfect.com"
208.80.193.43 - - [23/May/2008:12:38:29 -0700] "GET / HTTP/1.1" 200 779 "-" "Mozilla/5.0 (compatible; Konqueror/3.0-rc2; i686 Linux; 20020612)" "shaneperfect.com"
70.255.174.246 - - [23/May/2008:16:01:03 -0700] "GET /logs/ HTTP/1.0" 200 4217 "-" "Wget/1.5.3.1" "shaneperfect.com"
70.255.174.246 - - [23/May/2008:16:01:03 -0700] "GET /robots.txt HTTP/1.0" 404 275 "-" "Wget/1.5.3.1" "shaneperfect.com"
70.255.174.246 - - [23/May/2008:16:01:04 -0700] "GET /logs/access.log HTTP/1.0" 200 96420 "http://shaneperfect.com/logs/" "Wget/1.5.3.1" "shaneperfect.com"
74.6.22.95 - - [23/May/2008:23:49:25 -0700] "GET /robots.txt HTTP/1.0" 404 275 "-" "Mozilla/5.0 (compatible; Yahoo! Slurp; http://help.yahoo.com/help/us/ysearch/slurp)" "www.shaneperfect.com"
74.6.22.95 - - [23/May/2008:23:49:25 -0700] "GET /tmp/ HTTP/1.0" 200 504 "-" "Mozilla/5.0 (compatible; Yahoo! Slurp; http://help.yahoo.com/help/us/ysearch/slurp)" "www.shaneperfect.com"
65.55.213.78 - - [24/May/2008:03:30:58 -0700] "GET /robots.txt HTTP/1.0" 404 275 "-" "msnbot-media/1.0 (+http://search.msn.com/msnbot.htm)" "shaneperfect.com"
65.55.213.78 - - [24/May/2008:03:30:58 -0700] "GET /logs/access.log HTTP/1.0" 200 97192 "-" "msnbot-media/1.0 (+http://search.msn.com/msnbot.htm)" "shaneperfect.com"
65.55.213.78 - - [24/May/2008:03:30:59 -0700] "GET /logs/access_070701.log HTTP/1.0" 200 125427 "-" "msnbot-media/1.0 (+http://search.msn.com/msnbot.htm)" "shaneperfect.com"
74.6.17.189 - - [24/May/2008:04:24:38 -0700] "GET /robots.txt HTTP/1.0" 404 275 "-" "Mozilla/5.0 (compatible; Yahoo! Slurp; http://help.yahoo.com/help/us/ysearch/slurp)" "shaneperfect.com"
74.6.31.226 - - [24/May/2008:04:24:38 -0700] "GET /logs/access_070329.log HTTP/1.0" 200 49820 "-" "Mozilla/5.0 (compatible; Yahoo! Slurp; http://help.yahoo.com/help/us/ysearch/slurp)" "shaneperfect.com"
65.55.213.78 - - [24/May/2008:04:52:53 -0700] "GET /logs/access_071031.log HTTP/1.0" 200 74325 "-" "msnbot-media/1.0 (+http://search.msn.com/msnbot.htm)" "shaneperfect.com"
65.55.213.78 - - [24/May/2008:04:52:53 -0700] "GET /logs/access_070330.log HTTP/1.0" 200 2550 "-" "msnbot-media/1.0 (+http://search.msn.com/msnbot.htm)" "shaneperfect.com"
65.55.213.78 - - [24/May/2008:04:52:53 -0700] "GET /logs/access_071231.log HTTP/1.0" 200 79015 "-" "msnbot-media/1.0 (+http://search.msn.com/msnbot.htm)" "shaneperfect.com"
65.55.213.78 - - [24/May/2008:04:52:54 -0700] "GET /logs/access_070601.log HTTP/1.0" 200 1711 "-" "msnbot-media/1.0 (+http://search.msn.com/msnbot.htm)" "shaneperfect.com"
65.55.213.78 - - [24/May/2008:04:52:54 -0700] "GET /logs/access_070901.log HTTP/1.0" 200 86106 "-" "msnbot-media/1.0 (+http://search.msn.com/msnbot.htm)" "shaneperfect.com"
65.55.213.78 - - [24/May/2008:04:52:54 -0700] "GET /logs/access_070731.log HTTP/1.0" 200 89341 "-" "msnbot-media/1.0 (+http://search.msn.com/msnbot.htm)" "shaneperfect.com"
65.55.213.78 - - [24/May/2008:04:52:54 -0700] "GET /logs/access_071101.log HTTP/1.0" 200 2087 "-" "msnbot-media/1.0 (+http://search.msn.com/msnbot.htm)" "shaneperfect.com"
65.55.213.78 - - [24/May/2008:04:52:54 -0700] "GET /logs/access_070501.log HTTP/1.0" 200 70463 "-" "msnbot-media/1.0 (+http://search.msn.com/msnbot.htm)" "shaneperfect.com"
65.55.213.78 - - [24/May/2008:04:52:54 -0700] "GET /logs/access_071001.log HTTP/1.0" 200 59526 "-" "msnbot-media/1.0 (+http://search.msn.com/msnbot.htm)" "shaneperfect.com"
65.55.213.78 - - [24/May/2008:04:52:54 -0700] "GET /logs/access_070801.log HTTP/1.0" 200 1244 "-" "msnbot-media/1.0 (+http://search.msn.com/msnbot.htm)" "shaneperfect.com"
65.55.213.78 - - [24/May/2008:04:52:54 -0700] "GET /logs/access_070401.log HTTP/1.0" 200 1955 "-" "msnbot-media/1.0 (+http://search.msn.com/msnbot.htm)" "shaneperfect.com"
