65.55.213.78 - - [24/May/2008:04:52:54 -0700] "GET /logs/access_070331.log HTTP/1.0" 200 6009 "-" "msnbot-media/1.0 (+http://search.msn.com/msnbot.htm)" "shaneperfect.com"
65.55.213.78 - - [24/May/2008:04:52:54 -0700] "GET /logs/?S=A HTTP/1.0" 200 4217 "-" "msnbot-media/1.0 (+http://search.msn.com/msnbot.htm)" "shaneperfect.com"
65.55.213.78 - - [24/May/2008:04:52:54 -0700] "GET /logs/access_080101.log HTTP/1.0" 200 1796 "-" "msnbot-media/1.0 (+http://search.msn.com/msnbot.htm)" "shaneperfect.com"
65.55.213.78 - - [24/May/2008:04:52:54 -0700] "GET /logs/?M=A HTTP/1.0" 200 4217 "-" "msnbot-media/1.0 (+http://search.msn.com/msnbot.htm)" "shaneperfect.com"
65.55.213.78 - - [24/May/2008:04:52:54 -0700] "GET /logs/access_071201.log HTTP/1.0" 200 74801 "-" "msnbot-media/1.0 (+http://search.msn.com/msnbot.htm)" "shaneperfect.com"
65.55.213.78 - - [24/May/2008:04:52:54 -0700] "GET /logs/access_070329.log HTTP/1.0" 200 49820 "-" "msnbot-media/1.0 (+http://search.msn.com/msnbot.htm)" "shaneperfect.com"
67.195.37.185 - - [24/May/2008:05:03:37 -0700] "GET /robots.txt HTTP/1.0" 404 275 "-" "Mozilla/5.0 (compatible; Yahoo! Slurp; http://help.yahoo.com/help/us/ysearch/slurp)" "shaneperfect.com"
67.195.37.185 - - [24/May/2008:05:03:47 -0700] "GET / HTTP/1.0" 200 763 "-" "Mozilla/5.0 (compatible; Yahoo! Slurp/3.0; http://help.yahoo.com/help/us/ysearch/slurp)" "shaneperfect.com"
67.195.37.185 - - [24/May/2008:05:05:37 -0700] "GET /?D=A HTTP/1.0" 200 763 "-" "Mozilla/5.0 (compatible; Yahoo! Slurp/3.0; http://help.yahoo.com/help/us/ysearch/slurp)" "shaneperfect.com"
67.195.37.185 - - [24/May/2008:05:08:14 -0700] "GET /tmp/ HTTP/1.0" 200 504 "-" "Mozilla/5.0 (compatible; Yahoo! Slurp/3.0; http://help.yahoo.com/help/us/ysearch/slurp)" "shaneperfect.com"
67.195.37.185 - - [24/May/2008:05:08:44 -0700] "GET /?M=A HTTP/1.0" 200 763 "-" "Mozilla/5.0 (compatible; Yahoo! Slurp/3.0; http://help.yahoo.com/help/us/ysearch/slurp)" "shaneperfect.com"
67.195.37.185 - - [24/May/2008:05:09:43 -0700] "GET /logs/ HTTP/1.0" 200 4217 "-" "Mozilla/5.0 (compatible; Yahoo! Slurp/3.0; http://help.yahoo.com/help/us/ysearch/slurp)" "shaneperfect.com"
67.195.37.185 - - [24/May/2008:05:10:21 -0700] "GET /?N=D HTTP/1.0" 200 763 "-" "Mozilla/5.0 (compatible; Yahoo! Slurp/3.0; http://help.yahoo.com/help/us/ysearch/slurp)" "shaneperfect.com"
67.195.37.185 - - [24/May/2008:05:11:10 -0700] "GET /?S=A HTTP/1.0" 200 763 "-" "Mozilla/5.0 (compatible; Yahoo! Slurp/3.0; http://help.yahoo.com/help/us/ysearch/slurp)" "shaneperfect.com"
67.195.37.185 - - [24/May/2008:05:13:20 -0700] "GET /robots.txt HTTP/1.0" 404 275 "-" "Mozilla/5.0 (compatible; Yahoo! Slurp; http://help.yahoo.com/help/us/ysearch/slurp)" "shaneperfect.com"
67.195.37.185 - - [24/May/2008:05:13:20 -0700] "GET /tmp/?N=D HTTP/1.0" 200 504 "-" "Mozilla/5.0 (compatible; Yahoo! Slurp/3.0; http://help.yahoo.com/help/us/ysearch/slurp)" "shaneperfect.com"
67.195.37.185 - - [24/May/2008:05:14:27 -0700] "GET /logs/access_080301.log HTTP/1.0" 200 197147 "-" "Mozilla/5.0 (compatible; Yahoo! Slurp/3.0; http://help.yahoo.com/help/us/ysearch/slurp)" "shaneperfect.com"
67.195.37.185 - - [24/May/2008:05:14:51 -0700] "GET /tmp/?M=A HTTP/1.0" 200 504 "-" "Mozilla/5.0 (compatible; Yahoo! Slurp/3.0; http://help.yahoo.com/help/us/ysearch/slurp)" "shaneperfect.com"
67.195.37.185 - - [24/May/2008:05:15:10 -0700] "GET /logs/access_070330.log HTTP/1.0" 200 2550 "-" "Mozilla/5.0 (compatible; Yahoo! Slurp/3.0; http://help.yahoo.com/help/us/ysearch/slurp)" "shaneperfect.com"
67.195.37.185 - - [24/May/2008:05:18:22 -0700] "GET /logs/access_071201.log HTTP/1.0" 200 74801 "-" "Mozilla/5.0 (compatible; Yahoo! Slurp/3.0; http://help.yahoo.com/help/us/ysearch/slurp)" "shaneperfect.com"
67.195.37.185 - - [24/May/2008:05:19:39 -0700] "GET /logs/access_080331.log HTTP/1.0" 200 1023 "-" "Mozilla/5.0 (compatible; Yahoo! Slurp/3.0; http://help.yahoo.com/help/us/ysearch/slurp)" "shaneperfect.com"
67.195.37.185 - - [24/May/2008:05:20:00 -0700] "GET /logs/access_080401.log HTTP/1.0" 200 269 "-" "Mozilla/5.0 (compatible; Yahoo! Slurp/3.0; http://help.yahoo.com/help/us/ysearch/slurp)" "shaneperfect.com"
67.195.37.185 - - [24/May/2008:05:20:10 -0700] "GET /logs/?M=A HTTP/1.0" 200 4217 "-" "Mozilla/5.0 (compatible; Yahoo! Slurp/3.0; http://help.yahoo.com/help/us/ysearch/slurp)" "shaneperfect.com"
67.195.37.185 - - [24/May/2008:05:20:35 -0700] "GET /?M=D HTTP/1.0" 200 763 "-" "Mozilla/5.0 (compatible; Yahoo! Slurp/3.0; http://help.yahoo.com/help/us/ysearch/slurp)" "shaneperfect.com"
67.195.37.185 - - [24/May/2008:05:20:42 -0700] "GET /logs/access_080101.log HTTP/1.0" 200 1796 "-" "Mozilla/5.0 (compatible; Yahoo! Slurp/3.0; http://help.yahoo.com/help/us/ysearch/slurp)" "shaneperfect.com"
67.195.37.185 - - [24/May/2008:05:21:02 -0700] "GET /logs/access_070329.log HTTP/1.0" 200 49820 "-" "Mozilla/5.0 (compatible; Yahoo! Slurp/3.0; http://help.yahoo.com/help/us/ysearch/slurp)" "shaneperfect.com"
67.195.37.185 - - [24/May/2008:05:21:15 -0700] "GET /logs/access_080329.log HTTP/1.0" 200 222104 "-" "Mozilla/5.0 (compatible; Yahoo! Slurp/3.0; http://help.yahoo.com/help/us/ysearch/slurp)" "shaneperfect.com"
67.195.37.185 - - [24/May/2008:05:24:26 -0700] "GET /tmp/?D=A HTTP/1.0" 200 504 "-" "Mozilla/5.0 (compatible; Yahoo! Slurp/3.0; http://help.yahoo.com/help/us/ysearch/slurp)" "shaneperfect.com"
67.195.37.185 - - [24/May/2008:05:33:37 -0700] "GET /logs/access_070331.log HTTP/1.0" 200 6009 "-" "Mozilla/5.0 (compatible; Yahoo! Slurp/3.0; http://help.yahoo.com/help/us/ysearch/slurp)" "shaneperfect.com"
67.195.37.185 - - [24/May/2008:06:10:13 -0700] "GET /logs/access_071231.log HTTP/1.0" 200 79015 "-" "Mozilla/5.0 (compatible; Yahoo! Slurp/3.0; http://help.yahoo.com/help/us/ysearch/slurp)" "shaneperfect.com"
67.195.37.185 - - [24/May/2008:07:17:59 -0700] "GET /logs/?S=A HTTP/1.0" 200 4217 "-" "Mozilla/5.0 (compatible; Yahoo! Slurp/3.0; http://help.yahoo.com/help/us/ysearch/slurp)" "shaneperfect.com"
67.195.37.185 - - [24/May/2008:07:36:23 -0700] "GET /logs/access_070301.log HTTP/1.0" 200 25559 "-" "Mozilla/5.0 (compatible; Yahoo! Slurp/3.0; http://help.yahoo.com/help/us/ysearch/slurp)" "shaneperfect.com"
67.195.37.185 - - [24/May/2008:07:36:23 -0700] "GET /logs/access.log HTTP/1.0" 200 105936 "-" "Mozilla/5.0 (compatible; Yahoo! Slurp/3.0; http://help.yahoo.com/help/us/ysearch/slurp)" "shaneperfect.com"
67.195.37.185 - - [24/May/2008:07:39:02 -0700] "GET /tmp/?N=A HTTP/1.0" 200 504 "-" "Mozilla/5.0 (compatible; Yahoo! Slurp/3.0; http://help.yahoo.com/help/us/ysearch/slurp)" "shaneperfect.com"
65.55.213.78 - - [24/May/2008:07:57:54 -0700] "GET /robots.txt HTTP/1.0" 404 275 "-" "msnbot-media/1.0 (+http://search.msn.com/msnbot.htm)" "shaneperfect.com"
65.55.213.78 - - [24/May/2008:07:57:54 -0700] "GET /logs/?N=A HTTP/1.0" 200 4217 "-" "msnbot-media/1.0 (+http://search.msn.com/msnbot.htm)" "shaneperfect.com"
65.55.213.78 - - [24/May/2008:08:08:32 -0700] "GET /logs/?D=A HTTP/1.0" 200 4217 "-" "msnbot-media/1.0 (+http://search.msn.com/msnbot.htm)" "shaneperfect.com"
74.6.22.95 - - [24/May/2008:08:31:20 -0700] "GET /robots.txt HTTP/1.0" 404 275 "-" "Mozilla/5.0 (compatible; Yahoo! Slurp; http://help.yahoo.com/help/us/ysearch/slurp)" "www.shaneperfect.com"
74.6.22.95 - - [24/May/2008:08:31:20 -0700] "GET /logs/ HTTP/1.0" 200 4217 "-" "Mozilla/5.0 (compatible; Yahoo! Slurp; http://help.yahoo.com/help/us/ysearch/slurp)" "www.shaneperfect.com"
67.195.37.185 - - [24/May/2008:08:46:33 -0700] "GET /logs/access_071031.log HTTP/1.0" 200 74325 "-" "Mozilla/5.0 (compatible; Yahoo! Slurp/3.0; http://help.yahoo.com/help/us/ysearch/slurp)" "shaneperfect.com"
67.195.37.185 - - [24/May/2008:09:56:33 -0700] "GET /tmp/?S=A HTTP/1.0" 200 504 "-" "Mozilla/5.0 (compatible; Yahoo! Slurp/3.0; http://help.yahoo.com/help/us/ysearch/slurp)" "shaneperfect.com"
67.195.37.185 - - [24/May/2008:10:25:35 -0700] "GET /logs/access_080501.log HTTP/1.0" 200 139112 "-" "Mozilla/5.0 (compatible; Yahoo! Slurp/3.0; http://help.yahoo.com/help/us/ysearch/slurp)" "shaneperfect.com"
65.55.213.78 - - [24/May/2008:10:50:47 -0700] "GET /logs/access_080401.log HTTP/1.0" 200 269 "-" "msnbot-media/1.0 (+http://search.msn.com/msnbot.htm)" "shaneperfect.com"
67.195.37.185 - - [24/May/2008:11:09:34 -0700] "GET /logs/access_071001.log HTTP/1.0" 200 59526 "-" "Mozilla/5.0 (compatible; Yahoo! Slurp/3.0; http://help.yahoo.com/help/us/ysearch/slurp)" "shaneperfect.com"
67.195.37.185 - - [24/May/2008:11:21:38 -0700] "GET /logs/?N=D HTTP/1.0" 200 4217 "-" "Mozilla/5.0 (compatible; Yahoo! Slurp/3.0; http://help.yahoo.com/help/us/ysearch/slurp)" "shaneperfect.com"
67.195.37.185 - - [24/May/2008:12:16:46 -0700] "GET /logs/access_070501.log HTTP/1.0" 200 70463 "-" "Mozilla/5.0 (compatible; Yahoo! Slurp/3.0; http://help.yahoo.com/help/us/ysearch/slurp)" "shaneperfect.com"
66.34.204.26 - - [24/May/2008:12:22:25 -0700] "GET / HTTP/1.1" 200 779 "http://www.keywordspy.com/keyword-research/shaneperfect.com" "Mozilla/4.0 (compatible; MSIE 7.0; Windows NT 5.1; Alexa Toolbar)" "shaneperfect.com"
66.34.204.26 - - [24/May/2008:12:22:25 -0700] "GET / HTTP/1.1" 200 779 "http://www.keywordspy.com/keyword-research/shaneperfect.com" "Mozilla/4.0 (compatible; MSIE 7.0; Windows NT 5.1; Alexa Toolbar)" "shaneperfect.com"
66.34.204.26 - - [24/May/2008:12:22:25 -0700] "GET / HTTP/1.1" 200 779 "http://www.keywordspy.com/keyword-research/shaneperfect.com" "Mozilla/4.0 (compatible; MSIE 7.0; Windows NT 5.1; Alexa Toolbar)" "shaneperfect.com"
67.195.37.185 - - [24/May/2008:13:11:33 -0700] "GET /logs/access_070531.log HTTP/1.0" 200 73402 "-" "Mozilla/5.0 (compatible; Yahoo! Slurp/3.0; http://help.yahoo.com/help/us/ysearch/slurp)" "shaneperfect.com"
67.195.37.185 - - [24/May/2008:13:40:53 -0700] "GET /logs/access_070601.log HTTP/1.0" 200 1711 "-" "Mozilla/5.0 (compatible; Yahoo! Slurp/3.0; http://help.yahoo.com/help/us/ysearch/slurp)" "shaneperfect.com"
74.6.22.95 - - [24/May/2008:13:41:39 -0700] "GET /?D=A HTTP/1.0" 200 763 "-" "Mozilla/5.0 (compatible; Yahoo! Slurp; http://help.yahoo.com/help/us/ysearch/slurp)" "www.shaneperfect.com"
67.195.37.185 - - [24/May/2008:13:54:54 -0700] "GET /logs/access_080201.log HTTP/1.0" 200 110350 "-" "Mozilla/5.0 (compatible; Yahoo! Slurp/3.0; http://help.yahoo.com/help/us/ysearch/slurp)" "shaneperfect.com"
67.195.37.185 - - [24/May/2008:14:59:10 -0700] "GET /logs/access_080330.log HTTP/1.0" 200 383 "-" "Mozilla/5.0 (compatible; Yahoo! Slurp/3.0; http://help.yahoo.com/help/us/ysearch/slurp)" "shaneperfect.com"
67.195.37.185 - - [24/May/2008:15:51:57 -0700] "GET /?N=A HTTP/1.0" 200 763 "-" "Mozilla/5.0 (compatible; Yahoo! Slurp/3.0; http://help.yahoo.com/help/us/ysearch/slurp)" "shaneperfect.com"
72.167.46.119 - - [24/May/2008:17:59:20 -0700] "GET / HTTP/1.1" 200 779 "-" "-" "shaneperfect.com"
38.99.13.121 - - [24/May/2008:19:57:07 -0700] "GET /robots.txt HTTP/1.0" 404 275 "-" "Mozilla/5.0 (Twiceler-0.9 http://www.cuill.com/twiceler/robot.html)" "shaneperfect.com"
67.195.37.185 - - [25/May/2008:01:03:20 -0700] "GET /robots.txt HTTP/1.0" 404 275 "-" "Mozilla/5.0 (compatible; Yahoo! Slurp; http://help.yahoo.com/help/us/ysearch/slurp)" "shaneperfect.com"
67.195.37.185 - - [25/May/2008:01:03:25 -0700] "GET /logs/access_070901.log HTTP/1.0" 200 86106 "-" "Mozilla/5.0 (compatible; Yahoo! Slurp/3.0; http://help.yahoo.com/help/us/ysearch/slurp)" "shaneperfect.com"
65.55.213.78 - - [25/May/2008:04:28:25 -0700] "GET /robots.txt HTTP/1.0" 404 275 "-" "msnbot-media/1.0 (+http://search.msn.com/msnbot.htm)" "shaneperfect.com"
65.55.213.78 - - [25/May/2008:04:28:25 -0700] "GET /logs/?S=D HTTP/1.0" 200 4217 "-" "msnbot-media/1.0 (+http://search.msn.com/msnbot.htm)" "shaneperfect.com"
65.55.213.78 - - [25/May/2008:04:38:58 -0700] "GET /logs/?M=D HTTP/1.0" 200 4217 "-" "msnbot-media/1.0 (+http://search.msn.com/msnbot.htm)" "shaneperfect.com"
65.55.213.78 - - [25/May/2008:06:47:09 -0700] "GET /logs/access_070301.log HTTP/1.0" 200 25559 "-" "msnbot-media/1.0 (+http://search.msn.com/msnbot.htm)" "shaneperfect.com"
65.55.213.78 - - [25/May/2008:06:47:09 -0700] "GET /logs/access_080201.log HTTP/1.0" 200 110350 "-" "msnbot-media/1.0 (+http://search.msn.com/msnbot.htm)" "shaneperfect.com"
65.55.213.78 - - [25/May/2008:06:47:09 -0700] "GET /logs/access_070531.log HTTP/1.0" 200 73402 "-" "msnbot-media/1.0 (+http://search.msn.com/msnbot.htm)" "shaneperfect.com"
74.6.18.250 - - [25/May/2008:06:59:03 -0700] "GET /robots.txt HTTP/1.0" 404 275 "-" "Mozilla/5.0 (compatible; Yahoo! Slurp; http://help.yahoo.com/help/us/ysearch/slurp)" "www.shaneperfect.com"
74.6.9.112 - - [25/May/2008:06:59:03 -0700] "GET /tmp/?N=D HTTP/1.0" 200 504 "-" "Mozilla/5.0 (compatible; Yahoo! Slurp; http://help.yahoo.com/help/us/ysearch/slurp)" "www.shaneperfect.com"
67.195.37.185 - - [25/May/2008:11:53:00 -0700] "GET /robots.txt HTTP/1.0" 404 275 "-" "Mozilla/5.0 (compatible; Yahoo! Slurp; http://help.yahoo.com/help/us/ysearch/slurp)" "shaneperfect.com"
67.195.37.185 - - [25/May/2008:11:53:04 -0700] "GET /logs/access_070801.log HTTP/1.0" 200 1244 "-" "Mozilla/5.0 (compatible; Yahoo! Slurp/3.0; http://help.yahoo.com/help/us/ysearch/slurp)" "shaneperfect.com"
66.249.65.111 - - [25/May/2008:14:45:12 -0700] "GET /robots.txt HTTP/1.1" 404 275 "-" "Mozilla/5.0 (compatible; Googlebot/2.1; +http://www.google.com/bot.html)" "shaneperfect.com"
66.249.65.111 - - [25/May/2008:14:45:13 -0700] "GET /logs/ HTTP/1.1" 200 4233 "-" "Mozilla/5.0 (compatible; Googlebot/2.1; +http://www.google.com/bot.html)" "shaneperfect.com"
67.195.37.185 - - [25/May/2008:15:41:44 -0700] "GET /robots.txt HTTP/1.0" 404 275 "-" "Mozilla/5.0 (compatible; Yahoo! Slurp; http://help.yahoo.com/help/us/ysearch/slurp)" "shaneperfect.com"
67.195.37.185 - - [25/May/2008:15:42:26 -0700] "GET /logs/access_070401.log HTTP/1.0" 200 1955 "-" "Mozilla/5.0 (compatible; Yahoo! Slurp/3.0; http://help.yahoo.com/help/us/ysearch/slurp)" "shaneperfect.com"
74.6.18.239 - - [25/May/2008:16:17:19 -0700] "GET /robots.txt HTTP/1.0" 404 275 "-" "Mozilla/5.0 (compatible; Yahoo! Slurp; http://help.yahoo.com/help/us/ysearch/slurp)" "shaneperfect.com"
74.6.18.239 - - [25/May/2008:16:17:19 -0700] "GET /logs/access.log HTTP/1.0" 200 113870 "-" "Mozilla/5.0 (compatible; Yahoo! Slurp; http://help.yahoo.com/help/us/ysearch/slurp)" "shaneperfect.com"
67.195.37.185 - - [25/May/2008:20:17:01 -0700] "GET /logs/?D=A HTTP/1.0" 200 4217 "-" "Mozilla/5.0 (compatible; Yahoo! Slurp/3.0; http://help.yahoo.com/help/us/ysearch/slurp)" "shaneperfect.com"
217.14.4.197 - - [26/May/2008:03:23:05 -0700] "GET /robots.txt HTTP/1.0" 404 275 "http://majestic12.co.uk/bot.php?I=D1D58D011F8DB907C08F9B648C05C18C-D8B18A9CD5EC045B-00000020225D315D-shaneperfect.com" "Mozilla/5.0 (compatible; MJ12bot/v1.2.1; http://www.majestic12.co.uk/bot.php?+)" "shaneperfect.com"
217.14.4.197 - - [26/May/2008:03:23:07 -0700] "GET /logs/?D=D HTTP/1.1" 200 4233 "-" "Mozilla/5.0 (compatible; MJ12bot/v1.2.1; http://www.majestic12.co.uk/bot.php?+)" "shaneperfect.com"
217.14.4.197 - - [26/May/2008:03:23:11 -0700] "GET /logs/?M=A HTTP/1.1" 200 4233 "-" "Mozilla/5.0 (compatible; MJ12bot/v1.2.1; http://www.majestic12.co.uk/bot.php?+)" "shaneperfect.com"
217.14.4.197 - - [26/May/2008:03:23:19 -0700] "GET /logs/?M=D HTTP/1.1" 200 4233 "-" "Mozilla/5.0 (compatible; MJ12bot/v1.2.1; http://www.majestic12.co.uk/bot.php?+)" "shaneperfect.com"
217.14.4.197 - - [26/May/2008:03:23:22 -0700] "GET /logs/?N=A HTTP/1.1" 200 4233 "-" "Mozilla/5.0 (compatible; MJ12bot/v1.2.1; http://www.majestic12.co.uk/bot.php?+)" "shaneperfect.com"
217.14.4.197 - - [26/May/2008:03:23:26 -0700] "GET /logs/?S=A HTTP/1.1" 200 4233 "-" "Mozilla/5.0 (compatible; MJ12bot/v1.2.1; http://www.majestic12.co.uk/bot.php?+)" "shaneperfect.com"
217.14.4.197 - - [26/May/2008:03:23:30 -0700] "GET /logs/?S=D HTTP/1.1" 200 4233 "-" "Mozilla/5.0 (compatible; MJ12bot/v1.2.1; http://www.majestic12.co.uk/bot.php?+)" "shaneperfect.com"
217.14.4.197 - - [26/May/2008:03:23:35 -0700] "GET /logs/access.log HTTP/1.1" 200 115869 "-" "Mozilla/5.0 (compatible; MJ12bot/v1.2.1; http://www.majestic12.co.uk/bot.php?+)" "shaneperfect.com"
217.14.4.197 - - [26/May/2008:03:23:43 -0700] "GET /logs/access_070301.log HTTP/1.1" 200 25559 "-" "Mozilla/5.0 (compatible; MJ12bot/v1.2.1; http://www.majestic12.co.uk/bot.php?+)" "shaneperfect.com"
217.14.4.197 - - [26/May/2008:03:23:49 -0700] "GET /logs/access_070329.log HTTP/1.1" 200 49820 "-" "Mozilla/5.0 (compatible; MJ12bot/v1.2.1; http://www.majestic12.co.uk/bot.php?+)" "shaneperfect.com"
217.14.4.197 - - [26/May/2008:03:23:56 -0700] "GET /logs/access_070330.log HTTP/1.1" 200 2550 "-" "Mozilla/5.0 (compatible; MJ12bot/v1.2.1; http://www.majestic12.co.uk/bot.php?+)" "shaneperfect.com"
217.14.4.197 - - [26/May/2008:03:24:00 -0700] "GET /logs/access_070331.log HTTP/1.1" 200 6009 "-" "Mozilla/5.0 (compatible; MJ12bot/v1.2.1; http://www.majestic12.co.uk/bot.php?+)" "shaneperfect.com"
217.14.4.197 - - [26/May/2008:03:24:04 -0700] "GET /logs/access_070401.log HTTP/1.1" 200 1955 "-" "Mozilla/5.0 (compatible; MJ12bot/v1.2.1; http://www.majestic12.co.uk/bot.php?+)" "shaneperfect.com"
217.14.4.197 - - [26/May/2008:03:24:08 -0700] "GET /logs/access_070501.log HTTP/1.1" 200 70463 "-" "Mozilla/5.0 (compatible; MJ12bot/v1.2.1; http://www.majestic12.co.uk/bot.php?+)" "shaneperfect.com"
217.14.4.197 - - [26/May/2008:03:24:15 -0700] "GET /logs/access_070531.log HTTP/1.1" 200 73402 "-" "Mozilla/5.0 (compatible; MJ12bot/v1.2.1; http://www.majestic12.co.uk/bot.php?+)" "shaneperfect.com"
217.14.4.197 - - [26/May/2008:03:24:22 -0700] "GET /logs/access_070601.log HTTP/1.1" 200 1711 "-" "Mozilla/5.0 (compatible; MJ12bot/v1.2.1; http://www.majestic12.co.uk/bot.php?+)" "shaneperfect.com"
217.14.4.197 - - [26/May/2008:03:24:25 -0700] "GET /logs/access_070701.log HTTP/1.1" 200 125427 "-" "Mozilla/5.0 (compatible; MJ12bot/v1.2.1; http://www.majestic12.co.uk/bot.php?+)" "shaneperfect.com"
217.14.4.197 - - [26/May/2008:03:24:34 -0700] "GET /logs/access_070731.log HTTP/1.1" 200 89341 "-" "Mozilla/5.0 (compatible; MJ12bot/v1.2.1; http://www.majestic12.co.uk/bot.php?+)" "shaneperfect.com"
217.14.4.197 - - [26/May/2008:03:24:41 -0700] "GET /logs/access_070801.log HTTP/1.1" 200 1244 "-" "Mozilla/5.0 (compatible; MJ12bot/v1.2.1; http://www.majestic12.co.uk/bot.php?+)" "shaneperfect.com"
217.14.4.197 - - [26/May/2008:03:24:44 -0700] "GET /logs/access_070901.log HTTP/1.1" 200 86106 "-" "Mozilla/5.0 (compatible; MJ12bot/v1.2.1; http://www.majestic12.co.uk/bot.php?+)" "shaneperfect.com"
217.14.4.197 - - [26/May/2008:03:24:52 -0700] "GET /logs/access_071001.log HTTP/1.1" 200 59526 "-" "Mozilla/5.0 (compatible; MJ12bot/v1.2.1; http://www.majestic12.co.uk/bot.php?+)" "shaneperfect.com"
217.14.4.197 - - [26/May/2008:03:25:01 -0700] "GET /logs/access_071031.log HTTP/1.1" 200 74325 "-" "Mozilla/5.0 (compatible; MJ12bot/v1.2.1; http://www.majestic12.co.uk/bot.php?+)" "shaneperfect.com"
217.14.4.197 - - [26/May/2008:03:25:09 -0700] "GET /logs/access_071101.log HTTP/1.1" 200 2087 "-" "Mozilla/5.0 (compatible; MJ12bot/v1.2.1; http://www.majestic12.co.uk/bot.php?+)" "shaneperfect.com"
217.14.4.197 - - [26/May/2008:03:25:12 -0700] "GET /logs/access_071201.log HTTP/1.1" 200 74801 "-" "Mozilla/5.0 (compatible; MJ12bot/v1.2.1; http://www.majestic12.co.uk/bot.php?+)" "shaneperfect.com"
217.14.4.197 - - [26/May/2008:03:25:21 -0700] "GET /logs/access_071231.log HTTP/1.1" 200 79015 "-" "Mozilla/5.0 (compatible; MJ12bot/v1.2.1; http://www.majestic12.co.uk/bot.php?+)" "shaneperfect.com"
217.14.4.197 - - [26/May/2008:03:25:28 -0700] "GET /logs/access_080101.log HTTP/1.1" 200 1796 "-" "Mozilla/5.0 (compatible; MJ12bot/v1.2.1; http://www.majestic12.co.uk/bot.php?+)" "shaneperfect.com"
217.14.4.197 - - [26/May/2008:03:25:31 -0700] "GET /logs/access_080201.log HTTP/1.1" 200 110350 "-" "Mozilla/5.0 (compatible; MJ12bot/v1.2.1; http://www.majestic12.co.uk/bot.php?+)" "shaneperfect.com"
217.14.4.197 - - [26/May/2008:03:25:39 -0700] "GET /logs/access_080301.log HTTP/1.1" 200 197147 "-" "Mozilla/5.0 (compatible; MJ12bot/v1.2.1; http://www.majestic12.co.uk/bot.php?+)" "shaneperfect.com"
217.14.4.197 - - [26/May/2008:03:25:49 -0700] "GET /tmp/?D=D HTTP/1.1" 200 520 "-" "Mozilla/5.0 (compatible; MJ12bot/v1.2.1; http://www.majestic12.co.uk/bot.php?+)" "shaneperfect.com"
217.14.4.197 - - [26/May/2008:03:25:52 -0700] "GET /tmp/?M=A HTTP/1.1" 200 520 "-" "Mozilla/5.0 (compatible; MJ12bot/v1.2.1; http://www.majestic12.co.uk/bot.php?+)" "shaneperfect.com"
217.14.4.197 - - [26/May/2008:03:25:55 -0700] "GET /tmp/?M=D HTTP/1.1" 200 520 "-" "Mozilla/5.0 (compatible; MJ12bot/v1.2.1; http://www.majestic12.co.uk/bot.php?+)" "shaneperfect.com"
217.14.4.197 - - [26/May/2008:03:25:58 -0700] "GET /tmp/?N=A HTTP/1.1" 200 520 "-" "Mozilla/5.0 (compatible; MJ12bot/v1.2.1; http://www.majestic12.co.uk/bot.php?+)" "shaneperfect.com"
217.14.4.197 - - [26/May/2008:03:26:01 -0700] "GET /tmp/?S=A HTTP/1.1" 200 520 "-" "Mozilla/5.0 (compatible; MJ12bot/v1.2.1; http://www.majestic12.co.uk/bot.php?+)" "shaneperfect.com"
217.14.4.197 - - [26/May/2008:03:26:04 -0700] "GET /tmp/?S=D HTTP/1.1" 200 520 "-" "Mozilla/5.0 (compatible; MJ12bot/v1.2.1; http://www.majestic12.co.uk/bot.php?+)" "shaneperfect.com"
38.99.13.121 - - [26/May/2008:07:54:20 -0700] "GET /robots.txt HTTP/1.0" 404 275 "-" "Mozilla/5.0 (Twiceler-0.9 http://www.cuill.com/twiceler/robot.html)" "shaneperfect.com"
67.195.37.185 - - [26/May/2008:11:53:00 -0700] "GET /robots.txt HTTP/1.0" 404 275 "-" "Mozilla/5.0 (compatible; Yahoo! Slurp; http://help.yahoo.com/help/us/ysearch/slurp)" "shaneperfect.com"
67.195.37.185 - - [26/May/2008:11:53:16 -0700] "GET /logs/access_070731.log HTTP/1.0" 200 89341 "-" "Mozilla/5.0 (compatible; Yahoo! Slurp/3.0; http://help.yahoo.com/help/us/ysearch/slurp)" "shaneperfect.com"
70.255.174.246 - - [26/May/2008:16:01:09 -0700] "GET /logs/ HTTP/1.0" 200 4217 "-" "Wget/1.5.3.1" "shaneperfect.com"
70.255.174.246 - - [26/May/2008:16:01:09 -0700] "GET /robots.txt HTTP/1.0" 404 275 "-" "Wget/1.5.3.1" "shaneperfect.com"
70.255.174.246 - - [26/May/2008:16:01:10 -0700] "GET /logs/access.log HTTP/1.0" 200 121737 "http://shaneperfect.com/logs/" "Wget/1.5.3.1" "shaneperfect.com"
66.249.65.111 - - [27/May/2008:01:15:48 -0700] "GET /robots.txt HTTP/1.1" 404 275 "-" "Mozilla/5.0 (compatible; Googlebot/2.1; +http://www.google.com/bot.html)" "shaneperfect.com"
66.249.65.111 - - [27/May/2008:01:15:48 -0700] "GET /logs/access_070301.log HTTP/1.1" 304 - "-" "Mozilla/5.0 (compatible; Googlebot/2.1; +http://www.google.com/bot.html)" "shaneperfect.com"
66.249.65.111 - - [27/May/2008:01:25:41 -0700] "GET /logs/access_080331.log HTTP/1.1" 304 - "-" "Mozilla/5.0 (compatible; Googlebot/2.1; +http://www.google.com/bot.html)" "shaneperfect.com"
205.178.184.154 - - [27/May/2008:03:52:42 -0700] "GET / HTTP/1.1" 200 779 "-" "Mozilla/4.0 (compatible; MSIE 6.0; Windows NT 5.2; SV1; .NET CLR 1.1.4322; .NET CLR 2.0.50727)" "shaneperfect.com"
205.178.184.154 - - [27/May/2008:03:53:48 -0700] "GET / HTTP/1.1" 200 779 "-" "User-Agent:Mozilla/4.0 (compatible; MSIE 6.0; Windows NT 5.1; SV1; .NET CLR 2.0.50727)" "shaneperfect.com"
205.178.184.154 - - [27/May/2008:03:53:48 -0700] "GET /robots.txt HTTP/1.1" 404 275 "-" "User-Agent:Mozilla/4.0 (compatible; MSIE 6.0; Windows NT 5.1; SV1; .NET CLR 2.0.50727)" "shaneperfect.com"
74.6.18.239 - - [27/May/2008:09:16:02 -0700] "GET /robots.txt HTTP/1.0" 404 275 "-" "Mozilla/5.0 (compatible; Yahoo! Slurp; http://help.yahoo.com/help/us/ysearch/slurp)" "shaneperfect.com"
74.6.18.239 - - [27/May/2008:09:16:02 -0700] "GET / HTTP/1.0" 200 763 "-" "Mozilla/5.0 (compatible; Yahoo! Slurp; http://help.yahoo.com/help/us/ysearch/slurp)" "shaneperfect.com"
74.6.8.105 - - [27/May/2008:09:18:20 -0700] "GET /robots.txt HTTP/1.0" 404 275 "-" "Mozilla/5.0 (compatible; Yahoo! Slurp; http://help.yahoo.com/help/us/ysearch/slurp)" "shaneperfect.com"
74.6.17.250 - - [27/May/2008:09:18:21 -0700] "GET /logs/ HTTP/1.0" 200 4217 "-" "Mozilla/5.0 (compatible; Yahoo! Slurp; http://help.yahoo.com/help/us/ysearch/slurp)" "shaneperfect.com"
74.6.18.239 - - [27/May/2008:09:24:20 -0700] "GET /?S=A HTTP/1.0" 200 763 "-" "Mozilla/5.0 (compatible; Yahoo! Slurp; http://help.yahoo.com/help/us/ysearch/slurp)" "shaneperfect.com"
65.55.105.113 - - [27/May/2008:09:40:20 -0700] "GET /robots.txt HTTP/1.1" 404 275 "-" "msnbot/1.1 (+http://search.msn.com/msnbot.htm)" "shaneperfect.com"
65.55.105.113 - - [27/May/2008:09:40:20 -0700] "GET / HTTP/1.1" 200 779 "-" "msnbot/1.1 (+http://search.msn.com/msnbot.htm)" "shaneperfect.com"
38.99.13.121 - - [27/May/2008:09:46:45 -0700] "GET /robots.txt HTTP/1.0" 404 275 "-" "Mozilla/5.0 (Twiceler-0.9 http://www.cuill.com/twiceler/robot.html)" "shaneperfect.com"
65.55.105.113 - - [27/May/2008:10:23:11 -0700] "GET /robots.txt HTTP/1.1" 404 275 "-" "msnbot/1.1 (+http://search.msn.com/msnbot.htm)" "shaneperfect.com"
65.55.105.113 - - [27/May/2008:10:23:11 -0700] "GET / HTTP/1.1" 200 779 "-" "msnbot/1.1 (+http://search.msn.com/msnbot.htm)" "shaneperfect.com"
74.6.12.48 - - [27/May/2008:10:26:43 -0700] "GET /?D=A HTTP/1.0" 200 763 "-" "Mozilla/5.0 (compatible; Yahoo! Slurp; http://help.yahoo.com/help/us/ysearch/slurp)" "shaneperfect.com"
74.6.17.190 - - [27/May/2008:12:10:40 -0700] "GET /robots.txt HTTP/1.0" 404 275 "-" "Mozilla/5.0 (compatible; Yahoo! Slurp; http://help.yahoo.com/help/us/ysearch/slurp)" "shaneperfect.com"
74.6.19.217 - - [27/May/2008:12:10:40 -0700] "GET /?N=D HTTP/1.0" 200 763 "-" "Mozilla/5.0 (compatible; Yahoo! Slurp; http://help.yahoo.com/help/us/ysearch/slurp)" "shaneperfect.com"
74.6.9.179 - - [27/May/2008:12:14:21 -0700] "GET /tmp/ HTTP/1.0" 200 504 "-" "Mozilla/5.0 (compatible; Yahoo! Slurp; http://help.yahoo.com/help/us/ysearch/slurp)" "shaneperfect.com"
70.255.174.246 - - [27/May/2008:16:01:15 -0700] "GET /logs/ HTTP/1.0" 200 4217 "-" "Wget/1.5.3.1" "shaneperfect.com"
70.255.174.246 - - [27/May/2008:16:01:15 -0700] "GET /robots.txt HTTP/1.0" 404 275 "-" "Wget/1.5.3.1" "shaneperfect.com"
70.255.174.246 - - [27/May/2008:16:01:15 -0700] "GET /logs/access.log HTTP/1.0" 200 125698 "http://shaneperfect.com/logs/" "Wget/1.5.3.1" "shaneperfect.com"
134.155.241.28 - - [27/May/2008:16:50:43 -0700] "GET /logs/access_070331.log HTTP/1.0" 200 6009 "-" "Wget/1.11.2" "shaneperfect.com"
74.130.211.228 - - [27/May/2008:20:06:39 -0700] "GET /logs/access_070330.log HTTP/1.1" 200 2550 "-" "Mozilla/4.0 (compatible; MSIE 6.0; Windows NT 5.1;1813)" "shaneperfect.com"
74.130.211.228 - - [27/May/2008:20:06:39 -0700] "GET /logs/access_070331.log HTTP/1.1" 200 6009 "-" "Mozilla/4.0 (compatible; MSIE 6.0; Windows NT 5.1;1813)" "shaneperfect.com"
67.195.37.185 - - [27/May/2008:20:42:54 -0700] "GET /robots.txt HTTP/1.0" 404 275 "-" "Mozilla/5.0 (compatible; Yahoo! Slurp; http://help.yahoo.com/help/us/ysearch/slurp)" "shaneperfect.com"
67.195.37.185 - - [27/May/2008:20:43:14 -0700] "GET / HTTP/1.0" 200 763 "-" "Mozilla/5.0 (compatible; Yahoo! Slurp/3.0; http://help.yahoo.com/help/us/ysearch/slurp)" "shaneperfect.com"
67.195.37.185 - - [27/May/2008:20:46:50 -0700] "GET /?S=A HTTP/1.0" 200 763 "-" "Mozilla/5.0 (compatible; Yahoo! Slurp/3.0; http://help.yahoo.com/help/us/ysearch/slurp)" "shaneperfect.com"
67.195.37.185 - - [27/May/2008:20:47:39 -0700] "GET /?N=D HTTP/1.0" 200 763 "-" "Mozilla/5.0 (compatible; Yahoo! Slurp/3.0; http://help.yahoo.com/help/us/ysearch/slurp)" "shaneperfect.com"
67.195.37.185 - - [27/May/2008:20:50:20 -0700] "GET /?D=A HTTP/1.0" 200 763 "-" "Mozilla/5.0 (compatible; Yahoo! Slurp/3.0; http://help.yahoo.com/help/us/ysearch/slurp)" "shaneperfect.com"
134.155.241.28 - - [28/May/2008:13:26:46 -0700] "GET /logs/ HTTP/1.1" 200 4233 "-" "Mozilla/4.0 (compatible; MSIE 7.0; Windows NT 5.1; Avant Browser; .NET CLR 2.0.50727; .NET CLR 3.0.04506.30; .NET CLR 1.1.4322)" "shaneperfect.com"
134.155.241.28 - - [28/May/2008:13:26:47 -0700] "GET /logs/access.log HTTP/1.1" 200 127523 "-" "Mozilla/4.0 (compatible; MSIE 7.0; Windows NT 5.1; Avant Browser; .NET CLR 2.0.50727; .NET CLR 3.0.04506.30; .NET CLR 1.1.4322)" "shaneperfect.com"
134.155.241.28 - - [28/May/2008:13:26:48 -0700] "GET /logs/access_070301.log HTTP/1.1" 200 25559 "-" "Mozilla/4.0 (compatible; MSIE 7.0; Windows NT 5.1; Avant Browser; .NET CLR 2.0.50727; .NET CLR 3.0.04506.30; .NET CLR 1.1.4322)" "shaneperfect.com"
134.155.241.28 - - [28/May/2008:13:26:48 -0700] "GET /logs/access_070329.log HTTP/1.1" 200 49820 "-" "Mozilla/4.0 (compatible; MSIE 7.0; Windows NT 5.1; Avant Browser; .NET CLR 2.0.50727; .NET CLR 3.0.04506.30; .NET CLR 1.1.4322)" "shaneperfect.com"
134.155.241.28 - - [28/May/2008:13:26:49 -0700] "GET /logs/access_070330.log HTTP/1.1" 200 2550 "-" "Mozilla/4.0 (compatible; MSIE 7.0; Windows NT 5.1; Avant Browser; .NET CLR 2.0.50727; .NET CLR 3.0.04506.30; .NET CLR 1.1.4322)" "shaneperfect.com"
134.155.241.28 - - [28/May/2008:13:26:49 -0700] "GET /logs/access_070331.log HTTP/1.1" 200 6009 "-" "Mozilla/4.0 (compatible; MSIE 7.0; Windows NT 5.1; Avant Browser; .NET CLR 2.0.50727; .NET CLR 3.0.04506.30; .NET CLR 1.1.4322)" "shaneperfect.com"
134.155.241.28 - - [28/May/2008:13:26:49 -0700] "GET /logs/access_070401.log HTTP/1.1" 200 1955 "-" "Mozilla/4.0 (compatible; MSIE 7.0; Windows NT 5.1; Avant Browser; .NET CLR 2.0.50727; .NET CLR 3.0.04506.30; .NET CLR 1.1.4322)" "shaneperfect.com"
134.155.241.28 - - [28/May/2008:13:26:50 -0700] "GET /logs/access_070501.log HTTP/1.1" 200 70463 "-" "Mozilla/4.0 (compatible; MSIE 7.0; Windows NT 5.1; Avant Browser; .NET CLR 2.0.50727; .NET CLR 3.0.04506.30; .NET CLR 1.1.4322)" "shaneperfect.com"
134.155.241.28 - - [28/May/2008:13:26:51 -0700] "GET /logs/access_070531.log HTTP/1.1" 200 73402 "-" "Mozilla/4.0 (compatible; MSIE 7.0; Windows NT 5.1; Avant Browser; .NET CLR 2.0.50727; .NET CLR 3.0.04506.30; .NET CLR 1.1.4322)" "shaneperfect.com"
134.155.241.28 - - [28/May/2008:13:26:51 -0700] "GET /logs/access_070601.log HTTP/1.1" 200 1711 "-" "Mozilla/4.0 (compatible; MSIE 7.0; Windows NT 5.1; Avant Browser; .NET CLR 2.0.50727; .NET CLR 3.0.04506.30; .NET CLR 1.1.4322)" "shaneperfect.com"
134.155.241.28 - - [28/May/2008:13:26:52 -0700] "GET /logs/access_070701.log HTTP/1.1" 200 125427 "-" "Mozilla/4.0 (compatible; MSIE 7.0; Windows NT 5.1; Avant Browser; .NET CLR 2.0.50727; .NET CLR 3.0.04506.30; .NET CLR 1.1.4322)" "shaneperfect.com"
134.155.241.28 - - [28/May/2008:13:26:53 -0700] "GET /logs/access_070731.log HTTP/1.1" 200 89341 "-" "Mozilla/4.0 (compatible; MSIE 7.0; Windows NT 5.1; Avant Browser; .NET CLR 2.0.50727; .NET CLR 3.0.04506.30; .NET CLR 1.1.4322)" "shaneperfect.com"
134.155.241.28 - - [28/May/2008:13:26:53 -0700] "GET /logs/access_070801.log HTTP/1.1" 200 1244 "-" "Mozilla/4.0 (compatible; MSIE 7.0; Win