65.55.213.78 - - [30/Nov/2007:16:02:01 -0800] "GET /?D=A HTTP/1.0" 200 763 "-" "msnbot-media/1.0 (+http://search.msn.com/msnbot.htm)" "shaneperfect.com"
65.55.213.78 - - [30/Nov/2007:16:14:37 -0800] "GET /logs/ HTTP/1.0" 200 2930 "-" "msnbot-media/1.0 (+http://search.msn.com/msnbot.htm)" "shaneperfect.com"
65.55.213.78 - - [30/Nov/2007:16:19:33 -0800] "GET /?S=A HTTP/1.0" 200 763 "-" "msnbot-media/1.0 (+http://search.msn.com/msnbot.htm)" "shaneperfect.com"
65.55.213.78 - - [30/Nov/2007:16:22:36 -0800] "GET /?M=A HTTP/1.0" 200 763 "-" "msnbot-media/1.0 (+http://search.msn.com/msnbot.htm)" "shaneperfect.com"
65.55.213.78 - - [30/Nov/2007:16:24:39 -0800] "GET /?N=D HTTP/1.0" 200 763 "-" "msnbot-media/1.0 (+http://search.msn.com/msnbot.htm)" "shaneperfect.com"
63.123.238.8 - - [30/Nov/2007:21:56:17 -0800] "GET /robots.txt HTTP/1.1" 404 275 "-" "Mozilla/2.0 (compatible; Ask Jeeves/Teoma)" "www.shaneperfect.com"
63.123.238.8 - - [30/Nov/2007:21:56:17 -0800] "GET / HTTP/1.1" 200 779 "-" "Mozilla/2.0 (compatible; Ask Jeeves/Teoma)" "www.shaneperfect.com"
65.55.213.78 - - [30/Nov/2007:23:09:33 -0800] "GET /robots.txt HTTP/1.0" 404 275 "-" "msnbot-media/1.0 (+http://search.msn.com/msnbot.htm)" "shaneperfect.com"
65.55.213.78 - - [30/Nov/2007:23:09:33 -0800] "GET /logs/?D=A HTTP/1.0" 200 2930 "-" "msnbot-media/1.0 (+http://search.msn.com/msnbot.htm)" "shaneperfect.com"
66.249.72.169 - - [30/Nov/2007:23:52:55 -0800] "GET /robots.txt HTTP/1.1" 404 275 "-" "Mozilla/5.0 (compatible; Googlebot/2.1; +http://www.google.com/bot.html)" "shaneperfect.com"
66.249.72.169 - - [30/Nov/2007:23:52:56 -0800] "GET /logs/access_070531.log HTTP/1.1" 200 73402 "-" "Mozilla/5.0 (compatible; Googlebot/2.1; +http://www.google.com/bot.html)" "shaneperfect.com"
65.55.213.78 - - [01/Dec/2007:01:38:43 -0800] "GET /robots.txt HTTP/1.0" 404 275 "-" "msnbot-media/1.0 (+http://search.msn.com/msnbot.htm)" "shaneperfect.com"
65.55.213.78 - - [01/Dec/2007:01:38:43 -0800] "GET /logs/access_070330.log HTTP/1.0" 200 2550 "-" "msnbot-media/1.0 (+http://search.msn.com/msnbot.htm)" "shaneperfect.com"
65.55.213.78 - - [01/Dec/2007:01:38:43 -0800] "GET /logs/?S=A HTTP/1.0" 200 2930 "-" "msnbot-media/1.0 (+http://search.msn.com/msnbot.htm)" "shaneperfect.com"
65.55.213.78 - - [01/Dec/2007:01:38:43 -0800] "GET /logs/access_070329.log HTTP/1.0" 200 49820 "-" "msnbot-media/1.0 (+http://search.msn.com/msnbot.htm)" "shaneperfect.com"
65.55.213.78 - - [01/Dec/2007:01:39:02 -0800] "GET /logs/access_070601.log HTTP/1.0" 200 1711 "-" "msnbot-media/1.0 (+http://search.msn.com/msnbot.htm)" "shaneperfect.com"
65.55.213.78 - - [01/Dec/2007:01:43:32 -0800] "GET /logs/?M=A HTTP/1.0" 200 2930 "-" "msnbot-media/1.0 (+http://search.msn.com/msnbot.htm)" "shaneperfect.com"
65.55.213.78 - - [01/Dec/2007:01:45:12 -0800] "GET /logs/?N=A HTTP/1.0" 200 2930 "-" "msnbot-media/1.0 (+http://search.msn.com/msnbot.htm)" "shaneperfect.com"
65.55.213.78 - - [01/Dec/2007:01:51:06 -0800] "GET /logs/access_071001.log HTTP/1.0" 200 59526 "-" "msnbot-media/1.0 (+http://search.msn.com/msnbot.htm)" "shaneperfect.com"
65.55.213.78 - - [01/Dec/2007:01:53:22 -0800] "GET /logs/access_070801.log HTTP/1.0" 200 1244 "-" "msnbot-media/1.0 (+http://search.msn.com/msnbot.htm)" "shaneperfect.com"
65.55.213.78 - - [01/Dec/2007:02:00:33 -0800] "GET /logs/access_070401.log HTTP/1.0" 200 1955 "-" "msnbot-media/1.0 (+http://search.msn.com/msnbot.htm)" "shaneperfect.com"
65.55.213.78 - - [01/Dec/2007:02:02:07 -0800] "GET / HTTP/1.0" 200 763 "-" "msnbot-media/1.0 (+http://search.msn.com/msnbot.htm)" "shaneperfect.com"
65.55.213.78 - - [01/Dec/2007:02:02:07 -0800] "GET /logs/access_070331.log HTTP/1.0" 200 6009 "-" "msnbot-media/1.0 (+http://search.msn.com/msnbot.htm)" "shaneperfect.com"
65.55.213.78 - - [01/Dec/2007:02:09:09 -0800] "GET /logs/access_070731.log HTTP/1.0" 200 89341 "-" "msnbot-media/1.0 (+http://search.msn.com/msnbot.htm)" "shaneperfect.com"
65.55.213.78 - - [01/Dec/2007:02:09:09 -0800] "GET /logs/access_070501.log HTTP/1.0" 200 70463 "-" "msnbot-media/1.0 (+http://search.msn.com/msnbot.htm)" "shaneperfect.com"
68.142.212.193 - - [01/Dec/2007:06:49:42 -0800] "GET /robots.txt HTTP/1.0" 404 275 "-" "Yahoo-MMCrawler/3.x (mms dash mmcrawler dash support at yahoo dash inc dot com)" "shaneperfect.com"
74.6.19.216 - - [01/Dec/2007:07:32:15 -0800] "GET /robots.txt HTTP/1.0" 404 275 "-" "Mozilla/5.0 (compatible; Yahoo! Slurp; http://help.yahoo.com/help/us/ysearch/slurp)" "www.shaneperfect.com"
74.6.25.148 - - [01/Dec/2007:07:32:15 -0800] "GET / HTTP/1.0" 200 763 "-" "Mozilla/5.0 (compatible; Yahoo! Slurp; http://help.yahoo.com/help/us/ysearch/slurp)" "www.shaneperfect.com"
74.6.29.33 - - [01/Dec/2007:07:34:32 -0800] "GET /tmp/ HTTP/1.0" 200 504 "-" "Mozilla/5.0 (compatible; Yahoo! Slurp; http://help.yahoo.com/help/us/ysearch/slurp)" "www.shaneperfect.com"
74.6.25.156 - - [01/Dec/2007:07:36:22 -0800] "GET /?N=D HTTP/1.0" 200 763 "-" "Mozilla/5.0 (compatible; Yahoo! Slurp; http://help.yahoo.com/help/us/ysearch/slurp)" "www.shaneperfect.com"
74.6.23.206 - - [01/Dec/2007:07:41:08 -0800] "GET /logs/ HTTP/1.0" 200 2930 "-" "Mozilla/5.0 (compatible; Yahoo! Slurp; http://help.yahoo.com/help/us/ysearch/slurp)" "www.shaneperfect.com"
71.97.178.172 - - [01/Dec/2007:09:49:21 -0800] "GET / HTTP/1.1" 200 779 "http://hollyheath.com/fineart.html" "Mozilla/4.0 (compatible; MSIE 6.0; America Online Browser 1.1; Windows NT 5.1; SV1; .NET CLR 1.0.3705; .NET CLR 1.1.4322; Media Center PC 3.1; .NET CLR 2.0.50727)" "shaneperfect.com"
71.97.178.172 - - [01/Dec/2007:09:49:23 -0800] "GET /favicon.ico HTTP/1.1" 404 275 "-" "OCP HRS 1.0" "shaneperfect.com"
65.55.213.78 - - [01/Dec/2007:10:48:59 -0800] "GET /robots.txt HTTP/1.0" 404 275 "-" "msnbot-media/1.0 (+http://search.msn.com/msnbot.htm)" "shaneperfect.com"
65.55.213.78 - - [01/Dec/2007:10:48:59 -0800] "GET /tmp/ HTTP/1.0" 200 504 "-" "msnbot-media/1.0 (+http://search.msn.com/msnbot.htm)" "shaneperfect.com"
38.99.13.121 - - [01/Dec/2007:13:24:53 -0800] "GET /robots.txt HTTP/1.0" 404 275 "-" "Mozilla/5.0 (Twiceler-0.9 http://www.cuill.com/twiceler/robot.html)" "shaneperfect.com"
65.55.213.78 - - [01/Dec/2007:15:19:21 -0800] "GET /robots.txt HTTP/1.0" 404 275 "-" "msnbot-media/1.0 (+http://search.msn.com/msnbot.htm)" "shaneperfect.com"
65.55.213.78 - - [01/Dec/2007:15:19:21 -0800] "GET /?D=D HTTP/1.0" 200 763 "-" "msnbot-media/1.0 (+http://search.msn.com/msnbot.htm)" "shaneperfect.com"
65.55.213.78 - - [01/Dec/2007:16:04:11 -0800] "GET /logs/access_071201.log HTTP/1.0" 200 74801 "-" "msnbot-media/1.0 (+http://search.msn.com/msnbot.htm)" "shaneperfect.com"
74.6.19.216 - - [01/Dec/2007:16:31:31 -0800] "GET /robots.txt HTTP/1.0" 404 275 "-" "Mozilla/5.0 (compatible; Yahoo! Slurp; http://help.yahoo.com/help/us/ysearch/slurp)" "www.shaneperfect.com"
74.6.24.72 - - [01/Dec/2007:16:31:32 -0800] "GET /?S=A HTTP/1.0" 200 763 "-" "Mozilla/5.0 (compatible; Yahoo! Slurp; http://help.yahoo.com/help/us/ysearch/slurp)" "www.shaneperfect.com"
217.169.46.98 - - [02/Dec/2007:04:27:25 -0800] "GET /logs/access_070331.log HTTP/1.1" 200 6009 "-" "Mozilla/4.0" "shaneperfect.com"
74.6.19.216 - - [02/Dec/2007:04:39:09 -0800] "GET /robots.txt HTTP/1.0" 404 275 "-" "Mozilla/5.0 (compatible; Yahoo! Slurp; http://help.yahoo.com/help/us/ysearch/slurp)" "www.shaneperfect.com"
74.6.25.171 - - [02/Dec/2007:04:39:09 -0800] "GET /?D=A HTTP/1.0" 200 763 "-" "Mozilla/5.0 (compatible; Yahoo! Slurp; http://help.yahoo.com/help/us/ysearch/slurp)" "www.shaneperfect.com"
74.6.20.143 - - [02/Dec/2007:04:42:22 -0800] "GET /?D=D HTTP/1.0" 200 763 "-" "Mozilla/5.0 (compatible; Yahoo! Slurp; http://help.yahoo.com/help/us/ysearch/slurp)" "www.shaneperfect.com"
72.30.179.207 - - [02/Dec/2007:08:02:00 -0800] "GET /?N=A HTTP/1.0" 200 763 "-" "Mozilla/5.0 (compatible; Yahoo! Slurp; http://help.yahoo.com/help/us/ysearch/slurp)" "www.shaneperfect.com"
74.6.19.113 - - [02/Dec/2007:08:58:09 -0800] "GET /robots.txt HTTP/1.0" 404 275 "-" "Mozilla/5.0 (compatible; Yahoo! Slurp; http://help.yahoo.com/help/us/ysearch/slurp)" "shaneperfect.com"
74.6.25.203 - - [02/Dec/2007:08:58:09 -0800] "GET /?M=A HTTP/1.0" 200 763 "-" "Mozilla/5.0 (compatible; Yahoo! Slurp; http://help.yahoo.com/help/us/ysearch/slurp)" "shaneperfect.com"
66.249.72.169 - - [02/Dec/2007:16:06:59 -0800] "GET /robots.txt HTTP/1.1" 404 275 "-" "Mozilla/5.0 (compatible; Googlebot/2.1; +http://www.google.com/bot.html)" "shaneperfect.com"
66.249.72.169 - - [02/Dec/2007:16:06:59 -0800] "GET /tmp/ HTTP/1.1" 200 520 "-" "Mozilla/5.0 (compatible; Googlebot/2.1; +http://www.google.com/bot.html)" "shaneperfect.com"
66.249.72.169 - - [02/Dec/2007:16:38:09 -0800] "GET /logs/access_070330.log HTTP/1.1" 304 - "-" "Mozilla/5.0 (compatible; Googlebot/2.1; +http://www.google.com/bot.html)" "shaneperfect.com"
68.142.212.189 - - [02/Dec/2007:17:41:19 -0800] "GET /robots.txt HTTP/1.0" 404 275 "-" "Yahoo-MMCrawler/3.x (mms dash mmcrawler dash support at yahoo dash inc dot com)" "www.shaneperfect.com"
12.218.133.248 - - [02/Dec/2007:23:55:53 -0800] "GET /logs/access_070331.log HTTP/1.1" 200 6009 "http://www.google.com/search?q=Googlebot/2.1+(%2Bhttp://www.google.com/bot.html)&hl=en&rls=com.microsoft:*:IE-Address&start=30&sa=N" "Mozilla/4.0 (compatible; MSIE 7.0; Windows NT 6.0; SLCC1; .NET CLR 2.0.50727; .NET CLR 3.0.04506; .NET CLR 1.1.4322)" "www.shaneperfect.com"
12.218.133.248 - - [03/Dec/2007:00:03:54 -0800] "GET /logs/access_070330.log HTTP/1.1" 200 2550 "http://www.google.com/search?q=Googlebot/2.1+(%2Bhttp://www.google.com/bot.html)&hl=en&rls=com.microsoft:*:IE-Address&start=40&sa=N" "Mozilla/4.0 (compatible; MSIE 7.0; Windows NT 6.0; SLCC1; .NET CLR 2.0.50727; .NET CLR 3.0.04506; .NET CLR 1.1.4322)" "shaneperfect.com"
74.6.19.113 - - [03/Dec/2007:03:30:35 -0800] "GET /robots.txt HTTP/1.0" 404 275 "-" "Mozilla/5.0 (compatible; Yahoo! Slurp; http://help.yahoo.com/help/us/ysearch/slurp)" "shaneperfect.com"
74.6.28.27 - - [03/Dec/2007:03:30:35 -0800] "GET /?S=A HTTP/1.0" 200 763 "-" "Mozilla/5.0 (compatible; Yahoo! Slurp; http://help.yahoo.com/help/us/ysearch/slurp)" "shaneperfect.com"
74.6.19.166 - - [03/Dec/2007:03:50:15 -0800] "GET /logs/ HTTP/1.0" 200 2930 "-" "Mozilla/5.0 (compatible; Yahoo! Slurp; http://help.yahoo.com/help/us/ysearch/slurp)" "shaneperfect.com"
68.142.212.193 - - [03/Dec/2007:12:27:35 -0800] "GET /robots.txt HTTP/1.0" 404 275 "-" "Yahoo-MMCrawler/3.x (mms dash mmcrawler dash support at yahoo dash inc dot com)" "shaneperfect.com"
217.169.46.98 - - [03/Dec/2007:15:59:19 -0800] "GET /logs/access_070331.log HTTP/1.1" 200 6009 "-" "Mozilla/4.0" "shaneperfect.com"
66.249.66.227 - - [03/Dec/2007:16:24:26 -0800] "GET /robots.txt HTTP/1.1" 404 275 "-" "Mozilla/5.0 (compatible; Googlebot/2.1; +http://www.google.com/bot.html)" "shaneperfect.com"
66.249.66.227 - - [03/Dec/2007:16:24:26 -0800] "GET /tmp/?D=A HTTP/1.1" 200 520 "-" "Mozilla/5.0 (compatible; Googlebot/2.1; +http://www.google.com/bot.html)" "shaneperfect.com"
74.6.19.113 - - [03/Dec/2007:16:56:19 -0800] "GET /robots.txt HTTP/1.0" 404 275 "-" "Mozilla/5.0 (compatible; Yahoo! Slurp; http://help.yahoo.com/help/us/ysearch/slurp)" "shaneperfect.com"
74.6.19.217 - - [03/Dec/2007:16:56:19 -0800] "GET /?N=D HTTP/1.0" 200 763 "-" "Mozilla/5.0 (compatible; Yahoo! Slurp; http://help.yahoo.com/help/us/ysearch/slurp)" "shaneperfect.com"
71.97.215.206 - - [03/Dec/2007:17:58:46 -0800] "GET / HTTP/1.1" 200 779 "http://hollyheath.com/fineart.html" "Mozilla/4.0 (compatible; MSIE 7.0; Windows NT 5.1)" "shaneperfect.com"
71.97.215.206 - - [03/Dec/2007:17:58:47 -0800] "GET /favicon.ico HTTP/1.1" 404 275 "-" "Mozilla/4.0 (compatible; MSIE 7.0; Windows NT 5.1)" "shaneperfect.com"
64.34.145.195 - - [04/Dec/2007:06:06:35 -0800] "GET /robots.txt HTTP/1.0" 404 275 "-" "SBIder/SBIder-0.8.2-dev (http://www.sitesell.com/sbider.html)" "www.shaneperfect.com"
64.34.145.195 - - [04/Dec/2007:06:06:35 -0800] "GET / HTTP/1.0" 200 763 "-" "SBIder/SBIder-0.8.2-dev (http://www.sitesell.com/sbider.html)" "www.shaneperfect.com"
74.6.19.216 - - [04/Dec/2007:10:34:21 -0800] "GET /robots.txt HTTP/1.0" 404 275 "-" "Mozilla/5.0 (compatible; Yahoo! Slurp; http://help.yahoo.com/help/us/ysearch/slurp)" "www.shaneperfect.com"
74.6.23.71 - - [04/Dec/2007:10:34:21 -0800] "GET /?M=A HTTP/1.0" 200 763 "-" "Mozilla/5.0 (compatible; Yahoo! Slurp; http://help.yahoo.com/help/us/ysearch/slurp)" "www.shaneperfect.com"
68.142.212.189 - - [04/Dec/2007:20:55:58 -0800] "GET /robots.txt HTTP/1.0" 404 275 "-" "Yahoo-MMCrawler/3.x (mms dash mmcrawler dash support at yahoo dash inc dot com)" "www.shaneperfect.com"
38.99.13.121 - - [05/Dec/2007:08:51:49 -0800] "GET /robots.txt HTTP/1.0" 404 275 "-" "Mozilla/5.0 (Twiceler-0.9 http://www.cuill.com/twiceler/robot.html)" "shaneperfect.com"
66.249.65.12 - - [05/Dec/2007:17:08:51 -0800] "GET /robots.txt HTTP/1.1" 404 275 "-" "Mozilla/5.0 (compatible; Googlebot/2.1; +http://www.google.com/bot.html)" "shaneperfect.com"
66.249.65.12 - - [05/Dec/2007:17:08:51 -0800] "GET /logs/access_070329.log HTTP/1.1" 200 49820 "-" "Mozilla/5.0 (compatible; Googlebot/2.1; +http://www.google.com/bot.html)" "shaneperfect.com"
68.142.212.193 - - [05/Dec/2007:18:40:53 -0800] "GET /robots.txt HTTP/1.0" 404 275 "-" "Yahoo-MMCrawler/3.x (mms dash mmcrawler dash support at yahoo dash inc dot com)" "shaneperfect.com"
66.249.72.105 - - [06/Dec/2007:21:01:12 -0800] "GET /robots.txt HTTP/1.1" 404 275 "-" "Mozilla/5.0 (compatible; Googlebot/2.1; +http://www.google.com/bot.html)" "shaneperfect.com"
66.249.72.105 - - [06/Dec/2007:21:01:13 -0800] "GET /logs/access_070731.log HTTP/1.1" 200 89341 "-" "Mozilla/5.0 (compatible; Googlebot/2.1; +http://www.google.com/bot.html)" "shaneperfect.com"
68.142.212.189 - - [07/Dec/2007:02:41:27 -0800] "GET /robots.txt HTTP/1.0" 404 275 "-" "Yahoo-MMCrawler/3.x (mms dash mmcrawler dash support at yahoo dash inc dot com)" "www.shaneperfect.com"
74.6.19.113 - - [07/Dec/2007:05:34:03 -0800] "GET /robots.txt HTTP/1.0" 404 275 "-" "Mozilla/5.0 (compatible; Yahoo! Slurp; http://help.yahoo.com/help/us/ysearch/slurp)" "shaneperfect.com"
74.6.26.113 - - [07/Dec/2007:05:34:03 -0800] "GET /?D=A HTTP/1.0" 200 763 "-" "Mozilla/5.0 (compatible; Yahoo! Slurp; http://help.yahoo.com/help/us/ysearch/slurp)" "shaneperfect.com"
74.6.19.113 - - [07/Dec/2007:09:29:21 -0800] "GET /robots.txt HTTP/1.0" 404 275 "-" "Mozilla/5.0 (compatible; Yahoo! Slurp; http://help.yahoo.com/help/us/ysearch/slurp)" "shaneperfect.com"
74.6.26.166 - - [07/Dec/2007:09:29:21 -0800] "GET /tmp/ HTTP/1.0" 200 504 "-" "Mozilla/5.0 (compatible; Yahoo! Slurp; http://help.yahoo.com/help/us/ysearch/slurp)" "shaneperfect.com"
74.6.23.213 - - [07/Dec/2007:10:08:39 -0800] "GET / HTTP/1.0" 200 763 "-" "Mozilla/5.0 (compatible; Yahoo! Slurp; http://help.yahoo.com/help/us/ysearch/slurp)" "shaneperfect.com"
66.249.72.144 - - [07/Dec/2007:10:10:49 -0800] "GET /robots.txt HTTP/1.1" 404 275 "-" "Mozilla/5.0 (compatible; Googlebot/2.1; +http://www.google.com/bot.html)" "www.shaneperfect.com"
66.249.72.144 - - [07/Dec/2007:10:10:49 -0800] "GET /logs/access_070501.log HTTP/1.1" 200 70463 "-" "Mozilla/5.0 (compatible; Googlebot/2.1; +http://www.google.com/bot.html)" "www.shaneperfect.com"
209.152.16.254 - - [07/Dec/2007:12:01:08 -0800] "GET /logs/access_070331.log HTTP/1.1" 200 6009 "http://www.google.com/search?q=www.picsearch.com&btnG=Go&domains=http%3A%2F%2Fwww.midlothian-isd.net&sitesearch=&safe=on" "Mozilla/5.0 (Macintosh; U; PPC Mac OS X; en) AppleWebKit/412 (KHTML, like Gecko) Safari/412" "www.shaneperfect.com"
209.152.16.254 - - [07/Dec/2007:12:01:08 -0800] "GET /logs/access_070331.log HTTP/1.1" 200 6009 "http://www.google.com/search?q=www.picsearch.com&btnG=Go&domains=http%3A%2F%2Fwww.midlothian-isd.net&sitesearch=&safe=on" "Mozilla/5.0 (Macintosh; U; PPC Mac OS X; en) AppleWebKit/412 (KHTML, like Gecko) Safari/412" "www.shaneperfect.com"
209.152.16.254 - - [07/Dec/2007:12:01:11 -0800] "GET /logs/access_070331.log HTTP/1.1" 200 6009 "http://www.google.com/search?q=www.picsearch.com&btnG=Go&domains=http%3A%2F%2Fwww.midlothian-isd.net&sitesearch=&safe=on" "Mozilla/5.0 (Macintosh; U; PPC Mac OS X; en) AppleWebKit/412 (KHTML, like Gecko) Safari/412" "www.shaneperfect.com"
209.152.16.254 - - [07/Dec/2007:12:01:12 -0800] "GET /favicon.ico HTTP/1.1" 404 275 "-" "Mozilla/5.0 (Macintosh; U; PPC Mac OS X; en) AppleWebKit/412 (KHTML, like Gecko) Safari/412" "www.shaneperfect.com"
66.249.72.105 - - [07/Dec/2007:12:45:35 -0800] "GET /robots.txt HTTP/1.1" 404 275 "-" "Mozilla/5.0 (compatible; Googlebot/2.1; +http://www.google.com/bot.html)" "shaneperfect.com"
66.249.72.105 - - [07/Dec/2007:12:45:35 -0800] "GET /logs/ HTTP/1.1" 200 2946 "-" "Mozilla/5.0 (compatible; Googlebot/2.1; +http://www.google.com/bot.html)" "shaneperfect.com"
12.206.76.143 - - [07/Dec/2007:18:28:58 -0800] "GET / HTTP/1.1" 200 779 "http://hollyheath.com/artiststatement.html" "Mozilla/4.0 (compatible; MSIE 7.0; Windows NT 5.1; .NET CLR 1.1.4322; .NET CLR 2.0.50727; .NET CLR 3.0.04506.30)" "shaneperfect.com"
12.206.76.143 - - [07/Dec/2007:18:28:59 -0800] "GET /favicon.ico HTTP/1.1" 404 275 "-" "Mozilla/4.0 (compatible; MSIE 7.0; Windows NT 5.1; .NET CLR 1.1.4322; .NET CLR 2.0.50727; .NET CLR 3.0.04506.30)" "shaneperfect.com"
74.6.23.125 - - [07/Dec/2007:19:43:00 -0800] "GET /tmp/?D=A HTTP/1.0" 200 504 "-" "Mozilla/5.0 (compatible; Yahoo! Slurp; http://help.yahoo.com/help/us/ysearch/slurp)" "shaneperfect.com"
63.123.238.8 - - [07/Dec/2007:22:24:29 -0800] "GET /robots.txt HTTP/1.1" 404 275 "-" "Mozilla/2.0 (compatible; Ask Jeeves/Teoma)" "www.shaneperfect.com"
63.123.238.8 - - [07/Dec/2007:22:24:29 -0800] "GET / HTTP/1.1" 200 779 "-" "Mozilla/2.0 (compatible; Ask Jeeves/Teoma)" "www.shaneperfect.com"
68.142.212.193 - - [07/Dec/2007:22:45:19 -0800] "GET /robots.txt HTTP/1.0" 404 275 "-" "Yahoo-MMCrawler/3.x (mms dash mmcrawler dash support at yahoo dash inc dot com)" "shaneperfect.com"
74.6.19.216 - - [08/Dec/2007:07:33:47 -0800] "GET /robots.txt HTTP/1.0" 404 275 "-" "Mozilla/5.0 (compatible; Yahoo! Slurp; http://help.yahoo.com/help/us/ysearch/slurp)" "www.shaneperfect.com"
74.6.25.148 - - [08/Dec/2007:07:33:47 -0800] "GET / HTTP/1.0" 200 763 "-" "Mozilla/5.0 (compatible; Yahoo! Slurp; http://help.yahoo.com/help/us/ysearch/slurp)" "www.shaneperfect.com"
66.15.40.151 - - [08/Dec/2007:08:24:04 -0800] "GET /favicon.ico HTTP/1.1" 404 275 "http://www.google.com/search?q=psbot&ie=utf-8&oe=utf-8&aq=t&rls=org.mozilla:en-US:official&client=firefox-a" "Mozilla/5.0 (Windows; U; Windows NT 5.1; en-US; rv:1.8.1.11) Gecko/20071127 Firefox/2.0.0.11" "www.shaneperfect.com"
66.15.40.151 - - [08/Dec/2007:08:24:04 -0800] "GET /favicon.ico HTTP/1.1" 404 275 "http://www.google.com/search?q=psbot&ie=utf-8&oe=utf-8&aq=t&rls=org.mozilla:en-US:official&client=firefox-a" "Mozilla/5.0 (Windows; U; Windows NT 5.1; en-US; rv:1.8.1.11) Gecko/20071127 Firefox/2.0.0.11" "shaneperfect.com"
74.6.25.156 - - [08/Dec/2007:08:56:28 -0800] "GET /?N=D HTTP/1.0" 200 763 "-" "Mozilla/5.0 (compatible; Yahoo! Slurp; http://help.yahoo.com/help/us/ysearch/slurp)" "www.shaneperfect.com"
66.249.72.105 - - [08/Dec/2007:09:18:34 -0800] "GET /robots.txt HTTP/1.1" 404 275 "-" "Mozilla/5.0 (compatible; Googlebot/2.1; +http://www.google.com/bot.html)" "shaneperfect.com"
66.249.72.105 - - [08/Dec/2007:09:18:34 -0800] "GET /logs/access_071201.log HTTP/1.1" 200 74801 "-" "Mozilla/5.0 (compatible; Googlebot/2.1; +http://www.google.com/bot.html)" "shaneperfect.com"
38.99.13.121 - - [08/Dec/2007:12:06:55 -0800] "GET /robots.txt HTTP/1.0" 404 275 "-" "Mozilla/5.0 (Twiceler-0.9 http://www.cuill.com/twiceler/robot.html)" "shaneperfect.com"
64.34.145.194 - - [08/Dec/2007:13:07:47 -0800] "GET /robots.txt HTTP/1.0" 404 275 "-" "SBIder/SBIder-0.8.2-dev (http://www.sitesell.com/sbider.html)" "www.shaneperfect.com"
64.34.145.194 - - [08/Dec/2007:13:07:47 -0800] "GET /robots.txt HTTP/1.0" 404 275 "-" "SBIder/SBIder-0.8.2-dev (http://www.sitesell.com/sbider.html)" "www.shaneperfect.com"
64.34.145.194 - - [08/Dec/2007:13:07:48 -0800] "GET / HTTP/1.0" 200 763 "-" "SBIder/SBIder-0.8.2-dev (http://www.sitesell.com/sbider.html)" "www.shaneperfect.com"
38.100.41.102 - - [09/Dec/2007:01:27:05 -0800] "GET / HTTP/1.1" 200 779 "-" "Mozilla/4.0 (compatible; MSIE 6.0; Windows XP)" "www.shaneperfect.com"
38.100.41.102 - - [09/Dec/2007:01:27:56 -0800] "GET /tmp/ HTTP/1.1" 200 520 "http://www.shaneperfect.com/" "Mozilla/4.0 (compatible; MSIE 6.0; Windows XP)" "www.shaneperfect.com"
38.100.41.102 - - [09/Dec/2007:01:27:57 -0800] "GET /logs/ HTTP/1.1" 200 2946 "http://www.shaneperfect.com/" "Mozilla/4.0 (compatible; MSIE 6.0; Windows XP)" "www.shaneperfect.com"
38.100.41.102 - - [09/Dec/2007:01:28:53 -0800] "GET /logs/access_071201.log HTTP/1.1" 200 74801 "http://www.shaneperfect.com/logs/" "Mozilla/4.0 (compatible; MSIE 6.0; Windows XP)" "www.shaneperfect.com"
38.100.41.102 - - [09/Dec/2007:01:28:55 -0800] "GET /logs/access_070701.log HTTP/1.1" 200 125427 "http://www.shaneperfect.com/logs/" "Mozilla/4.0 (compatible; MSIE 6.0; Windows XP)" "www.shaneperfect.com"
38.100.41.102 - - [09/Dec/2007:01:28:57 -0800] "GET /logs/access_070801.log HTTP/1.1" 200 1244 "http://www.shaneperfect.com/logs/" "Mozilla/4.0 (compatible; MSIE 6.0; Windows XP)" "www.shaneperfect.com"
38.100.41.102 - - [09/Dec/2007:01:29:00 -0800] "GET /logs/access_070301.log HTTP/1.1" 200 25559 "http://www.shaneperfect.com/logs/" "Mozilla/4.0 (compatible; MSIE 6.0; Windows XP)" "www.shaneperfect.com"
38.100.41.102 - - [09/Dec/2007:01:29:03 -0800] "GET /logs/access_070501.log HTTP/1.1" 200 70463 "http://www.shaneperfect.com/logs/" "Mozilla/4.0 (compatible; MSIE 6.0; Windows XP)" "www.shaneperfect.com"
38.100.41.102 - - [09/Dec/2007:01:29:05 -0800] "GET /logs/access_070329.log HTTP/1.1" 200 49820 "http://www.shaneperfect.com/logs/" "Mozilla/4.0 (compatible; MSIE 6.0; Windows XP)" "www.shaneperfect.com"
38.100.41.102 - - [09/Dec/2007:01:29:09 -0800] "GET /logs/access_070901.log HTTP/1.1" 200 86106 "http://www.shaneperfect.com/logs/" "Mozilla/4.0 (compatible; MSIE 6.0; Windows XP)" "www.shaneperfect.com"
38.100.41.102 - - [09/Dec/2007:01:29:12 -0800] "GET /logs/access.log HTTP/1.1" 200 22059 "http://www.shaneperfect.com/logs/" "Mozilla/4.0 (compatible; MSIE 6.0; Windows XP)" "www.shaneperfect.com"
38.100.41.102 - - [09/Dec/2007:01:29:12 -0800] "GET /logs/access_070401.log HTTP/1.1" 200 1955 "http://www.shaneperfect.com/logs/" "Mozilla/4.0 (compatible; MSIE 6.0; Windows XP)" "www.shaneperfect.com"
38.100.41.102 - - [09/Dec/2007:01:29:15 -0800] "GET /logs/access_071001.log HTTP/1.1" 200 59526 "http://www.shaneperfect.com/logs/" "Mozilla/4.0 (compatible; MSIE 6.0; Windows XP)" "www.shaneperfect.com"
38.100.41.102 - - [09/Dec/2007:01:29:18 -0800] "GET /logs/access_071101.log HTTP/1.1" 200 2087 "http://www.shaneperfect.com/logs/" "Mozilla/4.0 (compatible; MSIE 6.0; Windows XP)" "www.shaneperfect.com"
38.100.41.102 - - [09/Dec/2007:01:29:18 -0800] "GET /logs/access_070731.log HTTP/1.1" 200 89341 "http://www.shaneperfect.com/logs/" "Mozilla/4.0 (compatible; MSIE 6.0; Windows XP)" "www.shaneperfect.com"
38.100.41.102 - - [09/Dec/2007:01:29:23 -0800] "GET /logs/access_071031.log HTTP/1.1" 200 74325 "http://www.shaneperfect.com/logs/" "Mozilla/4.0 (compatible; MSIE 6.0; Windows XP)" "www.shaneperfect.com"
38.100.41.102 - - [09/Dec/2007:01:29:26 -0800] "GET /logs/access_070531.log HTTP/1.1" 200 73402 "http://www.shaneperfect.com/logs/" "Mozilla/4.0 (compatible; MSIE 6.0; Windows XP)" "www.shaneperfect.com"
38.100.41.102 - - [09/Dec/2007:01:29:29 -0800] "GET /logs/access_070330.log HTTP/1.1" 200 2550 "http://www.shaneperfect.com/logs/" "Mozilla/4.0 (compatible; MSIE 6.0; Windows XP)" "www.shaneperfect.com"
38.100.41.102 - - [09/Dec/2007:01:29:33 -0800] "GET /logs/access_070601.log HTTP/1.1" 200 1711 "http://www.shaneperfect.com/logs/" "Mozilla/4.0 (compatible; MSIE 6.0; Windows XP)" "www.shaneperfect.com"
38.100.41.102 - - [09/Dec/2007:01:29:33 -0800] "GET /logs/access_070331.log HTTP/1.1" 200 6009 "http://www.shaneperfect.com/logs/" "Mozilla/4.0 (compatible; MSIE 6.0; Windows XP)" "www.shaneperfect.com"
74.6.19.216 - - [09/Dec/2007:03:48:22 -0800] "GET /robots.txt HTTP/1.0" 404 275 "-" "Mozilla/5.0 (compatible; Yahoo! Slurp; http://help.yahoo.com/help/us/ysearch/slurp)" "www.shaneperfect.com"
74.6.24.72 - - [09/Dec/2007:03:48:22 -0800] "GET /?S=A HTTP/1.0" 200 763 "-" "Mozilla/5.0 (compatible; Yahoo! Slurp; http://help.yahoo.com/help/us/ysearch/slurp)" "www.shaneperfect.com"
66.249.72.105 - - [09/Dec/2007:22:33:45 -0800] "GET /robots.txt HTTP/1.1" 404 275 "-" "Mozilla/5.0 (compatible; Googlebot/2.1; +http://www.google.com/bot.html)" "shaneperfect.com"
66.249.72.105 - - [09/Dec/2007:22:33:45 -0800] "GET /logs/access_070801.log HTTP/1.1" 304 - "-" "Mozilla/5.0 (compatible; Googlebot/2.1; +http://www.google.com/bot.html)" "shaneperfect.com"
74.6.19.216 - - [09/Dec/2007:23:59:59 -0800] "GET /robots.txt HTTP/1.0" 404 275 "-" "Mozilla/5.0 (compatible; Yahoo! Slurp; http://help.yahoo.com/help/us/ysearch/slurp)" "www.shaneperfect.com"
74.6.23.206 - - [09/Dec/2007:23:59:59 -0800] "GET /logs/ HTTP/1.0" 200 2930 "-" "Mozilla/5.0 (compatible; Yahoo! Slurp; http://help.yahoo.com/help/us/ysearch/slurp)" "www.shaneperfect.com"
74.6.27.27 - - [10/Dec/2007:00:03:04 -0800] "GET /logs/access_070401.log HTTP/1.0" 200 1955 "-" "Mozilla/5.0 (compatible; Yahoo! Slurp; http://help.yahoo.com/help/us/ysearch/slurp)" "www.shaneperfect.com"
77.96.118.137 - - [10/Dec/2007:00:54:36 -0800] "GET /robots.txt HTTP/1.0" 404 275 "http://majestic12.co.uk/bot.php?I=93E05FD8D53E78234D1F7957A8142E62-C1C198284F24692B-00000000C061D553-shaneperfect.com" "Mozilla/5.0 (compatible; MJ12bot/v1.2.1; http://www.majestic12.co.uk/bot.php?+)" "shaneperfect.com"
77.96.118.137 - - [10/Dec/2007:00:55:01 -0800] "GET / HTTP/1.1" 200 779 "-" "Mozilla/5.0 (compatible; MJ12bot/v1.2.1; http://www.majestic12.co.uk/bot.php?+)" "shaneperfect.com"
209.62.82.14 - - [10/Dec/2007:01:07:13 -0800] "GET /robots.txt HTTP/1.1" 404 275 "www.shaneperfect.com" "Pingdom GIGRIB (http://www.pingdom.com)" "www.shaneperfect.com"
209.62.82.14 - - [10/Dec/2007:01:07:13 -0800] "GET /robots.txt HTTP/1.1" 404 275 "www.shaneperfect.com" "Pingdom GIGRIB (http://www.pingdom.com)" "www.shaneperfect.com"
209.62.82.14 - - [10/Dec/2007:01:07:13 -0800] "GET /robots.txt HTTP/1.1" 404 275 "www.shaneperfect.com" "Pingdom GIGRIB (http://www.pingdom.com)" "www.shaneperfect.com"
209.62.82.14 - - [10/Dec/2007:01:07:13 -0800] "GET /robots.txt HTTP/1.1" 404 275 "www.shaneperfect.com" "Pingdom GIGRIB (http://www.pingdom.com)" "www.shaneperfect.com"
209.62.82.14 - - [10/Dec/2007:01:07:13 -0800] "GET /robots.txt HTTP/1.1" 404 275 "www.shaneperfect.com" "Pingdom GIGRIB (http://www.pingdom.com)" "www.shaneperfect.com"
209.62.82.14 - - [10/Dec/2007:01:07:13 -0800] "GET /robots.txt HTTP/1.1" 404 275 "www.shaneperfect.com" "Pingdom GIGRIB (http://www.pingdom.com)" "www.shaneperfect.com"
209.62.82.14 - - [10/Dec/2007:01:07:13 -0800] "GET /robots.txt HTTP/1.1" 404 275 "www.shaneperfect.com" "Pingdom GIGRIB (http://www.pingdom.com)" "www.shaneperfect.com"
209.62.82.14 - - [10/Dec/2007:01:07:13 -0800] "GET /robots.txt HTTP/1.1" 404 275 "www.shaneperfect.com" "Pingdom GIGRIB (http://www.pingdom.com)" "www.shaneperfect.com"
209.62.82.14 - - [10/Dec/2007:01:09:52 -0800] "GET / HTTP/1.1" 200 779 "http://www.pingdom.com/tools/fpt/?url=www.shaneperfect.com" "Pingdom GIGRIB (http://www.pingdom.com)" "www.shaneperfect.com"
209.62.82.14 - - [10/Dec/2007:01:09:52 -0800] "GET / HTTP/1.1" 200 779 "http://www.pingdom.com/tools/fpt/?url=www.shaneperfect.com" "Pingdom GIGRIB (http://www.pingdom.com)" "www.shaneperfect.com"
209.62.82.14 - - [10/Dec/2007:01:09:52 -0800] "GET / HTTP/1.1" 200 779 "http://www.pingdom.com/tools/fpt/?url=www.shaneperfect.com" "Pingdom GIGRIB (http://www.pingdom.com)" "www.shaneperfect.com"
209.62.82.14 - - [10/Dec/2007:01:09:52 -0800] "GET / HTTP/1.1" 200 779 "http://www.pingdom.com/tools/fpt/?url=www.shaneperfect.com" "Pingdom GIGRIB (http://www.pingdom.com)" "www.shaneperfect.com"
209.62.82.14 - - [10/Dec/2007:01:09:52 -0800] "GET / HTTP/1.1" 200 779 "http://www.pingdom.com/tools/fpt/?url=www.shaneperfect.com" "Pingdom GIGRIB (http://www.pingdom.com)" "www.shaneperfect.com"
209.62.82.14 - - [10/Dec/2007:01:09:52 -0800] "GET / HTTP/1.1" 200 779 "http://www.pingdom.com/tools/fpt/?url=www.shaneperfect.com" "Pingdom GIGRIB (http://www.pingdom.com)" "www.shaneperfect.com"
209.62.82.14 - - [10/Dec/2007:01:09:52 -0800] "GET / HTTP/1.1" 200 779 "http://www.pingdom.com/tools/fpt/?url=www.shaneperfect.com" "Pingdom GIGRIB (http://www.pingdom.com)" "www.shaneperfect.com"
209.62.82.14 - - [10/Dec/2007:01:09:52 -0800] "GET / HTTP/1.1" 200 779 "http://www.pingdom.com/tools/fpt/?url=www.shaneperfect.com" "Pingdom GIGRIB (http://www.pingdom.com)" "www.shaneperfect.com"
68.142.212.193 - - [10/Dec/2007:01:33:07 -0800] "GET /robots.txt HTTP/1.0" 404 275 "-" "Yahoo-MMCrawler/3.x (mms dash mmcrawler dash support at yahoo dash inc dot com)" "shaneperfect.com"
159.247.237.3 - - [10/Dec/2007:09:56:59 -0800] "GET /logs/access_070331.log HTTP/1.1" 200 6009 "http://www.google.com/search?hl=en&q=www.picsearch.com&btnG=Google+Search&safe=active" "Mozilla/4.0 (compatible; MSIE 6.0; Windows NT 5.1; SV1; .NET CLR 1.1.4322)" "www.shaneperfect.com"
159.247.237.3 - - [10/Dec/2007:09:58:14 -0800] "GET /logs/access_070331.log HTTP/1.1" 200 6009 "http://www.google.com/search?hl=en&q=www.picsearch.com&btnG=Google+Search&safe=active" "Mozilla/4.0 (compatible; MSIE 6.0; Windows NT 5.1; SV1; .NET CLR 1.1.4322)" "www.shaneperfect.com"
159.247.237.3 - - [10/Dec/2007:09:59:19 -0800] "GET /logs/access_070331.log HTTP/1.1" 200 6009 "http://www.google.com/search?hl=en&q=www.picsearch.com&btnG=Google+Search&safe=active" "Mozilla/4.0 (compatible; MSIE 6.0; Windows NT 5.1; SV1; .NET CLR 1.1.4322)" "www.shaneperfect.com"
66.249.72.40 - - [10/Dec/2007:15:29:20 -0800] "GET /robots.txt HTTP/1.1" 404 275 "-" "Mozilla/5.0 (compatible; Googlebot/2.1; +http://www.google.com/bot.html)" "shaneperfect.com"
66.249.72.40 - - [10/Dec/2007:15:29:21 -0800] "GET /logs/access_070330.log HTTP/1.1" 304 - "-" "Mozilla/5.0 (compatible; Googlebot/2.1; +http://www.google.com/bot.html)" "shaneperfect.com"
66.249.72.70 - - [10/Dec/2007:18:51:23 -0800] "GET /logs/access_070330.log HTTP/1.1" 304 - "-" "Mozilla/5.0 (compatible; Googlebot/2.1; +http://www.google.com/bot.html)" "shaneperfect.com"
74.6.19.113 - - [10/Dec/2007:23:51:40 -0800] "GET /robots.txt HTTP/1.0" 404 275 "-" "Mozilla/5.0 (compatible; Yahoo! Slurp; http://help.yahoo.com/help/us/ysearch/slurp)" "shaneperfect.com"
74.6.19.217 - - [10/Dec/2007:23:51:41 -0800] "GET /?N=D HTTP/1.0" 200 763 "-" "Mozilla/5.0 (compatible; Yahoo! Slurp; http://help.yahoo.com/help/us/ysearch/slurp)" "shaneperfect.com"
65.166.175.139 - - [11/Dec/2007:05:41:46 -0800] "GET /robots.txt HTTP/1.1" 404 275 "-" "Mozilla/4.0 (compatible; MSIE 6.0; Windows NT 5.1; .NET CLR 1.0.3705)" "www.shaneperfect.com"
65.166.175.139 - - [11/Dec/2007:05:41:46 -0800] "GET /logs/ HTTP/1.1" 200 2946 "-" "Mozilla/4.0 (compatible; MSIE 6.0; Windows NT 5.1; .NET CLR 1.0.3705)" "www.shaneperfect.com"
65.166.175.139 - - [11/Dec/2007:05:41:47 -0800] "GET /logs/access_070331.log HTTP/1.1" 200 6009 "-" "Mozilla/4.0 (compatible; MSIE 6.0; Windows NT 5.1; .NET CLR 1.0.3705)" "www.shaneperfect.com"
65.102.12.225 - - [11/Dec/2007:07:11:04 -0800] "GET /logs/access_070331.log HTTP/1.0" 200 6009 "-" "Mozilla/4.0 (compatible; MSIE 4.0; Windows 95)" "www.shaneperfect.com"
65.102.12.225 - - [11/Dec/2007:07:11:34 -0800] "GET /logs/ HTTP/1.0" 200 2930 "-" "Mozilla/4.0 (compatible; MSIE 4.0; Windows 95)" "www.shaneperfect.com"
65.102.12.225 - - [11/Dec/2007:07:12:16 -0800] "GET /logs HTTP/1.0" 301 80 "-" "Mozilla/4.0 (compatible; MSIE 4.0; Windows 95)" "www.shaneperfect.com"
65.102.12.225 - - [11/Dec/2007:07:12:49 -0800] "GET / HTTP/1.0" 200 763 "-" "Mozilla/4.0 (compatible; MSIE 4.0; Windows 95)" "www.shaneperfect.com"
71.39.13.57 - - [11/Dec/2007:07:13:31 -0800] "GET /?N=D HTTP/1.0" 200 763 "-" "Mozilla/5.0 (Macintosh; U; PPC Mac OS X; en-us) AppleWebKit/103u (KHTML, like Gecko) Safari/100" "www.shaneperfect.com"
71.39.13.57 - - [11/Dec/2007:07:14:07 -0800] "GET /?M=A HTTP/1.0" 200 763 "-" "Mozilla/5.0 (Macintosh; U; PPC Mac OS X; en-us) AppleWebKit/103u (KHTML, like Gecko) Safari/100" "www.shaneperfect.com"
65.102.12.225 - - [11/Dec/2007:07:14:48 -0800] "GET /?S=A HTTP/1.0" 200 763 "-" "Mozilla/4.0 (compatible; MSIE 4.0; Windows 95)" "www.shaneperfect.com"
71.39.13.57 - - [11/Dec/2007:07:15:21 -0800] "GET /?D=A HTTP/1.0" 200 763 "-" "Mozilla/5.0 (Macintosh; U; PPC Mac OS X; en-us) AppleWebKit/103u (KHTML, like Gecko) Safari/100" "www.shaneperfect.com"
65.102.12.225 - - [11/Dec/2007:07:15:54 -0800] "GET /logs/access.log HTTP/1.0" 200 32725 "-" "Mozilla/4.0 (compatible; MSIE 4.0; Windows 95)" "www.shaneperfect.com"
71.39.13.57 - - [11/Dec/2007:07:17:54 -0800] "GET /logs/access_070301.log HTTP/1.0" 200 25559 "-" "Mozilla/5.0 (Macintosh; U; PPC Mac OS X; en-us) AppleWebKit/103u (KHTML, like Gecko) Safari/100" "www.shaneperfect.com"
65.102.12.225 - - [11/Dec/2007:07:18:50 -0800] "GET /logs/access_070329.log HTTP/1.0" 200 49820 "-" "Mozilla/4.0 (compatible; MSIE 4.0; Windows 95)" "www.shaneperfect.com"
68.142.212.189 - - [11/Dec/2007:15:33:51 -0800] "GET /robots.txt HTTP/1.0" 404 275 "-" "Yahoo-MMCrawler/3.x (mms dash mmcrawler dash support at yahoo dash inc dot com)" "www.shaneperfect.com"
24.39.219.136 - - [11/Dec/2007:20:59:52 -0800] "GET /logs/access_070301.log HTTP/1.1" 200 25559 "http://www.google.com/search?q=217.212.224.178&rls=com.microsoft:en-us:IE-SearchBox&ie=UTF-8&oe=UTF-8&sourceid=ie7" "Mozilla/4.0 (compatible; MSIE 7.0; Windows NT 5.1; .NET CLR 1.0.3705; .NET CLR 1.1.4322; Media Center PC 4.0; .NET CLR 2.0.50727)" "shaneperfect.com"
24.39.219.136 - - [11/Dec/2007:21:00:07 -0800] "GET /logs/access_070331.log HTTP/1.1" 200 6009 "http://www.google.com/search?q=217.212.224.178&rls=com.microsoft:en-us:IE-SearchBox&ie=UTF-8&oe=UTF-8&sourceid=ie7" "Mozilla/4.0 (compatible; MSIE 7.0; Windows NT 5.1; .NET CLR 1.0.3705; .NET CLR 1.1.4322; Media Center PC 4.0; .NET CLR 2.0.50727)" "www.shaneperfect.com"
69.36.158.39 - - [12/Dec/2007:03:47:11 -0800] "GET /robots.txt HTTP/1.1" 404 275 "-" "Mozilla/5.0 (X11; U; Linux i686; en-US; rv:1.7.12; ips-agent) Gecko/20050922 Fedora/1.0.7-1.1.fc4 Firefox/1.0.7" "www.shaneperfect.com"
69.36.158.39 - - [12/Dec/2007:03:53:31 -0800] "GET / HTTP/1.1" 200 779 "-" "Mozilla/5.0 (X11; U; Linux i686; en-US; rv:1.7.12; ips-agent) Gecko/20050922 Fedora/1.0.7-1.1.fc4 Firefox/1.0.7" "www.shaneperfect.com"
69.36.158.39 - - [12/Dec/2007:03:58:33 -0800] "GET /?N=D HTTP/1.1" 200 779 "-" "Mozilla/5.0 (X11; U; Linux i686; en-US; rv:1.7.12; ips-agent) Gecko/20050922 Fedora/1.0.7-1.1.fc4 Firefox/1.0.7" "www.shaneperfect.com"
69.36.158.39 - - [12/Dec/2007:04:01:35 -0800] "GET /?M=A HTTP/1.1" 200 779 "-" "Mozilla/5.0 (X11; U; Linux i686; en-US; rv:1.7.12; ips-agent) Gecko/20050922 Fedora/1.0.7-1.1.fc4 Firefox/1.0.7" "www.shaneperfect.com"
69.36.158.39 - - [12/Dec/2007:04:04:28 -0800] "GET /?S=A HTTP/1.1" 200 779 "-" "Mozilla/5.0 (X11; U; Linux i686; en-US; rv:1.7.12; ips-agent) Gecko/20050922 Fedora/1.0.7-1.1.fc4 Firefox/1.0.7" "www.shaneperfect.com"
69.36.158.39 - - [12/Dec/2007:04:07:28 -0800] "GET /?D=A HTTP/1.1" 200 779 "-" "Mozilla/5.0 (X11; U; Linux i686; en-US; rv:1.7.12; ips-agent) Gecko/20050922 Fedora/1.0.7-1.1.fc4 Firefox/1.0.7" "www.shaneperfect.com"
69.36.158.39 - - [12/Dec/2007:04:09:45 -0800] "GET /logs/ HTTP/1.1" 200 2946 "-" "Mozilla/5.0 (X11; U; Linux i686; en-US; rv:1.7.12; ips-agent) Gecko/20050922 Fedora/1.0.7-1.1.fc4 Firefox/1.0.7" "www.shaneperfect.com"
69.36.158.39 - - [12/Dec/2007:04:12:16 -0800] "GET /tmp/ HTTP/1.1" 200 520 "-" "Mozilla/5.0 (X11; U; Linux i686; en-US; rv:1.7.12; ips-agent) Gecko/20050922 Fedora/1.0.7-1.1.fc4 Firefox/1.0.7" "www.shaneperfect.com"
69.36.158.39 - - [12/Dec/2007:04:14:39 -0800] "GET /?N=A HTTP/1.1" 200 779 "-" "Mozilla/5.0 (X11; U; Linux i686; en-US; rv:1.7.12; ips-agent) Gecko/20050922 Fedora/1.0.7-1.1.fc4 Firefox/1.0.7" "www.shaneperfect.com"
69.36.158.39 - - [12/Dec/2007:04:19:26 -0800] "GET /?M=D HTTP/1.1" 200 779 "-" "Mozilla/5.0 (X11; U; Linux i686; en-US; rv:1.7.12; ips-agent) Gecko/20050922 Fedora/1.0.7-1.1.fc4 Firefox/1.0.7" "www.shaneperfect.com"
69.36.158.39 - - [12/Dec/2007:04:24:39 -0800] "GET /?S=D HTTP/1.1" 200 779 "-" "Mozilla/5.0 (X11; U; Linux i686; en-US; rv:1.7.12; ips-agent) Gecko/20050922 Fedora/1.0.7-1.1.fc4 Firefox/1.0.7" "www.shaneperfect.com"
68.142.212.193 - - [12/Dec/2007:08:20:15 -0800] "GET /robots.txt HTTP/1.0" 404 275 "-" "Yahoo-MMCrawler/3.x (mms dash mmcrawler dash support at yahoo dash inc dot com)" "shaneperfect.com"
74.52.245.146 - - [12/Dec/2007:08:53:50 -0800] "GET / HTTP/1.0" 200 763 "-" "Mozilla/5.0 (X11; U; Linux i686; en-US; rv:1.7.5) Gecko/20041107 Firefox/1.0" "www.shaneperfect.com"
74.6.19.216 - - [12/Dec/2007:09:36:20 -0800] "GET /robots.txt HTTP/1.0" 404 275 "-" "Mozilla/5.0 (compatible; Yahoo! Slurp; http://help.yahoo.com/help/us/ysearch/slurp)" "www.shaneperfect.com"
74.6.25.171 - - [12/Dec/2007:09:36:21 -0800] "GET /?D=A HTTP/1.0" 200 763 "-" "Mozilla/5.0 (compatible; Yahoo! Slurp; http://help.yahoo.com/help/us/ysearch/slurp)" "www.shaneperfect.com"
38.99.13.121 - - [12/Dec/2007:11:06:09 -0800] "GET /robots.txt HTTP/1.0" 404 275 "-" "Mozilla/5.0 (Twiceler-0.9 http://www.cuill.com/twiceler/robot.html)" "shaneperfect.com"
65.102.12.225 - - [12/Dec/2007:12:19:30 -0800] "GET /logs/access_070331.log HTTP/1.0" 200 6009 "-" "Mozilla/4.0 (compatible; MSIE 4.0; Windows 95)" "www.shaneperfect.com"
65.102.12.225 - - [12/Dec/2007:12:20:07 -0800] "GET /logs/ HTTP/1.0" 200 2930 "-" "Mozilla/4.0 (compatible; MSIE 4.0; Windows 95)" "www.shaneperfect.com"
65.102.12.225 - - [12/Dec/2007:12:21:09 -0800] "GET /logs HTTP/1.0" 301 80 "-" "Mozilla/4.0 (compatible; MSIE 4.0; Windows 95)" "www.shaneperfect.com"
65.102.12.225 - - [12/Dec/2007:12:21:44 -0800] "GET / HTTP/1.0" 200 763 "-" "Mozilla/4.0 (compatible; MSIE 4.0; Windows 95)" "www.shaneperfect.com"
71.39.13.57 - - [12/Dec/2007:12:22:23 -0800] "GET /?N=D HTTP/1.0" 200 763 "-" "Mozilla/5.0 (Macintosh; U; PPC Mac OS X; en-us) AppleWebKit/103u (KHTML, like Gecko) Safari/100" "www.shaneperfect.com"
71.39.13.57 - - [12/Dec/2007:12:23:02 -0800] "GET /?M=A HTTP/1.0" 200 763 "-" "Mozilla/5.0 (Macintosh; U; PPC Mac OS X; en-us) AppleWebKit/103u (KHTML, like Gecko) Safari/100" "www.shaneperfect.com"
71.39.13.57 - - [12/Dec/2007:12:23:35 -0800] "GET /?S=A HTTP/1.0" 200 763 "-" "Mozilla/5.0 (Macintosh; U; PPC Mac OS X; en-us) AppleWebKit/103u (KHTML, like Gecko) Safari/100" "www.shaneperfect.com"
71.39.13.57 - - [12/Dec/2007:12:24:09 -0800] "GET /?D=A HTTP/1.0" 200 763 "-" "Mozilla/5.0 (Macintosh; U; PPC Mac OS X; en-us) AppleWebKit/103u (KHTML, like Gecko) Safari/100" "www.shaneperfect.com"
65.102.12.225 - - [12/Dec/2007:12:24:46 -0800] "GET /logs/access.log HTTP/1.0" 200 38924 "-" "Mozilla/4.0 (compatible; MSIE 4.0; Windows 95)" "www.shaneperfect.com"
65.102.12.225 - - [12/Dec/2007:12:25:27 -0800] "GET /logs/access_070301.log HTTP/1.0" 200 25559 "-" "Mozilla/4.0 (compatible; MSIE 4.0; Windows 95)" "www.shaneperfect.com"
65.102.12.225 - - [12/Dec/2007:12:26:16 -0800] "GET /logs/access_070329.log HTTP/1.0" 200 49820 "-" "Mozilla/4.0 (compatible; MSIE 4.0; Windows 95)" "www.shaneperfect.com"
74.6.19.113 - - [12/Dec/2007:16:02:30 -0800] "GET /robots.txt HTTP/1.0" 404 275 "-" "Mozilla/5.0 (compatible; Yahoo! Slurp; http://help.yahoo.com/help/us/ysearch/slurp)" "shaneperfect.com"
74.6.19.198 - - [12/Dec/2007:16:02:30 -0800] "GET /logs/access_071001.log HTTP/1.0" 200 59526 "-" "Mozilla/5.0 (compatible; Yahoo! Slurp; http://help.yahoo.com/help/us/ysearch/slurp)" "shaneperfect.com"
74.6.19.113 - - [13/Dec/2007:03:46:51 -0800] "GET /robots.txt HTTP/1.0" 404 275 "-" "Mozilla/5.0 (compatible; Yahoo! Slurp; http://help.yahoo.com/help/us/ysearch/slurp)" "shaneperfect.com"
74.6.25.203 - - [13/Dec/2007:03:46:51 -0800] "GET /?M=A HTTP/1.0" 200 763 "-" "Mozilla/5.0 (compatible; Yahoo! Slurp; http://help.yahoo.com/help/us/ysearch/slurp)" "shaneperfect.com"
38.99.13.121 - - [13/Dec/2007:06:18:08 -0800] "GET /robots.txt HTTP/1.0" 404 275 "-" "Mozilla/5.0 (Twiceler-0.9 http://www.cuill.com/twiceler/robot.html)" "shaneperfect.com"
66.249.65.180 - - [13/Dec/2007:06:49:06 -0800] "GET /robots.txt HTTP/1.1" 404 275 "-" "Mozilla/5.0 (compatible; Googlebot/2.1; +http://www.google.com/bot.html)" "shaneperfect.com"
66.249.65.180 - - [13/Dec/2007:06:49:06 -0800] "GET /logs/access_071101.log HTTP/1.1" 304 - "-" "Mozilla/5.0 (compatible; Googlebot/2.1; +http://www.google.com/bot.html)" "shaneperfect.com"
80.191.68.30 - - [13/Dec/2007:08:08:40 -0800] "GET /logs/access_070331.log HTTP/1.1" 200 6009 "http://www.google.com/search?hl=en&q=picsearch.com%2Fbot" "Mozilla/4.0 (compatible; MSIE 6.0; Windows NT 5.1; SV1)" "www.shaneperfect.com"
74.6.19.216 - - [13/Dec/2007:09:11:08 -0800] "GET /robots.txt HTTP/1.0" 404 275 "-" "Mozilla/5.0 (compatible; Yahoo! Slurp; http://help.yahoo.com/help/us/ysearch/slurp)" "www.shaneperfect.com"
74.6.23.71 - - [13/Dec/2007:09:11:08 -0800] "GET /?M=A HTTP/1.0" 200 763 "-" "Mozilla/5.0 (compatible; Yahoo! Slurp; http://help.yahoo.com/help/us/ysearch/slurp)" "www.shaneperfect.com"
86.121.117.58 - - [13/Dec/2007:10:28:52 -0800] "GET /logs/access_070331.log HTTP/1.1" 200 6009 "-" "Mozilla/4.0 (compatible; MSIE 7.0; Windows NT 5.1; .NET CLR 1.1.4322; .NET CLR 2.0.50727; .NET CLR 3.0.04506.30)" "www.shaneperfect.com"
86.121.117.58 - - [13/Dec/2007:11:15:26 -0800] "GET /logs/access_070331.log HTTP/1.1" 304 - "-" "Mozilla/4.0 (compatible; MSIE 7.0; Windows NT 5.1; .NET CLR 1.1.4322; .NET CLR 2.0.50727; .NET CLR 3.0.04506.30)" "www.shaneperfect.com"
203.15.64.15 - - [13/Dec/2007:18:43:38 -0800] "GET / HTTP/1.1" 200 779 "http://www.google.com/search?complete=1&hl=en&q=purfect+intitle%3A%22index+of%22+%22last+modified%22+%22parent+directory%22+-inurl+-htm+-html+-php" "Mozilla/4.0 (compatible; MSIE 6.0; Windows NT 5.1; SV1; .NET CLR 2.0.50727; .NET CLR 3.0.04506.30)" "shaneperfect.com"
203.15.64.15 - - [13/Dec/2007:18:43:50 -0800] "GET /tmp/ HTTP/1.1" 200 520 "http://shaneperfect.com/" "Mozilla/4.0 (compatible; MSIE 6.0; Windows NT 5.1; SV1; .NET CLR 2.0.50727; .NET CLR 3.0.04506.30)" "shaneperfect.com"
66.249.72.66 - - [13/Dec/2007:19:29:14 -0800] "GET /robots.txt HTTP/1.1" 404 275 "-" "Mozilla/5.0 (compatible; Googlebot/2.1; +http://www.google.com/bot.html)" "shaneperfect.com"
66.249.72.66 - - [13/Dec/2007:19:29:14 -0800] "GET /logs/access_070901.log HTTP/1.1" 200 86106 "-" "Mozilla/5.0 (compatible; Googlebot/2.1; +http://www.google.com/bot.html)" "shaneperfect.com"
74.6.19.114 - - [13/Dec/2007:23:25:22 -0800] "GET /robots.txt HTTP/1.0" 404 275 "-" "Mozilla/5.0 (compatible; Yahoo! Slurp; http://help.yahoo.com/help/us/ysearch/slurp)" "shaneperfect.com"
74.6.29.32 - - [13/Dec/2007:23:25:22 -0800] "GET /logs/access_070330.log HTTP/1.0" 200 2550 "-" "Mozilla/5.0 (compatible; Yahoo! Slurp; http://help.yahoo.com/help/us/ysearch/slurp)" "shaneperfect.com"
68.142.212.189 - - [13/Dec/2007:23:41:12 -0800] "GET /robots.txt HTTP/1.0" 404 275 "-" "Yahoo-MMCrawler/3.x (mms dash mmcrawler dash support at yahoo dash inc dot com)" "www.shaneperfect.com"
74.6.19.114 - - [14/Dec/2007:10:12:37 -0800] "GET /robots.txt HTTP/1.0" 404 275 "-" "Mozilla/5.0 (compatible; Yahoo! Slurp; http://help.yahoo.com/help/us/ysearch/slurp)" "shaneperfect.com"
74.6.23.213 - - [14/Dec/2007:10:12:37 -0800] "GET / HTTP/1.0" 200 763 "-" "Mozilla/5.0 (compatible; Yahoo! Slurp; http://help.yahoo.com/help/us/ysearch/slurp)" "shaneperfect.com"
74.6.19.166 - - [14/Dec/2007:10:14:28 -0800] "GET /logs/ HTTP/1.0" 200 2930 "-" "Mozilla/5.0 (compatible; Yahoo! Slurp; http://help.yahoo.com/help/us/ysearch/slurp)" "shaneperfect.com"
74.6.26.166 - - [14/Dec/2007:10:16:29 -0800] "GET /tmp/ HTTP/1.0" 200 504 "-" "Mozilla/5.0 (compatible; Yahoo! Slurp; http://help.yahoo.com/help/us/ysearch/slurp)" "shaneperfect.com"
74.6.27.31 - - [14/Dec/2007:10:27:06 -0800] "GET /?S=A HTTP/1.0" 200 763 "-" "Mozilla/5.0 (compatible; Yahoo! Slurp; http://help.yahoo.com/help/us/ysearch/slurp)" "shaneperfect.com"
68.142.212.193 - - [14/Dec/2007:15:08:34 -0800] "GET /robots.txt HTTP/1.0" 404 275 "-" "Yahoo-MMCrawler/3.x (mms dash mmcrawler dash support at yahoo dash inc dot com)" "shaneperfect.com"
38.99.13.121 - - [14/Dec/2007:15:28:02 -0800] "GET /robots.txt HTTP/1.0" 404 275 "-" "Mozilla/5.0 (Twiceler-0.9 http://www.cuill.com/twiceler/robot.html)" "shaneperfect.com"
74.6.19.114 - - [14/Dec/2007:15:29:05 -0800] "GET /robots.txt HTTP/1.0" 404 275 "-" "Mozilla/5.0 (compatible; Yahoo! Slurp; http://help.yahoo.com/help/us/ysearch/slurp)" "shaneperfect.com"
74.6.26.113 - - [14/Dec/2007:15:29:05 -0800] "GET /?D=A HTTP/1.0" 200 763 "-" "Mozilla/5.0 (compatible; Yahoo! Slurp; http://help.yahoo.com/help/us/ysearch/slurp)" "shaneperfect.com"
83.222.23.238 - - [14/Dec/2007:20:42:55 -0800] "GET /logs/access_070331.log HTTP/1.1" 200 6009 "http://google.com" "Mozilla/4.0 (compatible; MSIE 5.01; Windows NT 5.0)" "www.shaneperfect.com"
63.123.238.8 - - [14/Dec/2007:22:29:56 -0800] "GET /robots.txt HTTP/1.1" 404 275 "-" "Mozilla/2.0 (compatible; Ask Jeeves/Teoma)" "www.shaneperfect.com"
63.123.238.8 - - [14/Dec/2007:22:29:56 -0800] "GET / HTTP/1.1" 200 779 "-" "Mozilla/2.0 (compatible; Ask Jeeves/Teoma)" "www.shaneperfect.com"
74.6.19.114 - - [15/Dec/2007:03:51:44 -0800] "GET /robots.txt HTTP/1.0" 404 275 "-" "Mozilla/5.0 (compatible; Yahoo! Slurp; http://help.yahoo.com/help/us/ysearch/slurp)" "shaneperfect.com"
74.6.25.203 - - [15/Dec/2007:03:51:44 -0800] "GET /?M=A HTTP/1.0" 200 763 "-" "Mozilla/5.0 (compatible; Yahoo! Slurp; http://help.yahoo.com/help/us/ysearch/slurp)" "shaneperfect.com"
66.249.72.66 - - [15/Dec/2007:06:08:38 -0800] "GET /robots.txt HTTP/1.1" 404 275 "-" "Mozilla/5.0 (compatible; Googlebot/2.1; +http://www.google.com/bot.html)" "shaneperfect.com"
66.249.72.66 - - [15/Dec/2007:06:08:38 -0800] "GET /logs/access_070801.log HTTP/1.1" 304 - "-" "Mozilla/5.0 (compatible; Googlebot/2.1; +http://www.google.com/bot.html)" "shaneperfect.com"
74.6.22.216 - - [15/Dec/2007:07:37:54 -0800] "GET /robots.txt HTTP/1.0" 404 275 "-" "Mozilla/5.0 (compatible; Yahoo! Slurp; http://help.yahoo.com/help/us/ysearch/slurp)" "www.shaneperfect.com"
74.6.25.148 - - [15/Dec/2007:07:37:55 -0800] "GET / HTTP/1.0" 200 763 "-" "Mozilla/5.0 (compatible; Yahoo! Slurp; http://help.yahoo.com/help/us/ysearch/slurp)" "www.shaneperfect.com"
74.6.29.33 - - [15/Dec/2007:08:33:51 -0800] "GET /tmp/ HTTP/1.0" 200 504 "-" "Mozilla/5.0 (compatible; Yahoo! Slurp; http://help.yahoo.com/help/us/ysearch/slurp)" "www.shaneperfect.com"
74.6.25.156 - - [15/Dec/2007:09:45:42 -0800] "GET /?N=D HTTP/1.0" 200 763 "-" "Mozilla/5.0 (compatible; Yahoo! Slurp; http://help.yahoo.com/help/us/ysearch/slurp)" "www.shaneperfect.com"
72.30.179.220 - - [15/Dec/2007:10:05:35 -0800] "GET /?D=D HTTP/1.0" 200 763 "-" "Mozilla/5.0 (compatible; Yahoo! Slurp; http://help.yahoo.com/help/us/ysearch/slurp)" "shaneperfect.com"
64.34.145.198 - - [15/Dec/2007:11:22:36 -0800] "GET /robots.txt HTTP/1.0" 404 275 "-" "SBIder/SBIder-0.8.2-dev (http://www.sitesell.com/sbider.html)" "www.shaneperfect.com"
64.34.145.198 - - [15/Dec/2007:11:22:37 -0800] "GET / HTTP/1.0" 200 763 "-" "SBIder/SBIder-0.8.2-dev (http://www.sitesell.com/sbider.html)" "www.shaneperfect.com"
74.6.22.216 - - [16/Dec/2007:03:51:19 -0800] "GET /robots.txt HTTP/1.0" 404 275 "-" "Mozilla/5.0 (compatible; Yahoo! Slurp; http://help.yahoo.com/help/us/ysearch/slurp)" "www.shaneperfect.com"
74.6.24.72 - - [16/Dec/2007:03:51:19 -0800] "GET /?S=A HTTP/1.0" 200 763 "-" "Mozilla/5.0 (compatible; Yahoo! Slurp; http://help.yahoo.com/help/us/ysearch/slurp)" "www.shaneperfect.com"
66.249.72.66 - - [16/Dec/2007:05:45:50 -0800] "GET /robots.txt HTTP/1.1" 404 275 "-" "Mozilla/5.0 (compatible; Googlebot/2.1; +http://www.google.com/bot.html)" "shaneperfect.com"
66.249.72.66 - - [16/Dec/2007:05:45:50 -0800] "GET /logs/ HTTP/1.1" 200 2946 "-" "Mozilla/5.0 (compatible; Googlebot/2.1; +http://www.google.com/bot.html)" "shaneperfect.com"
68.142.212.189 - - [16/Dec/2007:06:36:43 -0800] "GET /robots.txt HTTP/1.0" 404 275 "-" "Yahoo-MMCrawler/3.x (mms dash mmcrawler dash support at yahoo dash inc dot com)" "www.shaneperfect.com"
66.249.72.66 - - [16/Dec/2007:10:08:42 -0800] "GET /logs/access.log HTTP/1.1" 200 48416 "-" "Mozilla/5.0 (compatible; Googlebot/2.1; +http://www.google.com/bot.html)" "shaneperfect.com"
74.6.22.216 - - [16/Dec/2007:11:44:11 -0800] "GET /robots.txt HTTP/1.0" 404 275 "-" "Mozilla/5.0 (compatible; Yahoo! Slurp; http://help.yahoo.com/help/us/ysearch/slurp)" "www.shaneperfect.com"
74.6.20.217 - - [16/Dec/2007:11:44:12 -0800] "GET /logs/access_070501.log HTTP/1.0" 200 70463 "-" "Mozilla/5.0 (compatible; Yahoo! Slurp; http://help.yahoo.com/help/us/ysearch/slurp)" "www.shaneperfect.com"
66.249.72.66 - - [16/Dec/2007:12:20:05 -0800] "GET /logs/access_070731.log HTTP/1.1" 304 - "-" "Mozilla/5.0 (compatible; Googlebot/2.1; +http://www.google.com/bot.html)" "shaneperfect.com"
74.6.24.48 - - [16/Dec/2007:12:53:31 -0800] "GET /?M=A HTTP/1.0" 200 763 "-" "Mozilla/5.0 (compatible; Yahoo! Slurp; http://help.yahoo.com/help/us/ysearch/slurp)" "www.shaneperfect.com"
74.6.22.216 - - [17/Dec/2007:00:05:28 -0800] "GET /robots.txt HTTP/1.0" 404 275 "-" "Mozilla/5.0 (compatible; Yahoo! Slurp; http://help.yahoo.com/help/us/ysearch/slurp)" "www.shaneperfect.com"
74.6.23.206 - - [17/Dec/2007:00:05:28 -0800] "GET /logs/ HTTP/1.0" 200 2930 "-" "Mozilla/5.0 (compatible; Yahoo! Slurp; http://help.yahoo.com/help/us/ysearch/slurp)" "www.shaneperfect.com"
76.112.255.215 - - [17/Dec/2007:03:06:21 -0800] "GET / HTTP/1.1" 200 779 "http://hollyheath.com/fineart.html" "Mozilla/5.0 (Macintosh; U; Intel Mac OS X; en-US; rv:1.8.1.11) Gecko/20071127 Firefox/2.0.0.11" "shaneperfect.com"
