68.142.212.189 - - [01/Nov/2007:08:21:43 -0700] "GET /robots.txt HTTP/1.0" 404 275 "-" "Yahoo-MMCrawler/3.x (mms dash mmcrawler dash support at yahoo dash inc dot com)" "www.shaneperfect.com"
12.31.97.45 - - [01/Nov/2007:09:10:56 -0700] "GET / HTTP/1.1" 200 779 "http://hollyheath.com/artiststatement.html" "Mozilla/4.0 (compatible; MSIE 7.0; Windows NT 5.1; .NET CLR 1.1.4322)" "shaneperfect.com"
12.31.97.45 - - [01/Nov/2007:09:10:56 -0700] "GET /favicon.ico HTTP/1.1" 404 275 "-" "Mozilla/4.0 (compatible; MSIE 7.0; Windows NT 5.1; .NET CLR 1.1.4322)" "shaneperfect.com"
12.31.97.45 - - [01/Nov/2007:09:11:03 -0700] "GET / HTTP/1.1" 200 779 "http://shaneperfect.com/" "Mozilla/4.0 (compatible; MSIE 7.0; Windows NT 5.1; .NET CLR 1.1.4322)" "shaneperfect.com"
12.31.97.45 - - [01/Nov/2007:09:11:09 -0700] "GET / HTTP/1.1" 200 779 "http://shaneperfect.com/" "Mozilla/4.0 (compatible; MSIE 7.0; Windows NT 5.1; .NET CLR 1.1.4322)" "shaneperfect.com"
71.97.154.230 - - [01/Nov/2007:11:19:20 -0700] "GET / HTTP/1.1" 200 779 "http://hollyheath.com/fineart.html" "Mozilla/5.0 (Windows; U; Windows NT 5.1; en-US; rv:1.8.1.8) Gecko/20071008 Firefox/2.0.0.8" "shaneperfect.com"
71.97.154.230 - - [01/Nov/2007:11:19:21 -0700] "GET /favicon.ico HTTP/1.1" 404 275 "-" "Mozilla/5.0 (Windows; U; Windows NT 5.1; en-US; rv:1.8.1.8) Gecko/20071008 Firefox/2.0.0.8" "shaneperfect.com"
71.97.169.234 - - [01/Nov/2007:13:29:41 -0700] "GET / HTTP/1.1" 200 779 "http://www.hollyheath.com/fineart.html" "Mozilla/4.0 (compatible; MSIE 7.0; Windows NT 5.1; .NET CLR 1.1.4322)" "shaneperfect.com"
71.97.169.234 - - [01/Nov/2007:13:29:42 -0700] "GET /favicon.ico HTTP/1.1" 404 275 "-" "Mozilla/4.0 (compatible; MSIE 7.0; Windows NT 5.1; .NET CLR 1.1.4322)" "shaneperfect.com"
82.99.30.35 - - [02/Nov/2007:01:00:40 -0700] "GET / HTTP/1.0" 200 763 "-" "Mozilla/4.0 (compatible; MSIE 6.0; Windows NT 5.1)" "www.shaneperfect.com"
74.6.19.114 - - [02/Nov/2007:01:02:50 -0700] "GET /robots.txt HTTP/1.0" 404 275 "-" "Mozilla/5.0 (compatible; Yahoo! Slurp; http://help.yahoo.com/help/us/ysearch/slurp)" "shaneperfect.com"
74.6.23.213 - - [02/Nov/2007:01:02:50 -0700] "GET / HTTP/1.0" 200 763 "-" "Mozilla/5.0 (compatible; Yahoo! Slurp; http://help.yahoo.com/help/us/ysearch/slurp)" "shaneperfect.com"
193.167.107.251 - - [02/Nov/2007:08:05:06 -0700] "GET /robots.txt HTTP/1.0" 404 275 "http://majestic12.co.uk/bot.php?I=735DF6B05A49BFAD320A474734527115-E7A0690613FAB95F-B03B828737267256-shaneperfect.com" "Mozilla/5.0 (compatible; MJ12bot/v1.2.1; http://www.majestic12.co.uk/bot.php?+)" "shaneperfect.com"
193.167.107.251 - - [02/Nov/2007:08:05:06 -0700] "GET / HTTP/1.1" 200 779 "-" "Mozilla/5.0 (compatible; MJ12bot/v1.2.1; http://www.majestic12.co.uk/bot.php?+)" "shaneperfect.com"
68.142.212.193 - - [02/Nov/2007:10:17:32 -0700] "GET /robots.txt HTTP/1.0" 404 275 "-" "Yahoo-MMCrawler/3.x (mms dash mmcrawler dash support at yahoo dash inc dot com)" "shaneperfect.com"
74.6.19.114 - - [02/Nov/2007:16:12:56 -0700] "GET /robots.txt HTTP/1.0" 404 275 "-" "Mozilla/5.0 (compatible; Yahoo! Slurp; http://help.yahoo.com/help/us/ysearch/slurp)" "shaneperfect.com"
74.6.25.203 - - [02/Nov/2007:16:12:57 -0700] "GET /?M=A HTTP/1.0" 200 763 "-" "Mozilla/5.0 (compatible; Yahoo! Slurp; http://help.yahoo.com/help/us/ysearch/slurp)" "shaneperfect.com"
71.57.185.242 - - [02/Nov/2007:19:57:42 -0700] "GET /logs/access_070301.log HTTP/1.1" 200 25559 "http://www.google.com/search?sourceid=navclient&ie=UTF-8&rlz=1T4GZAZ_enUS224US224&q=217%2e212%2e224%2e178" "Mozilla/4.0 (compatible; MSIE 7.0; Windows NT 6.0; SLCC1; .NET CLR 2.0.50727; Media Center PC 5.0; .NET CLR 3.0.04506; InfoPath.2)" "shaneperfect.com"
82.99.30.36 - - [02/Nov/2007:22:13:21 -0700] "GET / HTTP/1.0" 200 763 "-" "Mozilla/4.0 (compatible; MSIE 6.0; Windows NT 5.1)" "www.shaneperfect.com"
63.123.238.8 - - [02/Nov/2007:22:44:09 -0700] "GET /robots.txt HTTP/1.1" 404 275 "-" "Mozilla/2.0 (compatible; Ask Jeeves/Teoma)" "www.shaneperfect.com"
63.123.238.8 - - [02/Nov/2007:22:44:09 -0700] "GET / HTTP/1.1" 200 779 "-" "Mozilla/2.0 (compatible; Ask Jeeves/Teoma)" "www.shaneperfect.com"
74.6.22.216 - - [03/Nov/2007:01:00:15 -0700] "GET /robots.txt HTTP/1.0" 404 275 "-" "Mozilla/5.0 (compatible; Yahoo! Slurp; http://help.yahoo.com/help/us/ysearch/slurp)" "www.shaneperfect.com"
74.6.25.148 - - [03/Nov/2007:01:00:15 -0700] "GET / HTTP/1.0" 200 763 "-" "Mozilla/5.0 (compatible; Yahoo! Slurp; http://help.yahoo.com/help/us/ysearch/slurp)" "www.shaneperfect.com"
64.34.145.201 - - [03/Nov/2007:02:48:52 -0700] "GET /robots.txt HTTP/1.0" 404 275 "-" "SBIder/SBIder-0.8.2-dev (http://www.sitesell.com/sbider.html)" "www.shaneperfect.com"
64.34.145.201 - - [03/Nov/2007:02:48:52 -0700] "GET / HTTP/1.0" 200 763 "-" "SBIder/SBIder-0.8.2-dev (http://www.sitesell.com/sbider.html)" "www.shaneperfect.com"
71.120.171.150 - - [03/Nov/2007:06:13:57 -0700] "GET / HTTP/1.1" 200 779 "-" "Mozilla/5.0 (Windows; U; Windows NT 5.1; en-US; rv:1.7.2) Gecko/20040804 Netscape/7.2 (ax)" "shaneperfect.com"
71.120.171.150 - - [03/Nov/2007:06:13:58 -0700] "GET /favicon.ico HTTP/1.1" 404 275 "-" "Mozilla/5.0 (Windows; U; Windows NT 5.1; en-US; rv:1.7.2) Gecko/20040804 Netscape/7.2 (ax)" "shaneperfect.com"
71.120.171.150 - - [03/Nov/2007:06:14:19 -0700] "GET / HTTP/1.1" 200 779 "-" "Mozilla/5.0 (Windows; U; Windows NT 5.1; en-US; rv:1.7.2) Gecko/20040804 Netscape/7.2 (ax)" "www.shaneperfect.com"
71.120.171.150 - - [03/Nov/2007:06:14:19 -0700] "GET /favicon.ico HTTP/1.1" 404 275 "-" "Mozilla/5.0 (Windows; U; Windows NT 5.1; en-US; rv:1.7.2) Gecko/20040804 Netscape/7.2 (ax)" "www.shaneperfect.com"
216.99.137.2 - - [03/Nov/2007:07:11:18 -0700] "GET /logs/access_070331.log HTTP/1.1" 200 6009 "-" "Mozilla/4.0 (compatible; MSIE 7.0; Windows NT 5.1; SV1; .NET CLR 2.0.50727)" "www.shaneperfect.com"
68.142.212.189 - - [03/Nov/2007:11:37:53 -0700] "GET /robots.txt HTTP/1.0" 404 275 "-" "Yahoo-MMCrawler/3.x (mms dash mmcrawler dash support at yahoo dash inc dot com)" "www.shaneperfect.com"
82.99.30.67 - - [03/Nov/2007:23:54:33 -0700] "GET /robots.txt HTTP/1.0" 404 275 "-" "Mozilla/4.0 (compatible; MSIE 6.0; Windows NT 5.1)" "www.shaneperfect.com"
82.99.30.52 - - [03/Nov/2007:23:54:34 -0700] "GET /?M=A HTTP/1.0" 200 763 "-" "Mozilla/4.0 (compatible; MSIE 6.0; Windows NT 5.1)" "www.shaneperfect.com"
74.6.19.114 - - [04/Nov/2007:01:03:05 -0800] "GET /robots.txt HTTP/1.0" 404 275 "-" "Mozilla/5.0 (compatible; Yahoo! Slurp; http://help.yahoo.com/help/us/ysearch/slurp)" "shaneperfect.com"
74.6.19.166 - - [04/Nov/2007:01:03:05 -0800] "GET /logs/ HTTP/1.0" 200 2787 "-" "Mozilla/5.0 (compatible; Yahoo! Slurp; http://help.yahoo.com/help/us/ysearch/slurp)" "shaneperfect.com"
74.6.28.27 - - [04/Nov/2007:05:09:33 -0800] "GET /?S=A HTTP/1.0" 200 763 "-" "Mozilla/5.0 (compatible; Yahoo! Slurp; http://help.yahoo.com/help/us/ysearch/slurp)" "shaneperfect.com"
68.142.212.193 - - [04/Nov/2007:14:17:02 -0800] "GET /robots.txt HTTP/1.0" 404 275 "-" "Yahoo-MMCrawler/3.x (mms dash mmcrawler dash support at yahoo dash inc dot com)" "shaneperfect.com"
151.199.7.188 - - [04/Nov/2007:16:53:47 -0800] "GET /tmp/ HTTP/1.1" 200 520 "-" "Mozilla/5.0 (Windows; U; Windows NT 5.1; en-US; rv:1.8.1.8) Gecko/20071008 Firefox/2.0.0.8" "shaneperfect.com"
151.199.7.188 - - [04/Nov/2007:16:53:48 -0800] "GET / HTTP/1.1" 200 779 "-" "Mozilla/5.0 (Windows; U; Windows NT 5.1; en-US; rv:1.8.1.8) Gecko/20071008 Firefox/2.0.0.8" "shaneperfect.com"
82.99.30.7 - - [04/Nov/2007:17:34:16 -0800] "GET /?N=A HTTP/1.0" 200 763 "-" "Mozilla/4.0 (compatible; MSIE 6.0; Windows NT 5.1)" "www.shaneperfect.com"
208.70.28.58 - - [05/Nov/2007:00:21:16 -0800] "GET /robots.txt HTTP/1.1" 404 275 "-" "ia_archiver-web.archive.org" "shaneperfect.com"
74.6.19.114 - - [05/Nov/2007:05:56:32 -0800] "GET /robots.txt HTTP/1.0" 404 275 "-" "Mozilla/5.0 (compatible; Yahoo! Slurp; http://help.yahoo.com/help/us/ysearch/slurp)" "shaneperfect.com"
74.6.19.217 - - [05/Nov/2007:05:56:32 -0800] "GET /?N=D HTTP/1.0" 200 763 "-" "Mozilla/5.0 (compatible; Yahoo! Slurp; http://help.yahoo.com/help/us/ysearch/slurp)" "shaneperfect.com"
217.169.46.98 - - [05/Nov/2007:11:33:42 -0800] "GET /logs/access_070331.log HTTP/1.1" 200 6009 "-" "Mozilla/4.0" "shaneperfect.com"
71.188.137.214 - - [05/Nov/2007:12:39:46 -0800] "GET / HTTP/1.1" 200 779 "http://www.hollyheath.com/fineart.html" "Mozilla/5.0 (Windows; U; Windows NT 5.1; en-US; rv:1.7.2) Gecko/20040804 Netscape/7.2 (ax;nscd1)" "shaneperfect.com"
71.188.137.214 - - [05/Nov/2007:12:39:46 -0800] "GET /favicon.ico HTTP/1.1" 404 275 "-" "Mozilla/5.0 (Windows; U; Windows NT 5.1; en-US; rv:1.7.2) Gecko/20040804 Netscape/7.2 (ax;nscd1)" "shaneperfect.com"
66.249.66.46 - - [05/Nov/2007:13:27:07 -0800] "GET /robots.txt HTTP/1.1" 404 275 "-" "Mozilla/5.0 (compatible; Googlebot/2.1; +http://www.google.com/bot.html)" "shaneperfect.com"
66.249.66.46 - - [05/Nov/2007:13:27:07 -0800] "GET /logs/ HTTP/1.1" 200 2803 "-" "Mozilla/5.0 (compatible; Googlebot/2.1; +http://www.google.com/bot.html)" "shaneperfect.com"
64.34.145.199 - - [05/Nov/2007:13:39:09 -0800] "GET /robots.txt HTTP/1.0" 404 275 "-" "SBIder/SBIder-0.8.2-dev (http://www.sitesell.com/sbider.html)" "www.shaneperfect.com"
64.34.145.199 - - [05/Nov/2007:13:39:09 -0800] "GET / HTTP/1.0" 200 763 "-" "SBIder/SBIder-0.8.2-dev (http://www.sitesell.com/sbider.html)" "www.shaneperfect.com"
68.142.212.189 - - [05/Nov/2007:14:49:49 -0800] "GET /robots.txt HTTP/1.0" 404 275 "-" "Yahoo-MMCrawler/3.x (mms dash mmcrawler dash support at yahoo dash inc dot com)" "www.shaneperfect.com"
69.36.158.12 - - [05/Nov/2007:17:54:19 -0800] "GET /robots.txt HTTP/1.1" 404 275 "-" "Mozilla/5.0 (X11; U; Linux i686; en-US; rv:1.7.12; ips-agent) Gecko/20050922 Fedora/1.0.7-1.1.fc4 Firefox/1.0.7" "www.shaneperfect.com"
69.36.158.12 - - [05/Nov/2007:18:01:33 -0800] "GET / HTTP/1.1" 200 779 "-" "Mozilla/5.0 (X11; U; Linux i686; en-US; rv:1.7.12; ips-agent) Gecko/20050922 Fedora/1.0.7-1.1.fc4 Firefox/1.0.7" "www.shaneperfect.com"
69.36.158.12 - - [05/Nov/2007:18:07:26 -0800] "GET /?N=D HTTP/1.1" 200 779 "-" "Mozilla/5.0 (X11; U; Linux i686; en-US; rv:1.7.12; ips-agent) Gecko/20050922 Fedora/1.0.7-1.1.fc4 Firefox/1.0.7" "www.shaneperfect.com"
69.36.158.12 - - [05/Nov/2007:18:13:24 -0800] "GET /?M=A HTTP/1.1" 200 779 "-" "Mozilla/5.0 (X11; U; Linux i686; en-US; rv:1.7.12; ips-agent) Gecko/20050922 Fedora/1.0.7-1.1.fc4 Firefox/1.0.7" "www.shaneperfect.com"
69.36.158.12 - - [05/Nov/2007:18:18:58 -0800] "GET /?S=A HTTP/1.1" 200 779 "-" "Mozilla/5.0 (X11; U; Linux i686; en-US; rv:1.7.12; ips-agent) Gecko/20050922 Fedora/1.0.7-1.1.fc4 Firefox/1.0.7" "www.shaneperfect.com"
69.36.158.12 - - [05/Nov/2007:18:23:35 -0800] "GET /?D=A HTTP/1.1" 200 779 "-" "Mozilla/5.0 (X11; U; Linux i686; en-US; rv:1.7.12; ips-agent) Gecko/20050922 Fedora/1.0.7-1.1.fc4 Firefox/1.0.7" "www.shaneperfect.com"
69.36.158.12 - - [05/Nov/2007:18:26:43 -0800] "GET /logs/ HTTP/1.1" 200 2803 "-" "Mozilla/5.0 (X11; U; Linux i686; en-US; rv:1.7.12; ips-agent) Gecko/20050922 Fedora/1.0.7-1.1.fc4 Firefox/1.0.7" "www.shaneperfect.com"
69.36.158.12 - - [05/Nov/2007:18:28:59 -0800] "GET /tmp/ HTTP/1.1" 200 520 "-" "Mozilla/5.0 (X11; U; Linux i686; en-US; rv:1.7.12; ips-agent) Gecko/20050922 Fedora/1.0.7-1.1.fc4 Firefox/1.0.7" "www.shaneperfect.com"
69.36.158.12 - - [05/Nov/2007:18:30:27 -0800] "GET /?N=A HTTP/1.1" 200 779 "-" "Mozilla/5.0 (X11; U; Linux i686; en-US; rv:1.7.12; ips-agent) Gecko/20050922 Fedora/1.0.7-1.1.fc4 Firefox/1.0.7" "www.shaneperfect.com"
69.36.158.12 - - [05/Nov/2007:18:31:35 -0800] "GET /?M=D HTTP/1.1" 200 779 "-" "Mozilla/5.0 (X11; U; Linux i686; en-US; rv:1.7.12; ips-agent) Gecko/20050922 Fedora/1.0.7-1.1.fc4 Firefox/1.0.7" "www.shaneperfect.com"
69.36.158.12 - - [05/Nov/2007:18:32:27 -0800] "GET /?S=D HTTP/1.1" 200 779 "-" "Mozilla/5.0 (X11; U; Linux i686; en-US; rv:1.7.12; ips-agent) Gecko/20050922 Fedora/1.0.7-1.1.fc4 Firefox/1.0.7" "www.shaneperfect.com"
66.249.65.36 - - [06/Nov/2007:07:18:30 -0800] "GET /robots.txt HTTP/1.1" 404 275 "-" "Mozilla/5.0 (compatible; Googlebot/2.1; +http://www.google.com/bot.html)" "www.shaneperfect.com"
66.249.65.36 - - [06/Nov/2007:07:18:30 -0800] "GET /logs/access_070501.log HTTP/1.1" 200 70463 "-" "Mozilla/5.0 (compatible; Googlebot/2.1; +http://www.google.com/bot.html)" "www.shaneperfect.com"
66.249.66.110 - - [06/Nov/2007:10:41:07 -0800] "GET /robots.txt HTTP/1.1" 404 275 "-" "Mozilla/5.0 (compatible; Googlebot/2.1; +http://www.google.com/bot.html)" "shaneperfect.com"
66.249.66.110 - - [06/Nov/2007:10:41:07 -0800] "GET /logs/access_070401.log HTTP/1.1" 200 1955 "-" "Mozilla/5.0 (compatible; Googlebot/2.1; +http://www.google.com/bot.html)" "shaneperfect.com"
38.114.104.147 - - [06/Nov/2007:11:42:41 -0800] "GET /robots.txt HTTP/1.0" 404 275 "-" "Gigabot/3.0 (http://www.gigablast.com/spider.html)" "www.shaneperfect.com"
38.114.104.110 - - [06/Nov/2007:11:42:42 -0800] "GET / HTTP/1.0" 200 763 "-" "Gigabot/3.0 (http://www.gigablast.com/spider.html)" "www.shaneperfect.com"
83.138.172.76 - - [06/Nov/2007:11:59:42 -0800] "GET /robots.txt HTTP/1.0" 404 275 "http://majestic12.co.uk/bot.php?I=735DF6B05A49BFAD320A474734527115-7F397F58862A3560-00B0ADF121F74564-shaneperfect.com" "Mozilla/5.0 (compatible; MJ12bot/v1.2.1; http://www.majestic12.co.uk/bot.php?+)" "shaneperfect.com"
83.138.172.76 - - [06/Nov/2007:11:59:46 -0800] "GET / HTTP/1.0" 200 763 "-" "Mozilla/5.0 (compatible; MJ12bot/v1.2.1; http://www.majestic12.co.uk/bot.php?+)" "shaneperfect.com"
68.142.212.193 - - [06/Nov/2007:21:16:36 -0800] "GET /robots.txt HTTP/1.0" 404 275 "-" "Yahoo-MMCrawler/3.x (mms dash mmcrawler dash support at yahoo dash inc dot com)" "shaneperfect.com"
66.249.66.229 - - [06/Nov/2007:21:19:32 -0800] "GET /logs/access_071031.log HTTP/1.1" 200 74325 "-" "Mozilla/5.0 (compatible; Googlebot/2.1; +http://www.google.com/bot.html)" "shaneperfect.com"
66.249.72.132 - - [07/Nov/2007:07:19:30 -0800] "GET /robots.txt HTTP/1.1" 404 275 "-" "Mozilla/5.0 (compatible; Googlebot/2.1; +http://www.google.com/bot.html)" "shaneperfect.com"
66.249.72.132 - - [07/Nov/2007:07:19:30 -0800] "GET /logs/access_071101.log HTTP/1.1" 200 2087 "-" "Mozilla/5.0 (compatible; Googlebot/2.1; +http://www.google.com/bot.html)" "shaneperfect.com"
66.249.66.203 - - [07/Nov/2007:22:15:43 -0800] "GET /robots.txt HTTP/1.1" 404 275 "-" "Mozilla/5.0 (compatible; Googlebot/2.1; +http://www.google.com/bot.html)" "shaneperfect.com"
66.249.66.203 - - [07/Nov/2007:22:15:43 -0800] "GET /logs/access_070301.log HTTP/1.1" 304 - "-" "Mozilla/5.0 (compatible; Googlebot/2.1; +http://www.google.com/bot.html)" "shaneperfect.com"
68.142.212.189 - - [07/Nov/2007:23:39:18 -0800] "GET /robots.txt HTTP/1.0" 404 275 "-" "Yahoo-MMCrawler/3.x (mms dash mmcrawler dash support at yahoo dash inc dot com)" "www.shaneperfect.com"
38.105.83.12 - - [08/Nov/2007:00:54:42 -0800] "GET / HTTP/1.1" 200 779 "-" "Mozilla/4.0 (compatible; MSIE 6.0; Windows XP)" "www.shaneperfect.com"
38.105.83.12 - - [08/Nov/2007:00:55:10 -0800] "GET /tmp/ HTTP/1.1" 200 520 "http://www.shaneperfect.com/" "Mozilla/4.0 (compatible; MSIE 6.0; Windows XP)" "www.shaneperfect.com"
38.105.83.12 - - [08/Nov/2007:00:55:11 -0800] "GET /logs/ HTTP/1.1" 200 2803 "http://www.shaneperfect.com/" "Mozilla/4.0 (compatible; MSIE 6.0; Windows XP)" "www.shaneperfect.com"
38.105.83.12 - - [08/Nov/2007:00:55:46 -0800] "GET /logs/access.log HTTP/1.1" 200 15305 "http://www.shaneperfect.com/logs/" "Mozilla/4.0 (compatible; MSIE 6.0; Windows XP)" "www.shaneperfect.com"
38.105.83.12 - - [08/Nov/2007:00:55:48 -0800] "GET /logs/access_070701.log HTTP/1.1" 200 125427 "http://www.shaneperfect.com/logs/" "Mozilla/4.0 (compatible; MSIE 6.0; Windows XP)" "www.shaneperfect.com"
38.105.83.12 - - [08/Nov/2007:00:55:49 -0800] "GET /logs/access_070801.log HTTP/1.1" 200 1244 "http://www.shaneperfect.com/logs/" "Mozilla/4.0 (compatible; MSIE 6.0; Windows XP)" "www.shaneperfect.com"
38.105.83.12 - - [08/Nov/2007:00:55:53 -0800] "GET /logs/access_070501.log HTTP/1.1" 200 70463 "http://www.shaneperfect.com/logs/" "Mozilla/4.0 (compatible; MSIE 6.0; Windows XP)" "www.shaneperfect.com"
38.105.83.12 - - [08/Nov/2007:00:55:56 -0800] "GET /logs/access_070329.log HTTP/1.1" 200 49820 "http://www.shaneperfect.com/logs/" "Mozilla/4.0 (compatible; MSIE 6.0; Windows XP)" "www.shaneperfect.com"
38.105.83.12 - - [08/Nov/2007:00:55:56 -0800] "GET /logs/access_071031.log HTTP/1.1" 200 74325 "http://www.shaneperfect.com/logs/" "Mozilla/4.0 (compatible; MSIE 6.0; Windows XP)" "www.shaneperfect.com"
38.105.83.12 - - [08/Nov/2007:00:55:59 -0800] "GET /logs/access_070331.log HTTP/1.1" 200 6009 "http://www.shaneperfect.com/logs/" "Mozilla/4.0 (compatible; MSIE 6.0; Windows XP)" "www.shaneperfect.com"
38.105.83.12 - - [08/Nov/2007:00:56:01 -0800] "GET /logs/access_070601.log HTTP/1.1" 200 1711 "http://www.shaneperfect.com/logs/" "Mozilla/4.0 (compatible; MSIE 6.0; Windows XP)" "www.shaneperfect.com"
38.105.83.12 - - [08/Nov/2007:00:56:02 -0800] "GET /logs/access_071001.log HTTP/1.1" 200 59526 "http://www.shaneperfect.com/logs/" "Mozilla/4.0 (compatible; MSIE 6.0; Windows XP)" "www.shaneperfect.com"
38.105.83.12 - - [08/Nov/2007:00:56:06 -0800] "GET /logs/access_070731.log HTTP/1.1" 200 89341 "http://www.shaneperfect.com/logs/" "Mozilla/4.0 (compatible; MSIE 6.0; Windows XP)" "www.shaneperfect.com"
38.105.83.12 - - [08/Nov/2007:00:56:08 -0800] "GET /logs/access_070301.log HTTP/1.1" 200 25559 "http://www.shaneperfect.com/logs/" "Mozilla/4.0 (compatible; MSIE 6.0; Windows XP)" "www.shaneperfect.com"
38.105.83.12 - - [08/Nov/2007:00:56:08 -0800] "GET /logs/access_070401.log HTTP/1.1" 200 1955 "http://www.shaneperfect.com/logs/" "Mozilla/4.0 (compatible; MSIE 6.0; Windows XP)" "www.shaneperfect.com"
38.105.83.12 - - [08/Nov/2007:00:56:10 -0800] "GET /logs/access_070330.log HTTP/1.1" 200 2550 "http://www.shaneperfect.com/logs/" "Mozilla/4.0 (compatible; MSIE 6.0; Windows XP)" "www.shaneperfect.com"
38.105.83.12 - - [08/Nov/2007:00:56:13 -0800] "GET /logs/access_070531.log HTTP/1.1" 200 73402 "http://www.shaneperfect.com/logs/" "Mozilla/4.0 (compatible; MSIE 6.0; Windows XP)" "www.shaneperfect.com"
38.105.83.12 - - [08/Nov/2007:00:56:16 -0800] "GET /logs/access_071101.log HTTP/1.1" 200 2087 "http://www.shaneperfect.com/logs/" "Mozilla/4.0 (compatible; MSIE 6.0; Windows XP)" "www.shaneperfect.com"
38.105.83.12 - - [08/Nov/2007:00:56:18 -0800] "GET /logs/access_070901.log HTTP/1.1" 200 86106 "http://www.shaneperfect.com/logs/" "Mozilla/4.0 (compatible; MSIE 6.0; Windows XP)" "www.shaneperfect.com"
74.6.19.114 - - [08/Nov/2007:01:16:20 -0800] "GET /robots.txt HTTP/1.0" 404 275 "-" "Mozilla/5.0 (compatible; Yahoo! Slurp; http://help.yahoo.com/help/us/ysearch/slurp)" "shaneperfect.com"
74.6.19.229 - - [08/Nov/2007:01:16:20 -0800] "GET /?N=A HTTP/1.0" 200 763 "-" "Mozilla/5.0 (compatible; Yahoo! Slurp; http://help.yahoo.com/help/us/ysearch/slurp)" "shaneperfect.com"
74.6.26.113 - - [08/Nov/2007:01:57:19 -0800] "GET /?D=A HTTP/1.0" 200 763 "-" "Mozilla/5.0 (compatible; Yahoo! Slurp; http://help.yahoo.com/help/us/ysearch/slurp)" "shaneperfect.com"
74.6.19.114 - - [08/Nov/2007:06:32:54 -0800] "GET /robots.txt HTTP/1.0" 404 275 "-" "Mozilla/5.0 (compatible; Yahoo! Slurp; http://help.yahoo.com/help/us/ysearch/slurp)" "shaneperfect.com"
74.6.26.166 - - [08/Nov/2007:06:32:54 -0800] "GET /tmp/ HTTP/1.0" 200 504 "-" "Mozilla/5.0 (compatible; Yahoo! Slurp; http://help.yahoo.com/help/us/ysearch/slurp)" "shaneperfect.com"
64.34.145.194 - - [08/Nov/2007:08:20:22 -0800] "GET /robots.txt HTTP/1.0" 404 275 "-" "SBIder/SBIder-0.8.2-dev (http://www.sitesell.com/sbider.html)" "www.shaneperfect.com"
64.34.145.194 - - [08/Nov/2007:08:20:22 -0800] "GET / HTTP/1.0" 200 763 "-" "SBIder/SBIder-0.8.2-dev (http://www.sitesell.com/sbider.html)" "www.shaneperfect.com"
64.237.57.194 - - [08/Nov/2007:22:58:11 -0800] "GET / HTTP/1.1" 200 779 "-" "Mozilla/5.0 (MrCarlito-0.1 http://www.mrcarlito.com/spider.html)" "shaneperfect.com"
74.6.19.112 - - [09/Nov/2007:00:04:28 -0800] "GET /robots.txt HTTP/1.0" 404 275 "-" "Mozilla/5.0 (compatible; Yahoo! Slurp; http://help.yahoo.com/help/us/ysearch/slurp)" "shaneperfect.com"
74.6.23.213 - - [09/Nov/2007:00:04:28 -0800] "GET / HTTP/1.0" 200 763 "-" "Mozilla/5.0 (compatible; Yahoo! Slurp; http://help.yahoo.com/help/us/ysearch/slurp)" "shaneperfect.com"
38.114.104.147 - - [09/Nov/2007:00:46:36 -0800] "GET /robots.txt HTTP/1.0" 404 275 "-" "Gigabot/3.0 (http://www.gigablast.com/spider.html)" "www.shaneperfect.com"
38.114.104.64 - - [09/Nov/2007:00:46:39 -0800] "GET /?S=A HTTP/1.0" 200 763 "-" "Gigabot/3.0 (http://www.gigablast.com/spider.html)" "www.shaneperfect.com"
68.142.212.193 - - [09/Nov/2007:03:42:02 -0800] "GET /robots.txt HTTP/1.0" 404 275 "-" "Yahoo-MMCrawler/3.x (mms dash mmcrawler dash support at yahoo dash inc dot com)" "shaneperfect.com"
38.114.104.147 - - [09/Nov/2007:12:38:57 -0800] "GET /robots.txt HTTP/1.0" 404 275 "-" "Gigabot/3.0 (http://www.gigablast.com/spider.html)" "www.shaneperfect.com"
38.114.104.64 - - [09/Nov/2007:12:39:04 -0800] "GET /?M=A HTTP/1.0" 200 763 "-" "Gigabot/3.0 (http://www.gigablast.com/spider.html)" "www.shaneperfect.com"
66.249.72.132 - - [09/Nov/2007:12:51:01 -0800] "GET /robots.txt HTTP/1.1" 404 275 "-" "Mozilla/5.0 (compatible; Googlebot/2.1; +http://www.google.com/bot.html)" "shaneperfect.com"
66.249.72.132 - - [09/Nov/2007:12:51:01 -0800] "GET /logs/access_070731.log HTTP/1.1" 200 89341 "-" "Mozilla/5.0 (compatible; Googlebot/2.1; +http://www.google.com/bot.html)" "shaneperfect.com"
38.114.104.147 - - [09/Nov/2007:14:45:58 -0800] "GET /robots.txt HTTP/1.0" 404 275 "-" "Gigabot/3.0 (http://www.gigablast.com/spider.html)" "www.shaneperfect.com"
38.114.104.64 - - [09/Nov/2007:14:46:05 -0800] "GET /tmp/ HTTP/1.0" 200 504 "-" "Gigabot/3.0 (http://www.gigablast.com/spider.html)" "www.shaneperfect.com"
38.114.104.64 - - [09/Nov/2007:14:58:30 -0800] "GET /?D=A HTTP/1.0" 200 763 "-" "Gigabot/3.0 (http://www.gigablast.com/spider.html)" "www.shaneperfect.com"
38.114.104.64 - - [09/Nov/2007:15:07:31 -0800] "GET /logs/ HTTP/1.0" 200 2787 "-" "Gigabot/3.0 (http://www.gigablast.com/spider.html)" "www.shaneperfect.com"
74.6.19.112 - - [09/Nov/2007:17:10:29 -0800] "GET /robots.txt HTTP/1.0" 404 275 "-" "Mozilla/5.0 (compatible; Yahoo! Slurp; http://help.yahoo.com/help/us/ysearch/slurp)" "shaneperfect.com"
74.6.25.203 - - [09/Nov/2007:17:10:29 -0800] "GET /?M=A HTTP/1.0" 200 763 "-" "Mozilla/5.0 (compatible; Yahoo! Slurp; http://help.yahoo.com/help/us/ysearch/slurp)" "shaneperfect.com"
63.123.238.8 - - [09/Nov/2007:21:52:14 -0800] "GET /robots.txt HTTP/1.1" 404 275 "-" "Mozilla/2.0 (compatible; Ask Jeeves/Teoma)" "www.shaneperfect.com"
63.123.238.8 - - [09/Nov/2007:21:52:14 -0800] "GET / HTTP/1.1" 200 779 "-" "Mozilla/2.0 (compatible; Ask Jeeves/Teoma)" "www.shaneperfect.com"
74.6.25.208 - - [10/Nov/2007:01:07:54 -0800] "GET /robots.txt HTTP/1.0" 404 275 "-" "Mozilla/5.0 (compatible; Yahoo! Slurp; http://help.yahoo.com/help/us/ysearch/slurp)" "www.shaneperfect.com"
74.6.25.148 - - [10/Nov/2007:01:07:54 -0800] "GET / HTTP/1.0" 200 763 "-" "Mozilla/5.0 (compatible; Yahoo! Slurp; http://help.yahoo.com/help/us/ysearch/slurp)" "www.shaneperfect.com"
38.114.104.147 - - [10/Nov/2007:03:50:46 -0800] "GET /robots.txt HTTP/1.0" 404 275 "-" "Gigabot/3.0 (http://www.gigablast.com/spider.html)" "www.shaneperfect.com"
38.114.104.64 - - [10/Nov/2007:03:50:54 -0800] "GET /?N=D HTTP/1.0" 200 763 "-" "Gigabot/3.0 (http://www.gigablast.com/spider.html)" "www.shaneperfect.com"
68.142.212.189 - - [10/Nov/2007:06:53:29 -0800] "GET /robots.txt HTTP/1.0" 404 275 "-" "Yahoo-MMCrawler/3.x (mms dash mmcrawler dash support at yahoo dash inc dot com)" "www.shaneperfect.com"
67.202.27.230 - - [10/Nov/2007:07:08:59 -0800] "GET /robots.txt HTTP/1.0" 404 275 "-" "Teemer (NetSeer, Inc. is a Los Angeles based Internet startup company.; http://www.netseer.com/crawler.html; crawler@netseer.com)" "shaneperfect.com"
67.202.27.230 - - [10/Nov/2007:07:08:59 -0800] "GET / HTTP/1.0" 200 763 "-" "Teemer (NetSeer, Inc. is a Los Angeles based Internet startup company.; http://www.netseer.com/crawler.html; crawler@netseer.com)" "shaneperfect.com"
67.202.27.2 - - [10/Nov/2007:19:41:50 -0800] "GET /robots.txt HTTP/1.0" 404 275 "-" "Teemer (NetSeer, Inc. is a Los Angeles based Internet startup company.; http://www.netseer.com/crawler.html; crawler@netseer.com)" "shaneperfect.com"
67.202.27.2 - - [10/Nov/2007:19:41:50 -0800] "GET /tmp/ HTTP/1.0" 200 504 "-" "Teemer (NetSeer, Inc. is a Los Angeles based Internet startup company.; http://www.netseer.com/crawler.html; crawler@netseer.com)" "shaneperfect.com"
67.202.27.2 - - [10/Nov/2007:20:24:49 -0800] "GET /logs/ HTTP/1.0" 200 2787 "-" "Teemer (NetSeer, Inc. is a Los Angeles based Internet startup company.; http://www.netseer.com/crawler.html; crawler@netseer.com)" "shaneperfect.com"
64.34.145.198 - - [11/Nov/2007:02:05:28 -0800] "GET /robots.txt HTTP/1.0" 404 275 "-" "SBIder/SBIder-0.8.2-dev (http://www.sitesell.com/sbider.html)" "www.shaneperfect.com"
64.34.145.198 - - [11/Nov/2007:02:05:28 -0800] "GET / HTTP/1.0" 200 763 "-" "SBIder/SBIder-0.8.2-dev (http://www.sitesell.com/sbider.html)" "www.shaneperfect.com"
74.6.19.112 - - [11/Nov/2007:05:10:39 -0800] "GET /robots.txt HTTP/1.0" 404 275 "-" "Mozilla/5.0 (compatible; Yahoo! Slurp; http://help.yahoo.com/help/us/ysearch/slurp)" "shaneperfect.com"
74.6.28.27 - - [11/Nov/2007:05:10:39 -0800] "GET /?S=A HTTP/1.0" 200 763 "-" "Mozilla/5.0 (compatible; Yahoo! Slurp; http://help.yahoo.com/help/us/ysearch/slurp)" "shaneperfect.com"
12.201.44.200 - - [11/Nov/2007:07:00:03 -0800] "GET / HTTP/1.1" 200 779 "http://www.hollyheath.com/fineart.html" "Mozilla/4.0 (compatible; MSIE 6.0; Windows NT 5.1; SV1; .NET CLR 1.1.4322)" "shaneperfect.com"
71.97.153.166 - - [11/Nov/2007:07:57:54 -0800] "GET / HTTP/1.1" 200 779 "http://www.hollyheath.com/fineart.html" "Mozilla/4.0 (compatible; MSIE 7.0; Windows NT 5.1; .NET CLR 2.0.50727)" "shaneperfect.com"
71.97.153.166 - - [11/Nov/2007:07:57:54 -0800] "GET /favicon.ico HTTP/1.1" 404 275 "-" "Mozilla/4.0 (compatible; MSIE 7.0; Windows NT 5.1; .NET CLR 2.0.50727)" "shaneperfect.com"
71.97.182.219 - - [11/Nov/2007:09:36:57 -0800] "GET / HTTP/1.1" 200 779 "http://hollyheath.com/artiststatement.html" "Mozilla/5.0 (Windows; U; Windows NT 5.1; en-US; rv:1.8.1.9) Gecko/20071025 Firefox/2.0.0.9" "shaneperfect.com"
71.97.182.219 - - [11/Nov/2007:09:36:57 -0800] "GET /favicon.ico HTTP/1.1" 404 275 "-" "Mozilla/5.0 (compatible; Google Desktop)" "shaneperfect.com"
71.97.182.219 - - [11/Nov/2007:09:36:58 -0800] "GET /favicon.ico HTTP/1.1" 404 275 "-" "Mozilla/5.0 (Windows; U; Windows NT 5.1; en-US; rv:1.8.1.9) Gecko/20071025 Firefox/2.0.0.9" "shaneperfect.com"
68.142.212.193 - - [11/Nov/2007:10:06:39 -0800] "GET /robots.txt HTTP/1.0" 404 275 "-" "Yahoo-MMCrawler/3.x (mms dash mmcrawler dash support at yahoo dash inc dot com)" "shaneperfect.com"
74.6.19.166 - - [11/Nov/2007:10:48:17 -0800] "GET /logs/ HTTP/1.0" 200 2787 "-" "Mozilla/5.0 (compatible; Yahoo! Slurp; http://help.yahoo.com/help/us/ysearch/slurp)" "shaneperfect.com"
74.6.29.32 - - [11/Nov/2007:10:51:06 -0800] "GET /logs/access_070330.log HTTP/1.0" 200 2550 "-" "Mozilla/5.0 (compatible; Yahoo! Slurp; http://help.yahoo.com/help/us/ysearch/slurp)" "shaneperfect.com"
74.6.19.198 - - [11/Nov/2007:10:52:18 -0800] "GET /logs/access_071001.log HTTP/1.0" 200 59526 "-" "Mozilla/5.0 (compatible; Yahoo! Slurp; http://help.yahoo.com/help/us/ysearch/slurp)" "shaneperfect.com"
38.99.13.121 - - [11/Nov/2007:15:52:19 -0800] "GET /robots.txt HTTP/1.0" 404 275 "-" "Mozilla/5.0 (Twiceler-0.9 http://www.cuill.com/twiceler/robot.html)" "shaneperfect.com"
66.249.72.170 - - [11/Nov/2007:17:35:32 -0800] "GET /robots.txt HTTP/1.1" 404 275 "-" "Mozilla/5.0 (compatible; Googlebot/2.1; +http://www.google.com/bot.html)" "shaneperfect.com"
66.249.72.170 - - [11/Nov/2007:17:35:32 -0800] "GET /logs/access_070401.log HTTP/1.1" 304 - "-" "Mozilla/5.0 (compatible; Googlebot/2.1; +http://www.google.com/bot.html)" "shaneperfect.com"
74.6.19.112 - - [11/Nov/2007:21:58:41 -0800] "GET /robots.txt HTTP/1.0" 404 275 "-" "Mozilla/5.0 (compatible; Yahoo! Slurp; http://help.yahoo.com/help/us/ysearch/slurp)" "shaneperfect.com"
74.6.28.137 - - [11/Nov/2007:21:58:41 -0800] "GET /tmp/?S=A HTTP/1.0" 200 504 "-" "Mozilla/5.0 (compatible; Yahoo! Slurp; http://help.yahoo.com/help/us/ysearch/slurp)" "shaneperfect.com"
74.6.19.112 - - [12/Nov/2007:06:19:28 -0800] "GET /robots.txt HTTP/1.0" 404 275 "-" "Mozilla/5.0 (compatible; Yahoo! Slurp; http://help.yahoo.com/help/us/ysearch/slurp)" "shaneperfect.com"
74.6.19.217 - - [12/Nov/2007:06:19:29 -0800] "GET /?N=D HTTP/1.0" 200 763 "-" "Mozilla/5.0 (compatible; Yahoo! Slurp; http://help.yahoo.com/help/us/ysearch/slurp)" "shaneperfect.com"
68.142.212.189 - - [12/Nov/2007:12:39:53 -0800] "GET /robots.txt HTTP/1.0" 404 275 "-" "Yahoo-MMCrawler/3.x (mms dash mmcrawler dash support at yahoo dash inc dot com)" "www.shaneperfect.com"
66.249.72.132 - - [12/Nov/2007:15:23:21 -0800] "GET /robots.txt HTTP/1.1" 404 275 "-" "Mozilla/5.0 (compatible; Googlebot/2.1; +http://www.google.com/bot.html)" "shaneperfect.com"
66.249.72.132 - - [12/Nov/2007:15:23:21 -0800] "GET /logs/access_071101.log HTTP/1.1" 304 - "-" "Mozilla/5.0 (compatible; Googlebot/2.1; +http://www.google.com/bot.html)" "shaneperfect.com"
74.6.19.112 - - [13/Nov/2007:01:50:41 -0800] "GET /robots.txt HTTP/1.0" 404 275 "-" "Mozilla/5.0 (compatible; Yahoo! Slurp; http://help.yahoo.com/help/us/ysearch/slurp)" "shaneperfect.com"
74.6.23.125 - - [13/Nov/2007:01:50:41 -0800] "GET /tmp/?D=A HTTP/1.0" 200 504 "-" "Mozilla/5.0 (compatible; Yahoo! Slurp; http://help.yahoo.com/help/us/ysearch/slurp)" "shaneperfect.com"
74.6.19.112 - - [13/Nov/2007:05:09:14 -0800] "GET /robots.txt HTTP/1.0" 404 275 "-" "Mozilla/5.0 (compatible; Yahoo! Slurp; http://help.yahoo.com/help/us/ysearch/slurp)" "shaneperfect.com"
74.6.23.14 - - [13/Nov/2007:05:09:14 -0800] "GET /tmp/?M=A HTTP/1.0" 200 504 "-" "Mozilla/5.0 (compatible; Yahoo! Slurp; http://help.yahoo.com/help/us/ysearch/slurp)" "shaneperfect.com"
38.99.13.121 - - [13/Nov/2007:05:33:38 -0800] "GET /robots.txt HTTP/1.0" 404 275 "-" "Mozilla/5.0 (Twiceler-0.9 http://www.cuill.com/twiceler/robot.html)" "shaneperfect.com"
68.142.212.193 - - [13/Nov/2007:12:36:53 -0800] "GET /robots.txt HTTP/1.0" 404 275 "-" "Yahoo-MMCrawler/3.x (mms dash mmcrawler dash support at yahoo dash inc dot com)" "shaneperfect.com"
66.249.66.38 - - [13/Nov/2007:13:00:21 -0800] "GET /robots.txt HTTP/1.1" 404 275 "-" "Mozilla/5.0 (compatible; Googlebot/2.1; +http://www.google.com/bot.html)" "www.shaneperfect.com"
66.249.66.38 - - [13/Nov/2007:13:00:21 -0800] "GET /logs/access_070731.log HTTP/1.1" 200 89341 "-" "Mozilla/5.0 (compatible; Googlebot/2.1; +http://www.google.com/bot.html)" "www.shaneperfect.com"
74.52.245.146 - - [13/Nov/2007:14:33:19 -0800] "GET / HTTP/1.0" 200 763 "-" "Mozilla/5.0 (X11; U; Linux i686; en-US; rv:1.7.5) Gecko/20041107 Firefox/1.0" "www.shaneperfect.com"
209.62.82.14 - - [13/Nov/2007:14:38:13 -0800] "GET /robots.txt HTTP/1.1" 404 275 "www.shaneperfect.com" "Pingdom GIGRIB (http://www.pingdom.com)" "www.shaneperfect.com"
209.62.82.14 - - [13/Nov/2007:14:38:13 -0800] "GET /robots.txt HTTP/1.1" 404 275 "www.shaneperfect.com" "Pingdom GIGRIB (http://www.pingdom.com)" "www.shaneperfect.com"
209.62.82.14 - - [13/Nov/2007:14:38:13 -0800] "GET /robots.txt HTTP/1.1" 404 275 "www.shaneperfect.com" "Pingdom GIGRIB (http://www.pingdom.com)" "www.shaneperfect.com"
209.62.82.14 - - [13/Nov/2007:14:38:13 -0800] "GET /robots.txt HTTP/1.1" 404 275 "www.shaneperfect.com" "Pingdom GIGRIB (http://www.pingdom.com)" "www.shaneperfect.com"
209.62.82.14 - - [13/Nov/2007:14:38:13 -0800] "GET /robots.txt HTTP/1.1" 404 275 "www.shaneperfect.com" "Pingdom GIGRIB (http://www.pingdom.com)" "www.shaneperfect.com"
209.62.82.14 - - [13/Nov/2007:14:38:13 -0800] "GET /robots.txt HTTP/1.1" 404 275 "www.shaneperfect.com" "Pingdom GIGRIB (http://www.pingdom.com)" "www.shaneperfect.com"
209.62.82.14 - - [13/Nov/2007:14:38:13 -0800] "GET /robots.txt HTTP/1.1" 404 275 "www.shaneperfect.com" "Pingdom GIGRIB (http://www.pingdom.com)" "www.shaneperfect.com"
209.62.82.14 - - [13/Nov/2007:14:38:13 -0800] "GET /robots.txt HTTP/1.1" 404 275 "www.shaneperfect.com" "Pingdom GIGRIB (http://www.pingdom.com)" "www.shaneperfect.com"
209.62.82.14 - - [13/Nov/2007:14:40:56 -0800] "GET / HTTP/1.1" 200 779 "http://www.pingdom.com/tools/fpt/?url=www.shaneperfect.com" "Pingdom GIGRIB (http://www.pingdom.com)" "www.shaneperfect.com"
209.62.82.14 - - [13/Nov/2007:14:40:56 -0800] "GET / HTTP/1.1" 200 779 "http://www.pingdom.com/tools/fpt/?url=www.shaneperfect.com" "Pingdom GIGRIB (http://www.pingdom.com)" "www.shaneperfect.com"
209.62.82.14 - - [13/Nov/2007:14:40:56 -0800] "GET / HTTP/1.1" 200 779 "http://www.pingdom.com/tools/fpt/?url=www.shaneperfect.com" "Pingdom GIGRIB (http://www.pingdom.com)" "www.shaneperfect.com"
209.62.82.14 - - [13/Nov/2007:14:40:56 -0800] "GET / HTTP/1.1" 200 779 "http://www.pingdom.com/tools/fpt/?url=www.shaneperfect.com" "Pingdom GIGRIB (http://www.pingdom.com)" "www.shaneperfect.com"
209.62.82.14 - - [13/Nov/2007:14:40:56 -0800] "GET / HTTP/1.1" 200 779 "http://www.pingdom.com/tools/fpt/?url=www.shaneperfect.com" "Pingdom GIGRIB (http://www.pingdom.com)" "www.shaneperfect.com"
209.62.82.14 - - [13/Nov/2007:14:40:56 -0800] "GET / HTTP/1.1" 200 779 "http://www.pingdom.com/tools/fpt/?url=www.shaneperfect.com" "Pingdom GIGRIB (http://www.pingdom.com)" "www.shaneperfect.com"
209.62.82.14 - - [13/Nov/2007:14:40:56 -0800] "GET / HTTP/1.1" 200 779 "http://www.pingdom.com/tools/fpt/?url=www.shaneperfect.com" "Pingdom GIGRIB (http://www.pingdom.com)" "www.shaneperfect.com"
209.62.82.14 - - [13/Nov/2007:14:40:56 -0800] "GET / HTTP/1.1" 200 779 "http://www.pingdom.com/tools/fpt/?url=www.shaneperfect.com" "Pingdom GIGRIB (http://www.pingdom.com)" "www.shaneperfect.com"
64.34.145.194 - - [14/Nov/2007:04:57:47 -0800] "GET /robots.txt HTTP/1.0" 404 275 "-" "SBIder/SBIder-0.8.2-dev (http://www.sitesell.com/sbider.html)" "www.shaneperfect.com"
64.34.145.194 - - [14/Nov/2007:04:57:47 -0800] "GET / HTTP/1.0" 200 763 "-" "SBIder/SBIder-0.8.2-dev (http://www.sitesell.com/sbider.html)" "www.shaneperfect.com"
65.116.2.131 - - [14/Nov/2007:09:28:03 -0800] "GET /logs/access_070331.log HTTP/1.0" 200 6009 "-" "Mozilla/4.0 (compatible; MSIE 6.0; Windows NT 5.0)" "www.shaneperfect.com"
38.99.13.121 - - [14/Nov/2007:10:47:04 -0800] "GET /robots.txt HTTP/1.0" 404 275 "-" "Mozilla/5.0 (Twiceler-0.9 http://www.cuill.com/twiceler/robot.html)" "shaneperfect.com"
68.142.212.189 - - [14/Nov/2007:13:57:50 -0800] "GET /robots.txt HTTP/1.0" 404 275 "-" "Yahoo-MMCrawler/3.x (mms dash mmcrawler dash support at yahoo dash inc dot com)" "www.shaneperfect.com"
74.6.19.112 - - [15/Nov/2007:01:58:29 -0800] "GET /robots.txt HTTP/1.0" 404 275 "-" "Mozilla/5.0 (compatible; Yahoo! Slurp; http://help.yahoo.com/help/us/ysearch/slurp)" "shaneperfect.com"
74.6.26.113 - - [15/Nov/2007:01:58:29 -0800] "GET /?D=A HTTP/1.0" 200 763 "-" "Mozilla/5.0 (compatible; Yahoo! Slurp; http://help.yahoo.com/help/us/ysearch/slurp)" "shaneperfect.com"
72.30.179.220 - - [15/Nov/2007:02:07:22 -0800] "GET /?D=D HTTP/1.0" 200 763 "-" "Mozilla/5.0 (compatible; Yahoo! Slurp; http://help.yahoo.com/help/us/ysearch/slurp)" "shaneperfect.com"
66.249.66.206 - - [15/Nov/2007:05:21:14 -0800] "GET /robots.txt HTTP/1.1" 404 275 "-" "Mozilla/5.0 (compatible; Googlebot/2.1; +http://www.google.com/bot.html)" "shaneperfect.com"
66.249.66.206 - - [15/Nov/2007:05:21:14 -0800] "GET /logs/ HTTP/1.1" 200 2803 "-" "Mozilla/5.0 (compatible; Googlebot/2.1; +http://www.google.com/bot.html)" "shaneperfect.com"
74.6.19.112 - - [15/Nov/2007:06:37:45 -0800] "GET /robots.txt HTTP/1.0" 404 275 "-" "Mozilla/5.0 (compatible; Yahoo! Slurp; http://help.yahoo.com/help/us/ysearch/slurp)" "shaneperfect.com"
74.6.26.166 - - [15/Nov/2007:06:37:46 -0800] "GET /tmp/ HTTP/1.0" 200 504 "-" "Mozilla/5.0 (compatible; Yahoo! Slurp; http://help.yahoo.com/help/us/ysearch/slurp)" "shaneperfect.com"
68.142.212.193 - - [15/Nov/2007:16:25:20 -0800] "GET /robots.txt HTTP/1.0" 404 275 "-" "Yahoo-MMCrawler/3.x (mms dash mmcrawler dash support at yahoo dash inc dot com)" "shaneperfect.com"
74.6.19.112 - - [16/Nov/2007:00:12:30 -0800] "GET /robots.txt HTTP/1.0" 404 275 "-" "Mozilla/5.0 (compatible; Yahoo! Slurp; http://help.yahoo.com/help/us/ysearch/slurp)" "shaneperfect.com"
74.6.23.213 - - [16/Nov/2007:00:12:31 -0800] "GET / HTTP/1.0" 200 763 "-" "Mozilla/5.0 (compatible; Yahoo! Slurp; http://help.yahoo.com/help/us/ysearch/slurp)" "shaneperfect.com"
38.99.13.121 - - [16/Nov/2007:02:16:00 -0800] "GET /robots.txt HTTP/1.0" 404 275 "-" "Mozilla/5.0 (Twiceler-0.9 http://www.cuill.com/twiceler/robot.html)" "shaneperfect.com"
74.6.19.112 - - [16/Nov/2007:16:22:44 -0800] "GET /robots.txt HTTP/1.0" 404 275 "-" "Mozilla/5.0 (compatible; Yahoo! Slurp; http://help.yahoo.com/help/us/ysearch/slurp)" "shaneperfect.com"
74.6.27.48 - - [16/Nov/2007:16:22:44 -0800] "GET /tmp/?N=D HTTP/1.0" 200 504 "-" "Mozilla/5.0 (compatible; Yahoo! Slurp; http://help.yahoo.com/help/us/ysearch/slurp)" "shaneperfect.com"
66.249.66.146 - - [16/Nov/2007:17:26:17 -0800] "GET /robots.txt HTTP/1.1" 404 275 "-" "Mozilla/5.0 (compatible; Googlebot/2.1; +http://www.google.com/bot.html)" "shaneperfect.com"
66.249.66.146 - - [16/Nov/2007:17:26:17 -0800] "GET /logs/access_070401.log HTTP/1.1" 304 - "-" "Mozilla/5.0 (compatible; Googlebot/2.1; +http://www.google.com/bot.html)" "shaneperfect.com"
74.6.19.112 - - [16/Nov/2007:18:11:35 -0800] "GET /robots.txt HTTP/1.0" 404 275 "-" "Mozilla/5.0 (compatible; Yahoo! Slurp; http://help.yahoo.com/help/us/ysearch/slurp)" "shaneperfect.com"
74.6.25.203 - - [16/Nov/2007:18:14:27 -0800] "GET /?M=A HTTP/1.0" 200 763 "-" "Mozilla/5.0 (compatible; Yahoo! Slurp; http://help.yahoo.com/help/us/ysearch/slurp)" "shaneperfect.com"
74.6.19.229 - - [16/Nov/2007:18:18:00 -0800] "GET /?N=A HTTP/1.0" 200 763 "-" "Mozilla/5.0 (compatible; Yahoo! Slurp; http://help.yahoo.com/help/us/ysearch/slurp)" "shaneperfect.com"
63.123.238.8 - - [16/Nov/2007:21:47:24 -0800] "GET /robots.txt HTTP/1.1" 404 275 "-" "Mozilla/2.0 (compatible; Ask Jeeves/Teoma)" "www.shaneperfect.com"
63.123.238.8 - - [16/Nov/2007:21:47:24 -0800] "GET / HTTP/1.1" 200 779 "-" "Mozilla/2.0 (compatible; Ask Jeeves/Teoma)" "www.shaneperfect.com"
68.142.212.189 - - [16/Nov/2007:22:06:12 -0800] "GET /robots.txt HTTP/1.0" 404 275 "-" "Yahoo-MMCrawler/3.x (mms dash mmcrawler dash support at yahoo dash inc dot com)" "www.shaneperfect.com"
66.249.66.146 - - [16/Nov/2007:23:04:03 -0800] "GET /logs/access_071101.log HTTP/1.1" 304 - "-" "Mozilla/5.0 (compatible; Googlebot/2.1; +http://www.google.com/bot.html)" "shaneperfect.com"
66.249.66.146 - - [17/Nov/2007:00:40:04 -0800] "GET /logs/access_070501.log HTTP/1.1" 200 70463 "-" "Mozilla/5.0 (compatible; Googlebot/2.1; +http://www.google.com/bot.html)" "shaneperfect.com"
66.249.66.146 - - [17/Nov/2007:01:26:20 -0800] "GET /logs/access_070531.log HTTP/1.1" 200 73402 "-" "Mozilla/5.0 (compatible; Googlebot/2.1; +http://www.google.com/bot.html)" "shaneperfect.com"
74.6.25.208 - - [17/Nov/2007:02:11:55 -0800] "GET /robots.txt HTTP/1.0" 404 275 "-" "Mozilla/5.0 (compatible; Yahoo! Slurp; http://help.yahoo.com/help/us/ysearch/slurp)" "www.shaneperfect.com"
74.6.25.148 - - [17/Nov/2007:02:11:55 -0800] "GET / HTTP/1.0" 200 763 "-" "Mozilla/5.0 (compatible; Yahoo! Slurp; http://help.yahoo.com/help/us/ysearch/slurp)" "www.shaneperfect.com"
84.57.173.130 - - [17/Nov/2007:03:56:55 -0800] "GET /logs/access_070401.log HTTP/1.1" 200 1955 "http://www.google.de/search?sourceid=navclient&hl=de&ie=UTF-8&rlz=1T4SKPB_deDE230DE230&q=66%2e249%2e72%2e75" "Mozilla/4.0 (compatible; MSIE 7.0; Windows NT 5.1; .NET CLR 1.1.4322; InfoPath.2)" "shaneperfect.com"
74.6.19.112 - - [17/Nov/2007:06:17:55 -0800] "GET /robots.txt HTTP/1.0" 404 275 "-" "Mozilla/5.0 (compatible; Yahoo! Slurp; http://help.yahoo.com/help/us/ysearch/slurp)" "shaneperfect.com"
74.6.24.207 - - [17/Nov/2007:06:17:55 -0800] "GET /logs/access_071101.log HTTP/1.0" 200 2087 "-" "Mozilla/5.0 (compatible; Yahoo! Slurp; http://help.yahoo.com/help/us/ysearch/slurp)" "shaneperfect.com"
74.6.19.112 - - [17/Nov/2007:21:00:25 -0800] "GET /robots.txt HTTP/1.0" 404 275 "-" "Mozilla/5.0 (compatible; Yahoo! Slurp; http://help.yahoo.com/help/us/ysearch/slurp)" "shaneperfect.com"
74.6.19.153 - - [17/Nov/2007:21:00:25 -0800] "GET /logs/access_071031.log HTTP/1.0" 200 74325 "-" "Mozilla/5.0 (compatible; Yahoo! Slurp; http://help.yahoo.com/help/us/ysearch/slurp)" "shaneperfect.com"
64.34.145.194 - - [17/Nov/2007:21:01:03 -0800] "GET /robots.txt HTTP/1.0" 404 275 "-" "SBIder/SBIder-0.8.2-dev (http://www.sitesell.com/sbider.html)" "www.shaneperfect.com"
64.34.145.194 - - [17/Nov/2007:21:01:03 -0800] "GET / HTTP/1.0" 200 763 "-" "SBIder/SBIder-0.8.2-dev (http://www.sitesell.com/sbider.html)" "www.shaneperfect.com"
68.142.212.193 - - [18/Nov/2007:00:14:13 -0800] "GET /robots.txt HTTP/1.0" 404 275 "-" "Yahoo-MMCrawler/3.x (mms dash mmcrawler dash support at yahoo dash inc dot com)" "shaneperfect.com"
66.249.66.146 - - [18/Nov/2007:02:34:57 -0800] "GET /robots.txt HTTP/1.1" 404 275 "-" "Mozilla/5.0 (compatible; Googlebot/2.1; +http://www.google.com/bot.html)" "shaneperfect.com"
66.249.66.146 - - [18/Nov/2007:02:34:57 -0800] "GET /logs/access_071101.log HTTP/1.1" 304 - "-" "Mozilla/5.0 (compatible; Googlebot/2.1; +http://www.google.com/bot.html)" "shaneperfect.com"
74.6.19.112 - - [18/Nov/2007:05:16:36 -0800] "GET /robots.txt HTTP/1.0" 404 275 "-" "Mozilla/5.0 (compatible; Yahoo! Slurp; http://help.yahoo.com/help/us/ysearch/slurp)" "shaneperfect.com"
74.6.28.27 - - [18/Nov/2007:05:16:36 -0800] "GET /?S=A HTTP/1.0" 200 763 "-" "Mozilla/5.0 (compatible; Yahoo! Slurp; http://help.yahoo.com/help/us/ysearch/slurp)" "shaneperfect.com"
217.169.46.98 - - [18/Nov/2007:06:40:24 -0800] "GET /logs/access_070331.log HTTP/1.1" 200 6009 "-" "Mozilla/4.0" "shaneperfect.com"
74.6.19.166 - - [18/Nov/2007:10:50:20 -0800] "GET /logs/ HTTP/1.0" 200 2787 "-" "Mozilla/5.0 (compatible; Yahoo! Slurp; http://help.yahoo.com/help/us/ysearch/slurp)" "shaneperfect.com"
74.6.24.82 - - [18/Nov/2007:10:52:11 -0800] "GET /logs/access_070331.log HTTP/1.0" 200 6009 "-" "Mozilla/5.0 (compatible; Yahoo! Slurp; http://help.yahoo.com/help/us/ysearch/slurp)" "shaneperfect.com"
38.99.13.121 - - [18/Nov/2007:13:25:10 -0800] "GET /robots.txt HTTP/1.0" 404 275 "-" "Mozilla/5.0 (Twiceler-0.9 http://www.cuill.com/twiceler/robot.html)" "shaneperfect.com"
74.6.19.112 - - [18/Nov/2007:22:21:27 -0800] "GET /robots.txt HTTP/1.0" 404 275 "-" "Mozilla/5.0 (compatible; Yahoo! Slurp; http://help.yahoo.com/help/us/ysearch/slurp)" "shaneperfect.com"
74.6.29.12 - - [18/Nov/2007:22:21:27 -0800] "GET /logs/access_070801.log HTTP/1.0" 200 1244 "-" "Mozilla/5.0 (compatible; Yahoo! Slurp; http://help.yahoo.com/help/us/ysearch/slurp)" "shaneperfect.com"
74.6.28.137 - - [19/Nov/2007:02:36:20 -0800] "GET /tmp/?S=A HTTP/1.0" 200 504 "-" "Mozilla/5.0 (compatible; Yahoo! Slurp; http://help.yahoo.com/help/us/ysearch/slurp)" "shaneperfect.com"
68.142.212.189 - - [19/Nov/2007:03:46:45 -0800] "GET /robots.txt HTTP/1.0" 404 275 "-" "Yahoo-MMCrawler/3.x (mms dash mmcrawler dash support at yahoo dash inc dot com)" "www.shaneperfect.com"
74.6.25.208 - - [19/Nov/2007:06:06:40 -0800] "GET /robots.txt HTTP/1.0" 404 275 "-" "Mozilla/5.0 (compatible; Yahoo! Slurp; http://help.yahoo.com/help/us/ysearch/slurp)" "www.shaneperfect.com"
74.6.23.71 - - [19/Nov/2007:06:06:40 -0800] "GET /?M=A HTTP/1.0" 200 763 "-" "Mozilla/5.0 (compatible; Yahoo! Slurp; http://help.yahoo.com/help/us/ysearch/slurp)" "www.shaneperfect.com"
74.6.19.112 - - [19/Nov/2007:06:22:41 -0800] "GET /robots.txt HTTP/1.0" 404 275 "-" "Mozilla/5.0 (compatible; Yahoo! Slurp; http://help.yahoo.com/help/us/ysearch/slurp)" "shaneperfect.com"
74.6.19.217 - - [19/Nov/2007:06:22:41 -0800] "GET /?N=D HTTP/1.0" 200 763 "-" "Mozilla/5.0 (compatible; Yahoo! Slurp; http://help.yahoo.com/help/us/ysearch/slurp)" "shaneperfect.com"
217.169.46.98 - - [19/Nov/2007:13:44:16 -0800] "GET /logs/access_070331.log HTTP/1.1" 200 6009 "-" "Mozilla/4.0" "shaneperfect.com"
74.6.19.112 - - [19/Nov/2007:18:05:27 -0800] "GET /robots.txt HTTP/1.0" 404 275 "-" "Mozilla/5.0 (compatible; Yahoo! Slurp; http://help.yahoo.com/help/us/ysearch/slurp)" "shaneperfect.com"
74.6.20.74 - - [19/Nov/2007:18:05:27 -0800] "GET /logs/access_070601.log HTTP/1.0" 200 1711 "-" "Mozilla/5.0 (compatible; Yahoo! Slurp; http://help.yahoo.com/help/us/ysearch/slurp)" "shaneperfect.com"
68.142.212.193 - - [20/Nov/2007:02:05:41 -0800] "GET /robots.txt HTTP/1.0" 404 275 "-" "Yahoo-MMCrawler/3.x (mms dash mmcrawler dash support at yahoo dash inc dot com)" "shaneperfect.com"
66.249.72.144 - - [20/Nov/2007:08:40:59 -0800] "GET /robots.txt HTTP/1.1" 404 275 "-" "Mozilla/5.0 (compatible; Googlebot/2.1; +http://www.google.com/bot.html)" "shaneperfect.com"
66.249.72.144 - - [20/Nov/2007:08:40:59 -0800] "GET /logs/access_070901.log HTTP/1.1" 200 86106 "-" "Mozilla/5.0 (compatible; Googlebot/2.1; +http://www.google.com/bot.html)" "shaneperfect.com"
208.125.74.13 - - [20/Nov/2007:10:33:44 -0800] "GET /logs/access_070331.log HTTP/1.1" 200 6009 "http://www.google.com/search?q=66.249.72.75&rls=com.microsoft:en-us:IE-Address&ie=UTF-8&oe=UTF-8&sourceid=ie7" "Mozilla/4.0 (compatible; MSIE 7.0; Windows NT 5.1; .NET CLR 1.0.3705; .NET CLR 1.1.4322; .NET CLR 2.0.50727)" "www.shaneperfect.com"
86.205.6.206 - - [20/Nov/2007:11:22:57 -0800] "GET / HTTP/1.0" 200 763 "http://fr.wikipedia.org/wiki/Rolland_Courbis" "Fou de foot" "shaneperfect.com"
64.34.145.194 - - [20/Nov/2007:14:18:56 -0800] "GET /robots.txt HTTP/1.0" 404 275 "-" "SBIder/SBIder-0.8.2-dev (http://www.sitesell.com/sbider.html)" "www.shaneperfect.com"
64.34.145.194 - - [20/Nov/2007:14:18:56 -0800] "GET / HTTP/1.0" 200 763 "-" "SBIder/SBIder-0.8.2-dev (http://www.sitesell.com/sbider.html)" "www.shaneperfect.com"
38.99.13.121 - - [20/Nov/2007:16:19:10 -0800] "GET /robots.txt HTTP/1.0" 404 275 "-" "Mozilla/5.0 (Twiceler-0.9 http://www.cuill.com/twiceler/robot.html)" "shaneperfect.com"
74.6.19.112 - - [20/Nov/2007:20:28:38 -0800] "GET /robots.txt HTTP/1.0" 404 275 "-" "Mozilla/5.0 (compatible; Yahoo! Slurp; http://help.yahoo.com/help/us/ysearch/slurp)" "shaneperfect.com"
74.6.19.77 - - [20/Nov/2007:20:28:38 -0800] "GET /logs/?M=A HTTP/1.0" 200 2787 "-" "Mozilla/5.0 (compatible; Yahoo! Slurp; http://help.yahoo.com/help/us/ysearch/slurp)" "shaneperfect.com"
66.249.72.144 - - [20/Nov/2007:22:01:44 -0800] "GET /robots.txt HTTP/1.1" 404 275 "-" "Mozilla/5.0 (compatible; Googlebot/2.1; +http://www.google.com/bot.html)" "shaneperfect.com"
66.249.72.144 - - [20/Nov/2007:22:01:44 -0800] "GET /logs/access_070701.log HTTP/1.1" 200 125427 "-" "Mozilla/5.0 (compatible; Googlebot/2.1; +http://www.google.com/bot.html)" "shaneperfect.com"
66.249.72.144 - - [20/Nov/2007:22:02:18 -0800] "GET /logs/access_071001.log HTTP/1.1" 200 59526 "-" "Mozilla/5.0 (compatible; Googlebot/2.1; +http://www.google.com/bot.html)" "shaneperfect.com"
38.99.13.121 - - [20/Nov/2007:22:16:24 -0800] "GET /robots.txt HTTP/1.0" 404 275 "-" "Mozilla/5.0 (Twiceler-0.9 http://www.cuill.com/twiceler/robot.html)" "shaneperfect.com"
66.249.72.144 - - [21/Nov/2007:06:15:36 -0800] "GET /logs/ HTTP/1.1" 200 2803 "-" "Mozilla/5.0 (compatible; Googlebot/2.1; +http://www.google.com/bot.html)" "shaneperfect.com"
66.249.72.144 - - [21/Nov/2007:09:10:40 -0800] "GET /logs/access_070330.log HTTP/1.1" 200 2550 "-" "Mozilla/5.0 (compatible; Googlebot/2.1; +http://www.google.com/bot.html)" "shaneperfect.com"
66.249.72.144 - - [21/Nov/2007:09:13:36 -0800] "GET /logs/?D=A HTTP/1.1" 200 2803 "-" "Mozilla/5.0 (compatible; Googlebot/2.1; +http://www.google.com/bot.html)" "shaneperfect.com"
86.205.6.206 - - [21/Nov/2007:10:52:08 -0800] "GET / HTTP/1.0" 200 763 "http://fr.wikipedia.org/wiki/Rolland_Courbis" "But but but" "shaneperfect.com"
189.13.216.65 - - [21/Nov/2007:14:09:20 -0800] "GET / HTTP/1.1" 200 779 "-" "Mozilla/4.0 (compatible; MSIE 6.0; Windows NT 5.0)" "shaneperfect.com"
189.13.216.65 - - [21/Nov/2007:14:09:20 -0800] "GET /?S=A HTTP/1.1" 200 779 "-" "Mozilla/4.0 (compatible; MSIE 6.0; Windows NT 5.0)" "shaneperfect.com"
189.13.216.65 - - [21/Nov/2007:14:09:27 -0800] "GET /?M=A HTTP/1.1" 200 779 "-" "Mozilla/4.0 (compatible; MSIE 6.0; Windows NT 5.0)" "www.shaneperfect.com"
68.142.212.189 - - [21/Nov/2007:14:42:49 -0800] "GET /robots.txt HTTP/1.0" 404 275 "-" "Yahoo-MMCrawler/3.x (mms dash mmcrawler dash support at yahoo dash inc dot com)" "www.shaneperfect.com"
74.6.19.112 - - [22/Nov/2007:01:59:59 -0800] "GET /robots.txt HTTP/1.0" 404 275 "-" "Mozilla/5.0 (compatible; Yahoo! Slurp; http://help.yahoo.com/help/us/ysearch/slurp)" "shaneperfect.com"
74.6.26.113 - - [22/Nov/2007:01:59:59 -0800] "GET /?D=A HTTP/1.0" 200 763 "-" "Mozilla/5.0 (compatible; Yahoo! Slurp; http://help.yahoo.com/help/us/ysearch/slurp)" "shaneperfect.com"
68.142.212.193 - - [22/Nov/2007:05:19:24 -0800] "GET /robots.txt HTTP/1.0" 404 275 "-" "Yahoo-MMCrawler/3.x (mms dash mmcrawler dash support at yahoo dash inc dot com)" "shaneperfect.com"
74.6.19.112 - - [22/Nov/2007:06:34:21 -0800] "GET /robots.txt HTTP/1.0" 404 275 "-" "Mozilla/5.0 (compatible; Yahoo! Slurp; http://help.yahoo.com/help/us/ysearch/slurp)" "shaneperfect.com"
74.6.24.230 - - [22/Nov/2007:06:34:21 -0800] "GET /logs/access_070531.log HTTP/1.0" 200 73402 "-" "Mozilla/5.0 (compatible; Yahoo! Slurp; http://help.yahoo.com/help/us/ysearch/slurp)" "shaneperfect.com"
74.6.26.166 - - [22/Nov/2007:06:39:30 -0800] "GET /tmp/ HTTP/1.0" 200 504 "-" "Mozilla/5.0 (compatible; Yahoo! Slurp; http://help.yahoo.com/help/us/ysearch/slurp)" "shaneperfect.com"
