63.123.238.8 - - [01/Sep/2007:01:56:27 -0700] "GET /robots.txt HTTP/1.1" 404 275 "-" "Mozilla/2.0 (compatible; Ask Jeeves/Teoma)" "www.shaneperfect.com"
63.123.238.8 - - [01/Sep/2007:01:56:27 -0700] "GET / HTTP/1.1" 200 779 "-" "Mozilla/2.0 (compatible; Ask Jeeves/Teoma)" "www.shaneperfect.com"
82.120.136.89 - - [01/Sep/2007:12:38:21 -0700] "GET / HTTP/1.0" 200 763 "http://www.courbis.fr" "Courbis, Acteur de l'Internet depuis 1988" "shaneperfect.com"
68.142.212.189 - - [01/Sep/2007:12:43:55 -0700] "GET /robots.txt HTTP/1.0" 404 275 "-" "Yahoo-MMCrawler/3.x (mms dash mmcrawler dash support at yahoo dash inc dot com)" "www.shaneperfect.com"
12.227.133.243 - - [01/Sep/2007:15:10:07 -0700] "GET / HTTP/1.1" 200 779 "http://www.hollyheath.com/fineart.html" "Mozilla/4.0 (compatible; MSIE 6.0; Windows NT 5.1; SV1; .NET CLR 1.1.4322)" "shaneperfect.com"
12.227.133.243 - - [01/Sep/2007:15:10:10 -0700] "GET / HTTP/1.1" 200 779 "http://shaneperfect.com/" "Mozilla/4.0 (compatible; MSIE 6.0; Windows NT 5.1; SV1; .NET CLR 1.1.4322)" "shaneperfect.com"
12.227.133.243 - - [01/Sep/2007:15:10:12 -0700] "GET / HTTP/1.1" 200 779 "http://shaneperfect.com/" "Mozilla/4.0 (compatible; MSIE 6.0; Windows NT 5.1; SV1; .NET CLR 1.1.4322)" "shaneperfect.com"
68.142.212.193 - - [01/Sep/2007:19:08:31 -0700] "GET /robots.txt HTTP/1.0" 404 275 "-" "Yahoo-MMCrawler/3.x (mms dash mmcrawler dash support at yahoo dash inc dot com)" "shaneperfect.com"
66.249.72.42 - - [02/Sep/2007:06:53:43 -0700] "GET /robots.txt HTTP/1.1" 404 275 "-" "Mozilla/5.0 (compatible; Googlebot/2.1; +http://www.google.com/bot.html)" "shaneperfect.com"
66.249.72.42 - - [02/Sep/2007:06:53:43 -0700] "GET / HTTP/1.1" 200 779 "-" "Mozilla/5.0 (compatible; Googlebot/2.1; +http://www.google.com/bot.html)" "shaneperfect.com"
66.249.72.42 - - [02/Sep/2007:06:53:53 -0700] "GET /logs/access.log HTTP/1.1" 200 1819 "-" "Mozilla/5.0 (compatible; Googlebot/2.1; +http://www.google.com/bot.html)" "shaneperfect.com"
66.249.72.42 - - [02/Sep/2007:06:54:01 -0700] "GET /robots.txt HTTP/1.1" 404 275 "-" "Mozilla/5.0 (compatible; Googlebot/2.1; +http://www.google.com/bot.html)" "www.shaneperfect.com"
66.249.72.42 - - [02/Sep/2007:06:54:01 -0700] "GET /logs/access_070731.log HTTP/1.1" 304 - "-" "Mozilla/5.0 (compatible; Googlebot/2.1; +http://www.google.com/bot.html)" "www.shaneperfect.com"
86.217.8.138 - - [02/Sep/2007:11:51:33 -0700] "GET / HTTP/1.0" 200 763 "http://www.courbis.fr" "Courbis, trucs et astuces pour le Tomtom Rider" "shaneperfect.com"
69.235.84.190 - - [02/Sep/2007:12:25:16 -0700] "GET /logs/access.log HTTP/1.1" 200 2577 "http://www.google.com/search?q=209.62.104.219&sourceid=navclient-ff&ie=UTF-8&rls=GAPC,GAPC:1970--2,GAPC:en" "Mozilla/5.0 (Windows; U; Windows NT 5.1; en-US; rv:1.8.1.6) Gecko/20070725 Firefox/2.0.0.6" "shaneperfect.com"
69.235.84.190 - - [02/Sep/2007:12:25:16 -0700] "GET /favicon.ico HTTP/1.1" 404 275 "-" "Mozilla/5.0 (Windows; U; Windows NT 5.1; en-US; rv:1.8.1.6) Gecko/20070725 Firefox/2.0.0.6" "shaneperfect.com"
38.99.13.121 - - [02/Sep/2007:12:58:46 -0700] "GET /robots.txt HTTP/1.0" 404 275 "-" "Mozilla/5.0 (Twiceler-0.9 http://www.cuill.com/twiceler/robot.html)" "shaneperfect.com"
75.161.124.108 - - [02/Sep/2007:13:11:10 -0700] "GET / HTTP/1.1" 200 779 "http://www.hollyheath.com/fineart.html" "Mozilla/4.0 (compatible; MSIE 7.0; Windows NT 5.1; .NET CLR 1.1.4322; .NET CLR 2.0.50727)" "shaneperfect.com"
75.161.124.108 - - [02/Sep/2007:13:11:11 -0700] "GET /favicon.ico HTTP/1.1" 404 275 "-" "Mozilla/4.0 (compatible; MSIE 7.0; Windows NT 5.1; .NET CLR 1.1.4322; .NET CLR 2.0.50727)" "shaneperfect.com"
75.161.124.108 - - [02/Sep/2007:13:11:21 -0700] "GET / HTTP/1.1" 200 779 "http://shaneperfect.com/" "Mozilla/4.0 (compatible; MSIE 7.0; Windows NT 5.1; .NET CLR 1.1.4322; .NET CLR 2.0.50727)" "shaneperfect.com"
75.161.124.108 - - [02/Sep/2007:13:11:28 -0700] "GET /logs/ HTTP/1.1" 200 2374 "http://shaneperfect.com/" "Mozilla/4.0 (compatible; MSIE 7.0; Windows NT 5.1; .NET CLR 1.1.4322; .NET CLR 2.0.50727)" "shaneperfect.com"
75.161.124.108 - - [02/Sep/2007:13:11:32 -0700] "GET /logs/access_070301.log HTTP/1.1" 200 25559 "http://shaneperfect.com/logs/" "Mozilla/4.0 (compatible; MSIE 7.0; Windows NT 5.1; .NET CLR 1.1.4322; .NET CLR 2.0.50727)" "shaneperfect.com"
75.161.124.108 - - [02/Sep/2007:13:11:38 -0700] "GET / HTTP/1.1" 200 779 "http://shaneperfect.com/" "Mozilla/4.0 (compatible; MSIE 7.0; Windows NT 5.1; .NET CLR 1.1.4322; .NET CLR 2.0.50727)" "shaneperfect.com"
207.46.98.125 - - [03/Sep/2007:00:32:37 -0700] "GET /robots.txt HTTP/1.0" 404 275 "-" "msnbot/1.0 (+http://search.msn.com/msnbot.htm)" "shaneperfect.com"
207.46.98.125 - - [03/Sep/2007:00:32:37 -0700] "GET /colornature.html HTTP/1.0" 404 275 "-" "msnbot/1.0 (+http://search.msn.com/msnbot.htm)" "shaneperfect.com"
207.46.98.127 - - [03/Sep/2007:10:05:17 -0700] "GET /robots.txt HTTP/1.0" 404 275 "-" "msnbot/1.0 (+http://search.msn.com/msnbot.htm)" "shaneperfect.com"
207.46.98.127 - - [03/Sep/2007:10:05:17 -0700] "GET /indiana.html HTTP/1.0" 404 275 "-" "msnbot/1.0 (+http://search.msn.com/msnbot.htm)" "shaneperfect.com"
82.120.242.178 - - [03/Sep/2007:11:48:49 -0700] "GET / HTTP/1.0" 200 763 "http://www.courbis.fr" "Courbis, trucs et astuces pour le Tomtom Rider" "shaneperfect.com"
68.142.212.193 - - [04/Sep/2007:00:30:17 -0700] "GET /robots.txt HTTP/1.0" 404 275 "-" "Yahoo-MMCrawler/3.x (mms dash mmcrawler dash support at yahoo dash inc dot com)" "shaneperfect.com"
68.142.212.189 - - [04/Sep/2007:01:46:05 -0700] "GET /robots.txt HTTP/1.0" 404 275 "-" "Yahoo-MMCrawler/3.x (mms dash mmcrawler dash support at yahoo dash inc dot com)" "www.shaneperfect.com"
208.101.28.132 - - [04/Sep/2007:05:44:28 -0700] "GET / HTTP/1.1" 200 779 "-" "Mozilla/4.0 (compatible; MSIE 7.0; Windows NT 6.0)" "shaneperfect.com"
12.197.55.234 - - [04/Sep/2007:07:07:16 -0700] "GET /logs/access.log HTTP/1.1" 200 5914 "http://www.google.com/search?sourceid=navclient&ie=UTF-8&rlz=1T4GGIH_enUS210US210&q=209%2e62%2e104%2e177" "Mozilla/4.0 (compatible; MSIE 7.0; Windows NT 5.1)" "shaneperfect.com"
66.249.72.42 - - [04/Sep/2007:09:17:14 -0700] "GET /robots.txt HTTP/1.1" 404 275 "-" "Mozilla/5.0 (compatible; Googlebot/2.1; +http://www.google.com/bot.html)" "shaneperfect.com"
66.249.72.42 - - [04/Sep/2007:09:17:14 -0700] "GET /tmp/ HTTP/1.1" 200 520 "-" "Mozilla/5.0 (compatible; Googlebot/2.1; +http://www.google.com/bot.html)" "shaneperfect.com"
66.249.72.42 - - [04/Sep/2007:11:04:27 -0700] "GET /tmp/?D=A HTTP/1.1" 200 520 "-" "Mozilla/5.0 (compatible; Googlebot/2.1; +http://www.google.com/bot.html)" "shaneperfect.com"
82.120.127.43 - - [04/Sep/2007:11:52:57 -0700] "GET / HTTP/1.0" 200 763 "http://www.courbis.fr" "Courbis, trucs et astuces pour la Varadero 125" "shaneperfect.com"
38.99.13.121 - - [04/Sep/2007:12:09:12 -0700] "GET /robots.txt HTTP/1.0" 404 275 "-" "Mozilla/5.0 (Twiceler-0.9 http://www.cuill.com/twiceler/robot.html)" "shaneperfect.com"
66.231.188.140 - - [04/Sep/2007:13:22:48 -0700] "GET / HTTP/1.0" 200 763 "-" "BrightCrawler (http://www.brightcloud.com/brightcrawler.asp)" "www.shaneperfect.com"
12.218.209.211 - - [04/Sep/2007:13:24:45 -0700] "GET / HTTP/1.1" 200 779 "http://hollyheath.com/fineart.html" "Mozilla/5.0 (Macintosh; U; Intel Mac OS X; en-US; rv:1.8.1.6) Gecko/20070725 Firefox/2.0.0.6" "shaneperfect.com"
12.218.209.211 - - [04/Sep/2007:13:24:46 -0700] "GET /favicon.ico HTTP/1.1" 404 275 "-" "Mozilla/5.0 (Macintosh; U; Intel Mac OS X; en-US; rv:1.8.1.6) Gecko/20070725 Firefox/2.0.0.6" "shaneperfect.com"
12.218.209.211 - - [04/Sep/2007:13:24:51 -0700] "GET /logs/ HTTP/1.1" 200 2374 "http://shaneperfect.com/" "Mozilla/5.0 (Macintosh; U; Intel Mac OS X; en-US; rv:1.8.1.6) Gecko/20070725 Firefox/2.0.0.6" "shaneperfect.com"
12.218.209.211 - - [04/Sep/2007:13:24:51 -0700] "GET /logs/ HTTP/1.1" 200 2374 "http://shaneperfect.com/" "Mozilla/5.0 (Macintosh; U; Intel Mac OS X; en-US; rv:1.8.1.6) Gecko/20070725 Firefox/2.0.0.6" "shaneperfect.com"
12.218.209.211 - - [04/Sep/2007:13:24:53 -0700] "GET /logs/access_070301.log HTTP/1.1" 200 25559 "http://shaneperfect.com/logs/" "Mozilla/5.0 (Macintosh; U; Intel Mac OS X; en-US; rv:1.8.1.6) Gecko/20070725 Firefox/2.0.0.6" "shaneperfect.com"
12.218.209.211 - - [04/Sep/2007:13:24:53 -0700] "GET /logs/access_070301.log HTTP/1.1" 206 21648 "http://shaneperfect.com/logs/" "Mozilla/5.0 (Macintosh; U; Intel Mac OS X; en-US; rv:1.8.1.6) Gecko/20070725 Firefox/2.0.0.6" "shaneperfect.com"
71.97.148.90 - - [04/Sep/2007:14:20:53 -0700] "GET / HTTP/1.1" 200 779 "http://hollyheath.com/fineart.html" "Mozilla/4.0 (compatible; MSIE 6.0; Windows NT 5.1; acc=dreese; SV1; .NET CLR 1.0.3705)" "shaneperfect.com"
71.97.148.90 - - [04/Sep/2007:19:33:13 -0700] "GET / HTTP/1.1" 200 779 "-" "Mozilla/4.0 (compatible; MSIE 6.0; Windows NT 5.1; acc=dreese; SV1; .NET CLR 1.0.3705)" "shaneperfect.com"
71.97.148.90 - - [04/Sep/2007:19:33:18 -0700] "GET /logs/ HTTP/1.1" 200 2374 "http://shaneperfect.com/" "Mozilla/4.0 (compatible; MSIE 6.0; Windows NT 5.1; acc=dreese; SV1; .NET CLR 1.0.3705)" "shaneperfect.com"
71.97.148.90 - - [04/Sep/2007:19:33:22 -0700] "GET /logs/access.log HTTP/1.1" 200 9208 "http://shaneperfect.com/logs/" "Mozilla/4.0 (compatible; MSIE 6.0; Windows NT 5.1; acc=dreese; SV1; .NET CLR 1.0.3705)" "shaneperfect.com"
71.97.148.90 - - [04/Sep/2007:19:33:31 -0700] "GET / HTTP/1.1" 200 779 "http://shaneperfect.com/logs/" "Mozilla/4.0 (compatible; MSIE 6.0; Windows NT 5.1; acc=dreese; SV1; .NET CLR 1.0.3705)" "shaneperfect.com"
71.97.148.90 - - [04/Sep/2007:19:33:32 -0700] "GET /tmp/ HTTP/1.1" 200 520 "http://shaneperfect.com/" "Mozilla/4.0 (compatible; MSIE 6.0; Windows NT 5.1; acc=dreese; SV1; .NET CLR 1.0.3705)" "shaneperfect.com"
66.249.65.35 - - [04/Sep/2007:19:41:21 -0700] "GET /robots.txt HTTP/1.1" 404 275 "-" "Mozilla/5.0 (compatible; Googlebot/2.1; +http://www.google.com/bot.html)" "www.shaneperfect.com"
66.249.65.35 - - [04/Sep/2007:19:41:21 -0700] "GET /logs/access_070701.log HTTP/1.1" 304 - "-" "Mozilla/5.0 (compatible; Googlebot/2.1; +http://www.google.com/bot.html)" "www.shaneperfect.com"
74.6.19.114 - - [04/Sep/2007:21:12:33 -0700] "GET /robots.txt HTTP/1.0" 404 275 "-" "Mozilla/5.0 (compatible; Yahoo! Slurp; http://help.yahoo.com/help/us/ysearch/slurp)" "shaneperfect.com"
74.6.20.27 - - [04/Sep/2007:21:12:33 -0700] "GET /tmp/?S=A HTTP/1.0" 200 504 "-" "Mozilla/5.0 (compatible; Yahoo! Slurp; http://help.yahoo.com/help/us/ysearch/slurp)" "shaneperfect.com"
74.6.19.114 - - [05/Sep/2007:06:27:32 -0700] "GET /robots.txt HTTP/1.0" 404 275 "-" "Mozilla/5.0 (compatible; Yahoo! Slurp; http://help.yahoo.com/help/us/ysearch/slurp)" "shaneperfect.com"
74.6.23.14 - - [05/Sep/2007:06:27:32 -0700] "GET /tmp/?M=A HTTP/1.0" 200 504 "-" "Mozilla/5.0 (compatible; Yahoo! Slurp; http://help.yahoo.com/help/us/ysearch/slurp)" "shaneperfect.com"
38.99.13.121 - - [05/Sep/2007:06:29:26 -0700] "GET /robots.txt HTTP/1.0" 404 275 "-" "Mozilla/5.0 (Twiceler-0.9 http://www.cuill.com/twiceler/robot.html)" "shaneperfect.com"
74.6.23.125 - - [05/Sep/2007:10:46:58 -0700] "GET /tmp/?D=A HTTP/1.0" 200 504 "-" "Mozilla/5.0 (compatible; Yahoo! Slurp; http://help.yahoo.com/help/us/ysearch/slurp)" "shaneperfect.com"
82.120.141.159 - - [05/Sep/2007:11:32:47 -0700] "GET / HTTP/1.0" 200 763 "http://www.courbis.fr" "Courbis : Livres et logiciels gratuits, Meteo du RER, etc..." "shaneperfect.com"
66.249.66.170 - - [05/Sep/2007:14:25:51 -0700] "GET /robots.txt HTTP/1.1" 404 275 "-" "Mozilla/5.0 (compatible; Googlebot/2.1; +http://www.google.com/bot.html)" "shaneperfect.com"
66.249.66.170 - - [05/Sep/2007:14:25:51 -0700] "GET /tmp/ HTTP/1.1" 200 520 "-" "Mozilla/5.0 (compatible; Googlebot/2.1; +http://www.google.com/bot.html)" "shaneperfect.com"
66.249.65.107 - - [05/Sep/2007:17:30:46 -0700] "GET / HTTP/1.1" 200 779 "-" "Mozilla/5.0 (compatible; Googlebot/2.1; +http://www.google.com/bot.html)" "shaneperfect.com"
66.249.66.163 - - [05/Sep/2007:17:30:58 -0700] "GET /robots.txt HTTP/1.1" 404 275 "-" "Mozilla/5.0 (compatible; Googlebot/2.1; +http://www.google.com/bot.html)" "www.shaneperfect.com"
66.249.66.163 - - [05/Sep/2007:17:30:58 -0700] "GET /logs/access_070701.log HTTP/1.1" 304 - "-" "Mozilla/5.0 (compatible; Googlebot/2.1; +http://www.google.com/bot.html)" "www.shaneperfect.com"
66.249.65.107 - - [05/Sep/2007:17:31:01 -0700] "GET /logs/access.log HTTP/1.1" 200 12459 "-" "Mozilla/5.0 (compatible; Googlebot/2.1; +http://www.google.com/bot.html)" "shaneperfect.com"
66.249.66.163 - - [05/Sep/2007:17:31:01 -0700] "GET /logs/access_070731.log HTTP/1.1" 304 - "-" "Mozilla/5.0 (compatible; Googlebot/2.1; +http://www.google.com/bot.html)" "www.shaneperfect.com"
68.142.212.189 - - [06/Sep/2007:07:25:32 -0700] "GET /robots.txt HTTP/1.0" 404 275 "-" "Yahoo-MMCrawler/3.x (mms dash mmcrawler dash support at yahoo dash inc dot com)" "www.shaneperfect.com"
71.98.212.195 - - [06/Sep/2007:08:49:43 -0700] "GET /logs/access_070331.log HTTP/1.1" 200 6009 "-" "Mozilla/4.0 (compatible; MSIE 7.0; Windows NT 5.1; .NET CLR 1.1.4322)" "www.shaneperfect.com"
68.142.212.193 - - [06/Sep/2007:09:47:24 -0700] "GET /robots.txt HTTP/1.0" 404 275 "-" "Yahoo-MMCrawler/3.x (mms dash mmcrawler dash support at yahoo dash inc dot com)" "shaneperfect.com"
74.6.19.114 - - [06/Sep/2007:10:46:45 -0700] "GET /robots.txt HTTP/1.0" 404 275 "-" "Mozilla/5.0 (compatible; Yahoo! Slurp; http://help.yahoo.com/help/us/ysearch/slurp)" "shaneperfect.com"
74.6.23.213 - - [06/Sep/2007:10:46:45 -0700] "GET / HTTP/1.0" 200 763 "-" "Mozilla/5.0 (compatible; Yahoo! Slurp; http://help.yahoo.com/help/us/ysearch/slurp)" "shaneperfect.com"
90.35.41.140 - - [06/Sep/2007:11:53:50 -0700] "GET / HTTP/1.0" 200 763 "http://www.courbis.fr" "Courbis presente Voyage au centre de la HP48" "shaneperfect.com"
66.249.65.107 - - [06/Sep/2007:14:21:37 -0700] "GET /robots.txt HTTP/1.1" 404 275 "-" "Mozilla/5.0 (compatible; Googlebot/2.1; +http://www.google.com/bot.html)" "shaneperfect.com"
66.249.65.107 - - [06/Sep/2007:14:21:37 -0700] "GET /logs/access_070301.log HTTP/1.1" 200 25559 "-" "Mozilla/5.0 (compatible; Googlebot/2.1; +http://www.google.com/bot.html)" "shaneperfect.com"
72.86.67.185 - - [06/Sep/2007:17:57:41 -0700] "GET / HTTP/1.1" 200 779 "http://www.hollyheath.com/artiststatement.html" "Mozilla/4.0 (compatible; MSIE 7.0; Windows NT 5.1; .NET CLR 1.0.3705; .NET CLR 1.1.4322; Media Center PC 4.0)" "shaneperfect.com"
72.86.67.185 - - [06/Sep/2007:17:57:42 -0700] "GET /favicon.ico HTTP/1.1" 404 275 "-" "Mozilla/4.0 (compatible; MSIE 7.0; Windows NT 5.1; .NET CLR 1.0.3705; .NET CLR 1.1.4322; Media Center PC 4.0)" "shaneperfect.com"
66.249.65.107 - - [06/Sep/2007:18:13:49 -0700] "GET /logs/ HTTP/1.1" 200 2374 "-" "Mozilla/5.0 (compatible; Googlebot/2.1; +http://www.google.com/bot.html)" "shaneperfect.com"
66.249.65.107 - - [06/Sep/2007:20:33:10 -0700] "GET /robots.txt HTTP/1.1" 404 275 "-" "Mozilla/5.0 (compatible; Googlebot/2.1; +http://www.google.com/bot.html)" "shaneperfect.com"
66.249.65.107 - - [06/Sep/2007:20:33:10 -0700] "GET /logs/access_070901.log HTTP/1.1" 200 86106 "-" "Mozilla/5.0 (compatible; Googlebot/2.1; +http://www.google.com/bot.html)" "shaneperfect.com"
38.99.13.121 - - [07/Sep/2007:00:11:06 -0700] "GET /robots.txt HTTP/1.0" 404 275 "-" "Mozilla/5.0 (Twiceler-0.9 http://www.cuill.com/twiceler/robot.html)" "shaneperfect.com"
69.245.206.220 - - [07/Sep/2007:11:10:23 -0700] "GET / HTTP/1.1" 200 779 "http://www.hollyheath.com/fineart.html" "Mozilla/4.0 (compatible; MSIE 7.0; Windows NT 5.1; .NET CLR 1.1.4322)" "shaneperfect.com"
69.245.206.220 - - [07/Sep/2007:11:10:24 -0700] "GET /favicon.ico HTTP/1.1" 404 275 "-" "Mozilla/4.0 (compatible; MSIE 7.0; Windows NT 5.1; .NET CLR 1.1.4322)" "shaneperfect.com"
86.217.76.243 - - [07/Sep/2007:11:11:14 -0700] "GET / HTTP/1.0" 200 763 "http://www.courbis.fr" "Courbis vous offre la meteo du RER" "shaneperfect.com"
63.123.238.8 - - [08/Sep/2007:02:01:32 -0700] "GET /robots.txt HTTP/1.1" 404 275 "-" "Mozilla/2.0 (compatible; Ask Jeeves/Teoma)" "www.shaneperfect.com"
63.123.238.8 - - [08/Sep/2007:02:01:32 -0700] "GET / HTTP/1.1" 200 779 "-" "Mozilla/2.0 (compatible; Ask Jeeves/Teoma)" "www.shaneperfect.com"
38.99.13.121 - - [08/Sep/2007:20:46:03 -0700] "GET /robots.txt HTTP/1.0" 404 275 "-" "Mozilla/5.0 (Twiceler-0.9 http://www.cuill.com/twiceler/robot.html)" "shaneperfect.com"
81.177.14.41 - - [09/Sep/2007:15:13:11 -0700] "HEAD / HTTP/1.1" 200 0 "-" "curl/7.15.4 (i386-portbld-freebsd6.0) libcurl/7.15.4 OpenSSL/0.9.7e zlib/1.2.2 c-ares/1.3.1" "shaneperfect.com"
66.249.72.35 - - [09/Sep/2007:18:17:40 -0700] "GET /robots.txt HTTP/1.1" 404 275 "-" "Mozilla/5.0 (compatible; Googlebot/2.1; +http://www.google.com/bot.html)" "shaneperfect.com"
66.249.72.35 - - [09/Sep/2007:18:17:40 -0700] "GET /logs/access.log HTTP/1.1" 200 16770 "-" "Mozilla/5.0 (compatible; Googlebot/2.1; +http://www.google.com/bot.html)" "shaneperfect.com"
66.249.72.35 - - [09/Sep/2007:18:17:43 -0700] "GET / HTTP/1.1" 200 779 "-" "Mozilla/5.0 (compatible; Googlebot/2.1; +http://www.google.com/bot.html)" "shaneperfect.com"
66.249.72.35 - - [09/Sep/2007:18:26:41 -0700] "GET /logs/access_070731.log HTTP/1.1" 304 - "-" "Mozilla/5.0 (compatible; Googlebot/2.1; +http://www.google.com/bot.html)" "shaneperfect.com"
38.99.13.121 - - [09/Sep/2007:23:42:21 -0700] "GET /robots.txt HTTP/1.0" 404 275 "-" "Mozilla/5.0 (Twiceler-0.9 http://www.cuill.com/twiceler/robot.html)" "shaneperfect.com"
70.85.114.58 - - [10/Sep/2007:06:21:55 -0700] "GET /robots.txt HTTP/1.1" 404 275 "www.shaneperfect.com" "Pingdom GIGRIB (http://www.pingdom.com)" "www.shaneperfect.com"
70.85.114.58 - - [10/Sep/2007:06:21:55 -0700] "GET /robots.txt HTTP/1.1" 404 275 "www.shaneperfect.com" "Pingdom GIGRIB (http://www.pingdom.com)" "www.shaneperfect.com"
70.85.114.58 - - [10/Sep/2007:06:21:55 -0700] "GET /robots.txt HTTP/1.1" 404 275 "www.shaneperfect.com" "Pingdom GIGRIB (http://www.pingdom.com)" "www.shaneperfect.com"
70.85.114.58 - - [10/Sep/2007:06:21:55 -0700] "GET /robots.txt HTTP/1.1" 404 275 "www.shaneperfect.com" "Pingdom GIGRIB (http://www.pingdom.com)" "www.shaneperfect.com"
70.85.114.58 - - [10/Sep/2007:06:21:55 -0700] "GET /robots.txt HTTP/1.1" 404 275 "www.shaneperfect.com" "Pingdom GIGRIB (http://www.pingdom.com)" "www.shaneperfect.com"
70.85.114.58 - - [10/Sep/2007:06:21:55 -0700] "GET /robots.txt HTTP/1.1" 404 275 "www.shaneperfect.com" "Pingdom GIGRIB (http://www.pingdom.com)" "www.shaneperfect.com"
70.85.114.58 - - [10/Sep/2007:06:21:55 -0700] "GET /robots.txt HTTP/1.1" 404 275 "www.shaneperfect.com" "Pingdom GIGRIB (http://www.pingdom.com)" "www.shaneperfect.com"
70.85.114.58 - - [10/Sep/2007:06:21:55 -0700] "GET /robots.txt HTTP/1.1" 404 275 "www.shaneperfect.com" "Pingdom GIGRIB (http://www.pingdom.com)" "www.shaneperfect.com"
70.85.114.58 - - [10/Sep/2007:06:25:04 -0700] "GET / HTTP/1.1" 200 779 "http://www.pingdom.com/tools/fpt/?url=www.shaneperfect.com" "Pingdom GIGRIB (http://www.pingdom.com)" "www.shaneperfect.com"
70.85.114.58 - - [10/Sep/2007:06:25:04 -0700] "GET / HTTP/1.1" 200 779 "http://www.pingdom.com/tools/fpt/?url=www.shaneperfect.com" "Pingdom GIGRIB (http://www.pingdom.com)" "www.shaneperfect.com"
70.85.114.58 - - [10/Sep/2007:06:25:04 -0700] "GET / HTTP/1.1" 200 779 "http://www.pingdom.com/tools/fpt/?url=www.shaneperfect.com" "Pingdom GIGRIB (http://www.pingdom.com)" "www.shaneperfect.com"
70.85.114.58 - - [10/Sep/2007:06:25:04 -0700] "GET / HTTP/1.1" 200 779 "http://www.pingdom.com/tools/fpt/?url=www.shaneperfect.com" "Pingdom GIGRIB (http://www.pingdom.com)" "www.shaneperfect.com"
70.85.114.58 - - [10/Sep/2007:06:25:04 -0700] "GET / HTTP/1.1" 200 779 "http://www.pingdom.com/tools/fpt/?url=www.shaneperfect.com" "Pingdom GIGRIB (http://www.pingdom.com)" "www.shaneperfect.com"
70.85.114.58 - - [10/Sep/2007:06:25:04 -0700] "GET / HTTP/1.1" 200 779 "http://www.pingdom.com/tools/fpt/?url=www.shaneperfect.com" "Pingdom GIGRIB (http://www.pingdom.com)" "www.shaneperfect.com"
70.85.114.58 - - [10/Sep/2007:06:25:08 -0700] "GET / HTTP/1.1" 200 779 "http://www.pingdom.com/tools/fpt/?url=www.shaneperfect.com" "Pingdom GIGRIB (http://www.pingdom.com)" "www.shaneperfect.com"
70.85.114.58 - - [10/Sep/2007:06:25:08 -0700] "GET / HTTP/1.1" 200 779 "http://www.pingdom.com/tools/fpt/?url=www.shaneperfect.com" "Pingdom GIGRIB (http://www.pingdom.com)" "www.shaneperfect.com"
68.142.212.193 - - [10/Sep/2007:18:03:52 -0700] "GET /robots.txt HTTP/1.0" 404 275 "-" "Yahoo-MMCrawler/3.x (mms dash mmcrawler dash support at yahoo dash inc dot com)" "shaneperfect.com"
64.246.165.200 - - [10/Sep/2007:19:00:50 -0700] "GET /robots.txt HTTP/1.0" 404 275 "http://www.whois.sc/" "SurveyBot/2.3 (Whois Source)" "www.shaneperfect.com"
64.246.165.200 - - [10/Sep/2007:19:00:50 -0700] "GET / HTTP/1.1" 200 779 "http://www.whois.sc/shaneperfect.com" "SurveyBot/2.3 (Whois Source)" "www.shaneperfect.com"
38.100.41.105 - - [10/Sep/2007:23:27:35 -0700] "GET / HTTP/1.1" 200 779 "-" "Mozilla/4.0 (compatible; MSIE 6.0; Windows XP)" "www.shaneperfect.com"
38.100.41.105 - - [10/Sep/2007:23:28:18 -0700] "GET /tmp/ HTTP/1.1" 200 520 "http://www.shaneperfect.com/" "Mozilla/4.0 (compatible; MSIE 6.0; Windows XP)" "www.shaneperfect.com"
38.100.41.105 - - [10/Sep/2007:23:28:21 -0700] "GET /logs/ HTTP/1.1" 200 2374 "http://www.shaneperfect.com/" "Mozilla/4.0 (compatible; MSIE 6.0; Windows XP)" "www.shaneperfect.com"
38.100.41.105 - - [10/Sep/2007:23:28:59 -0700] "GET /logs/access_070531.log HTTP/1.1" 200 73402 "http://www.shaneperfect.com/logs/" "Mozilla/4.0 (compatible; MSIE 6.0; Windows XP)" "www.shaneperfect.com"
38.100.41.105 - - [10/Sep/2007:23:29:00 -0700] "GET /logs/access_070330.log HTTP/1.1" 200 2550 "http://www.shaneperfect.com/logs/" "Mozilla/4.0 (compatible; MSIE 6.0; Windows XP)" "www.shaneperfect.com"
38.100.41.105 - - [10/Sep/2007:23:29:01 -0700] "GET /logs/access.log HTTP/1.1" 200 21821 "http://www.shaneperfect.com/logs/" "Mozilla/4.0 (compatible; MSIE 6.0; Windows XP)" "www.shaneperfect.com"
38.100.41.105 - - [10/Sep/2007:23:29:02 -0700] "GET /logs/access_070331.log HTTP/1.1" 200 6009 "http://www.shaneperfect.com/logs/" "Mozilla/4.0 (compatible; MSIE 6.0; Windows XP)" "www.shaneperfect.com"
38.100.41.105 - - [10/Sep/2007:23:29:04 -0700] "GET /logs/access_070601.log HTTP/1.1" 200 1711 "http://www.shaneperfect.com/logs/" "Mozilla/4.0 (compatible; MSIE 6.0; Windows XP)" "www.shaneperfect.com"
38.100.41.105 - - [10/Sep/2007:23:29:05 -0700] "GET /logs/access_070801.log HTTP/1.1" 200 1244 "http://www.shaneperfect.com/logs/" "Mozilla/4.0 (compatible; MSIE 6.0; Windows XP)" "www.shaneperfect.com"
38.100.41.105 - - [10/Sep/2007:23:29:05 -0700] "GET /logs/access_070401.log HTTP/1.1" 200 1955 "http://www.shaneperfect.com/logs/" "Mozilla/4.0 (compatible; MSIE 6.0; Windows XP)" "www.shaneperfect.com"
38.100.41.105 - - [10/Sep/2007:23:29:07 -0700] "GET /logs/access_070901.log HTTP/1.1" 200 86106 "http://www.shaneperfect.com/logs/" "Mozilla/4.0 (compatible; MSIE 6.0; Windows XP)" "www.shaneperfect.com"
38.100.41.105 - - [10/Sep/2007:23:29:08 -0700] "GET /logs/access_070701.log HTTP/1.1" 200 125427 "http://www.shaneperfect.com/logs/" "Mozilla/4.0 (compatible; MSIE 6.0; Windows XP)" "www.shaneperfect.com"
38.100.41.105 - - [10/Sep/2007:23:29:09 -0700] "GET /logs/access_070329.log HTTP/1.1" 200 49820 "http://www.shaneperfect.com/logs/" "Mozilla/4.0 (compatible; MSIE 6.0; Windows XP)" "www.shaneperfect.com"
38.100.41.105 - - [10/Sep/2007:23:29:10 -0700] "GET /logs/access_070301.log HTTP/1.1" 200 25559 "http://www.shaneperfect.com/logs/" "Mozilla/4.0 (compatible; MSIE 6.0; Windows XP)" "www.shaneperfect.com"
38.100.41.105 - - [10/Sep/2007:23:29:11 -0700] "GET /logs/access_070501.log HTTP/1.1" 200 70463 "http://www.shaneperfect.com/logs/" "Mozilla/4.0 (compatible; MSIE 6.0; Windows XP)" "www.shaneperfect.com"
38.100.41.105 - - [10/Sep/2007:23:29:13 -0700] "GET /logs/access_070731.log HTTP/1.1" 200 89341 "http://www.shaneperfect.com/logs/" "Mozilla/4.0 (compatible; MSIE 6.0; Windows XP)" "www.shaneperfect.com"
168.102.135.9 - - [11/Sep/2007:06:29:56 -0700] "GET / HTTP/1.0" 200 763 "http://hollyheath.com/artiststatement.html" "Mozilla/4.0 (compatible; MSIE 6.0; Windows NT 5.1; SV1; .NET CLR 1.1.4322; .NET CLR 2.0.50727; .NET CLR 3.0.04506.30; InfoPath.1)" "shaneperfect.com"
68.142.212.189 - - [11/Sep/2007:10:21:49 -0700] "GET /robots.txt HTTP/1.0" 404 275 "-" "Yahoo-MMCrawler/3.x (mms dash mmcrawler dash support at yahoo dash inc dot com)" "www.shaneperfect.com"
66.249.72.50 - - [11/Sep/2007:13:06:19 -0700] "GET /robots.txt HTTP/1.1" 404 275 "-" "Mozilla/5.0 (compatible; Googlebot/2.1; +http://www.google.com/bot.html)" "www.shaneperfect.com"
66.249.72.50 - - [11/Sep/2007:13:06:19 -0700] "GET /logs/access_070701.log HTTP/1.1" 304 - "-" "Mozilla/5.0 (compatible; Googlebot/2.1; +http://www.google.com/bot.html)" "www.shaneperfect.com"
38.99.13.121 - - [11/Sep/2007:14:24:33 -0700] "GET /robots.txt HTTP/1.0" 404 275 "-" "Mozilla/5.0 (Twiceler-0.9 http://www.cuill.com/twiceler/robot.html)" "shaneperfect.com"
208.17.184.43 - - [11/Sep/2007:18:28:24 -0700] "GET /robots.txt HTTP/1.1" 404 275 "-" "Mozilla/5.0 (X11; U; Linux i686; en-US; rv:1.7.12) Gecko/20050922 Fedora/1.0.7-1.1.fc4 Firefox/1.0.7" "www.shaneperfect.com"
208.17.184.43 - - [11/Sep/2007:18:39:38 -0700] "GET / HTTP/1.1" 200 779 "-" "Mozilla/5.0 (X11; U; Linux i686; en-US; rv:1.7.12) Gecko/20050922 Fedora/1.0.7-1.1.fc4 Firefox/1.0.7" "www.shaneperfect.com"
208.17.184.43 - - [11/Sep/2007:18:49:47 -0700] "GET /?N=D HTTP/1.1" 200 779 "-" "Mozilla/5.0 (X11; U; Linux i686; en-US; rv:1.7.12) Gecko/20050922 Fedora/1.0.7-1.1.fc4 Firefox/1.0.7" "www.shaneperfect.com"
208.17.184.43 - - [11/Sep/2007:18:58:43 -0700] "GET /?M=A HTTP/1.1" 200 779 "-" "Mozilla/5.0 (X11; U; Linux i686; en-US; rv:1.7.12) Gecko/20050922 Fedora/1.0.7-1.1.fc4 Firefox/1.0.7" "www.shaneperfect.com"
208.17.184.43 - - [11/Sep/2007:19:06:22 -0700] "GET /?S=A HTTP/1.1" 200 779 "-" "Mozilla/5.0 (X11; U; Linux i686; en-US; rv:1.7.12) Gecko/20050922 Fedora/1.0.7-1.1.fc4 Firefox/1.0.7" "www.shaneperfect.com"
208.17.184.43 - - [11/Sep/2007:19:12:39 -0700] "GET /?D=A HTTP/1.1" 200 779 "-" "Mozilla/5.0 (X11; U; Linux i686; en-US; rv:1.7.12) Gecko/20050922 Fedora/1.0.7-1.1.fc4 Firefox/1.0.7" "www.shaneperfect.com"
208.17.184.43 - - [11/Sep/2007:19:21:41 -0700] "GET /tmp/ HTTP/1.1" 200 520 "-" "Mozilla/5.0 (X11; U; Linux i686; en-US; rv:1.7.12) Gecko/20050922 Fedora/1.0.7-1.1.fc4 Firefox/1.0.7" "www.shaneperfect.com"
208.17.184.43 - - [11/Sep/2007:19:26:12 -0700] "GET /?N=A HTTP/1.1" 200 779 "-" "Mozilla/5.0 (X11; U; Linux i686; en-US; rv:1.7.12) Gecko/20050922 Fedora/1.0.7-1.1.fc4 Firefox/1.0.7" "www.shaneperfect.com"
208.17.184.43 - - [11/Sep/2007:19:30:55 -0700] "GET /logs/ HTTP/1.1" 200 2374 "-" "Mozilla/5.0 (X11; U; Linux i686; en-US; rv:1.7.12) Gecko/20050922 Fedora/1.0.7-1.1.fc4 Firefox/1.0.7" "www.shaneperfect.com"
66.249.72.166 - - [12/Sep/2007:00:32:41 -0700] "GET /robots.txt HTTP/1.1" 404 275 "-" "Mozilla/5.0 (compatible; Googlebot/2.1; +http://www.google.com/bot.html)" "www.shaneperfect.com"
66.249.72.166 - - [12/Sep/2007:00:32:41 -0700] "GET /?D=D HTTP/1.1" 200 779 "-" "Mozilla/5.0 (compatible; Googlebot/2.1; +http://www.google.com/bot.html)" "www.shaneperfect.com"
74.6.23.35 - - [12/Sep/2007:12:03:20 -0700] "GET /robots.txt HTTP/1.0" 404 275 "-" "Mozilla/5.0 (compatible; Yahoo! Slurp; http://help.yahoo.com/help/us/ysearch/slurp)" "shaneperfect.com"
74.6.23.14 - - [12/Sep/2007:12:03:20 -0700] "GET /tmp/?M=A HTTP/1.0" 200 504 "-" "Mozilla/5.0 (compatible; Yahoo! Slurp; http://help.yahoo.com/help/us/ysearch/slurp)" "shaneperfect.com"
64.12.117.68 - - [12/Sep/2007:17:33:29 -0700] "GET / HTTP/1.1" 200 779 "http://www.hollyheath.com/artiststatement.html" "Mozilla/4.0 (compatible; MSIE 7.0; AOL 9.0; Windows NT 5.1; .NET CLR 1.1.4322)" "shaneperfect.com"
74.6.23.35 - - [12/Sep/2007:19:22:17 -0700] "GET /robots.txt HTTP/1.0" 404 275 "-" "Mozilla/5.0 (compatible; Yahoo! Slurp; http://help.yahoo.com/help/us/ysearch/slurp)" "shaneperfect.com"
74.6.28.137 - - [12/Sep/2007:19:22:17 -0700] "GET /tmp/?S=A HTTP/1.0" 200 504 "-" "Mozilla/5.0 (compatible; Yahoo! Slurp; http://help.yahoo.com/help/us/ysearch/slurp)" "shaneperfect.com"
66.249.72.50 - - [12/Sep/2007:19:54:29 -0700] "GET /robots.txt HTTP/1.1" 404 275 "-" "Mozilla/5.0 (compatible; Googlebot/2.1; +http://www.google.com/bot.html)" "shaneperfect.com"
66.249.72.50 - - [12/Sep/2007:19:54:29 -0700] "GET / HTTP/1.1" 200 779 "-" "Mozilla/5.0 (compatible; Googlebot/2.1; +http://www.google.com/bot.html)" "shaneperfect.com"
66.249.72.50 - - [12/Sep/2007:20:12:24 -0700] "GET /logs/access.log HTTP/1.1" 200 28805 "-" "Mozilla/5.0 (compatible; Googlebot/2.1; +http://www.google.com/bot.html)" "shaneperfect.com"
38.99.13.121 - - [12/Sep/2007:22:17:31 -0700] "GET /robots.txt HTTP/1.0" 404 275 "-" "Mozilla/5.0 (Twiceler-0.9 http://www.cuill.com/twiceler/robot.html)" "shaneperfect.com"
68.142.212.193 - - [12/Sep/2007:22:39:12 -0700] "GET /robots.txt HTTP/1.0" 404 275 "-" "Yahoo-MMCrawler/3.x (mms dash mmcrawler dash support at yahoo dash inc dot com)" "shaneperfect.com"
74.52.245.146 - - [13/Sep/2007:02:36:55 -0700] "GET / HTTP/1.0" 200 763 "-" "Mozilla/5.0 (X11; U; Linux i686; en-US; rv:1.7.5) Gecko/20041107 Firefox/1.0" "www.shaneperfect.com"
74.6.23.35 - - [13/Sep/2007:10:48:18 -0700] "GET /robots.txt HTTP/1.0" 404 275 "-" "Mozilla/5.0 (compatible; Yahoo! Slurp; http://help.yahoo.com/help/us/ysearch/slurp)" "shaneperfect.com"
74.6.23.213 - - [13/Sep/2007:10:48:18 -0700] "GET / HTTP/1.0" 200 763 "-" "Mozilla/5.0 (compatible; Yahoo! Slurp; http://help.yahoo.com/help/us/ysearch/slurp)" "shaneperfect.com"
205.188.117.68 - - [13/Sep/2007:19:14:55 -0700] "GET / HTTP/1.1" 200 779 "http://hollyheath.com/artiststatement.html" "Mozilla/4.0 (compatible; MSIE 6.0; AOL 9.0; Windows NT 5.1; SV1; .NET CLR 1.1.4322)" "shaneperfect.com"
205.188.116.204 - - [13/Sep/2007:19:14:55 -0700] "HEAD /logs/ HTTP/1.1" 200 0 "-" "-" "shaneperfect.com"
205.188.117.68 - - [13/Sep/2007:19:15:16 -0700] "HEAD / HTTP/1.1" 200 0 "-" "-" "shaneperfect.com"
38.99.13.121 - - [13/Sep/2007:22:47:54 -0700] "GET /robots.txt HTTP/1.0" 404 275 "-" "Mozilla/5.0 (Twiceler-0.9 http://www.cuill.com/twiceler/robot.html)" "shaneperfect.com"
69.245.223.91 - - [14/Sep/2007:07:05:20 -0700] "GET / HTTP/1.1" 200 779 "http://www.hollyheath.com/fineart.html" "Mozilla/4.0 (compatible; MSIE 7.0; Windows NT 6.0; SLCC1; .NET CLR 2.0.50727; Media Center PC 5.0; .NET CLR 3.0.04506; Tablet PC 2.0; .NET CLR 1.1.4322)" "shaneperfect.com"
69.245.223.91 - - [14/Sep/2007:07:05:21 -0700] "GET /favicon.ico HTTP/1.1" 404 275 "-" "Mozilla/4.0 (compatible; MSIE 7.0; Windows NT 6.0; SLCC1; .NET CLR 2.0.50727; Media Center PC 5.0; .NET CLR 3.0.04506; Tablet PC 2.0; .NET CLR 1.1.4322)" "shaneperfect.com"
69.245.223.91 - - [14/Sep/2007:07:05:25 -0700] "GET /logs/ HTTP/1.1" 200 2374 "http://shaneperfect.com/" "Mozilla/4.0 (compatible; MSIE 7.0; Windows NT 6.0; SLCC1; .NET CLR 2.0.50727; Media Center PC 5.0; .NET CLR 3.0.04506; Tablet PC 2.0; .NET CLR 1.1.4322)" "shaneperfect.com"
69.245.223.91 - - [14/Sep/2007:07:05:29 -0700] "GET /tmp/ HTTP/1.1" 200 520 "http://shaneperfect.com/" "Mozilla/4.0 (compatible; MSIE 7.0; Windows NT 6.0; SLCC1; .NET CLR 2.0.50727; Media Center PC 5.0; .NET CLR 3.0.04506; Tablet PC 2.0; .NET CLR 1.1.4322)" "shaneperfect.com"
69.245.223.91 - - [14/Sep/2007:07:05:31 -0700] "GET / HTTP/1.1" 200 779 "http://shaneperfect.com/tmp/" "Mozilla/4.0 (compatible; MSIE 7.0; Windows NT 6.0; SLCC1; .NET CLR 2.0.50727; Media Center PC 5.0; .NET CLR 3.0.04506; Tablet PC 2.0; .NET CLR 1.1.4322)" "shaneperfect.com"
74.6.19.111 - - [14/Sep/2007:07:27:34 -0700] "GET /robots.txt HTTP/1.0" 404 275 "-" "Mozilla/5.0 (compatible; Yahoo! Slurp; http://help.yahoo.com/help/us/ysearch/slurp)" "shaneperfect.com"
74.6.23.125 - - [14/Sep/2007:07:27:34 -0700] "GET /tmp/?D=A HTTP/1.0" 200 504 "-" "Mozilla/5.0 (compatible; Yahoo! Slurp; http://help.yahoo.com/help/us/ysearch/slurp)" "shaneperfect.com"
68.142.212.189 - - [14/Sep/2007:17:37:08 -0700] "GET /robots.txt HTTP/1.0" 404 275 "-" "Yahoo-MMCrawler/3.x (mms dash mmcrawler dash support at yahoo dash inc dot com)" "www.shaneperfect.com"
38.99.13.121 - - [14/Sep/2007:18:51:00 -0700] "GET /robots.txt HTTP/1.0" 404 275 "-" "Mozilla/5.0 (Twiceler-0.9 http://www.cuill.com/twiceler/robot.html)" "shaneperfect.com"
63.123.238.8 - - [15/Sep/2007:01:42:53 -0700] "GET /robots.txt HTTP/1.1" 404 275 "-" "Mozilla/2.0 (compatible; Ask Jeeves/Teoma)" "www.shaneperfect.com"
63.123.238.8 - - [15/Sep/2007:01:42:53 -0700] "GET / HTTP/1.1" 200 779 "-" "Mozilla/2.0 (compatible; Ask Jeeves/Teoma)" "www.shaneperfect.com"
68.142.212.193 - - [15/Sep/2007:05:28:39 -0700] "GET /robots.txt HTTP/1.0" 404 275 "-" "Yahoo-MMCrawler/3.x (mms dash mmcrawler dash support at yahoo dash inc dot com)" "shaneperfect.com"
66.249.72.166 - - [17/Sep/2007:02:01:44 -0700] "GET /robots.txt HTTP/1.1" 404 275 "-" "Mozilla/5.0 (compatible; Googlebot/2.1; +http://www.google.com/bot.html)" "shaneperfect.com"
66.249.72.166 - - [17/Sep/2007:02:01:44 -0700] "GET / HTTP/1.1" 200 779 "-" "Mozilla/5.0 (compatible; Googlebot/2.1; +http://www.google.com/bot.html)" "shaneperfect.com"
66.249.72.166 - - [17/Sep/2007:02:03:41 -0700] "GET /logs/access.log HTTP/1.1" 200 33456 "-" "Mozilla/5.0 (compatible; Googlebot/2.1; +http://www.google.com/bot.html)" "shaneperfect.com"
74.6.19.111 - - [17/Sep/2007:03:22:05 -0700] "GET /robots.txt HTTP/1.0" 404 275 "-" "Mozilla/5.0 (compatible; Yahoo! Slurp; http://help.yahoo.com/help/us/ysearch/slurp)" "shaneperfect.com"
74.6.29.44 - - [17/Sep/2007:03:22:05 -0700] "GET /logs/access.log HTTP/1.0" 200 33643 "-" "Mozilla/5.0 (compatible; Yahoo! Slurp; http://help.yahoo.com/help/us/ysearch/slurp)" "shaneperfect.com"
38.99.13.121 - - [17/Sep/2007:07:23:40 -0700] "GET /robots.txt HTTP/1.0" 404 275 "-" "Mozilla/5.0 (Twiceler-0.9 http://www.cuill.com/twiceler/robot.html)" "shaneperfect.com"
24.177.135.98 - - [17/Sep/2007:09:22:38 -0700] "GET / HTTP/1.0" 200 763 "http://www.hollyheath.com/fineart.html" "Mozilla/4.0 (compatible; MSIE 6.0; Windows NT 5.1; SV1; .NET CLR 1.1.4322; .NET CLR 2.0.50727)" "shaneperfect.com"
68.142.212.193 - - [17/Sep/2007:16:43:46 -0700] "GET /robots.txt HTTP/1.0" 404 275 "-" "Yahoo-MMCrawler/3.x (mms dash mmcrawler dash support at yahoo dash inc dot com)" "shaneperfect.com"
74.6.19.111 - - [18/Sep/2007:04:14:14 -0700] "GET /robots.txt HTTP/1.0" 404 275 "-" "Mozilla/5.0 (compatible; Yahoo! Slurp; http://help.yahoo.com/help/us/ysearch/slurp)" "shaneperfect.com"
74.6.19.229 - - [18/Sep/2007:04:14:14 -0700] "GET /?N=A HTTP/1.0" 200 763 "-" "Mozilla/5.0 (compatible; Yahoo! Slurp; http://help.yahoo.com/help/us/ysearch/slurp)" "shaneperfect.com"
66.249.72.225 - - [18/Sep/2007:08:52:19 -0700] "GET /robots.txt HTTP/1.1" 404 275 "-" "Mozilla/5.0 (compatible; Googlebot/2.1; +http://www.google.com/bot.html)" "shaneperfect.com"
66.249.72.225 - - [18/Sep/2007:08:52:19 -0700] "GET /logs/access_070401.log HTTP/1.1" 200 1955 "-" "Mozilla/5.0 (compatible; Googlebot/2.1; +http://www.google.com/bot.html)" "shaneperfect.com"
68.142.212.189 - - [18/Sep/2007:10:00:51 -0700] "GET /robots.txt HTTP/1.0" 404 275 "-" "Yahoo-MMCrawler/3.x (mms dash mmcrawler dash support at yahoo dash inc dot com)" "www.shaneperfect.com"
216.67.167.2 - - [18/Sep/2007:15:24:05 -0700] "GET / HTTP/1.1" 200 779 "http://www.hollyheath.com/fineart.html" "Mozilla/4.0 (compatible; MSIE 7.0; Windows NT 5.1)" "shaneperfect.com"
216.67.167.2 - - [18/Sep/2007:15:24:06 -0700] "GET /favicon.ico HTTP/1.1" 404 275 "-" "Mozilla/4.0 (compatible; MSIE 7.0; Windows NT 5.1)" "shaneperfect.com"
216.67.167.2 - - [18/Sep/2007:15:25:24 -0700] "GET / HTTP/1.1" 200 779 "http://www.hollyheath.com/artiststatement.html" "Mozilla/4.0 (compatible; MSIE 7.0; Windows NT 5.1)" "shaneperfect.com"
216.67.167.2 - - [18/Sep/2007:15:25:27 -0700] "GET / HTTP/1.1" 200 779 "http://shaneperfect.com/" "Mozilla/4.0 (compatible; MSIE 7.0; Windows NT 5.1)" "shaneperfect.com"
216.67.167.2 - - [18/Sep/2007:15:25:29 -0700] "GET /logs/ HTTP/1.1" 200 2374 "http://shaneperfect.com/" "Mozilla/4.0 (compatible; MSIE 7.0; Windows NT 5.1)" "shaneperfect.com"
38.99.13.121 - - [18/Sep/2007:16:33:19 -0700] "GET /robots.txt HTTP/1.0" 404 275 "-" "Mozilla/5.0 (Twiceler-0.9 http://www.cuill.com/twiceler/robot.html)" "shaneperfect.com"
205.188.117.68 - - [18/Sep/2007:19:15:54 -0700] "GET / HTTP/1.1" 200 779 "http://hollyheath.com/fineart.html" "Mozilla/4.0 (compatible; MSIE 7.0; AOL 9.0; Windows NT 5.1; .NET CLR 1.1.4322)" "shaneperfect.com"
65.55.210.33 - - [18/Sep/2007:19:22:51 -0700] "GET /robots.txt HTTP/1.0" 404 275 "-" "msnbot/1.0 (+http://search.msn.com/msnbot.htm)" "shaneperfect.com"
65.55.210.33 - - [18/Sep/2007:19:22:51 -0700] "GET / HTTP/1.0" 200 763 "-" "msnbot/1.0 (+http://search.msn.com/msnbot.htm)" "shaneperfect.com"
74.6.19.111 - - [19/Sep/2007:02:30:12 -0700] "GET /robots.txt HTTP/1.0" 404 275 "-" "Mozilla/5.0 (compatible; Yahoo! Slurp; http://help.yahoo.com/help/us/ysearch/slurp)" "shaneperfect.com"
74.6.28.234 - - [19/Sep/2007:02:30:13 -0700] "GET /logs/access_070701.log HTTP/1.0" 200 125427 "-" "Mozilla/5.0 (compatible; Yahoo! Slurp; http://help.yahoo.com/help/us/ysearch/slurp)" "shaneperfect.com"
74.6.19.111 - - [19/Sep/2007:11:59:05 -0700] "GET /robots.txt HTTP/1.0" 404 275 "-" "Mozilla/5.0 (compatible; Yahoo! Slurp; http://help.yahoo.com/help/us/ysearch/slurp)" "shaneperfect.com"
74.6.19.77 - - [19/Sep/2007:11:59:06 -0700] "GET /logs/?M=A HTTP/1.0" 200 2358 "-" "Mozilla/5.0 (compatible; Yahoo! Slurp; http://help.yahoo.com/help/us/ysearch/slurp)" "shaneperfect.com"
74.6.19.162 - - [19/Sep/2007:12:53:26 -0700] "GET /logs/access_070601.log HTTP/1.0" 200 1711 "-" "Mozilla/5.0 (compatible; Yahoo! Slurp; http://help.yahoo.com/help/us/ysearch/slurp)" "shaneperfect.com"
68.142.212.193 - - [19/Sep/2007:21:11:48 -0700] "GET /robots.txt HTTP/1.0" 404 275 "-" "Yahoo-MMCrawler/3.x (mms dash mmcrawler dash support at yahoo dash inc dot com)" "shaneperfect.com"
64.208.172.178 - - [19/Sep/2007:23:15:59 -0700] "GET /robots.txt HTTP/1.0" 404 275 "-" "ia_archiver" "shaneperfect.com"
64.208.172.178 - - [19/Sep/2007:23:15:59 -0700] "GET / HTTP/1.0" 200 763 "-" "ia_archiver" "shaneperfect.com"
66.249.72.239 - - [20/Sep/2007:01:33:31 -0700] "GET /robots.txt HTTP/1.1" 404 275 "-" "Mozilla/5.0 (compatible; Googlebot/2.1; +http://www.google.com/bot.html)" "shaneperfect.com"
66.249.72.239 - - [20/Sep/2007:01:33:31 -0700] "GET /logs/access_070901.log HTTP/1.1" 304 - "-" "Mozilla/5.0 (compatible; Googlebot/2.1; +http://www.google.com/bot.html)" "shaneperfect.com"
66.249.72.239 - - [20/Sep/2007:03:15:40 -0700] "GET /robots.txt HTTP/1.1" 404 275 "-" "Mozilla/5.0 (compatible; Googlebot/2.1; +http://www.google.com/bot.html)" "www.shaneperfect.com"
66.249.72.239 - - [20/Sep/2007:03:15:40 -0700] "GET /logs/access_070731.log HTTP/1.1" 304 - "-" "Mozilla/5.0 (compatible; Googlebot/2.1; +http://www.google.com/bot.html)" "www.shaneperfect.com"
66.249.72.239 - - [20/Sep/2007:03:36:08 -0700] "GET /logs/access.log HTTP/1.1" 200 39253 "-" "Mozilla/5.0 (compatible; Googlebot/2.1; +http://www.google.com/bot.html)" "shaneperfect.com"
66.249.72.239 - - [20/Sep/2007:03:36:10 -0700] "GET / HTTP/1.1" 200 779 "-" "Mozilla/5.0 (compatible; Googlebot/2.1; +http://www.google.com/bot.html)" "shaneperfect.com"
74.6.19.111 - - [20/Sep/2007:10:50:09 -0700] "GET /robots.txt HTTP/1.0" 404 275 "-" "Mozilla/5.0 (compatible; Yahoo! Slurp; http://help.yahoo.com/help/us/ysearch/slurp)" "shaneperfect.com"
74.6.23.213 - - [20/Sep/2007:10:50:09 -0700] "GET / HTTP/1.0" 200 763 "-" "Mozilla/5.0 (compatible; Yahoo! Slurp; http://help.yahoo.com/help/us/ysearch/slurp)" "shaneperfect.com"
74.6.26.113 - - [20/Sep/2007:10:53:35 -0700] "GET /?D=A HTTP/1.0" 200 763 "-" "Mozilla/5.0 (compatible; Yahoo! Slurp; http://help.yahoo.com/help/us/ysearch/slurp)" "shaneperfect.com"
68.142.212.189 - - [20/Sep/2007:17:04:54 -0700] "GET /robots.txt HTTP/1.0" 404 275 "-" "Yahoo-MMCrawler/3.x (mms dash mmcrawler dash support at yahoo dash inc dot com)" "www.shaneperfect.com"
38.99.203.110 - - [20/Sep/2007:20:53:43 -0700] "GET /robots.txt HTTP/1.1" 404 275 "-" "Java/1.6.0_02" "www.shaneperfect.com"
38.99.203.110 - - [20/Sep/2007:20:53:43 -0700] "GET / HTTP/1.1" 200 779 "-" "panscient.com" "www.shaneperfect.com"
38.99.203.110 - - [20/Sep/2007:20:53:44 -0700] "GET /robots.txt HTTP/1.1" 404 275 "-" "Java/1.6.0_02" "www.shaneperfect.com"
38.99.203.110 - - [20/Sep/2007:20:53:45 -0700] "GET /?N=D HTTP/1.1" 200 779 "-" "panscient.com" "www.shaneperfect.com"
38.99.203.110 - - [20/Sep/2007:20:53:46 -0700] "GET /?D=A HTTP/1.1" 200 779 "-" "panscient.com" "www.shaneperfect.com"
38.99.203.110 - - [20/Sep/2007:20:53:47 -0700] "GET /?D=D HTTP/1.1" 200 779 "-" "panscient.com" "www.shaneperfect.com"
38.99.203.110 - - [20/Sep/2007:20:53:48 -0700] "GET /?N=A HTTP/1.1" 200 779 "-" "panscient.com" "www.shaneperfect.com"
38.99.203.110 - - [20/Sep/2007:20:53:49 -0700] "GET /logs/ HTTP/1.1" 200 2374 "-" "panscient.com" "www.shaneperfect.com"
38.99.203.110 - - [20/Sep/2007:20:53:50 -0700] "GET /logs/?N=D HTTP/1.1" 200 2374 "-" "panscient.com" "www.shaneperfect.com"
38.99.203.110 - - [20/Sep/2007:20:53:51 -0700] "GET /logs/?M=A HTTP/1.1" 200 2374 "-" "panscient.com" "www.shaneperfect.com"
38.99.203.110 - - [20/Sep/2007:20:53:52 -0700] "GET /logs/?D=A HTTP/1.1" 200 2374 "-" "panscient.com" "www.shaneperfect.com"
38.99.203.110 - - [20/Sep/2007:20:53:55 -0700] "GET /logs/?M=D HTTP/1.1" 200 2374 "-" "panscient.com" "www.shaneperfect.com"
38.99.203.110 - - [20/Sep/2007:20:53:58 -0700] "GET /logs/?D=D HTTP/1.1" 200 2374 "-" "panscient.com" "www.shaneperfect.com"
38.99.203.110 - - [20/Sep/2007:20:54:00 -0700] "GET /logs/?N=A HTTP/1.1" 200 2374 "-" "panscient.com" "www.shaneperfect.com"
38.99.203.110 - - [20/Sep/2007:20:54:01 -0700] "GET /?M=A HTTP/1.1" 200 779 "-" "panscient.com" "www.shaneperfect.com"
38.99.203.110 - - [20/Sep/2007:20:54:02 -0700] "GET /tmp/ HTTP/1.1" 200 520 "-" "panscient.com" "www.shaneperfect.com"
38.99.203.110 - - [20/Sep/2007:20:54:08 -0700] "GET /tmp/?N=D HTTP/1.1" 200 520 "-" "panscient.com" "www.shaneperfect.com"
38.99.203.110 - - [20/Sep/2007:20:54:09 -0700] "GET /tmp/?D=A HTTP/1.1" 200 520 "-" "panscient.com" "www.shaneperfect.com"
38.99.203.110 - - [20/Sep/2007:20:54:11 -0700] "GET /tmp/?D=D HTTP/1.1" 200 520 "-" "panscient.com" "www.shaneperfect.com"
38.99.203.110 - - [20/Sep/2007:20:54:12 -0700] "GET /tmp/?N=A HTTP/1.1" 200 520 "-" "panscient.com" "www.shaneperfect.com"
38.99.203.110 - - [20/Sep/2007:20:54:13 -0700] "GET /tmp/?M=A HTTP/1.1" 200 520 "-" "panscient.com" "www.shaneperfect.com"
38.99.203.110 - - [20/Sep/2007:20:54:15 -0700] "GET /tmp/?S=A HTTP/1.1" 200 520 "-" "panscient.com" "www.shaneperfect.com"
38.99.203.110 - - [20/Sep/2007:20:54:17 -0700] "GET /logs/?S=A HTTP/1.1" 200 2374 "-" "panscient.com" "www.shaneperfect.com"
38.99.203.110 - - [20/Sep/2007:20:54:21 -0700] "GET /?S=A HTTP/1.1" 200 779 "-" "panscient.com" "www.shaneperfect.com"
38.99.13.121 - - [21/Sep/2007:01:57:17 -0700] "GET /robots.txt HTTP/1.0" 404 275 "-" "Mozilla/5.0 (Twiceler-0.9 http://www.cuill.com/twiceler/robot.html)" "shaneperfect.com"
66.249.66.203 - - [21/Sep/2007:06:58:04 -0700] "GET /robots.txt HTTP/1.1" 404 275 "-" "Mozilla/5.0 (compatible; Googlebot/2.1; +http://www.google.com/bot.html)" "shaneperfect.com"
66.249.66.203 - - [21/Sep/2007:06:58:04 -0700] "GET /logs/ HTTP/1.1" 200 2374 "-" "Mozilla/5.0 (compatible; Googlebot/2.1; +http://www.google.com/bot.html)" "shaneperfect.com"
64.208.172.178 - - [21/Sep/2007:10:33:02 -0700] "GET /robots.txt HTTP/1.0" 404 275 "-" "ia_archiver" "shaneperfect.com"
64.208.172.178 - - [21/Sep/2007:10:33:02 -0700] "GET / HTTP/1.0" 200 763 "-" "ia_archiver" "shaneperfect.com"
65.55.213.79 - - [21/Sep/2007:15:16:22 -0700] "GET /robots.txt HTTP/1.0" 404 275 "-" "msnbot-media/1.0 (+http://search.msn.com/msnbot.htm)" "shaneperfect.com"
65.55.213.79 - - [21/Sep/2007:15:16:22 -0700] "GET /logs/?S=A HTTP/1.0" 200 2358 "-" "msnbot-media/1.0 (+http://search.msn.com/msnbot.htm)" "shaneperfect.com"
65.55.213.79 - - [21/Sep/2007:15:16:22 -0700] "GET /logs/?M=A HTTP/1.0" 200 2358 "-" "msnbot-media/1.0 (+http://search.msn.com/msnbot.htm)" "shaneperfect.com"
65.55.213.79 - - [21/Sep/2007:15:16:22 -0700] "GET /logs/?N=A HTTP/1.0" 200 2358 "-" "msnbot-media/1.0 (+http://search.msn.com/msnbot.htm)" "shaneperfect.com"
63.123.238.8 - - [21/Sep/2007:20:06:54 -0700] "GET /robots.txt HTTP/1.1" 404 275 "-" "Mozilla/2.0 (compatible; Ask Jeeves/Teoma)" "www.shaneperfect.com"
63.123.238.8 - - [21/Sep/2007:20:06:54 -0700] "GET / HTTP/1.1" 200 779 "-" "Mozilla/2.0 (compatible; Ask Jeeves/Teoma)" "www.shaneperfect.com"
38.114.104.147 - - [21/Sep/2007:20:56:39 -0700] "GET /robots.txt HTTP/1.0" 404 275 "-" "Gigabot/3.0 (http://www.gigablast.com/spider.html)" "www.shaneperfect.com"
38.114.104.64 - - [21/Sep/2007:20:56:41 -0700] "GET / HTTP/1.0" 200 763 "-" "Gigabot/3.0 (http://www.gigablast.com/spider.html)" "www.shaneperfect.com"
38.99.13.121 - - [22/Sep/2007:01:52:46 -0700] "GET /robots.txt HTTP/1.0" 404 275 "-" "Mozilla/5.0 (Twiceler-0.9 http://www.cuill.com/twiceler/robot.html)" "shaneperfect.com"
68.142.212.193 - - [22/Sep/2007:03:30:37 -0700] "GET /robots.txt HTTP/1.0" 404 275 "-" "Yahoo-MMCrawler/3.x (mms dash mmcrawler dash support at yahoo dash inc dot com)" "shaneperfect.com"
64.208.172.178 - - [22/Sep/2007:16:00:57 -0700] "GET /robots.txt HTTP/1.0" 404 275 "-" "ia_archiver" "shaneperfect.com"
64.208.172.178 - - [22/Sep/2007:16:00:58 -0700] "GET / HTTP/1.0" 200 763 "-" "ia_archiver" "shaneperfect.com"
74.6.19.111 - - [22/Sep/2007:18:32:54 -0700] "GET /robots.txt HTTP/1.0" 404 275 "-" "Mozilla/5.0 (compatible; Yahoo! Slurp; http://help.yahoo.com/help/us/ysearch/slurp)" "shaneperfect.com"
74.6.23.125 - - [22/Sep/2007:18:32:54 -0700] "GET /tmp/?D=A HTTP/1.0" 200 504 "-" "Mozilla/5.0 (compatible; Yahoo! Slurp; http://help.yahoo.com/help/us/ysearch/slurp)" "shaneperfect.com"
68.142.212.189 - - [22/Sep/2007:21:23:12 -0700] "GET /robots.txt HTTP/1.0" 404 275 "-" "Yahoo-MMCrawler/3.x (mms dash mmcrawler dash support at yahoo dash inc dot com)" "www.shaneperfect.com"
209.85.54.139 - - [22/Sep/2007:23:29:53 -0700] "HEAD / HTTP/1.1" 200 0 "-" "Mozilla/4.0 (compatible; MSIE 6.0; Windows NT 5.1; Q312461)" "shaneperfect.com"
66.249.72.35 - - [23/Sep/2007:06:56:15 -0700] "GET /robots.txt HTTP/1.1" 404 275 "-" "Mozilla/5.0 (compatible; Googlebot/2.1; +http://www.google.com/bot.html)" "www.shaneperfect.com"
66.249.72.35 - - [23/Sep/2007:06:56:15 -0700] "GET /logs/access_070701.log HTTP/1.1" 304 - "-" "Mozilla/5.0 (compatible; Googlebot/2.1; +http://www.google.com/bot.html)" "www.shaneperfect.com"
66.249.72.35 - - [23/Sep/2007:08:48:41 -0700] "GET /robots.txt HTTP/1.1" 404 275 "-" "Mozilla/5.0 (compatible; Googlebot/2.1; +http://www.google.com/bot.html)" "shaneperfect.com"
66.249.72.35 - - [23/Sep/2007:08:48:41 -0700] "GET /logs/access_070901.log HTTP/1.1" 304 - "-" "Mozilla/5.0 (compatible; Googlebot/2.1; +http://www.google.com/bot.html)" "shaneperfect.com"
66.249.72.35 - - [23/Sep/2007:09:08:05 -0700] "GET /logs/access_070701.log HTTP/1.1" 200 125427 "-" "Mozilla/5.0 (compatible; Googlebot/2.1; +http://www.google.com/bot.html)" "shaneperfect.com"
64.208.172.178 - - [24/Sep/2007:03:17:31 -0700] "GET /robots.txt HTTP/1.0" 404 275 "-" "ia_archiver" "shaneperfect.com"
64.208.172.178 - - [24/Sep/2007:03:17:31 -0700] "GET / HTTP/1.0" 200 763 "-" "ia_archiver" "shaneperfect.com"
38.99.13.121 - - [24/Sep/2007:04:44:25 -0700] "GET /robots.txt HTTP/1.0" 404 275 "-" "Mozilla/5.0 (Twiceler-0.9 http://www.cuill.com/twiceler/robot.html)" "shaneperfect.com"
68.142.212.193 - - [24/Sep/2007:17:13:46 -0700] "GET /robots.txt HTTP/1.0" 404 275 "-" "Yahoo-MMCrawler/3.x (mms dash mmcrawler dash support at yahoo dash inc dot com)" "shaneperfect.com"
74.6.24.121 - - [25/Sep/2007:03:36:55 -0700] "GET /robots.txt HTTP/1.0" 404 275 "-" "Mozilla/5.0 (compatible; Yahoo! Slurp; http://help.yahoo.com/help/us/ysearch/slurp)" "www.shaneperfect.com"
74.6.23.71 - - [25/Sep/2007:03:36:56 -0700] "GET /?M=A HTTP/1.0" 200 763 "-" "Mozilla/5.0 (compatible; Yahoo! Slurp; http://help.yahoo.com/help/us/ysearch/slurp)" "www.shaneperfect.com"
206.53.226.235 - - [25/Sep/2007:05:49:03 -0700] "GET / HTTP/1.1" 200 779 "http://www.hollyheath.com/fineart.html" "Mozilla/4.0 (compatible; MSIE 6.0; Windows NT 5.1; SV1; .NET CLR 1.1.4322; .NET CLR 1.0.3705)" "shaneperfect.com"
206.53.226.235 - - [25/Sep/2007:05:49:08 -0700] "GET / HTTP/1.1" 200 779 "http://shaneperfect.com/" "Mozilla/4.0 (compatible; MSIE 6.0; Windows NT 5.1; SV1; .NET CLR 1.1.4322; .NET CLR 1.0.3705)" "shaneperfect.com"
206.53.226.235 - - [25/Sep/2007:05:49:12 -0700] "GET /logs/ HTTP/1.1" 200 2374 "http://shaneperfect.com/" "Mozilla/4.0 (compatible; MSIE 6.0; Windows NT 5.1; SV1; .NET CLR 1.1.4322; .NET CLR 1.0.3705)" "shaneperfect.com"
68.142.212.189 - - [25/Sep/2007:11:31:59 -0700] "GET /robots.txt HTTP/1.0" 404 275 "-" "Yahoo-MMCrawler/3.x (mms dash mmcrawler dash support at yahoo dash inc dot com)" "www.shaneperfect.com"
38.99.13.121 - - [26/Sep/2007:03:25:20 -0700] "GET /robots.txt HTTP/1.0" 404 275 "-" "Mozilla/5.0 (Twiceler-0.9 http://www.cuill.com/twiceler/robot.html)" "shaneperfect.com"
74.6.24.121 - - [26/Sep/2007:06:34:55 -0700] "GET /robots.txt HTTP/1.0" 404 275 "-" "Mozilla/5.0 (compatible; Yahoo! Slurp; http://help.yahoo.com/help/us/ysearch/slurp)" "www.shaneperfect.com"
74.6.25.148 - - [26/Sep/2007:06:34:55 -0700] "GET / HTTP/1.0" 200 763 "-" "Mozilla/5.0 (compatible; Yahoo! Slurp; http://help.yahoo.com/help/us/ysearch/slurp)" "www.shaneperfect.com"
70.85.114.58 - - [26/Sep/2007:07:58:23 -0700] "GET /robots.txt HTTP/1.1" 404 275 "www.shaneperfect.com" "Pingdom GIGRIB (http://www.pingdom.com)" "www.shaneperfect.com"
