72.30.177.124 - - [16/Aug/2007:19:05:18 -0700] "GET /?N=D HTTP/1.0" 200 763 "-" "Mozilla/5.0 (compatible; Yahoo! Slurp; http://help.yahoo.com/help/us/ysearch/slurp)" "shaneperfect.com"
74.6.19.114 - - [17/Aug/2007:09:44:22 -0700] "GET /robots.txt HTTP/1.0" 404 275 "-" "Mozilla/5.0 (compatible; Yahoo! Slurp; http://help.yahoo.com/help/us/ysearch/slurp)" "shaneperfect.com"
74.6.24.230 - - [17/Aug/2007:09:44:22 -0700] "GET /logs/access_070531.log HTTP/1.0" 200 73402 "-" "Mozilla/5.0 (compatible; Yahoo! Slurp; http://help.yahoo.com/help/us/ysearch/slurp)" "shaneperfect.com"
74.6.29.44 - - [17/Aug/2007:10:02:13 -0700] "GET /logs/access.log HTTP/1.0" 200 51111 "-" "Mozilla/5.0 (compatible; Yahoo! Slurp; http://help.yahoo.com/help/us/ysearch/slurp)" "shaneperfect.com"
82.120.142.93 - - [17/Aug/2007:10:46:43 -0700] "GET / HTTP/1.0" 200 763 "http://www.courbis.fr" "Courbis, trucs et astuces pour la Varadero 125" "shaneperfect.com"
207.46.98.125 - - [17/Aug/2007:12:28:09 -0700] "GET /robots.txt HTTP/1.0" 404 275 "-" "msnbot/1.0 (+http://search.msn.com/msnbot.htm)" "shaneperfect.com"
207.46.98.125 - - [17/Aug/2007:12:28:09 -0700] "GET /aboutus.html HTTP/1.0" 404 275 "-" "msnbot/1.0 (+http://search.msn.com/msnbot.htm)" "shaneperfect.com"
74.6.29.48 - - [17/Aug/2007:13:04:47 -0700] "GET /logs/access_070301.log HTTP/1.0" 200 25559 "-" "Mozilla/5.0 (compatible; Yahoo! Slurp; http://help.yahoo.com/help/us/ysearch/slurp)" "shaneperfect.com"
68.142.212.193 - - [17/Aug/2007:22:22:04 -0700] "GET /robots.txt HTTP/1.0" 404 275 "-" "Yahoo-MMCrawler/3.x (mms dash mmcrawler dash support at yahoo dash inc dot com)" "shaneperfect.com"
63.123.238.8 - - [18/Aug/2007:01:50:49 -0700] "GET /robots.txt HTTP/1.1" 404 275 "-" "Mozilla/2.0 (compatible; Ask Jeeves/Teoma)" "www.shaneperfect.com"
63.123.238.8 - - [18/Aug/2007:01:50:49 -0700] "GET / HTTP/1.1" 200 779 "-" "Mozilla/2.0 (compatible; Ask Jeeves/Teoma)" "www.shaneperfect.com"
68.142.212.189 - - [18/Aug/2007:03:17:39 -0700] "GET /robots.txt HTTP/1.0" 404 275 "-" "Yahoo-MMCrawler/3.x (mms dash mmcrawler dash support at yahoo dash inc dot com)" "www.shaneperfect.com"
70.85.114.58 - - [18/Aug/2007:06:58:26 -0700] "GET /robots.txt HTTP/1.1" 404 275 "www.shaneperfect.com" "Pingdom GIGRIB (http://www.pingdom.com)" "www.shaneperfect.com"
70.85.114.58 - - [18/Aug/2007:06:58:26 -0700] "GET /robots.txt HTTP/1.1" 404 275 "www.shaneperfect.com" "Pingdom GIGRIB (http://www.pingdom.com)" "www.shaneperfect.com"
70.85.114.58 - - [18/Aug/2007:06:58:26 -0700] "GET /robots.txt HTTP/1.1" 404 275 "www.shaneperfect.com" "Pingdom GIGRIB (http://www.pingdom.com)" "www.shaneperfect.com"
70.85.114.58 - - [18/Aug/2007:06:58:26 -0700] "GET /robots.txt HTTP/1.1" 404 275 "www.shaneperfect.com" "Pingdom GIGRIB (http://www.pingdom.com)" "www.shaneperfect.com"
70.85.114.58 - - [18/Aug/2007:06:58:26 -0700] "GET /robots.txt HTTP/1.1" 404 275 "www.shaneperfect.com" "Pingdom GIGRIB (http://www.pingdom.com)" "www.shaneperfect.com"
70.85.114.58 - - [18/Aug/2007:06:58:26 -0700] "GET /robots.txt HTTP/1.1" 404 275 "www.shaneperfect.com" "Pingdom GIGRIB (http://www.pingdom.com)" "www.shaneperfect.com"
70.85.114.58 - - [18/Aug/2007:06:58:26 -0700] "GET /robots.txt HTTP/1.1" 404 275 "www.shaneperfect.com" "Pingdom GIGRIB (http://www.pingdom.com)" "www.shaneperfect.com"
70.85.114.58 - - [18/Aug/2007:06:58:26 -0700] "GET /robots.txt HTTP/1.1" 404 275 "www.shaneperfect.com" "Pingdom GIGRIB (http://www.pingdom.com)" "www.shaneperfect.com"
70.85.114.58 - - [18/Aug/2007:07:01:26 -0700] "GET / HTTP/1.1" 200 779 "http://www.pingdom.com/tools/fpt/?url=www.shaneperfect.com" "Pingdom GIGRIB (http://www.pingdom.com)" "www.shaneperfect.com"
70.85.114.58 - - [18/Aug/2007:07:01:26 -0700] "GET / HTTP/1.1" 200 779 "http://www.pingdom.com/tools/fpt/?url=www.shaneperfect.com" "Pingdom GIGRIB (http://www.pingdom.com)" "www.shaneperfect.com"
70.85.114.58 - - [18/Aug/2007:07:01:26 -0700] "GET / HTTP/1.1" 200 779 "http://www.pingdom.com/tools/fpt/?url=www.shaneperfect.com" "Pingdom GIGRIB (http://www.pingdom.com)" "www.shaneperfect.com"
70.85.114.58 - - [18/Aug/2007:07:01:26 -0700] "GET / HTTP/1.1" 200 779 "http://www.pingdom.com/tools/fpt/?url=www.shaneperfect.com" "Pingdom GIGRIB (http://www.pingdom.com)" "www.shaneperfect.com"
70.85.114.58 - - [18/Aug/2007:07:01:26 -0700] "GET / HTTP/1.1" 200 779 "http://www.pingdom.com/tools/fpt/?url=www.shaneperfect.com" "Pingdom GIGRIB (http://www.pingdom.com)" "www.shaneperfect.com"
70.85.114.58 - - [18/Aug/2007:07:01:26 -0700] "GET / HTTP/1.1" 200 779 "http://www.pingdom.com/tools/fpt/?url=www.shaneperfect.com" "Pingdom GIGRIB (http://www.pingdom.com)" "www.shaneperfect.com"
70.85.114.58 - - [18/Aug/2007:07:01:31 -0700] "GET / HTTP/1.1" 200 779 "http://www.pingdom.com/tools/fpt/?url=www.shaneperfect.com" "Pingdom GIGRIB (http://www.pingdom.com)" "www.shaneperfect.com"
70.85.114.58 - - [18/Aug/2007:07:01:31 -0700] "GET / HTTP/1.1" 200 779 "http://www.pingdom.com/tools/fpt/?url=www.shaneperfect.com" "Pingdom GIGRIB (http://www.pingdom.com)" "www.shaneperfect.com"
74.6.19.114 - - [18/Aug/2007:08:22:06 -0700] "GET /robots.txt HTTP/1.0" 404 275 "-" "Mozilla/5.0 (compatible; Yahoo! Slurp; http://help.yahoo.com/help/us/ysearch/slurp)" "shaneperfect.com"
74.6.26.237 - - [18/Aug/2007:08:22:06 -0700] "GET /logs/access_070601.log HTTP/1.0" 200 1711 "-" "Mozilla/5.0 (compatible; Yahoo! Slurp; http://help.yahoo.com/help/us/ysearch/slurp)" "shaneperfect.com"
74.6.28.28 - - [18/Aug/2007:09:11:53 -0700] "GET /logs/?M=A HTTP/1.0" 200 2215 "-" "Mozilla/5.0 (compatible; Yahoo! Slurp; http://help.yahoo.com/help/us/ysearch/slurp)" "shaneperfect.com"
74.6.28.234 - - [18/Aug/2007:10:15:10 -0700] "GET /logs/access_070701.log HTTP/1.0" 200 125427 "-" "Mozilla/5.0 (compatible; Yahoo! Slurp; http://help.yahoo.com/help/us/ysearch/slurp)" "shaneperfect.com"
66.249.72.77 - - [18/Aug/2007:13:04:17 -0700] "GET /robots.txt HTTP/1.1" 404 275 "-" "Mozilla/5.0 (compatible; Googlebot/2.1; +http://www.google.com/bot.html)" "www.shaneperfect.com"
66.249.72.77 - - [18/Aug/2007:13:04:17 -0700] "GET / HTTP/1.1" 200 779 "-" "Mozilla/5.0 (compatible; Googlebot/2.1; +http://www.google.com/bot.html)" "www.shaneperfect.com"
66.249.72.77 - - [18/Aug/2007:13:05:41 -0700] "GET /robots.txt HTTP/1.1" 404 275 "-" "Mozilla/5.0 (compatible; Googlebot/2.1; +http://www.google.com/bot.html)" "shaneperfect.com"
66.249.72.77 - - [18/Aug/2007:13:05:41 -0700] "GET /logs/access_070601.log HTTP/1.1" 304 - "-" "Mozilla/5.0 (compatible; Googlebot/2.1; +http://www.google.com/bot.html)" "shaneperfect.com"
66.249.72.77 - - [18/Aug/2007:13:05:41 -0700] "GET /logs/access_070731.log HTTP/1.1" 304 - "-" "Mozilla/5.0 (compatible; Googlebot/2.1; +http://www.google.com/bot.html)" "shaneperfect.com"
86.217.10.84 - - [18/Aug/2007:13:09:24 -0700] "GET / HTTP/1.0" 200 763 "http://www.courbis.fr" "Courbis presents a Journey to the Center of the HP48" "shaneperfect.com"
74.6.27.35 - - [18/Aug/2007:14:09:31 -0700] "GET /?D=D HTTP/1.0" 200 763 "-" "Mozilla/5.0 (compatible; Yahoo! Slurp; http://help.yahoo.com/help/us/ysearch/slurp)" "shaneperfect.com"
65.214.45.101 - - [18/Aug/2007:14:14:49 -0700] "GET /robots.txt HTTP/1.0" 404 275 "-" "Mozilla/5.0 (compatible; Ask Jeeves/Teoma; +http://about.ask.com/en/docs/about/webmasters.shtml)" "www.shaneperfect.com"
65.214.45.101 - - [18/Aug/2007:14:14:49 -0700] "GET / HTTP/1.0" 200 763 "-" "Mozilla/5.0 (compatible; Ask Jeeves/Teoma; +http://about.ask.com/en/docs/about/webmasters.shtml)" "www.shaneperfect.com"
66.249.72.77 - - [18/Aug/2007:14:36:37 -0700] "GET /?M=A HTTP/1.1" 200 779 "-" "Mozilla/5.0 (compatible; Googlebot/2.1; +http://www.google.com/bot.html)" "shaneperfect.com"
207.46.98.127 - - [18/Aug/2007:16:51:33 -0700] "GET /robots.txt HTTP/1.0" 404 275 "-" "msnbot/1.0 (+http://search.msn.com/msnbot.htm)" "shaneperfect.com"
207.46.98.127 - - [18/Aug/2007:16:51:33 -0700] "GET /contactinfo.html HTTP/1.0" 404 275 "-" "msnbot/1.0 (+http://search.msn.com/msnbot.htm)" "shaneperfect.com"
207.46.98.126 - - [18/Aug/2007:18:00:45 -0700] "GET /robots.txt HTTP/1.0" 404 275 "-" "msnbot/1.0 (+http://search.msn.com/msnbot.htm)" "shaneperfect.com"
207.46.98.126 - - [18/Aug/2007:18:00:45 -0700] "GET /logs/access_070329.log HTTP/1.0" 200 49820 "-" "msnbot/1.0 (+http://search.msn.com/msnbot.htm)" "shaneperfect.com"
74.6.19.114 - - [18/Aug/2007:21:03:48 -0700] "GET /robots.txt HTTP/1.0" 404 275 "-" "Mozilla/5.0 (compatible; Yahoo! Slurp; http://help.yahoo.com/help/us/ysearch/slurp)" "shaneperfect.com"
74.6.24.212 - - [18/Aug/2007:21:03:48 -0700] "GET /logs/access_070329.log HTTP/1.0" 200 49820 "-" "Mozilla/5.0 (compatible; Yahoo! Slurp; http://help.yahoo.com/help/us/ysearch/slurp)" "shaneperfect.com"
207.46.98.127 - - [18/Aug/2007:22:15:18 -0700] "GET /robots.txt HTTP/1.0" 404 275 "-" "msnbot/1.0 (+http://search.msn.com/msnbot.htm)" "shaneperfect.com"
207.46.98.127 - - [18/Aug/2007:22:15:18 -0700] "GET /index.html HTTP/1.0" 404 275 "-" "msnbot/1.0 (+http://search.msn.com/msnbot.htm)" "shaneperfect.com"
82.120.131.83 - - [19/Aug/2007:12:36:51 -0700] "GET / HTTP/1.0" 200 763 "http://www.courbis.fr" "Courbis : Livres et logiciels gratuits, Meteo du RER, etc..." "shaneperfect.com"
207.46.98.127 - - [20/Aug/2007:04:30:55 -0700] "GET /robots.txt HTTP/1.0" 404 275 "-" "msnbot/1.0 (+http://search.msn.com/msnbot.htm)" "shaneperfect.com"
207.46.98.127 - - [20/Aug/2007:04:30:55 -0700] "GET /index.html HTTP/1.0" 404 275 "-" "msnbot/1.0 (+http://search.msn.com/msnbot.htm)" "shaneperfect.com"
82.120.10.227 - - [20/Aug/2007:11:59:23 -0700] "GET / HTTP/1.0" 200 763 "http://www.courbis.fr" "Courbis : Livres et logiciels gratuits, Meteo du RER, etc..." "shaneperfect.com"
68.142.212.193 - - [20/Aug/2007:13:45:32 -0700] "GET /robots.txt HTTP/1.0" 404 275 "-" "Yahoo-MMCrawler/3.x (mms dash mmcrawler dash support at yahoo dash inc dot com)" "shaneperfect.com"
68.142.212.189 - - [20/Aug/2007:18:12:08 -0700] "GET /robots.txt HTTP/1.0" 404 275 "-" "Yahoo-MMCrawler/3.x (mms dash mmcrawler dash support at yahoo dash inc dot com)" "www.shaneperfect.com"
65.214.45.101 - - [20/Aug/2007:19:08:15 -0700] "GET /robots.txt HTTP/1.0" 404 275 "-" "Mozilla/5.0 (compatible; Ask Jeeves/Teoma; +http://about.ask.com/en/docs/about/webmasters.shtml)" "www.shaneperfect.com"
65.214.45.101 - - [20/Aug/2007:19:08:15 -0700] "GET /rome.html HTTP/1.0" 404 275 "-" "Mozilla/5.0 (compatible; Ask Jeeves/Teoma; +http://about.ask.com/en/docs/about/webmasters.shtml)" "www.shaneperfect.com"
38.99.13.121 - - [21/Aug/2007:08:58:46 -0700] "GET /robots.txt HTTP/1.0" 404 275 "-" "Mozilla/5.0 (Twiceler-0.9 http://www.cuill.com/twiceler/robot.html)" "shaneperfect.com"
207.46.98.127 - - [21/Aug/2007:10:31:37 -0700] "GET /robots.txt HTTP/1.0" 404 275 "-" "msnbot/1.0 (+http://search.msn.com/msnbot.htm)" "shaneperfect.com"
207.46.98.127 - - [21/Aug/2007:10:31:37 -0700] "GET /index.html HTTP/1.0" 404 275 "-" "msnbot/1.0 (+http://search.msn.com/msnbot.htm)" "shaneperfect.com"
86.217.14.83 - - [21/Aug/2007:11:25:51 -0700] "GET / HTTP/1.0" 200 763 "http://www.courbis.fr" "Courbis, trucs et astuces pour le Tomtom Rider" "shaneperfect.com"
65.55.210.33 - - [21/Aug/2007:11:39:38 -0700] "GET /robots.txt HTTP/1.0" 404 275 "-" "msnbot/1.0 (+http://search.msn.com/msnbot.htm)" "shaneperfect.com"
65.55.210.33 - - [21/Aug/2007:11:39:38 -0700] "GET / HTTP/1.0" 200 763 "-" "msnbot/1.0 (+http://search.msn.com/msnbot.htm)" "shaneperfect.com"
71.97.161.129 - - [21/Aug/2007:15:43:59 -0700] "GET / HTTP/1.1" 200 779 "http://www.hollyheath.com/artiststatement.html" "Mozilla/5.0 (Windows; U; Windows NT 5.1; en-US; rv:1.8.1.6) Gecko/20070725 Firefox/2.0.0.6" "shaneperfect.com"
71.97.161.129 - - [21/Aug/2007:15:44:00 -0700] "GET /favicon.ico HTTP/1.1" 404 275 "-" "Mozilla/5.0 (Windows; U; Windows NT 5.1; en-US; rv:1.8.1.6) Gecko/20070725 Firefox/2.0.0.6" "shaneperfect.com"
66.249.66.34 - - [21/Aug/2007:16:36:19 -0700] "GET /robots.txt HTTP/1.1" 404 275 "-" "Mozilla/5.0 (compatible; Googlebot/2.1; +http://www.google.com/bot.html)" "shaneperfect.com"
66.249.66.34 - - [21/Aug/2007:16:36:19 -0700] "GET /logs/access.log HTTP/1.1" 200 62552 "-" "Mozilla/5.0 (compatible; Googlebot/2.1; +http://www.google.com/bot.html)" "shaneperfect.com"
66.249.66.34 - - [21/Aug/2007:17:30:49 -0700] "GET / HTTP/1.1" 200 779 "-" "Mozilla/5.0 (compatible; Googlebot/2.1; +http://www.google.com/bot.html)" "shaneperfect.com"
194.196.220.140 - - [22/Aug/2007:06:56:39 -0700] "GET / HTTP/1.0" 200 763 "http://www.hollyheath.com/fineart.html" "Mozilla/4.0 (compatible; MSIE 7.0; Windows NT 5.1; InfoPath.1; .NET CLR 2.0.50727; .NET CLR 3.0.04506.30)" "shaneperfect.com"
86.217.12.48 - - [22/Aug/2007:10:43:45 -0700] "GET / HTTP/1.0" 200 763 "http://www.courbis.fr" "Courbis, trucs et astuces pour le Tomtom Rider" "shaneperfect.com"
71.127.94.51 - - [22/Aug/2007:11:57:32 -0700] "GET / HTTP/1.1" 200 779 "http://www.hollyheath.com/fineart.html" "Mozilla/4.0 (compatible; MSIE 7.0; Windows NT 6.0; FunWebProducts; SLCC1; .NET CLR 2.0.50727; Media Center PC 5.0; .NET CLR 3.0.04506)" "shaneperfect.com"
71.127.94.51 - - [22/Aug/2007:11:57:32 -0700] "GET /favicon.ico HTTP/1.1" 404 275 "-" "Mozilla/4.0 (compatible; MSIE 7.0; Windows NT 6.0; FunWebProducts; SLCC1; .NET CLR 2.0.50727; Media Center PC 5.0; .NET CLR 3.0.04506)" "shaneperfect.com"
71.127.94.51 - - [22/Aug/2007:11:57:37 -0700] "GET / HTTP/1.1" 200 779 "http://shaneperfect.com/" "Mozilla/4.0 (compatible; MSIE 7.0; Windows NT 6.0; FunWebProducts; SLCC1; .NET CLR 2.0.50727; Media Center PC 5.0; .NET CLR 3.0.04506)" "shaneperfect.com"
207.46.98.127 - - [22/Aug/2007:16:30:53 -0700] "GET /robots.txt HTTP/1.0" 404 275 "-" "msnbot/1.0 (+http://search.msn.com/msnbot.htm)" "shaneperfect.com"
207.46.98.127 - - [22/Aug/2007:16:30:53 -0700] "GET /index.html HTTP/1.0" 404 275 "-" "msnbot/1.0 (+http://search.msn.com/msnbot.htm)" "shaneperfect.com"
68.142.212.193 - - [22/Aug/2007:17:14:37 -0700] "GET /robots.txt HTTP/1.0" 404 275 "-" "Yahoo-MMCrawler/3.x (mms dash mmcrawler dash support at yahoo dash inc dot com)" "shaneperfect.com"
97.97.207.45 - - [22/Aug/2007:19:02:43 -0700] "GET /logs/access_070331.log HTTP/1.1" 200 6009 "http://www.google.com/search?q=217.212.224.169" "Mozilla/4.0 (compatible; MSIE 6.0; Windows NT 5.1; SV1; .NET CLR 1.1.4322; .NET CLR 2.0.50727; InfoPath.2)" "www.shaneperfect.com"
66.249.65.52 - - [22/Aug/2007:20:44:44 -0700] "GET /robots.txt HTTP/1.1" 404 275 "-" "Mozilla/5.0 (compatible; Googlebot/2.1; +http://www.google.com/bot.html)" "shaneperfect.com"
66.249.65.52 - - [22/Aug/2007:20:44:44 -0700] "GET /logs/ HTTP/1.1" 200 2231 "-" "Mozilla/5.0 (compatible; Googlebot/2.1; +http://www.google.com/bot.html)" "shaneperfect.com"
66.249.65.52 - - [22/Aug/2007:20:49:41 -0700] "GET /?N=D HTTP/1.1" 200 779 "-" "Mozilla/5.0 (compatible; Googlebot/2.1; +http://www.google.com/bot.html)" "shaneperfect.com"
66.249.65.52 - - [22/Aug/2007:23:47:23 -0700] "GET /?D=A HTTP/1.1" 200 779 "-" "Mozilla/5.0 (compatible; Googlebot/2.1; +http://www.google.com/bot.html)" "shaneperfect.com"
38.99.203.110 - - [23/Aug/2007:06:56:34 -0700] "GET /robots.txt HTTP/1.1" 404 275 "-" "Java/1.7.0-ea" "www.shaneperfect.com"
38.99.203.110 - - [23/Aug/2007:06:56:34 -0700] "GET / HTTP/1.1" 200 779 "-" "panscient.com" "www.shaneperfect.com"
38.99.203.110 - - [23/Aug/2007:06:56:34 -0700] "GET /robots.txt HTTP/1.1" 404 275 "-" "Java/1.7.0-ea" "www.shaneperfect.com"
38.99.203.110 - - [23/Aug/2007:06:56:35 -0700] "GET /?N=D HTTP/1.1" 200 779 "-" "panscient.com" "www.shaneperfect.com"
38.99.203.110 - - [23/Aug/2007:06:56:39 -0700] "GET /?D=A HTTP/1.1" 200 779 "-" "panscient.com" "www.shaneperfect.com"
38.99.203.110 - - [23/Aug/2007:06:56:39 -0700] "GET /?D=D HTTP/1.1" 200 779 "-" "panscient.com" "www.shaneperfect.com"
38.99.203.110 - - [23/Aug/2007:06:56:41 -0700] "GET /?N=A HTTP/1.1" 200 779 "-" "panscient.com" "www.shaneperfect.com"
38.99.203.110 - - [23/Aug/2007:06:56:42 -0700] "GET /logs/ HTTP/1.1" 200 2231 "-" "panscient.com" "www.shaneperfect.com"
38.99.203.110 - - [23/Aug/2007:06:56:45 -0700] "GET /logs/?N=D HTTP/1.1" 200 2231 "-" "panscient.com" "www.shaneperfect.com"
38.99.203.110 - - [23/Aug/2007:06:56:52 -0700] "GET /logs/?D=A HTTP/1.1" 200 2231 "-" "panscient.com" "www.shaneperfect.com"
38.99.203.110 - - [23/Aug/2007:06:56:59 -0700] "GET /logs/?D=D HTTP/1.1" 200 2231 "-" "panscient.com" "www.shaneperfect.com"
38.99.203.110 - - [23/Aug/2007:06:57:00 -0700] "GET /logs/?N=A HTTP/1.1" 200 2231 "-" "panscient.com" "www.shaneperfect.com"
38.99.203.110 - - [23/Aug/2007:06:57:04 -0700] "GET /?M=A HTTP/1.1" 200 779 "-" "panscient.com" "www.shaneperfect.com"
38.99.203.110 - - [23/Aug/2007:06:57:23 -0700] "GET /logs/?M=A HTTP/1.1" 200 2231 "-" "panscient.com" "www.shaneperfect.com"
38.99.203.110 - - [23/Aug/2007:06:57:23 -0700] "GET /tmp/ HTTP/1.1" 200 520 "-" "panscient.com" "www.shaneperfect.com"
38.99.203.110 - - [23/Aug/2007:06:57:24 -0700] "GET /tmp/?N=D HTTP/1.1" 200 520 "-" "panscient.com" "www.shaneperfect.com"
38.99.203.110 - - [23/Aug/2007:06:57:24 -0700] "GET /tmp/?D=A HTTP/1.1" 200 520 "-" "panscient.com" "www.shaneperfect.com"
38.99.203.110 - - [23/Aug/2007:06:57:31 -0700] "GET /tmp/?D=D HTTP/1.1" 200 520 "-" "panscient.com" "www.shaneperfect.com"
38.99.203.110 - - [23/Aug/2007:06:57:39 -0700] "GET /tmp/?N=A HTTP/1.1" 200 520 "-" "panscient.com" "www.shaneperfect.com"
38.99.203.110 - - [23/Aug/2007:06:57:40 -0700] "GET /tmp/?M=A HTTP/1.1" 200 520 "-" "panscient.com" "www.shaneperfect.com"
38.99.203.110 - - [23/Aug/2007:06:57:44 -0700] "GET /tmp/?S=A HTTP/1.1" 200 520 "-" "panscient.com" "www.shaneperfect.com"
38.99.203.110 - - [23/Aug/2007:06:57:59 -0700] "GET /?S=A HTTP/1.1" 200 779 "-" "panscient.com" "www.shaneperfect.com"
38.99.203.110 - - [23/Aug/2007:06:57:59 -0700] "GET /logs/?S=A HTTP/1.1" 200 2231 "-" "panscient.com" "www.shaneperfect.com"
74.6.19.114 - - [23/Aug/2007:10:40:40 -0700] "GET /robots.txt HTTP/1.0" 404 275 "-" "Mozilla/5.0 (compatible; Yahoo! Slurp; http://help.yahoo.com/help/us/ysearch/slurp)" "shaneperfect.com"
74.6.23.213 - - [23/Aug/2007:10:40:40 -0700] "GET / HTTP/1.0" 200 763 "-" "Mozilla/5.0 (compatible; Yahoo! Slurp; http://help.yahoo.com/help/us/ysearch/slurp)" "shaneperfect.com"
207.46.98.127 - - [23/Aug/2007:22:39:08 -0700] "GET /robots.txt HTTP/1.0" 404 275 "-" "msnbot/1.0 (+http://search.msn.com/msnbot.htm)" "shaneperfect.com"
207.46.98.127 - - [23/Aug/2007:22:39:08 -0700] "GET /index.html HTTP/1.0" 404 275 "-" "msnbot/1.0 (+http://search.msn.com/msnbot.htm)" "shaneperfect.com"
84.51.242.29 - - [24/Aug/2007:05:41:26 -0700] "GET /robots.txt HTTP/1.0" 404 275 "-" "Nokia6680/1.0 ((4.04.07) SymbianOS/8.0 Series60/2.6 Profile/MIDP-2.0 Configuration/CLDC-1.1 (for mobile crawler) )" "www.shaneperfect.com"
84.51.242.29 - - [24/Aug/2007:05:41:26 -0700] "GET / HTTP/1.0" 200 763 "-" "Nokia6680/1.0 ((4.04.07) SymbianOS/8.0 Series60/2.6 Profile/MIDP-2.0 Configuration/CLDC-1.1 (for mobile crawler) )" "www.shaneperfect.com"
84.51.242.29 - - [24/Aug/2007:05:41:26 -0700] "GET / HTTP/1.1" 200 779 "-" "Nokia6680/1.0 (4.04.07) SymbianOS/8.0 Series60/2.6 Profile/MIDP-2.0 Configuration/CLDC-1.1" "www.shaneperfect.com"
84.51.242.29 - - [24/Aug/2007:05:41:27 -0700] "GET /sitemap.gz HTTP/1.1" 404 275 "-" "Nokia6680/1.0 (4.04.07) SymbianOS/8.0 Series60/2.6 Profile/MIDP-2.0 Configuration/CLDC-1.1 Java/1.5.0_08" "www.shaneperfect.com"
84.51.242.29 - - [24/Aug/2007:05:41:30 -0700] "GET /favicon.ico HTTP/1.0" 404 275 "-" "Nokia6680/1.0 ((4.04.07) SymbianOS/8.0 Series60/2.6 Profile/MIDP-2.0 Configuration/CLDC-1.1 (for mobile crawler) )" "www.shaneperfect.com"
74.6.19.114 - - [24/Aug/2007:09:02:33 -0700] "GET /robots.txt HTTP/1.0" 404 275 "-" "Mozilla/5.0 (compatible; Yahoo! Slurp; http://help.yahoo.com/help/us/ysearch/slurp)" "shaneperfect.com"
74.6.19.217 - - [24/Aug/2007:09:02:34 -0700] "GET /?N=D HTTP/1.0" 200 763 "-" "Mozilla/5.0 (compatible; Yahoo! Slurp; http://help.yahoo.com/help/us/ysearch/slurp)" "shaneperfect.com"
82.120.126.221 - - [24/Aug/2007:11:41:29 -0700] "GET / HTTP/1.0" 200 763 "http://www.courbis.fr" "Courbis vous offre Babel, un roman de science-fiction gratuit" "shaneperfect.com"
74.6.26.113 - - [24/Aug/2007:15:21:34 -0700] "GET /?D=A HTTP/1.0" 200 763 "-" "Mozilla/5.0 (compatible; Yahoo! Slurp; http://help.yahoo.com/help/us/ysearch/slurp)" "shaneperfect.com"
74.6.24.230 - - [24/Aug/2007:18:03:58 -0700] "GET /logs/access_070531.log HTTP/1.0" 304 - "-" "Mozilla/5.0 (compatible; Yahoo! Slurp; http://help.yahoo.com/help/us/ysearch/slurp)" "shaneperfect.com"
68.142.212.193 - - [24/Aug/2007:20:34:58 -0700] "GET /robots.txt HTTP/1.0" 404 275 "-" "Yahoo-MMCrawler/3.x (mms dash mmcrawler dash support at yahoo dash inc dot com)" "shaneperfect.com"
63.123.238.8 - - [25/Aug/2007:03:08:18 -0700] "GET /robots.txt HTTP/1.1" 404 275 "-" "Mozilla/2.0 (compatible; Ask Jeeves/Teoma)" "www.shaneperfect.com"
63.123.238.8 - - [25/Aug/2007:03:08:18 -0700] "GET / HTTP/1.1" 200 779 "-" "Mozilla/2.0 (compatible; Ask Jeeves/Teoma)" "www.shaneperfect.com"
207.46.98.127 - - [25/Aug/2007:04:34:25 -0700] "GET /robots.txt HTTP/1.0" 404 275 "-" "msnbot/1.0 (+http://search.msn.com/msnbot.htm)" "shaneperfect.com"
207.46.98.127 - - [25/Aug/2007:04:34:25 -0700] "GET /index.html HTTP/1.0" 404 275 "-" "msnbot/1.0 (+http://search.msn.com/msnbot.htm)" "shaneperfect.com"
66.249.72.37 - - [25/Aug/2007:05:15:57 -0700] "GET /robots.txt HTTP/1.1" 404 275 "-" "Mozilla/5.0 (compatible; Googlebot/2.1; +http://www.google.com/bot.html)" "shaneperfect.com"
66.249.72.37 - - [25/Aug/2007:05:15:57 -0700] "GET / HTTP/1.1" 200 779 "-" "Mozilla/5.0 (compatible; Googlebot/2.1; +http://www.google.com/bot.html)" "shaneperfect.com"
66.249.72.37 - - [25/Aug/2007:05:16:32 -0700] "GET /logs/access.log HTTP/1.1" 200 72423 "-" "Mozilla/5.0 (compatible; Googlebot/2.1; +http://www.google.com/bot.html)" "shaneperfect.com"
68.142.212.189 - - [25/Aug/2007:05:49:50 -0700] "GET /robots.txt HTTP/1.0" 404 275 "-" "Yahoo-MMCrawler/3.x (mms dash mmcrawler dash support at yahoo dash inc dot com)" "www.shaneperfect.com"
90.35.110.158 - - [25/Aug/2007:11:40:13 -0700] "GET / HTTP/1.0" 200 763 "http://www.courbis.fr" "Courbis vous offre Babel, un roman de science-fiction gratuit" "shaneperfect.com"
38.99.13.121 - - [25/Aug/2007:12:39:04 -0700] "GET /robots.txt HTTP/1.0" 404 275 "-" "Mozilla/5.0 (Twiceler-0.9 http://www.cuill.com/twiceler/robot.html)" "shaneperfect.com"
38.99.203.110 - - [25/Aug/2007:21:45:30 -0700] "GET /robots.txt HTTP/1.1" 404 275 "-" "Java/1.7.0-ea" "www.shaneperfect.com"
38.99.203.110 - - [25/Aug/2007:21:45:30 -0700] "GET / HTTP/1.1" 200 779 "-" "panscient.com" "www.shaneperfect.com"
38.99.203.110 - - [25/Aug/2007:21:45:30 -0700] "GET /robots.txt HTTP/1.1" 404 275 "-" "Java/1.7.0-ea" "www.shaneperfect.com"
38.99.203.110 - - [25/Aug/2007:21:45:31 -0700] "GET /?N=D HTTP/1.1" 200 779 "-" "panscient.com" "www.shaneperfect.com"
38.99.203.110 - - [25/Aug/2007:21:45:33 -0700] "GET /?D=A HTTP/1.1" 200 779 "-" "panscient.com" "www.shaneperfect.com"
38.99.203.110 - - [25/Aug/2007:21:45:34 -0700] "GET /?D=D HTTP/1.1" 200 779 "-" "panscient.com" "www.shaneperfect.com"
38.99.203.110 - - [25/Aug/2007:21:45:35 -0700] "GET /?N=A HTTP/1.1" 200 779 "-" "panscient.com" "www.shaneperfect.com"
38.99.203.110 - - [25/Aug/2007:21:45:36 -0700] "GET /logs/ HTTP/1.1" 200 2231 "-" "panscient.com" "www.shaneperfect.com"
38.99.203.110 - - [25/Aug/2007:21:45:37 -0700] "GET /logs/?D=A HTTP/1.1" 200 2231 "-" "panscient.com" "www.shaneperfect.com"
38.99.203.110 - - [25/Aug/2007:21:45:38 -0700] "GET /logs/?N=D HTTP/1.1" 200 2231 "-" "panscient.com" "www.shaneperfect.com"
38.99.203.110 - - [25/Aug/2007:21:45:39 -0700] "GET /logs/?N=A HTTP/1.1" 200 2231 "-" "panscient.com" "www.shaneperfect.com"
38.99.203.110 - - [25/Aug/2007:21:45:40 -0700] "GET /logs/?D=D HTTP/1.1" 200 2231 "-" "panscient.com" "www.shaneperfect.com"
38.99.203.110 - - [25/Aug/2007:21:45:41 -0700] "GET /?M=A HTTP/1.1" 200 779 "-" "panscient.com" "www.shaneperfect.com"
38.99.203.110 - - [25/Aug/2007:21:45:42 -0700] "GET /logs/?M=A HTTP/1.1" 200 2231 "-" "panscient.com" "www.shaneperfect.com"
38.99.203.110 - - [25/Aug/2007:21:45:43 -0700] "GET /tmp/ HTTP/1.1" 200 520 "-" "panscient.com" "www.shaneperfect.com"
38.99.203.110 - - [25/Aug/2007:21:45:44 -0700] "GET /tmp/?N=D HTTP/1.1" 200 520 "-" "panscient.com" "www.shaneperfect.com"
38.99.203.110 - - [25/Aug/2007:21:45:45 -0700] "GET /tmp/?D=A HTTP/1.1" 200 520 "-" "panscient.com" "www.shaneperfect.com"
38.99.203.110 - - [25/Aug/2007:21:45:46 -0700] "GET /tmp/?D=D HTTP/1.1" 200 520 "-" "panscient.com" "www.shaneperfect.com"
38.99.203.110 - - [25/Aug/2007:21:45:47 -0700] "GET /tmp/?N=A HTTP/1.1" 200 520 "-" "panscient.com" "www.shaneperfect.com"
38.99.203.110 - - [25/Aug/2007:21:45:49 -0700] "GET /tmp/?M=A HTTP/1.1" 200 520 "-" "panscient.com" "www.shaneperfect.com"
38.99.203.110 - - [25/Aug/2007:21:45:50 -0700] "GET /logs/?S=A HTTP/1.1" 200 2231 "-" "panscient.com" "www.shaneperfect.com"
38.99.203.110 - - [25/Aug/2007:21:45:51 -0700] "GET /tmp/?S=A HTTP/1.1" 200 520 "-" "panscient.com" "www.shaneperfect.com"
38.99.203.110 - - [25/Aug/2007:21:45:52 -0700] "GET /?S=A HTTP/1.1" 200 779 "-" "panscient.com" "www.shaneperfect.com"
82.120.129.44 - - [26/Aug/2007:11:44:18 -0700] "GET / HTTP/1.0" 200 763 "http://www.courbis.fr" "Courbis vous offre Babel, un roman de science-fiction gratuit" "shaneperfect.com"
38.99.13.121 - - [26/Aug/2007:18:51:12 -0700] "GET /robots.txt HTTP/1.0" 404 275 "-" "Mozilla/5.0 (Twiceler-0.9 http://www.cuill.com/twiceler/robot.html)" "shaneperfect.com"
63.18.216.229 - - [26/Aug/2007:21:13:31 -0700] "GET / HTTP/1.1" 200 779 "http://www.hollyheath.com/artiststatement.html" "Mozilla/4.0 (compatible; MSIE 7.0; Windows NT 5.1)" "shaneperfect.com"
63.18.216.229 - - [26/Aug/2007:21:13:34 -0700] "GET /favicon.ico HTTP/1.1" 404 275 "-" "Mozilla/4.0 (compatible; MSIE 7.0; Windows NT 5.1)" "shaneperfect.com"
70.85.114.58 - - [27/Aug/2007:08:29:16 -0700] "GET /robots.txt HTTP/1.1" 404 275 "www.shaneperfect.com" "Pingdom GIGRIB (http://www.pingdom.com)" "www.shaneperfect.com"
70.85.114.58 - - [27/Aug/2007:08:29:16 -0700] "GET /robots.txt HTTP/1.1" 404 275 "www.shaneperfect.com" "Pingdom GIGRIB (http://www.pingdom.com)" "www.shaneperfect.com"
70.85.114.58 - - [27/Aug/2007:08:29:16 -0700] "GET /robots.txt HTTP/1.1" 404 275 "www.shaneperfect.com" "Pingdom GIGRIB (http://www.pingdom.com)" "www.shaneperfect.com"
70.85.114.58 - - [27/Aug/2007:08:29:16 -0700] "GET /robots.txt HTTP/1.1" 404 275 "www.shaneperfect.com" "Pingdom GIGRIB (http://www.pingdom.com)" "www.shaneperfect.com"
70.85.114.58 - - [27/Aug/2007:08:29:16 -0700] "GET /robots.txt HTTP/1.1" 404 275 "www.shaneperfect.com" "Pingdom GIGRIB (http://www.pingdom.com)" "www.shaneperfect.com"
70.85.114.58 - - [27/Aug/2007:08:29:16 -0700] "GET /robots.txt HTTP/1.1" 404 275 "www.shaneperfect.com" "Pingdom GIGRIB (http://www.pingdom.com)" "www.shaneperfect.com"
70.85.114.58 - - [27/Aug/2007:08:29:16 -0700] "GET /robots.txt HTTP/1.1" 404 275 "www.shaneperfect.com" "Pingdom GIGRIB (http://www.pingdom.com)" "www.shaneperfect.com"
70.85.114.58 - - [27/Aug/2007:08:29:16 -0700] "GET /robots.txt HTTP/1.1" 404 275 "www.shaneperfect.com" "Pingdom GIGRIB (http://www.pingdom.com)" "www.shaneperfect.com"
70.85.114.58 - - [27/Aug/2007:08:32:18 -0700] "GET / HTTP/1.1" 200 779 "http://www.pingdom.com/tools/fpt/?url=www.shaneperfect.com" "Pingdom GIGRIB (http://www.pingdom.com)" "www.shaneperfect.com"
70.85.114.58 - - [27/Aug/2007:08:32:18 -0700] "GET / HTTP/1.1" 200 779 "http://www.pingdom.com/tools/fpt/?url=www.shaneperfect.com" "Pingdom GIGRIB (http://www.pingdom.com)" "www.shaneperfect.com"
70.85.114.58 - - [27/Aug/2007:08:32:18 -0700] "GET / HTTP/1.1" 200 779 "http://www.pingdom.com/tools/fpt/?url=www.shaneperfect.com" "Pingdom GIGRIB (http://www.pingdom.com)" "www.shaneperfect.com"
70.85.114.58 - - [27/Aug/2007:08:32:18 -0700] "GET / HTTP/1.1" 200 779 "http://www.pingdom.com/tools/fpt/?url=www.shaneperfect.com" "Pingdom GIGRIB (http://www.pingdom.com)" "www.shaneperfect.com"
70.85.114.58 - - [27/Aug/2007:08:32:18 -0700] "GET / HTTP/1.1" 200 779 "http://www.pingdom.com/tools/fpt/?url=www.shaneperfect.com" "Pingdom GIGRIB (http://www.pingdom.com)" "www.shaneperfect.com"
70.85.114.58 - - [27/Aug/2007:08:32:18 -0700] "GET / HTTP/1.1" 200 779 "http://www.pingdom.com/tools/fpt/?url=www.shaneperfect.com" "Pingdom GIGRIB (http://www.pingdom.com)" "www.shaneperfect.com"
70.85.114.58 - - [27/Aug/2007:08:32:22 -0700] "GET / HTTP/1.1" 200 779 "http://www.pingdom.com/tools/fpt/?url=www.shaneperfect.com" "Pingdom GIGRIB (http://www.pingdom.com)" "www.shaneperfect.com"
70.85.114.58 - - [27/Aug/2007:08:32:22 -0700] "GET / HTTP/1.1" 200 779 "http://www.pingdom.com/tools/fpt/?url=www.shaneperfect.com" "Pingdom GIGRIB (http://www.pingdom.com)" "www.shaneperfect.com"
74.6.19.114 - - [27/Aug/2007:10:17:00 -0700] "GET /robots.txt HTTP/1.0" 404 275 "-" "Mozilla/5.0 (compatible; Yahoo! Slurp; http://help.yahoo.com/help/us/ysearch/slurp)" "shaneperfect.com"
74.6.23.125 - - [27/Aug/2007:10:17:00 -0700] "GET /tmp/?D=A HTTP/1.0" 200 504 "-" "Mozilla/5.0 (compatible; Yahoo! Slurp; http://help.yahoo.com/help/us/ysearch/slurp)" "shaneperfect.com"
90.35.104.237 - - [27/Aug/2007:11:29:02 -0700] "GET / HTTP/1.0" 200 763 "http://www.courbis.fr" "Courbis presents a Journey to the Center of the HP48" "shaneperfect.com"
74.137.219.253 - - [27/Aug/2007:17:08:27 -0700] "GET /tmp/ HTTP/1.1" 200 520 "http://72.14.205.104/search?q=cache:59i_OSAvgREJ:shaneperfect.com/+index+perant+directory+purfect&hl=en&ct=clnk&cd=31&gl=us" "Mozilla/4.0 (compatible; MSIE 6.0; Windows NT 5.1; SV1; .NET CLR 1.1.4322)" "shaneperfect.com"
66.249.65.171 - - [27/Aug/2007:17:54:02 -0700] "GET /robots.txt HTTP/1.1" 404 275 "-" "Mozilla/5.0 (compatible; Googlebot/2.1; +http://www.google.com/bot.html)" "www.shaneperfect.com"
66.249.65.171 - - [27/Aug/2007:17:54:02 -0700] "GET /logs/access_070501.log HTTP/1.1" 304 - "-" "Mozilla/5.0 (compatible; Googlebot/2.1; +http://www.google.com/bot.html)" "www.shaneperfect.com"
68.142.212.189 - - [28/Aug/2007:00:46:20 -0700] "GET /robots.txt HTTP/1.0" 404 275 "-" "Yahoo-MMCrawler/3.x (mms dash mmcrawler dash support at yahoo dash inc dot com)" "www.shaneperfect.com"
90.35.43.202 - - [28/Aug/2007:11:31:56 -0700] "GET / HTTP/1.0" 200 763 "http://www.courbis.fr" "Courbis : Livres et logiciels gratuits, Meteo du RER, etc..." "shaneperfect.com"
68.142.212.193 - - [28/Aug/2007:11:50:35 -0700] "GET /robots.txt HTTP/1.0" 404 275 "-" "Yahoo-MMCrawler/3.x (mms dash mmcrawler dash support at yahoo dash inc dot com)" "shaneperfect.com"
64.12.117.68 - - [28/Aug/2007:18:00:23 -0700] "GET / HTTP/1.1" 200 779 "http://hollyheath.com/fineart.html" "Mozilla/4.0 (compatible; MSIE 6.0; AOL 9.0; Windows NT 5.1; SV1; .NET CLR 1.1.4322)" "shaneperfect.com"
38.99.13.121 - - [28/Aug/2007:18:00:33 -0700] "GET /robots.txt HTTP/1.0" 404 275 "-" "Mozilla/5.0 (Twiceler-0.9 http://www.cuill.com/twiceler/robot.html)" "shaneperfect.com"
64.12.116.202 - - [28/Aug/2007:18:00:35 -0700] "GET /logs/ HTTP/1.1" 200 2231 "http://shaneperfect.com/" "Mozilla/4.0 (compatible; MSIE 6.0; AOL 9.0; Windows NT 5.1; SV1; .NET CLR 1.1.4322)" "shaneperfect.com"
64.12.116.74 - - [28/Aug/2007:18:00:38 -0700] "GET /logs/access.log HTTP/1.1" 200 82108 "http://shaneperfect.com/logs/" "Mozilla/4.0 (compatible; MSIE 6.0; AOL 9.0; Windows NT 5.1; SV1; .NET CLR 1.1.4322)" "shaneperfect.com"
66.249.72.225 - - [29/Aug/2007:06:26:49 -0700] "GET /robots.txt HTTP/1.1" 404 275 "-" "Mozilla/5.0 (compatible; Googlebot/2.1; +http://www.google.com/bot.html)" "shaneperfect.com"
66.249.72.225 - - [29/Aug/2007:06:26:49 -0700] "GET / HTTP/1.1" 200 779 "-" "Mozilla/5.0 (compatible; Googlebot/2.1; +http://www.google.com/bot.html)" "shaneperfect.com"
66.249.72.225 - - [29/Aug/2007:06:52:57 -0700] "GET /logs/access.log HTTP/1.1" 200 82683 "-" "Mozilla/5.0 (compatible; Googlebot/2.1; +http://www.google.com/bot.html)" "shaneperfect.com"
86.217.14.127 - - [29/Aug/2007:11:39:28 -0700] "GET / HTTP/1.0" 200 763 "http://www.courbis.fr" "Courbis, Acteur de l'Internet depuis 1988" "shaneperfect.com"
66.249.72.146 - - [29/Aug/2007:16:40:17 -0700] "GET /robots.txt HTTP/1.1" 404 275 "-" "Mozilla/5.0 (compatible; Googlebot/2.1; +http://www.google.com/bot.html)" "www.shaneperfect.com"
66.249.72.146 - - [29/Aug/2007:16:40:17 -0700] "GET /logs/access_070701.log HTTP/1.1" 200 125427 "-" "Mozilla/5.0 (compatible; Googlebot/2.1; +http://www.google.com/bot.html)" "www.shaneperfect.com"
38.99.13.121 - - [29/Aug/2007:16:41:22 -0700] "GET /robots.txt HTTP/1.0" 404 275 "-" "Mozilla/5.0 (Twiceler-0.9 http://www.cuill.com/twiceler/robot.html)" "shaneperfect.com"
66.249.72.146 - - [29/Aug/2007:16:42:02 -0700] "GET /logs/access_070801.log HTTP/1.1" 200 1244 "-" "Mozilla/5.0 (compatible; Googlebot/2.1; +http://www.google.com/bot.html)" "www.shaneperfect.com"
66.249.72.146 - - [29/Aug/2007:16:43:21 -0700] "GET /logs/access_070731.log HTTP/1.1" 200 89341 "-" "Mozilla/5.0 (compatible; Googlebot/2.1; +http://www.google.com/bot.html)" "www.shaneperfect.com"
68.142.212.189 - - [30/Aug/2007:08:18:42 -0700] "GET /robots.txt HTTP/1.0" 404 275 "-" "Yahoo-MMCrawler/3.x (mms dash mmcrawler dash support at yahoo dash inc dot com)" "www.shaneperfect.com"
66.249.66.4 - - [30/Aug/2007:08:23:16 -0700] "GET /robots.txt HTTP/1.1" 404 275 "-" "Mozilla/5.0 (compatible; Googlebot/2.1; +http://www.google.com/bot.html)" "shaneperfect.com"
66.249.66.4 - - [30/Aug/2007:08:23:17 -0700] "GET /logs/access_070531.log HTTP/1.1" 304 - "-" "Mozilla/5.0 (compatible; Googlebot/2.1; +http://www.google.com/bot.html)" "shaneperfect.com"
66.249.66.4 - - [30/Aug/2007:09:00:42 -0700] "GET /logs/ HTTP/1.1" 200 2231 "-" "Mozilla/5.0 (compatible; Googlebot/2.1; +http://www.google.com/bot.html)" "shaneperfect.com"
74.6.19.112 - - [30/Aug/2007:10:44:30 -0700] "GET /robots.txt HTTP/1.0" 404 275 "-" "Mozilla/5.0 (compatible; Yahoo! Slurp; http://help.yahoo.com/help/us/ysearch/slurp)" "shaneperfect.com"
74.6.23.213 - - [30/Aug/2007:10:44:30 -0700] "GET / HTTP/1.0" 200 763 "-" "Mozilla/5.0 (compatible; Yahoo! Slurp; http://help.yahoo.com/help/us/ysearch/slurp)" "shaneperfect.com"
83.204.245.155 - - [30/Aug/2007:11:42:56 -0700] "GET / HTTP/1.0" 200 763 "http://www.courbis.fr" "Courbis : Livres et logiciels gratuits, Meteo du RER, etc..." "shaneperfect.com"
68.142.212.193 - - [30/Aug/2007:15:47:27 -0700] "GET /robots.txt HTTP/1.0" 404 275 "-" "Yahoo-MMCrawler/3.x (mms dash mmcrawler dash support at yahoo dash inc dot com)" "shaneperfect.com"
71.127.124.251 - - [31/Aug/2007:10:20:14 -0700] "GET / HTTP/1.1" 200 779 "http://www.hollyheath.com/artiststatement.html" "Mozilla/4.0 (compatible; MSIE 6.0; Windows NT 5.1; SV1; .NET CLR 1.1.4322)" "shaneperfect.com"
82.120.131.129 - - [31/Aug/2007:11:20:26 -0700] "GET / HTTP/1.0" 200 763 "http://www.courbis.fr" "Courbis presente Voyage au centre de la HP48" "shaneperfect.com"
38.99.13.121 - - [31/Aug/2007:12:54:52 -0700] "GET /robots.txt HTTP/1.0" 404 275 "-" "Mozilla/5.0 (Twiceler-0.9 http://www.cuill.com/twiceler/robot.html)" "shaneperfect.com"