83.204.245.206 - - [01/Aug/2007:11:27:31 -0700] "GET / HTTP/1.0" 200 763 "http://www.courbis.fr" "Courbis presente Voyage au centre de la HP48" "shaneperfect.com"
216.54.60.249 - - [01/Aug/2007:13:00:29 -0700] "GET / HTTP/1.1" 200 779 "http://www.hollyheath.com/fineart.html" "Mozilla/4.0 (compatible; MSIE 7.0; Windows NT 5.1; QS 4.1.2.2; .NET CLR 1.1.4322; InfoPath.1)" "shaneperfect.com"
216.54.60.249 - - [01/Aug/2007:13:00:30 -0700] "GET /favicon.ico HTTP/1.1" 404 275 "-" "Mozilla/4.0 (compatible; MSIE 7.0; Windows NT 5.1; QS 4.1.2.2; .NET CLR 1.1.4322; InfoPath.1)" "shaneperfect.com"
68.142.212.193 - - [01/Aug/2007:14:21:21 -0700] "GET /robots.txt HTTP/1.0" 404 275 "-" "Yahoo-MMCrawler/3.x (mms dash mmcrawler dash support at yahoo dash inc dot com)" "shaneperfect.com"
66.249.72.13 - - [01/Aug/2007:15:29:31 -0700] "GET /robots.txt HTTP/1.1" 404 275 "-" "Mozilla/5.0 (compatible; Googlebot/2.1; +http://www.google.com/bot.html)" "www.shaneperfect.com"
66.249.72.13 - - [01/Aug/2007:15:29:31 -0700] "GET /?D=D HTTP/1.1" 200 779 "-" "Mozilla/5.0 (compatible; Googlebot/2.1; +http://www.google.com/bot.html)" "www.shaneperfect.com"
66.249.72.13 - - [01/Aug/2007:15:29:58 -0700] "GET /logs/?S=A HTTP/1.1" 200 2231 "-" "Mozilla/5.0 (compatible; Googlebot/2.1; +http://www.google.com/bot.html)" "www.shaneperfect.com"
64.70.39.202 - - [01/Aug/2007:17:31:15 -0700] "GET /logs/access_070531.log HTTP/1.1" 200 73402 "http://www.google.com/search?q=65.55.210.31&ie=utf-8&oe=utf-8&aq=t&rls=org.mozilla:en-US:official&client=firefox-a" "Mozilla/5.0 (Windows; U; Windows NT 5.1; en-US; rv:1.8.1.6) Gecko/20070725 Firefox/2.0.0.6" "shaneperfect.com"
64.70.39.202 - - [01/Aug/2007:17:31:15 -0700] "GET /favicon.ico HTTP/1.1" 404 275 "-" "Mozilla/5.0 (Windows; U; Windows NT 5.1; en-US; rv:1.8.1.6) Gecko/20070725 Firefox/2.0.0.6" "shaneperfect.com"
66.249.72.177 - - [01/Aug/2007:21:55:28 -0700] "GET /robots.txt HTTP/1.1" 404 275 "-" "Mozilla/5.0 (compatible; Googlebot/2.1; +http://www.google.com/bot.html)" "shaneperfect.com"
66.249.72.177 - - [01/Aug/2007:21:55:29 -0700] "GET /logs/access_070501.log HTTP/1.1" 200 70463 "-" "Mozilla/5.0 (compatible; Googlebot/2.1; +http://www.google.com/bot.html)" "shaneperfect.com"
74.6.19.114 - - [02/Aug/2007:00:03:38 -0700] "GET /robots.txt HTTP/1.0" 404 275 "-" "Mozilla/5.0 (compatible; Yahoo! Slurp; http://help.yahoo.com/help/us/ysearch/slurp)" "shaneperfect.com"
74.6.19.217 - - [02/Aug/2007:00:03:38 -0700] "GET /?N=D HTTP/1.0" 200 763 "-" "Mozilla/5.0 (compatible; Yahoo! Slurp; http://help.yahoo.com/help/us/ysearch/slurp)" "shaneperfect.com"
74.6.19.114 - - [02/Aug/2007:05:03:40 -0700] "GET /robots.txt HTTP/1.0" 404 275 "-" "Mozilla/5.0 (compatible; Yahoo! Slurp; http://help.yahoo.com/help/us/ysearch/slurp)" "shaneperfect.com"
74.6.26.113 - - [02/Aug/2007:05:03:41 -0700] "GET /?D=A HTTP/1.0" 200 763 "-" "Mozilla/5.0 (compatible; Yahoo! Slurp; http://help.yahoo.com/help/us/ysearch/slurp)" "shaneperfect.com"
68.142.212.189 - - [02/Aug/2007:07:17:52 -0700] "GET /robots.txt HTTP/1.0" 404 275 "-" "Yahoo-MMCrawler/3.x (mms dash mmcrawler dash support at yahoo dash inc dot com)" "www.shaneperfect.com"
82.120.245.166 - - [02/Aug/2007:11:27:35 -0700] "GET / HTTP/1.0" 200 763 "http://www.courbis.fr" "Courbis, logiciels gratuits pour Pabx Alcatel 4400" "shaneperfect.com"
72.240.35.250 - - [02/Aug/2007:13:10:31 -0700] "GET / HTTP/1.1" 200 779 "http://www.hollyheath.com/fineart.html" "Mozilla/4.0 (compatible; MSIE 6.0; Windows NT 5.1; .NET CLR 1.1.4322)" "shaneperfect.com"
71.97.144.92 - - [02/Aug/2007:17:28:32 -0700] "GET / HTTP/1.1" 200 779 "http://www.hollyheath.com/fineart.html" "Mozilla/4.0 (compatible; MSIE 6.0; Windows NT 5.1; SV1; .NET CLR 1.1.4322)" "shaneperfect.com"
71.97.144.92 - - [02/Aug/2007:17:28:40 -0700] "GET / HTTP/1.1" 200 779 "http://shaneperfect.com/" "Mozilla/4.0 (compatible; MSIE 6.0; Windows NT 5.1; SV1; .NET CLR 1.1.4322)" "shaneperfect.com"
74.6.19.114 - - [03/Aug/2007:02:14:20 -0700] "GET /robots.txt HTTP/1.0" 404 275 "-" "Mozilla/5.0 (compatible; Yahoo! Slurp; http://help.yahoo.com/help/us/ysearch/slurp)" "shaneperfect.com"
74.6.19.166 - - [03/Aug/2007:02:14:20 -0700] "GET /logs/ HTTP/1.0" 200 2215 "-" "Mozilla/5.0 (compatible; Yahoo! Slurp; http://help.yahoo.com/help/us/ysearch/slurp)" "shaneperfect.com"
66.249.66.168 - - [03/Aug/2007:03:19:22 -0700] "GET /robots.txt HTTP/1.1" 404 275 "-" "Mozilla/5.0 (compatible; Googlebot/2.1; +http://www.google.com/bot.html)" "shaneperfect.com"
66.249.66.168 - - [03/Aug/2007:03:19:22 -0700] "GET / HTTP/1.1" 200 779 "-" "Mozilla/5.0 (compatible; Googlebot/2.1; +http://www.google.com/bot.html)" "shaneperfect.com"
66.249.66.168 - - [03/Aug/2007:03:22:15 -0700] "GET /logs/access.log HTTP/1.1" 200 4723 "-" "Mozilla/5.0 (compatible; Googlebot/2.1; +http://www.google.com/bot.html)" "shaneperfect.com"
66.249.66.168 - - [03/Aug/2007:04:22:15 -0700] "GET /logs/access_070601.log HTTP/1.1" 200 1711 "-" "Mozilla/5.0 (compatible; Googlebot/2.1; +http://www.google.com/bot.html)" "shaneperfect.com"
38.99.13.121 - - [03/Aug/2007:08:42:40 -0700] "GET /robots.txt HTTP/1.0" 404 275 "-" "Mozilla/5.0 (Twiceler-0.9 http://www.cuill.com/twiceler/robot.html)" "shaneperfect.com"
85.12.45.22 - - [03/Aug/2007:09:24:19 -0700] "GET / HTTP/1.0" 200 763 "-" "Mozilla/2.0 (compatible; MSIE 3.0B; Windows NT)" "www.shaneperfect.com"
207.46.98.125 - - [03/Aug/2007:09:44:21 -0700] "GET /robots.txt HTTP/1.0" 404 275 "-" "msnbot/1.0 (+http://search.msn.com/msnbot.htm)" "shaneperfect.com"
207.46.98.125 - - [03/Aug/2007:09:44:21 -0700] "GET /aboutus.html HTTP/1.0" 404 275 "-" "msnbot/1.0 (+http://search.msn.com/msnbot.htm)" "shaneperfect.com"
82.120.120.90 - - [03/Aug/2007:11:14:08 -0700] "GET / HTTP/1.0" 200 763 "http://www.courbis.fr" "Courbis, trucs et astuces pour le Tomtom Rider" "shaneperfect.com"
66.249.72.232 - - [03/Aug/2007:18:43:50 -0700] "GET /robots.txt HTTP/1.1" 404 275 "-" "Mozilla/5.0 (compatible; Googlebot/2.1; +http://www.google.com/bot.html)" "shaneperfect.com"
66.249.72.232 - - [03/Aug/2007:18:43:50 -0700] "GET /logs/ HTTP/1.1" 200 2231 "-" "Mozilla/5.0 (compatible; Googlebot/2.1; +http://www.google.com/bot.html)" "shaneperfect.com"
68.142.212.193 - - [03/Aug/2007:20:36:58 -0700] "GET /robots.txt HTTP/1.0" 404 275 "-" "Yahoo-MMCrawler/3.x (mms dash mmcrawler dash support at yahoo dash inc dot com)" "shaneperfect.com"
66.249.72.232 - - [03/Aug/2007:21:19:27 -0700] "GET /logs/?D=A HTTP/1.1" 200 2231 "-" "Mozilla/5.0 (compatible; Googlebot/2.1; +http://www.google.com/bot.html)" "shaneperfect.com"
66.249.72.232 - - [03/Aug/2007:21:19:57 -0700] "GET /logs/access_070801.log HTTP/1.1" 200 1244 "-" "Mozilla/5.0 (compatible; Googlebot/2.1; +http://www.google.com/bot.html)" "shaneperfect.com"
66.249.72.232 - - [03/Aug/2007:21:20:18 -0700] "GET /logs/access_070731.log HTTP/1.1" 200 89341 "-" "Mozilla/5.0 (compatible; Googlebot/2.1; +http://www.google.com/bot.html)" "shaneperfect.com"
74.6.75.43 - - [03/Aug/2007:22:48:08 -0700] "GET /robots.txt HTTP/1.0" 404 275 "-" "Mozilla/5.0 (compatible; Yahoo! Slurp; http://help.yahoo.com/help/us/ysearch/slurp)" "shaneperfect.com"
74.6.68.140 - - [03/Aug/2007:22:48:10 -0700] "GET /?D=A HTTP/1.0" 200 763 "-" "Mozilla/5.0 (compatible; Yahoo! Slurp; http://help.yahoo.com/help/us/ysearch/slurp)" "shaneperfect.com"
63.123.238.8 - - [04/Aug/2007:02:32:00 -0700] "GET /robots.txt HTTP/1.1" 404 275 "-" "Mozilla/2.0 (compatible; Ask Jeeves/Teoma)" "www.shaneperfect.com"
63.123.238.8 - - [04/Aug/2007:02:32:00 -0700] "GET / HTTP/1.1" 200 779 "-" "Mozilla/2.0 (compatible; Ask Jeeves/Teoma)" "www.shaneperfect.com"
70.85.114.58 - - [04/Aug/2007:06:14:45 -0700] "GET /robots.txt HTTP/1.1" 404 275 "www.shaneperfect.com" "Pingdom GIGRIB (http://www.pingdom.com)" "www.shaneperfect.com"
70.85.114.58 - - [04/Aug/2007:06:14:45 -0700] "GET /robots.txt HTTP/1.1" 404 275 "www.shaneperfect.com" "Pingdom GIGRIB (http://www.pingdom.com)" "www.shaneperfect.com"
70.85.114.58 - - [04/Aug/2007:06:14:45 -0700] "GET /robots.txt HTTP/1.1" 404 275 "www.shaneperfect.com" "Pingdom GIGRIB (http://www.pingdom.com)" "www.shaneperfect.com"
70.85.114.58 - - [04/Aug/2007:06:14:45 -0700] "GET /robots.txt HTTP/1.1" 404 275 "www.shaneperfect.com" "Pingdom GIGRIB (http://www.pingdom.com)" "www.shaneperfect.com"
70.85.114.58 - - [04/Aug/2007:06:14:45 -0700] "GET /robots.txt HTTP/1.1" 404 275 "www.shaneperfect.com" "Pingdom GIGRIB (http://www.pingdom.com)" "www.shaneperfect.com"
70.85.114.58 - - [04/Aug/2007:06:14:45 -0700] "GET /robots.txt HTTP/1.1" 404 275 "www.shaneperfect.com" "Pingdom GIGRIB (http://www.pingdom.com)" "www.shaneperfect.com"
70.85.114.58 - - [04/Aug/2007:06:14:45 -0700] "GET /robots.txt HTTP/1.1" 404 275 "www.shaneperfect.com" "Pingdom GIGRIB (http://www.pingdom.com)" "www.shaneperfect.com"
70.85.114.58 - - [04/Aug/2007:06:14:45 -0700] "GET /robots.txt HTTP/1.1" 404 275 "www.shaneperfect.com" "Pingdom GIGRIB (http://www.pingdom.com)" "www.shaneperfect.com"
70.85.114.58 - - [04/Aug/2007:06:17:51 -0700] "GET // HTTP/1.1" 200 779 "http://www.pingdom.com/tools/fpt/?url=www.shaneperfect.com" "Pingdom GIGRIB (http://www.pingdom.com)" "www.shaneperfect.com"
70.85.114.58 - - [04/Aug/2007:06:17:51 -0700] "GET // HTTP/1.1" 200 779 "http://www.pingdom.com/tools/fpt/?url=www.shaneperfect.com" "Pingdom GIGRIB (http://www.pingdom.com)" "www.shaneperfect.com"
70.85.114.58 - - [04/Aug/2007:06:17:51 -0700] "GET // HTTP/1.1" 200 779 "http://www.pingdom.com/tools/fpt/?url=www.shaneperfect.com" "Pingdom GIGRIB (http://www.pingdom.com)" "www.shaneperfect.com"
70.85.114.58 - - [04/Aug/2007:06:17:51 -0700] "GET // HTTP/1.1" 200 779 "http://www.pingdom.com/tools/fpt/?url=www.shaneperfect.com" "Pingdom GIGRIB (http://www.pingdom.com)" "www.shaneperfect.com"
70.85.114.58 - - [04/Aug/2007:06:17:51 -0700] "GET // HTTP/1.1" 200 779 "http://www.pingdom.com/tools/fpt/?url=www.shaneperfect.com" "Pingdom GIGRIB (http://www.pingdom.com)" "www.shaneperfect.com"
70.85.114.58 - - [04/Aug/2007:06:17:51 -0700] "GET // HTTP/1.1" 200 779 "http://www.pingdom.com/tools/fpt/?url=www.shaneperfect.com" "Pingdom GIGRIB (http://www.pingdom.com)" "www.shaneperfect.com"
70.85.114.58 - - [04/Aug/2007:06:17:55 -0700] "GET // HTTP/1.1" 200 779 "http://www.pingdom.com/tools/fpt/?url=www.shaneperfect.com" "Pingdom GIGRIB (http://www.pingdom.com)" "www.shaneperfect.com"
70.85.114.58 - - [04/Aug/2007:06:17:55 -0700] "GET // HTTP/1.1" 200 779 "http://www.pingdom.com/tools/fpt/?url=www.shaneperfect.com" "Pingdom GIGRIB (http://www.pingdom.com)" "www.shaneperfect.com"
86.217.12.82 - - [04/Aug/2007:11:14:32 -0700] "GET / HTTP/1.0" 200 763 "http://www.courbis.fr" "Courbis, logiciels gratuits pour Pabx Alcatel 4400" "shaneperfect.com"
68.142.212.189 - - [04/Aug/2007:12:54:10 -0700] "GET /robots.txt HTTP/1.0" 404 275 "-" "Yahoo-MMCrawler/3.x (mms dash mmcrawler dash support at yahoo dash inc dot com)" "www.shaneperfect.com"
207.46.98.127 - - [04/Aug/2007:13:26:35 -0700] "GET /robots.txt HTTP/1.0" 404 275 "-" "msnbot/1.0 (+http://search.msn.com/msnbot.htm)" "shaneperfect.com"
207.46.98.127 - - [04/Aug/2007:13:26:35 -0700] "GET /contactinfo.html HTTP/1.0" 404 275 "-" "msnbot/1.0 (+http://search.msn.com/msnbot.htm)" "shaneperfect.com"
74.6.75.43 - - [04/Aug/2007:18:06:55 -0700] "GET /robots.txt HTTP/1.0" 404 275 "-" "Mozilla/5.0 (compatible; Yahoo! Slurp; http://help.yahoo.com/help/us/ysearch/slurp)" "shaneperfect.com"
74.6.65.234 - - [04/Aug/2007:18:06:56 -0700] "GET / HTTP/1.0" 200 763 "-" "Mozilla/5.0 (compatible; Yahoo! Slurp; http://help.yahoo.com/help/us/ysearch/slurp)" "shaneperfect.com"
207.46.98.127 - - [04/Aug/2007:20:36:22 -0700] "GET /robots.txt HTTP/1.0" 404 275 "-" "msnbot/1.0 (+http://search.msn.com/msnbot.htm)" "shaneperfect.com"
207.46.98.127 - - [04/Aug/2007:20:36:22 -0700] "GET /index.html HTTP/1.0" 404 275 "-" "msnbot/1.0 (+http://search.msn.com/msnbot.htm)" "shaneperfect.com"
74.6.22.205 - - [04/Aug/2007:21:10:50 -0700] "GET /robots.txt HTTP/1.0" 404 275 "-" "Mozilla/5.0 (compatible; Yahoo! Slurp; http://help.yahoo.com/help/us/ysearch/slurp)" "www.shaneperfect.com"
74.6.23.71 - - [04/Aug/2007:21:10:50 -0700] "GET /?M=A HTTP/1.0" 200 763 "-" "Mozilla/5.0 (compatible; Yahoo! Slurp; http://help.yahoo.com/help/us/ysearch/slurp)" "www.shaneperfect.com"
74.6.19.114 - - [05/Aug/2007:05:11:22 -0700] "GET /robots.txt HTTP/1.0" 404 275 "-" "Mozilla/5.0 (compatible; Yahoo! Slurp; http://help.yahoo.com/help/us/ysearch/slurp)" "shaneperfect.com"
74.6.19.229 - - [05/Aug/2007:05:11:23 -0700] "GET /?N=A HTTP/1.0" 200 763 "-" "Mozilla/5.0 (compatible; Yahoo! Slurp; http://help.yahoo.com/help/us/ysearch/slurp)" "shaneperfect.com"
74.6.75.20 - - [05/Aug/2007:05:44:52 -0700] "GET /robots.txt HTTP/1.0" 404 275 "-" "Mozilla/5.0 (compatible; Yahoo! Slurp; http://help.yahoo.com/help/us/ysearch/slurp)" "www.shaneperfect.com"
74.6.68.163 - - [05/Aug/2007:05:45:44 -0700] "GET / HTTP/1.0" 200 763 "-" "Mozilla/5.0 (compatible; Yahoo! Slurp; http://help.yahoo.com/help/us/ysearch/slurp)" "www.shaneperfect.com"
82.120.9.163 - - [05/Aug/2007:11:44:13 -0700] "GET / HTTP/1.0" 200 763 "http://www.courbis.fr" "Courbis vous offre la meteo du RER" "shaneperfect.com"
65.55.213.78 - - [05/Aug/2007:14:08:04 -0700] "GET /robots.txt HTTP/1.0" 404 275 "-" "msnbot-media/1.0 (+http://search.msn.com/msnbot.htm)" "shaneperfect.com"
207.46.98.126 - - [05/Aug/2007:16:55:21 -0700] "GET /robots.txt HTTP/1.0" 404 275 "-" "msnbot/1.0 (+http://search.msn.com/msnbot.htm)" "shaneperfect.com"
207.46.98.126 - - [05/Aug/2007:16:55:21 -0700] "GET /digital.html HTTP/1.0" 404 275 "-" "msnbot/1.0 (+http://search.msn.com/msnbot.htm)" "shaneperfect.com"
207.46.98.125 - - [05/Aug/2007:18:26:02 -0700] "GET /robots.txt HTTP/1.0" 404 275 "-" "msnbot/1.0 (+http://search.msn.com/msnbot.htm)" "shaneperfect.com"
207.46.98.125 - - [05/Aug/2007:18:26:03 -0700] "GET /colornature.html HTTP/1.0" 404 275 "-" "msnbot/1.0 (+http://search.msn.com/msnbot.htm)" "shaneperfect.com"
65.55.213.78 - - [05/Aug/2007:19:11:38 -0700] "GET /logs/access_070330.log HTTP/1.0" 200 2550 "-" "msnbot-media/1.0 (+http://search.msn.com/msnbot.htm)" "shaneperfect.com"
65.55.213.78 - - [05/Aug/2007:19:12:31 -0700] "GET /logs/?S=A HTTP/1.0" 200 2215 "-" "msnbot-media/1.0 (+http://search.msn.com/msnbot.htm)" "shaneperfect.com"
65.55.213.78 - - [05/Aug/2007:19:13:35 -0700] "GET /logs/access_070329.log HTTP/1.0" 200 49820 "-" "msnbot-media/1.0 (+http://search.msn.com/msnbot.htm)" "shaneperfect.com"
65.55.213.78 - - [05/Aug/2007:19:14:09 -0700] "GET /logs/access_070601.log HTTP/1.0" 200 1711 "-" "msnbot-media/1.0 (+http://search.msn.com/msnbot.htm)" "shaneperfect.com"
65.55.213.78 - - [05/Aug/2007:19:18:28 -0700] "GET /logs/?M=A HTTP/1.0" 200 2215 "-" "msnbot-media/1.0 (+http://search.msn.com/msnbot.htm)" "shaneperfect.com"
65.55.213.78 - - [05/Aug/2007:19:20:56 -0700] "GET /logs/?N=A HTTP/1.0" 200 2215 "-" "msnbot-media/1.0 (+http://search.msn.com/msnbot.htm)" "shaneperfect.com"
65.55.213.78 - - [05/Aug/2007:19:43:06 -0700] "GET /robots.txt HTTP/1.0" 404 275 "-" "msnbot-media/1.0 (+http://search.msn.com/msnbot.htm)" "shaneperfect.com"
65.55.213.78 - - [05/Aug/2007:19:43:06 -0700] "GET /logs/access_070401.log HTTP/1.0" 200 1955 "-" "msnbot-media/1.0 (+http://search.msn.com/msnbot.htm)" "shaneperfect.com"
65.55.213.78 - - [05/Aug/2007:19:43:06 -0700] "GET /logs/access_070331.log HTTP/1.0" 200 6009 "-" "msnbot-media/1.0 (+http://search.msn.com/msnbot.htm)" "shaneperfect.com"
65.55.213.78 - - [05/Aug/2007:19:48:07 -0700] "GET /logs/access_070501.log HTTP/1.0" 200 70463 "-" "msnbot-media/1.0 (+http://search.msn.com/msnbot.htm)" "shaneperfect.com"
66.249.65.51 - - [05/Aug/2007:21:05:02 -0700] "GET /robots.txt HTTP/1.1" 404 275 "-" "Mozilla/5.0 (compatible; Googlebot/2.1; +http://www.google.com/bot.html)" "shaneperfect.com"
66.249.65.51 - - [05/Aug/2007:21:05:02 -0700] "GET /logs/access_070330.log HTTP/1.1" 200 2550 "-" "Mozilla/5.0 (compatible; Googlebot/2.1; +http://www.google.com/bot.html)" "shaneperfect.com"
65.55.213.78 - - [06/Aug/2007:00:05:25 -0700] "GET /logs/?N=D HTTP/1.0" 200 2215 "-" "msnbot-media/1.0 (+http://search.msn.com/msnbot.htm)" "shaneperfect.com"
195.73.125.25 - - [06/Aug/2007:02:49:07 -0700] "GET /favicon.ico HTTP/1.0" 404 275 "http://www.google.nl/search?q=208.17.184.71&sourceid=navclient-ff&ie=UTF-8&rls=GGGL,GGGL:2006-33,GGGL:en" "Mozilla/5.0 (Windows; U; Windows NT 5.1; en-US; rv:1.8.1.6) Gecko/20070725 Firefox/2.0.0.6" "shaneperfect.com"
65.55.213.78 - - [06/Aug/2007:02:54:36 -0700] "GET /robots.txt HTTP/1.0" 404 275 "-" "msnbot-media/1.0 (+http://search.msn.com/msnbot.htm)" "shaneperfect.com"
65.55.213.78 - - [06/Aug/2007:02:54:36 -0700] "GET /logs/?D=D HTTP/1.0" 200 2215 "-" "msnbot-media/1.0 (+http://search.msn.com/msnbot.htm)" "shaneperfect.com"
65.55.213.78 - - [06/Aug/2007:03:05:49 -0700] "GET /logs/access_070301.log HTTP/1.0" 200 25559 "-" "msnbot-media/1.0 (+http://search.msn.com/msnbot.htm)" "shaneperfect.com"
65.55.213.78 - - [06/Aug/2007:03:05:49 -0700] "GET /logs/access.log HTTP/1.0" 200 16941 "-" "msnbot-media/1.0 (+http://search.msn.com/msnbot.htm)" "shaneperfect.com"
65.55.213.78 - - [06/Aug/2007:03:05:49 -0700] "GET /logs/access_070531.log HTTP/1.0" 200 73402 "-" "msnbot-media/1.0 (+http://search.msn.com/msnbot.htm)" "shaneperfect.com"
65.55.213.78 - - [06/Aug/2007:03:48:55 -0700] "GET / HTTP/1.0" 200 763 "-" "msnbot-media/1.0 (+http://search.msn.com/msnbot.htm)" "shaneperfect.com"
68.142.212.193 - - [06/Aug/2007:04:55:20 -0700] "GET /robots.txt HTTP/1.0" 404 275 "-" "Yahoo-MMCrawler/3.x (mms dash mmcrawler dash support at yahoo dash inc dot com)" "shaneperfect.com"
65.55.213.78 - - [06/Aug/2007:05:14:29 -0700] "GET /?D=A HTTP/1.0" 200 763 "-" "msnbot-media/1.0 (+http://search.msn.com/msnbot.htm)" "shaneperfect.com"
207.46.98.127 - - [06/Aug/2007:05:35:33 -0700] "GET /robots.txt HTTP/1.0" 404 275 "-" "msnbot/1.0 (+http://search.msn.com/msnbot.htm)" "shaneperfect.com"
207.46.98.127 - - [06/Aug/2007:05:35:33 -0700] "GET /indiana.html HTTP/1.0" 404 275 "-" "msnbot/1.0 (+http://search.msn.com/msnbot.htm)" "shaneperfect.com"
65.55.213.78 - - [06/Aug/2007:06:25:32 -0700] "GET /?S=A HTTP/1.0" 200 763 "-" "msnbot-media/1.0 (+http://search.msn.com/msnbot.htm)" "shaneperfect.com"
65.55.213.78 - - [06/Aug/2007:06:32:59 -0700] "GET /?M=A HTTP/1.0" 200 763 "-" "msnbot-media/1.0 (+http://search.msn.com/msnbot.htm)" "shaneperfect.com"
65.55.213.78 - - [06/Aug/2007:06:35:02 -0700] "GET /?N=D HTTP/1.0" 200 763 "-" "msnbot-media/1.0 (+http://search.msn.com/msnbot.htm)" "shaneperfect.com"
65.55.213.78 - - [06/Aug/2007:06:53:29 -0700] "GET /tmp/ HTTP/1.0" 200 504 "-" "msnbot-media/1.0 (+http://search.msn.com/msnbot.htm)" "shaneperfect.com"
63.240.133.93 - - [06/Aug/2007:09:13:35 -0700] "GET / HTTP/1.1" 200 779 "http://www.hollyheath.com/fineart.html" "Mozilla/4.0 (compatible; MSIE 6.0; Windows NT 5.1; SV1; .NET CLR 1.1.4322)" "shaneperfect.com"
82.120.113.4 - - [06/Aug/2007:10:41:09 -0700] "GET / HTTP/1.0" 200 763 "http://www.courbis.fr" "Courbis vous offre Babel, un roman de science-fiction gratuit" "shaneperfect.com"
71.97.194.100 - - [06/Aug/2007:15:59:43 -0700] "GET / HTTP/1.1" 200 779 "http://www.hollyheath.com/fineart.html" "Mozilla/4.0 (compatible; MSIE 7.0; Windows NT 6.0; SLCC1; .NET CLR 2.0.50727; Media Center PC 5.0; .NET CLR 3.0.04506; InfoPath.2)" "shaneperfect.com"
71.97.194.100 - - [06/Aug/2007:15:59:44 -0700] "GET /favicon.ico HTTP/1.1" 404 275 "-" "Mozilla/4.0 (compatible; MSIE 7.0; Windows NT 6.0; SLCC1; .NET CLR 2.0.50727; Media Center PC 5.0; .NET CLR 3.0.04506; InfoPath.2)" "shaneperfect.com"
68.142.212.189 - - [06/Aug/2007:20:25:29 -0700] "GET /robots.txt HTTP/1.0" 404 275 "-" "Yahoo-MMCrawler/3.x (mms dash mmcrawler dash support at yahoo dash inc dot com)" "www.shaneperfect.com"
65.55.213.78 - - [06/Aug/2007:22:21:49 -0700] "GET /robots.txt HTTP/1.0" 404 275 "-" "msnbot-media/1.0 (+http://search.msn.com/msnbot.htm)" "shaneperfect.com"
65.55.213.78 - - [06/Aug/2007:22:21:49 -0700] "GET /logs/?S=D HTTP/1.0" 200 2215 "-" "msnbot-media/1.0 (+http://search.msn.com/msnbot.htm)" "shaneperfect.com"
74.6.19.114 - - [07/Aug/2007:07:17:35 -0700] "GET /robots.txt HTTP/1.0" 404 275 "-" "Mozilla/5.0 (compatible; Yahoo! Slurp; http://help.yahoo.com/help/us/ysearch/slurp)" "shaneperfect.com"
74.6.23.125 - - [07/Aug/2007:07:17:35 -0700] "GET /tmp/?D=A HTTP/1.0" 200 504 "-" "Mozilla/5.0 (compatible; Yahoo! Slurp; http://help.yahoo.com/help/us/ysearch/slurp)" "shaneperfect.com"
38.99.13.121 - - [07/Aug/2007:10:11:42 -0700] "GET /robots.txt HTTP/1.0" 404 275 "-" "Mozilla/5.0 (Twiceler-0.9 http://www.cuill.com/twiceler/robot.html)" "shaneperfect.com"
82.120.125.218 - - [07/Aug/2007:10:48:40 -0700] "GET / HTTP/1.0" 200 763 "http://www.courbis.fr" "Courbis, Acteur de l'Internet depuis 1988" "shaneperfect.com"
67.40.194.109 - - [07/Aug/2007:11:52:36 -0700] "GET / HTTP/1.1" 200 779 "http://hollyheath.com/artiststatement.html" "Mozilla/4.0 (compatible; MSIE 6.0; Windows NT 5.1; SV1; .NET CLR 1.0.3705; .NET CLR 1.1.4322; InfoPath.1; .NET CLR 2.0.50727)" "shaneperfect.com"
67.40.194.109 - - [07/Aug/2007:11:52:38 -0700] "GET /logs/ HTTP/1.1" 200 2231 "http://shaneperfect.com/" "Mozilla/4.0 (compatible; MSIE 6.0; Windows NT 5.1; SV1; .NET CLR 1.0.3705; .NET CLR 1.1.4322; InfoPath.1; .NET CLR 2.0.50727)" "shaneperfect.com"
67.40.194.109 - - [07/Aug/2007:11:52:43 -0700] "GET /tmp/ HTTP/1.1" 200 520 "http://shaneperfect.com/" "Mozilla/4.0 (compatible; MSIE 6.0; Windows NT 5.1; SV1; .NET CLR 1.0.3705; .NET CLR 1.1.4322; InfoPath.1; .NET CLR 2.0.50727)" "shaneperfect.com"
24.27.63.229 - - [07/Aug/2007:14:03:03 -0700] "GET /logs/access_070329.log HTTP/1.1" 200 49820 "http://www.google.com/search?hl=en&q=144.226.230.36&btnG=Search" "Mozilla/4.0 (compatible; MSIE 6.0; Windows NT 5.1; SV1; .NET CLR 1.1.4322; InfoPath.1)" "shaneperfect.com"
65.55.213.78 - - [08/Aug/2007:01:16:50 -0700] "GET /robots.txt HTTP/1.0" 404 275 "-" "msnbot-media/1.0 (+http://search.msn.com/msnbot.htm)" "shaneperfect.com"
65.55.213.78 - - [08/Aug/2007:01:16:50 -0700] "GET /logs/access_070701.log HTTP/1.0" 200 125427 "-" "msnbot-media/1.0 (+http://search.msn.com/msnbot.htm)" "shaneperfect.com"
68.142.212.193 - - [08/Aug/2007:08:23:09 -0700] "GET /robots.txt HTTP/1.0" 404 275 "-" "Yahoo-MMCrawler/3.x (mms dash mmcrawler dash support at yahoo dash inc dot com)" "shaneperfect.com"
86.217.10.87 - - [08/Aug/2007:11:12:40 -0700] "GET / HTTP/1.0" 200 763 "http://www.courbis.fr" "Courbis, logiciels gratuits pour Pabx Alcatel 4400" "shaneperfect.com"
74.140.115.205 - - [08/Aug/2007:13:03:35 -0700] "GET / HTTP/1.1" 200 779 "http://www.hollyheath.com/fineart.html" "Mozilla/5.0 (Windows; U; Windows NT 5.1; en-US; rv:1.8.1.6) Gecko/20070725 Firefox/2.0.0.6" "shaneperfect.com"
74.140.115.205 - - [08/Aug/2007:13:03:36 -0700] "GET /favicon.ico HTTP/1.1" 404 275 "-" "Mozilla/5.0 (Windows; U; Windows NT 5.1; en-US; rv:1.8.1.6) Gecko/20070725 Firefox/2.0.0.6" "shaneperfect.com"
74.140.115.205 - - [08/Aug/2007:13:03:41 -0700] "GET / HTTP/1.1" 200 779 "http://shaneperfect.com/" "Mozilla/5.0 (Windows; U; Windows NT 5.1; en-US; rv:1.8.1.6) Gecko/20070725 Firefox/2.0.0.6" "shaneperfect.com"
74.140.115.205 - - [08/Aug/2007:13:03:42 -0700] "GET /logs/ HTTP/1.1" 200 2231 "http://shaneperfect.com/" "Mozilla/5.0 (Windows; U; Windows NT 5.1; en-US; rv:1.8.1.6) Gecko/20070725 Firefox/2.0.0.6" "shaneperfect.com"
76.105.189.51 - - [08/Aug/2007:22:28:48 -0700] "GET / HTTP/1.1" 200 779 "http://www.hollyheath.com/fineart.html" "Mozilla/5.0 (Windows; U; Windows NT 5.1; en-US; rv:1.8.1.6) Gecko/20070725 Firefox/2.0.0.6" "shaneperfect.com"
76.105.189.51 - - [08/Aug/2007:22:28:50 -0700] "GET /logs/ HTTP/1.1" 200 2231 "http://shaneperfect.com/" "Mozilla/5.0 (Windows; U; Windows NT 5.1; en-US; rv:1.8.1.6) Gecko/20070725 Firefox/2.0.0.6" "shaneperfect.com"
76.105.189.51 - - [08/Aug/2007:22:28:53 -0700] "GET /tmp/ HTTP/1.1" 200 520 "http://shaneperfect.com/" "Mozilla/5.0 (Windows; U; Windows NT 5.1; en-US; rv:1.8.1.6) Gecko/20070725 Firefox/2.0.0.6" "shaneperfect.com"
68.142.212.189 - - [09/Aug/2007:01:44:25 -0700] "GET /robots.txt HTTP/1.0" 404 275 "-" "Yahoo-MMCrawler/3.x (mms dash mmcrawler dash support at yahoo dash inc dot com)" "www.shaneperfect.com"
209.62.104.219 - - [09/Aug/2007:03:19:09 -0700] "GET /robots.txt HTTP/1.0" 404 275 "http://shaneperfect.com/" "Mozilla/5.0 (Windows; U; Windows NT 5.1; en-US; +http://process4.com) Gecko/20070508 Firefox/1.5.0.12" "shaneperfect.com"
209.85.94.164 - - [09/Aug/2007:03:19:10 -0700] "GET / HTTP/1.0" 200 763 "-" "Mozilla/5.0 (Windows; U; Windows NT 5.1; en-US; +http://process4.com) Gecko/20070508 Firefox/1.5.0.12" "shaneperfect.com"
209.62.104.177 - - [09/Aug/2007:03:19:10 -0700] "GET /tmp/ HTTP/1.0" 200 504 "http://shaneperfect.com/" "Mozilla/5.0 (Windows; U; Windows NT 5.1; en-US; +http://process4.com) Gecko/20070508 Firefox/1.5.0.12" "shaneperfect.com"
209.62.104.192 - - [09/Aug/2007:03:19:11 -0700] "GET /?N=D HTTP/1.0" 200 763 "http://shaneperfect.com/" "Mozilla/5.0 (Windows; U; Windows NT 5.1; en-US; +http://process4.com) Gecko/20070508 Firefox/1.5.0.12" "shaneperfect.com"
209.62.104.242 - - [09/Aug/2007:03:19:12 -0700] "GET /?S=A HTTP/1.0" 200 763 "http://shaneperfect.com/" "Mozilla/5.0 (Windows; U; Windows NT 5.1; en-US; +http://process4.com) Gecko/20070508 Firefox/1.5.0.12" "shaneperfect.com"
209.62.104.206 - - [09/Aug/2007:03:19:12 -0700] "GET /?D=A HTTP/1.0" 200 763 "http://shaneperfect.com/" "Mozilla/5.0 (Windows; U; Windows NT 5.1; en-US; +http://process4.com) Gecko/20070508 Firefox/1.5.0.12" "shaneperfect.com"
209.62.104.248 - - [09/Aug/2007:03:19:13 -0700] "GET /logs/ HTTP/1.0" 200 2215 "http://shaneperfect.com/" "Mozilla/5.0 (Windows; U; Windows NT 5.1; en-US; +http://process4.com) Gecko/20070508 Firefox/1.5.0.12" "shaneperfect.com"
74.6.75.43 - - [09/Aug/2007:06:29:50 -0700] "GET /robots.txt HTTP/1.0" 404 275 "-" "Mozilla/5.0 (compatible; Yahoo! Slurp; http://help.yahoo.com/help/us/ysearch/slurp)" "shaneperfect.com"
74.6.17.154 - - [09/Aug/2007:06:29:56 -0700] "GET / HTTP/1.0" 200 763 "-" "Mozilla/5.0 (compatible; Yahoo! Slurp; http://help.yahoo.com/help/us/ysearch/slurp)" "shaneperfect.com"
74.6.75.20 - - [09/Aug/2007:07:57:35 -0700] "GET /robots.txt HTTP/1.0" 404 275 "-" "Mozilla/5.0 (compatible; Yahoo! Slurp; http://help.yahoo.com/help/us/ysearch/slurp)" "www.shaneperfect.com"
74.6.69.44 - - [09/Aug/2007:07:57:37 -0700] "GET /index.html HTTP/1.0" 404 275 "-" "Mozilla/5.0 (compatible; Yahoo! Slurp; http://help.yahoo.com/help/us/ysearch/slurp)" "www.shaneperfect.com"
74.6.19.114 - - [09/Aug/2007:10:02:01 -0700] "GET /robots.txt HTTP/1.0" 404 275 "-" "Mozilla/5.0 (compatible; Yahoo! Slurp; http://help.yahoo.com/help/us/ysearch/slurp)" "shaneperfect.com"
74.6.23.213 - - [09/Aug/2007:10:02:01 -0700] "GET / HTTP/1.0" 200 763 "-" "Mozilla/5.0 (compatible; Yahoo! Slurp; http://help.yahoo.com/help/us/ysearch/slurp)" "shaneperfect.com"
82.120.125.216 - - [09/Aug/2007:11:17:52 -0700] "GET / HTTP/1.0" 200 763 "http://www.courbis.fr" "Courbis, Acteur de l'Internet depuis 1988" "shaneperfect.com"
64.12.117.68 - - [09/Aug/2007:18:13:28 -0700] "HEAD / HTTP/1.1" 200 0 "-" "-" "shaneperfect.com"
208.17.184.57 - - [09/Aug/2007:19:10:34 -0700] "GET /robots.txt HTTP/1.1" 404 275 "-" "Mozilla/5.0 (X11; U; Linux i686; en-US; rv:1.7.12) Gecko/20050922 Fedora/1.0.7-1.1.fc4 Firefox/1.0.7" "www.shaneperfect.com"
208.17.184.57 - - [09/Aug/2007:19:10:34 -0700] "GET / HTTP/1.1" 200 779 "" "Mozilla/5.0 (X11; U; Linux i686; en-US; rv:1.7.12) Gecko/20050922 Fedora/1.0.7-1.1.fc4 Firefox/1.0.7" "www.shaneperfect.com"
208.17.184.57 - - [09/Aug/2007:19:10:34 -0700] "GET /?N=D HTTP/1.1" 200 779 "http://www.shaneperfect.com/" "Mozilla/5.0 (X11; U; Linux i686; en-US; rv:1.7.12) Gecko/20050922 Fedora/1.0.7-1.1.fc4 Firefox/1.0.7" "www.shaneperfect.com"
208.17.184.57 - - [09/Aug/2007:19:10:34 -0700] "GET /?M=A HTTP/1.1" 200 779 "http://www.shaneperfect.com/" "Mozilla/5.0 (X11; U; Linux i686; en-US; rv:1.7.12) Gecko/20050922 Fedora/1.0.7-1.1.fc4 Firefox/1.0.7" "www.shaneperfect.com"
208.17.184.57 - - [09/Aug/2007:19:10:34 -0700] "GET /?S=A HTTP/1.1" 200 779 "http://www.shaneperfect.com/" "Mozilla/5.0 (X11; U; Linux i686; en-US; rv:1.7.12) Gecko/20050922 Fedora/1.0.7-1.1.fc4 Firefox/1.0.7" "www.shaneperfect.com"
208.17.184.57 - - [09/Aug/2007:19:10:34 -0700] "GET /?D=A HTTP/1.1" 200 779 "http://www.shaneperfect.com/" "Mozilla/5.0 (X11; U; Linux i686; en-US; rv:1.7.12) Gecko/20050922 Fedora/1.0.7-1.1.fc4 Firefox/1.0.7" "www.shaneperfect.com"
208.17.184.57 - - [09/Aug/2007:19:10:35 -0700] "GET /logs/ HTTP/1.1" 200 2231 "http://www.shaneperfect.com/" "Mozilla/5.0 (X11; U; Linux i686; en-US; rv:1.7.12) Gecko/20050922 Fedora/1.0.7-1.1.fc4 Firefox/1.0.7" "www.shaneperfect.com"
208.17.184.57 - - [09/Aug/2007:19:10:35 -0700] "GET /tmp/ HTTP/1.1" 200 520 "http://www.shaneperfect.com/" "Mozilla/5.0 (X11; U; Linux i686; en-US; rv:1.7.12) Gecko/20050922 Fedora/1.0.7-1.1.fc4 Firefox/1.0.7" "www.shaneperfect.com"
208.17.184.57 - - [09/Aug/2007:19:10:35 -0700] "GET /?N=A HTTP/1.1" 200 779 "http://www.shaneperfect.com/?N=D" "Mozilla/5.0 (X11; U; Linux i686; en-US; rv:1.7.12) Gecko/20050922 Fedora/1.0.7-1.1.fc4 Firefox/1.0.7" "www.shaneperfect.com"
90.35.110.83 - - [10/Aug/2007:10:33:25 -0700] "GET / HTTP/1.0" 200 763 "http://www.courbis.fr" "Courbis presente Voyage au centre de la HP48" "shaneperfect.com"
38.100.41.102 - - [10/Aug/2007:11:27:32 -0700] "GET / HTTP/1.1" 200 779 "-" "Mozilla/4.0 (compatible; MSIE 6.0; Windows XP)" "www.shaneperfect.com"
38.100.41.102 - - [10/Aug/2007:11:28:11 -0700] "GET /tmp/ HTTP/1.1" 200 520 "http://www.shaneperfect.com/" "Mozilla/4.0 (compatible; MSIE 6.0; Windows XP)" "www.shaneperfect.com"
38.100.41.102 - - [10/Aug/2007:11:28:14 -0700] "GET /logs/ HTTP/1.1" 200 2231 "http://www.shaneperfect.com/" "Mozilla/4.0 (compatible; MSIE 6.0; Windows XP)" "www.shaneperfect.com"
38.100.41.102 - - [10/Aug/2007:11:28:59 -0700] "GET /logs/access_070501.log HTTP/1.1" 200 70463 "http://www.shaneperfect.com/logs/" "Mozilla/4.0 (compatible; MSIE 6.0; Windows XP)" "www.shaneperfect.com"
38.100.41.102 - - [10/Aug/2007:11:29:01 -0700] "GET /logs/access_070329.log HTTP/1.1" 200 49820 "http://www.shaneperfect.com/logs/" "Mozilla/4.0 (compatible; MSIE 6.0; Windows XP)" "www.shaneperfect.com"
38.100.41.102 - - [10/Aug/2007:11:29:03 -0700] "GET /logs/access.log HTTP/1.1" 200 30646 "http://www.shaneperfect.com/logs/" "Mozilla/4.0 (compatible; MSIE 6.0; Windows XP)" "www.shaneperfect.com"
38.100.41.102 - - [10/Aug/2007:11:29:05 -0700] "GET /logs/access_070531.log HTTP/1.1" 200 73402 "http://www.shaneperfect.com/logs/" "Mozilla/4.0 (compatible; MSIE 6.0; Windows XP)" "www.shaneperfect.com"
38.100.41.102 - - [10/Aug/2007:11:29:06 -0700] "GET /logs/access_070301.log HTTP/1.1" 200 25559 "http://www.shaneperfect.com/logs/" "Mozilla/4.0 (compatible; MSIE 6.0; Windows XP)" "www.shaneperfect.com"
38.100.41.102 - - [10/Aug/2007:11:29:07 -0700] "GET /logs/access_070401.log HTTP/1.1" 200 1955 "http://www.shaneperfect.com/logs/" "Mozilla/4.0 (compatible; MSIE 6.0; Windows XP)" "www.shaneperfect.com"
38.100.41.102 - - [10/Aug/2007:11:29:09 -0700] "GET /logs/access_070331.log HTTP/1.1" 200 6009 "http://www.shaneperfect.com/logs/" "Mozilla/4.0 (compatible; MSIE 6.0; Windows XP)" "www.shaneperfect.com"
38.100.41.102 - - [10/Aug/2007:11:29:11 -0700] "GET /logs/access_070731.log HTTP/1.1" 200 89341 "http://www.shaneperfect.com/logs/" "Mozilla/4.0 (compatible; MSIE 6.0; Windows XP)" "www.shaneperfect.com"
38.100.41.102 - - [10/Aug/2007:11:29:13 -0700] "GET /logs/access_070701.log HTTP/1.1" 200 125427 "http://www.shaneperfect.com/logs/" "Mozilla/4.0 (compatible; MSIE 6.0; Windows XP)" "www.shaneperfect.com"
38.100.41.102 - - [10/Aug/2007:11:29:13 -0700] "GET /logs/access_070330.log HTTP/1.1" 200 2550 "http://www.shaneperfect.com/logs/" "Mozilla/4.0 (compatible; MSIE 6.0; Windows XP)" "www.shaneperfect.com"
38.100.41.102 - - [10/Aug/2007:11:29:15 -0700] "GET /logs/access_070601.log HTTP/1.1" 200 1711 "http://www.shaneperfect.com/logs/" "Mozilla/4.0 (compatible; MSIE 6.0; Windows XP)" "www.shaneperfect.com"
38.100.41.102 - - [10/Aug/2007:11:29:16 -0700] "GET /logs/access_070801.log HTTP/1.1" 200 1244 "http://www.shaneperfect.com/logs/" "Mozilla/4.0 (compatible; MSIE 6.0; Windows XP)" "www.shaneperfect.com"
68.142.212.193 - - [10/Aug/2007:13:30:07 -0700] "GET /robots.txt HTTP/1.0" 404 275 "-" "Yahoo-MMCrawler/3.x (mms dash mmcrawler dash support at yahoo dash inc dot com)" "shaneperfect.com"
66.249.72.37 - - [10/Aug/2007:15:15:14 -0700] "GET /robots.txt HTTP/1.1" 404 275 "-" "Mozilla/5.0 (compatible; Googlebot/2.1; +http://www.google.com/bot.html)" "www.shaneperfect.com"
66.249.72.37 - - [10/Aug/2007:15:15:14 -0700] "GET /logs/?S=A HTTP/1.1" 200 2231 "-" "Mozilla/5.0 (compatible; Googlebot/2.1; +http://www.google.com/bot.html)" "www.shaneperfect.com"
207.46.98.126 - - [10/Aug/2007:17:24:09 -0700] "GET /robots.txt HTTP/1.0" 404 275 "-" "msnbot/1.0 (+http://search.msn.com/msnbot.htm)" "shaneperfect.com"
207.46.98.126 - - [10/Aug/2007:17:24:10 -0700] "GET /sx70.html HTTP/1.0" 404 275 "-" "msnbot/1.0 (+http://search.msn.com/msnbot.htm)" "shaneperfect.com"
66.249.72.37 - - [11/Aug/2007:00:41:00 -0700] "GET /robots.txt HTTP/1.1" 404 275 "-" "Mozilla/5.0 (compatible; Googlebot/2.1; +http://www.google.com/bot.html)" "shaneperfect.com"
66.249.72.37 - - [11/Aug/2007:00:41:00 -0700] "GET / HTTP/1.1" 200 779 "-" "Mozilla/5.0 (compatible; Googlebot/2.1; +http://www.google.com/bot.html)" "shaneperfect.com"
66.249.72.37 - - [11/Aug/2007:00:41:18 -0700] "GET /logs/access_070801.log HTTP/1.1" 304 - "-" "Mozilla/5.0 (compatible; Googlebot/2.1; +http://www.google.com/bot.html)" "shaneperfect.com"
74.6.75.43 - - [11/Aug/2007:01:18:41 -0700] "GET /robots.txt HTTP/1.0" 404 275 "-" "Mozilla/5.0 (compatible; Yahoo! Slurp; http://help.yahoo.com/help/us/ysearch/slurp)" "shaneperfect.com"
74.6.65.234 - - [11/Aug/2007:01:18:41 -0700] "GET / HTTP/1.0" 200 763 "-" "Mozilla/5.0 (compatible; Yahoo! Slurp; http://help.yahoo.com/help/us/ysearch/slurp)" "shaneperfect.com"
131.107.0.95 - - [11/Aug/2007:02:03:55 -0700] "GET /indiana.html HTTP/1.1" 404 275 "http://search.live.com/result.aspx?q=seiko&mrt=en-us&FORM=LVSP" "Mozilla/4.0 (compatible; MSIE 6.0; Windows NT 5.2; WOW64; SV1)" "shaneperfect.com"
63.123.238.8 - - [11/Aug/2007:02:28:02 -0700] "GET /robots.txt HTTP/1.1" 404 275 "-" "Mozilla/2.0 (compatible; Ask Jeeves/Teoma)" "www.shaneperfect.com"
63.123.238.8 - - [11/Aug/2007:02:28:03 -0700] "GET / HTTP/1.1" 200 779 "-" "Mozilla/2.0 (compatible; Ask Jeeves/Teoma)" "www.shaneperfect.com"
38.99.13.121 - - [11/Aug/2007:03:09:25 -0700] "GET /robots.txt HTTP/1.0" 404 275 "-" "Mozilla/5.0 (Twiceler-0.9 http://www.cuill.com/twiceler/robot.html)" "shaneperfect.com"
74.6.75.43 - - [11/Aug/2007:08:08:30 -0700] "GET /robots.txt HTTP/1.0" 404 275 "-" "Mozilla/5.0 (compatible; Yahoo! Slurp; http://help.yahoo.com/help/us/ysearch/slurp)" "shaneperfect.com"
74.6.65.234 - - [11/Aug/2007:08:08:32 -0700] "GET / HTTP/1.0" 200 763 "-" "Mozilla/5.0 (compatible; Yahoo! Slurp; http://help.yahoo.com/help/us/ysearch/slurp)" "shaneperfect.com"
68.142.212.189 - - [11/Aug/2007:10:45:54 -0700] "GET /robots.txt HTTP/1.0" 404 275 "-" "Yahoo-MMCrawler/3.x (mms dash mmcrawler dash support at yahoo dash inc dot com)" "www.shaneperfect.com"
83.204.246.127 - - [11/Aug/2007:10:49:56 -0700] "GET / HTTP/1.0" 200 763 "http://www.courbis.fr" "Courbis vous offre la meteo du RER" "shaneperfect.com"
74.6.19.114 - - [11/Aug/2007:17:43:00 -0700] "GET /robots.txt HTTP/1.0" 404 275 "-" "Mozilla/5.0 (compatible; Yahoo! Slurp; http://help.yahoo.com/help/us/ysearch/slurp)" "shaneperfect.com"
74.6.27.79 - - [11/Aug/2007:17:43:00 -0700] "GET /?S=D HTTP/1.0" 200 763 "-" "Mozilla/5.0 (compatible; Yahoo! Slurp; http://help.yahoo.com/help/us/ysearch/slurp)" "shaneperfect.com"
74.6.75.43 - - [11/Aug/2007:18:46:14 -0700] "GET /robots.txt HTTP/1.0" 404 275 "-" "Mozilla/5.0 (compatible; Yahoo! Slurp; http://help.yahoo.com/help/us/ysearch/slurp)" "shaneperfect.com"
74.6.65.234 - - [11/Aug/2007:18:46:30 -0700] "GET / HTTP/1.0" 200 763 "-" "Mozilla/5.0 (compatible; Yahoo! Slurp; http://help.yahoo.com/help/us/ysearch/slurp)" "shaneperfect.com"
63.210.115.10 - - [11/Aug/2007:20:07:25 -0700] "GET / HTTP/1.1" 200 779 "-" "Mozilla/5.0 (X11; U; Linux i686; en-US; rv:1.7.12) Gecko/20060202 CentOS/1.0.7-1.4.3.centos4 Firefox/1.0.7" "www.shaneperfect.com"
82.120.139.57 - - [12/Aug/2007:11:04:21 -0700] "GET / HTTP/1.0" 200 763 "http://www.courbis.fr" "Courbis vous offre la meteo du RER" "shaneperfect.com"
74.52.245.146 - - [12/Aug/2007:12:19:13 -0700] "GET / HTTP/1.0" 200 763 "-" "Mozilla/5.0 (X11; U; Linux i686; en-US; rv:1.7.5) Gecko/20041107 Firefox/1.0" "www.shaneperfect.com"
75.104.128.58 - - [12/Aug/2007:15:01:32 -0700] "GET /logs/access_070731.log HTTP/1.1" 200 89341 "http://www.google.com/search?hl=en&q=168.251.194.18%2F&btnG=Google+Search" "Mozilla/4.0 (compatible; MSIE 6.0; Windows NT 5.1; SV1; .NET CLR 1.1.4322)" "shaneperfect.com"
38.99.13.121 - - [12/Aug/2007:17:27:36 -0700] "GET /robots.txt HTTP/1.0" 404 275 "-" "Mozilla/5.0 (Twiceler-0.9 http://www.cuill.com/twiceler/robot.html)" "shaneperfect.com"
74.6.75.20 - - [13/Aug/2007:04:32:54 -0700] "GET /robots.txt HTTP/1.0" 404 275 "-" "Mozilla/5.0 (compatible; Yahoo! Slurp; http://help.yahoo.com/help/us/ysearch/slurp)" "www.shaneperfect.com"
74.6.68.163 - - [13/Aug/2007:04:32:55 -0700] "GET / HTTP/1.0" 200 763 "-" "Mozilla/5.0 (compatible; Yahoo! Slurp; http://help.yahoo.com/help/us/ysearch/slurp)" "www.shaneperfect.com"
66.249.66.207 - - [13/Aug/2007:06:41:51 -0700] "GET /robots.txt HTTP/1.1" 404 275 "-" "Mozilla/5.0 (compatible; Googlebot/2.1; +http://www.google.com/bot.html)" "www.shaneperfect.com"
66.249.66.207 - - [13/Aug/2007:06:41:51 -0700] "GET / HTTP/1.1" 200 779 "-" "Mozilla/5.0 (compatible; Googlebot/2.1; +http://www.google.com/bot.html)" "www.shaneperfect.com"
66.249.66.207 - - [13/Aug/2007:06:54:44 -0700] "GET /robots.txt HTTP/1.1" 404 275 "-" "Mozilla/5.0 (compatible; Googlebot/2.1; +http://www.google.com/bot.html)" "shaneperfect.com"
66.249.66.207 - - [13/Aug/2007:06:54:44 -0700] "GET /logs/access_070601.log HTTP/1.1" 304 - "-" "Mozilla/5.0 (compatible; Googlebot/2.1; +http://www.google.com/bot.html)" "shaneperfect.com"
66.249.66.207 - - [13/Aug/2007:06:54:45 -0700] "GET /logs/access_070731.log HTTP/1.1" 304 - "-" "Mozilla/5.0 (compatible; Googlebot/2.1; +http://www.google.com/bot.html)" "shaneperfect.com"
70.224.44.57 - - [13/Aug/2007:07:03:22 -0700] "GET / HTTP/1.1" 200 779 "http://www.hollyheath.com/fineart.html" "Mozilla/5.0 (Windows; U; Windows NT 5.1; en-US; rv:1.8.1.6) Gecko/20070725 Firefox/2.0.0.6" "shaneperfect.com"
70.224.44.57 - - [13/Aug/2007:07:03:22 -0700] "GET /favicon.ico HTTP/1.1" 404 275 "-" "Mozilla/5.0 (Windows; U; Windows NT 5.1; en-US; rv:1.8.1.6) Gecko/20070725 Firefox/2.0.0.6" "shaneperfect.com"
66.249.66.207 - - [13/Aug/2007:08:21:39 -0700] "GET /logs/ HTTP/1.1" 200 2231 "-" "Mozilla/5.0 (compatible; Googlebot/2.1; +http://www.google.com/bot.html)" "shaneperfect.com"
82.120.241.133 - - [13/Aug/2007:11:20:23 -0700] "GET / HTTP/1.0" 200 763 "http://www.courbis.fr" "Courbis, logiciels gratuits pour Pabx Alcatel 4400" "shaneperfect.com"
71.177.129.247 - - [13/Aug/2007:11:21:51 -0700] "GET / HTTP/1.1" 200 779 "http://www.google.com/search?q=%3Fintitle:index.of%3F+photography&num=100&hl=en&safe=off&rls=RNWN,RNWN:2006-39,RNWN:en&start=500&sa=N" "Mozilla/4.0 (compatible; MSIE 7.0; Windows NT 5.1)" "shaneperfect.com"
71.177.129.247 - - [13/Aug/2007:11:21:51 -0700] "GET /favicon.ico HTTP/1.1" 404 275 "-" "Mozilla/4.0 (compatible; MSIE 7.0; Windows NT 5.1)" "shaneperfect.com"
71.177.129.247 - - [13/Aug/2007:11:21:53 -0700] "GET /tmp/ HTTP/1.1" 200 520 "http://shaneperfect.com/" "Mozilla/4.0 (compatible; MSIE 7.0; Windows NT 5.1)" "shaneperfect.com"
71.177.129.247 - - [13/Aug/2007:11:21:54 -0700] "GET / HTTP/1.1" 200 779 "http://shaneperfect.com/tmp/" "Mozilla/4.0 (compatible; MSIE 7.0; Windows NT 5.1)" "shaneperfect.com"
71.177.129.247 - - [13/Aug/2007:11:21:55 -0700] "GET /logs/ HTTP/1.1" 200 2231 "http://shaneperfect.com/" "Mozilla/4.0 (compatible; MSIE 7.0; Windows NT 5.1)" "shaneperfect.com"
71.177.129.247 - - [13/Aug/2007:11:21:57 -0700] "GET /logs/access.log HTTP/1.1" 200 40527 "http://shaneperfect.com/logs/" "Mozilla/4.0 (compatible; MSIE 7.0; Windows NT 5.1)" "shaneperfect.com"
71.177.129.247 - - [13/Aug/2007:11:22:07 -0700] "GET /logs/access_070601.log HTTP/1.1" 200 1711 "http://shaneperfect.com/logs/" "Mozilla/4.0 (compatible; MSIE 7.0; Windows NT 5.1)" "shaneperfect.com"
71.177.129.247 - - [13/Aug/2007:11:22:18 -0700] "GET / HTTP/1.1" 200 779 "http://shaneperfect.com/tmp/" "Mozilla/4.0 (compatible; MSIE 7.0; Windows NT 5.1)" "shaneperfect.com"
71.177.129.247 - - [13/Aug/2007:11:22:47 -0700] "GET /tmp/ HTTP/1.1" 200 520 "http://shaneperfect.com/" "Mozilla/4.0 (compatible; MSIE 7.0; Windows NT 5.1)" "shaneperfect.com"
66.249.66.163 - - [13/Aug/2007:12:13:59 -0700] "GET / HTTP/1.1" 200 779 "-" "Mozilla/5.0 (compatible; Googlebot/2.1; +http://www.google.com/bot.html)" "shaneperfect.com"
66.249.66.163 - - [13/Aug/2007:12:55:02 -0700] "GET /robots.txt HTTP/1.1" 404 275 "-" "Mozilla/5.0 (compatible; Googlebot/2.1; +http://www.google.com/bot.html)" "www.shaneperfect.com"
66.249.66.163 - - [13/Aug/2007:12:55:02 -0700] "GET /logs/access_070331.log HTTP/1.1" 200 6009 "-" "Mozilla/5.0 (compatible; Googlebot/2.1; +http://www.google.com/bot.html)" "www.shaneperfect.com"
68.142.212.193 - - [13/Aug/2007:14:54:10 -0700] "GET /robots.txt HTTP/1.0" 404 275 "-" "Yahoo-MMCrawler/3.x (mms dash mmcrawler dash support at yahoo dash inc dot com)" "shaneperfect.com"
68.142.212.189 - - [13/Aug/2007:19:49:59 -0700] "GET /robots.txt HTTP/1.0" 404 275 "-" "Yahoo-MMCrawler/3.x (mms dash mmcrawler dash support at yahoo dash inc dot com)" "www.shaneperfect.com"
74.6.19.114 - - [14/Aug/2007:00:03:53 -0700] "GET /robots.txt HTTP/1.0" 404 275 "-" "Mozilla/5.0 (compatible; Yahoo! Slurp; http://help.yahoo.com/help/us/ysearch/slurp)" "shaneperfect.com"
74.6.20.27 - - [14/Aug/2007:00:03:54 -0700] "GET /tmp/?S=A HTTP/1.0" 200 504 "-" "Mozilla/5.0 (compatible; Yahoo! Slurp; http://help.yahoo.com/help/us/ysearch/slurp)" "shaneperfect.com"
74.6.19.114 - - [14/Aug/2007:06:16:46 -0700] "GET /robots.txt HTTP/1.0" 404 275 "-" "Mozilla/5.0 (compatible; Yahoo! Slurp; http://help.yahoo.com/help/us/ysearch/slurp)" "shaneperfect.com"
74.6.23.14 - - [14/Aug/2007:06:16:46 -0700] "GET /tmp/?M=A HTTP/1.0" 200 504 "-" "Mozilla/5.0 (compatible; Yahoo! Slurp; http://help.yahoo.com/help/us/ysearch/slurp)" "shaneperfect.com"
65.55.210.33 - - [14/Aug/2007:08:35:40 -0700] "GET /robots.txt HTTP/1.0" 404 275 "-" "msnbot/1.0 (+http://search.msn.com/msnbot.htm)" "shaneperfect.com"
65.55.210.33 - - [14/Aug/2007:08:35:40 -0700] "GET / HTTP/1.0" 200 763 "-" "msnbot/1.0 (+http://search.msn.com/msnbot.htm)" "shaneperfect.com"
90.35.111.68 - - [14/Aug/2007:10:54:39 -0700] "GET / HTTP/1.0" 200 763 "http://www.courbis.fr" "Courbis : Livres et logiciels gratuits, Meteo du RER, etc..." "shaneperfect.com"
66.249.65.51 - - [14/Aug/2007:18:54:56 -0700] "GET /robots.txt HTTP/1.1" 404 275 "-" "Mozilla/5.0 (compatible; Googlebot/2.1; +http://www.google.com/bot.html)" "shaneperfect.com"
66.249.65.51 - - [14/Aug/2007:18:54:56 -0700] "GET /logs/access_070801.log HTTP/1.1" 304 - "-" "Mozilla/5.0 (compatible; Googlebot/2.1; +http://www.google.com/bot.html)" "shaneperfect.com"
66.249.65.51 - - [14/Aug/2007:19:14:23 -0700] "GET /?S=A HTTP/1.1" 200 779 "-" "Mozilla/5.0 (compatible; Googlebot/2.1; +http://www.google.com/bot.html)" "shaneperfect.com"
66.249.65.51 - - [14/Aug/2007:20:51:59 -0700] "GET /robots.txt HTTP/1.1" 404 275 "-" "Mozilla/5.0 (compatible; Googlebot/2.1; +http://www.google.com/bot.html)" "www.shaneperfect.com"
66.249.65.51 - - [14/Aug/2007:20:51:59 -0700] "GET /logs/access_070331.log HTTP/1.1" 304 - "-" "Mozilla/5.0 (compatible; Googlebot/2.1; +http://www.google.com/bot.html)" "www.shaneperfect.com"
74.6.19.114 - - [15/Aug/2007:04:29:28 -0700] "GET /robots.txt HTTP/1.0" 404 275 "-" "Mozilla/5.0 (compatible; Yahoo! Slurp; http://help.yahoo.com/help/us/ysearch/slurp)" "shaneperfect.com"
74.6.27.48 - - [15/Aug/2007:04:29:28 -0700] "GET /tmp/?N=D HTTP/1.0" 200 504 "-" "Mozilla/5.0 (compatible; Yahoo! Slurp; http://help.yahoo.com/help/us/ysearch/slurp)" "shaneperfect.com"
82.120.242.6 - - [15/Aug/2007:11:06:25 -0700] "GET / HTTP/1.0" 200 763 "http://www.courbis.fr" "Courbis presents a Journey to the Center of the HP48" "shaneperfect.com"
74.6.75.20 - - [15/Aug/2007:12:02:46 -0700] "GET /robots.txt HTTP/1.0" 404 275 "-" "Mozilla/5.0 (compatible; Yahoo! Slurp; http://help.yahoo.com/help/us/ysearch/slurp)" "www.shaneperfect.com"
74.6.68.163 - - [15/Aug/2007:12:02:47 -0700] "GET / HTTP/1.0" 200 763 "-" "Mozilla/5.0 (compatible; Yahoo! Slurp; http://help.yahoo.com/help/us/ysearch/slurp)" "www.shaneperfect.com"
207.46.98.125 - - [15/Aug/2007:18:53:27 -0700] "GET /robots.txt HTTP/1.0" 404 275 "-" "msnbot/1.0 (+http://search.msn.com/msnbot.htm)" "shaneperfect.com"
207.46.98.125 - - [15/Aug/2007:18:53:27 -0700] "GET /southwest.html HTTP/1.0" 404 275 "-" "msnbot/1.0 (+http://search.msn.com/msnbot.htm)" "shaneperfect.com"
207.46.98.125 - - [15/Aug/2007:19:02:42 -0700] "GET /architecture.html HTTP/1.0" 404 275 "-" "msnbot/1.0 (+http://search.msn.com/msnbot.htm)" "shaneperfect.com"
68.142.212.193 - - [15/Aug/2007:19:26:37 -0700] "GET /robots.txt HTTP/1.0" 404 275 "-" "Yahoo-MMCrawler/3.x (mms dash mmcrawler dash support at yahoo dash inc dot com)" "shaneperfect.com"
207.46.98.127 - - [15/Aug/2007:19:58:03 -0700] "GET /robots.txt HTTP/1.0" 404 275 "-" "msnbot/1.0 (+http://search.msn.com/msnbot.htm)" "shaneperfect.com"
207.46.98.127 - - [15/Aug/2007:19:58:03 -0700] "GET /rome.html HTTP/1.0" 404 275 "-" "msnbot/1.0 (+http://search.msn.com/msnbot.htm)" "shaneperfect.com"
207.46.98.127 - - [15/Aug/2007:19:58:03 -0700] "GET /neworleans.html HTTP/1.0" 404 275 "-" "msnbot/1.0 (+http://search.msn.com/msnbot.htm)" "shaneperfect.com"
207.46.98.126 - - [15/Aug/2007:20:47:42 -0700] "GET /robots.txt HTTP/1.0" 404 275 "-" "msnbot/1.0 (+http://search.msn.com/msnbot.htm)" "shaneperfect.com"
207.46.98.126 - - [15/Aug/2007:20:47:42 -0700] "GET /wyoming.html HTTP/1.0" 404 275 "-" "msnbot/1.0 (+http://search.msn.com/msnbot.htm)" "shaneperfect.com"
207.46.98.127 - - [15/Aug/2007:22:12:40 -0700] "GET /abstract.html HTTP/1.0" 404 275 "-" "msnbot/1.0 (+http://search.msn.com/msnbot.htm)" "shaneperfect.com"
68.142.212.189 - - [16/Aug/2007:01:43:50 -0700] "GET /robots.txt HTTP/1.0" 404 275 "-" "Yahoo-MMCrawler/3.x (mms dash mmcrawler dash support at yahoo dash inc dot com)" "www.shaneperfect.com"
74.208.68.53 - - [16/Aug/2007:07:07:27 -0700] "GET / HTTP/1.0" 200 763 "-" "Mozilla/4.0 (compatible; MSIE 6.0; Windows NT 5.1; SV1; .NET CLR 1.1.4322; .NET CLR 2.0.50727)" "www.shaneperfect.com"
82.165.148.17 - - [16/Aug/2007:07:15:28 -0700] "GET /tmp/ HTTP/1.0" 200 504 "-" "Mozilla/4.0 (compatible; MSIE 6.0; Windows NT 5.1; SV1; .NET CLR 1.1.4322; .NET CLR 2.0.50727)" "www.shaneperfect.com"
74.208.71.159 - - [16/Aug/2007:07:15:38 -0700] "GET /logs/ HTTP/1.0" 200 2215 "-" "Mozilla/4.0 (compatible; MSIE 6.0; Windows NT 5.1; SV1; .NET CLR 1.1.4322; .NET CLR 2.0.50727)" "www.shaneperfect.com"
65.214.45.101 - - [16/Aug/2007:07:58:55 -0700] "GET /robots.txt HTTP/1.0" 404 275 "-" "Mozilla/5.0 (compatible; Ask Jeeves/Teoma; +http://about.ask.com/en/docs/about/webmasters.shtml)" "www.shaneperfect.com"
65.214.45.101 - - [16/Aug/2007:07:58:56 -0700] "GET /digital.html HTTP/1.0" 404 275 "-" "Mozilla/5.0 (compatible; Ask Jeeves/Teoma; +http://about.ask.com/en/docs/about/webmasters.shtml)" "www.shaneperfect.com"
207.189.107.57 - - [16/Aug/2007:08:18:26 -0700] "GET / HTTP/1.0" 200 763 "-" "-" "www.shaneperfect.com"
74.208.71.159 - - [16/Aug/2007:08:19:30 -0700] "GET / HTTP/1.0" 200 763 "-" "Mozilla/4.0 (compatible; MSIE 6.0; Windows NT 5.1; SV1; .NET CLR 1.1.4322; .NET CLR 2.0.50727)" "www.shaneperfect.com"
63.251.174.4 - - [16/Aug/2007:08:22:44 -0700] "GET /tmp/ HTTP/1.0" 200 504 "-" "Mozilla/4.0 (compatible; MSIE 6.0; Windows NT 5.1; SV1; .NET CLR 1.1.4322; .NET CLR 2.0.50727)" "www.shaneperfect.com"
82.165.148.17 - - [16/Aug/2007:08:23:53 -0700] "GET /logs/ HTTP/1.0" 200 2215 "-" "Mozilla/4.0 (compatible; MSIE 6.0; Windows NT 5.1; SV1; .NET CLR 1.1.4322; .NET CLR 2.0.50727)" "www.shaneperfect.com"
63.229.62.12 - - [16/Aug/2007:08:26:13 -0700] "GET /tmp/ HTTP/1.0" 200 504 "-" "Mozilla/4.0 (compatible; MSIE 6.0; Windows NT 5.1; SV1; .NET CLR 1.1.4322; .NET CLR 2.0.50727)" "www.shaneperfect.com"
74.208.68.53 - - [16/Aug/2007:08:26:57 -0700] "GET /logs/ HTTP/1.0" 200 2215 "-" "Mozilla/4.0 (compatible; MSIE 6.0; Windows NT 5.1; SV1; .NET CLR 1.1.4322; .NET CLR 2.0.50727)" "www.shaneperfect.com"
74.6.19.114 - - [16/Aug/2007:10:39:04 -0700] "GET /robots.txt HTTP/1.0" 404 275 "-" "Mozilla/5.0 (compatible; Yahoo! Slurp; http://help.yahoo.com/help/us/ysearch/slurp)" "shaneperfect.com"
74.6.23.213 - - [16/Aug/2007:10:39:05 -0700] "GET / HTTP/1.0" 200 763 "-" "Mozilla/5.0 (compatible; Yahoo! Slurp; http://help.yahoo.com/help/us/ysearch/slurp)" "shaneperfect.com"
83.204.182.114 - - [16/Aug/2007:10:41:41 -0700] "GET / HTTP/1.0" 200 763 "http://www.courbis.fr" "Courbis, trucs et astuces pour le Tomtom Rider" "shaneperfect.com"
74.6.75.43 - - [16/Aug/2007:14:48:57 -0700] "GET /robots.txt HTTP/1.0" 404 275 "-" "Mozilla/5.0 (compatible; Yahoo! Slurp; http://help.yahoo.com/help/us/ysearch/slurp)" "shaneperfect.com"
74.6.65.234 - - [16/Aug/2007:14:48:58 -0700] "GET / HTTP/1.0" 200 763 "-" "Mozilla/5.0 (compatible; Yahoo! Slurp; http://help.yahoo.com/help/us/ysearch/slurp)" "shaneperfect.com"
74.6.75.43 - - [16/Aug/2007:19:05:18 -0700] "GET /robots.txt HTTP/1.0" 404 275 "-" "Mozilla/5.0 (compatible; Yahoo! Slurp; http://help.yahoo.com/help/us/ysearch/slurp)" "shaneperfect.com"
