66.249.72.37 - - [01/Jul/2007:09:50:18 -0700] "GET /robots.txt HTTP/1.1" 404 275 "-" "Mozilla/5.0 (compatible; Googlebot/2.1; +http://www.google.com/bot.html)" "www.shaneperfect.com"
66.249.72.37 - - [01/Jul/2007:09:50:18 -0700] "GET /logs/access_070601.log HTTP/1.1" 304 - "-" "Mozilla/5.0 (compatible; Googlebot/2.1; +http://www.google.com/bot.html)" "www.shaneperfect.com"
209.173.167.228 - - [02/Jul/2007:05:32:35 -0700] "GET / HTTP/1.1" 200 779 "http://www.hollyheath.com/fineart.html" "Mozilla/4.0 (compatible; MSIE 6.0; Windows NT 5.1; SV1; .NET CLR 1.0.3705; .NET CLR 2.0.50727)" "shaneperfect.com"
68.142.212.193 - - [02/Jul/2007:07:46:46 -0700] "GET /robots.txt HTTP/1.0" 404 275 "-" "Yahoo-MMCrawler/3.x (mms dash mmcrawler dash support at yahoo dash inc dot com)" "shaneperfect.com"
217.212.224.145 - - [02/Jul/2007:09:03:26 -0700] "GET /robots.txt HTTP/1.0" 404 275 "-" "psbot/0.1 (+http://www.picsearch.com/bot.html)" "shaneperfect.com"
217.212.224.169 - - [02/Jul/2007:09:03:38 -0700] "GET / HTTP/1.0" 200 763 "-" "psbot/0.1 (+http://www.picsearch.com/bot.html)" "shaneperfect.com"
68.142.212.189 - - [02/Jul/2007:18:59:11 -0700] "GET /robots.txt HTTP/1.0" 404 275 "-" "Yahoo-MMCrawler/3.x (mms dash mmcrawler dash support at yahoo dash inc dot com)" "www.shaneperfect.com"
66.249.72.37 - - [03/Jul/2007:05:01:42 -0700] "GET /robots.txt HTTP/1.1" 404 275 "-" "Mozilla/5.0 (compatible; Googlebot/2.1; +http://www.google.com/bot.html)" "shaneperfect.com"
66.249.72.37 - - [03/Jul/2007:05:01:42 -0700] "GET /logs/access.log HTTP/1.1" 200 1289 "-" "Mozilla/5.0 (compatible; Googlebot/2.1; +http://www.google.com/bot.html)" "shaneperfect.com"
63.123.238.8 - - [03/Jul/2007:13:58:47 -0700] "GET /robots.txt HTTP/1.1" 404 275 "-" "Mozilla/2.0 (compatible; Ask Jeeves/Teoma)" "www.shaneperfect.com"
63.123.238.8 - - [03/Jul/2007:13:58:47 -0700] "GET / HTTP/1.1" 200 779 "-" "Mozilla/2.0 (compatible; Ask Jeeves/Teoma)" "www.shaneperfect.com"
74.6.75.37 - - [03/Jul/2007:15:54:10 -0700] "GET /robots.txt HTTP/1.0" 404 275 "-" "Mozilla/5.0 (compatible; Yahoo! Slurp; http://help.yahoo.com/help/us/ysearch/slurp)" "shaneperfect.com"
74.6.65.234 - - [03/Jul/2007:15:54:19 -0700] "GET / HTTP/1.0" 200 763 "-" "Mozilla/5.0 (compatible; Yahoo! Slurp; http://help.yahoo.com/help/us/ysearch/slurp)" "shaneperfect.com"
66.249.72.37 - - [04/Jul/2007:03:01:53 -0700] "GET /robots.txt HTTP/1.1" 404 275 "-" "Mozilla/5.0 (compatible; Googlebot/2.1; +http://www.google.com/bot.html)" "shaneperfect.com"
66.249.72.37 - - [04/Jul/2007:03:01:53 -0700] "GET /tmp/ HTTP/1.1" 200 520 "-" "Mozilla/5.0 (compatible; Googlebot/2.1; +http://www.google.com/bot.html)" "shaneperfect.com"
74.6.75.26 - - [04/Jul/2007:11:01:25 -0700] "GET /robots.txt HTTP/1.0" 404 275 "-" "Mozilla/5.0 (compatible; Yahoo! Slurp; http://help.yahoo.com/help/us/ysearch/slurp)" "www.shaneperfect.com"
74.6.68.163 - - [04/Jul/2007:11:01:44 -0700] "GET / HTTP/1.0" 200 763 "-" "Mozilla/5.0 (compatible; Yahoo! Slurp; http://help.yahoo.com/help/us/ysearch/slurp)" "www.shaneperfect.com"
68.142.212.193 - - [04/Jul/2007:14:13:41 -0700] "GET /robots.txt HTTP/1.0" 404 275 "-" "Yahoo-MMCrawler/3.x (mms dash mmcrawler dash support at yahoo dash inc dot com)" "shaneperfect.com"
203.211.76.220 - - [04/Jul/2007:15:13:21 -0700] "GET /logs/access_070331.log HTTP/1.1" 200 6009 "http://www.google.co.nz/search?hl=en&q=217.212.224.169&btnG=Search&meta=" "Mozilla/5.0 (Windows; U; Windows NT 5.1; en-US; rv:1.8.1.4) Gecko/20070515 Firefox/2.0.0.4" "shaneperfect.com"
203.211.76.220 - - [04/Jul/2007:15:13:23 -0700] "GET /favicon.ico HTTP/1.1" 404 275 "-" "Mozilla/5.0 (Windows; U; Windows NT 5.1; en-US; rv:1.8.1.4) Gecko/20070515 Firefox/2.0.0.4" "shaneperfect.com"
72.232.207.146 - - [04/Jul/2007:19:54:28 -0700] "GET /logs/access_070331.log/ HTTP/1.1" 404 275 "-" "Mozilla/4.0 (compatible; MSIE 6.0; Windows NT 5.1; SV1)" "shaneperfect.com"
68.142.212.189 - - [04/Jul/2007:23:39:06 -0700] "GET /robots.txt HTTP/1.0" 404 275 "-" "Yahoo-MMCrawler/3.x (mms dash mmcrawler dash support at yahoo dash inc dot com)" "www.shaneperfect.com"
74.6.19.112 - - [05/Jul/2007:04:32:15 -0700] "GET /robots.txt HTTP/1.0" 404 275 "-" "Mozilla/5.0 (compatible; Yahoo! Slurp; http://help.yahoo.com/help/us/ysearch/slurp)" "shaneperfect.com"
74.6.23.213 - - [05/Jul/2007:04:32:15 -0700] "GET / HTTP/1.0" 200 763 "-" "Mozilla/5.0 (compatible; Yahoo! Slurp; http://help.yahoo.com/help/us/ysearch/slurp)" "shaneperfect.com"
74.6.19.112 - - [05/Jul/2007:08:43:20 -0700] "GET /robots.txt HTTP/1.0" 404 275 "-" "Mozilla/5.0 (compatible; Yahoo! Slurp; http://help.yahoo.com/help/us/ysearch/slurp)" "shaneperfect.com"
74.6.26.113 - - [05/Jul/2007:08:44:49 -0700] "GET /?D=A HTTP/1.0" 200 763 "-" "Mozilla/5.0 (compatible; Yahoo! Slurp; http://help.yahoo.com/help/us/ysearch/slurp)" "shaneperfect.com"
82.166.163.10 - - [05/Jul/2007:12:18:37 -0700] "GET /logs/access.log HTTP/1.1" 200 4823 "-" "Mozilla/4.0 (compatible; MSIE 6.0; Windows NT 5.1; SV1; .NET CLR 1.1.4322)" "shaneperfect.com"
74.6.75.37 - - [05/Jul/2007:12:28:56 -0700] "GET /robots.txt HTTP/1.0" 404 275 "-" "Mozilla/5.0 (compatible; Yahoo! Slurp; http://help.yahoo.com/help/us/ysearch/slurp)" "shaneperfect.com"
74.6.17.154 - - [05/Jul/2007:12:33:30 -0700] "GET / HTTP/1.0" 200 763 "-" "Mozilla/5.0 (compatible; Yahoo! Slurp; http://help.yahoo.com/help/us/ysearch/slurp)" "shaneperfect.com"
74.6.17.105 - - [05/Jul/2007:12:44:45 -0700] "GET /logs/ HTTP/1.0" 200 1929 "-" "Mozilla/5.0 (compatible; Yahoo! Slurp; http://help.yahoo.com/help/us/ysearch/slurp)" "shaneperfect.com"
74.6.18.37 - - [05/Jul/2007:12:46:36 -0700] "GET /?D=A HTTP/1.0" 200 763 "-" "Mozilla/5.0 (compatible; Yahoo! Slurp; http://help.yahoo.com/help/us/ysearch/slurp)" "shaneperfect.com"
74.6.18.75 - - [05/Jul/2007:12:48:33 -0700] "GET /?S=A HTTP/1.0" 200 763 "-" "Mozilla/5.0 (compatible; Yahoo! Slurp; http://help.yahoo.com/help/us/ysearch/slurp)" "shaneperfect.com"
74.6.18.34 - - [05/Jul/2007:14:12:34 -0700] "GET /tmp/ HTTP/1.0" 200 504 "-" "Mozilla/5.0 (compatible; Yahoo! Slurp; http://help.yahoo.com/help/us/ysearch/slurp)" "shaneperfect.com"
74.6.17.199 - - [05/Jul/2007:14:41:19 -0700] "GET /?M=A HTTP/1.0" 200 763 "-" "Mozilla/5.0 (compatible; Yahoo! Slurp; http://help.yahoo.com/help/us/ysearch/slurp)" "shaneperfect.com"
74.6.17.43 - - [05/Jul/2007:15:12:05 -0700] "GET /?N=D HTTP/1.0" 200 763 "-" "Mozilla/5.0 (compatible; Yahoo! Slurp; http://help.yahoo.com/help/us/ysearch/slurp)" "shaneperfect.com"
207.46.98.125 - - [06/Jul/2007:06:19:02 -0700] "GET /robots.txt HTTP/1.0" 404 275 "-" "msnbot/1.0 (+http://search.msn.com/msnbot.htm)" "shaneperfect.com"
207.46.98.125 - - [06/Jul/2007:06:19:02 -0700] "GET /aboutus.html HTTP/1.0" 404 275 "-" "msnbot/1.0 (+http://search.msn.com/msnbot.htm)" "shaneperfect.com"
66.249.72.37 - - [06/Jul/2007:10:09:24 -0700] "GET /robots.txt HTTP/1.1" 404 275 "-" "Mozilla/5.0 (compatible; Googlebot/2.1; +http://www.google.com/bot.html)" "shaneperfect.com"
66.249.72.37 - - [06/Jul/2007:10:09:24 -0700] "GET /logs/access_070501.log HTTP/1.1" 304 - "-" "Mozilla/5.0 (compatible; Googlebot/2.1; +http://www.google.com/bot.html)" "shaneperfect.com"
83.233.46.19 - - [06/Jul/2007:12:04:05 -0700] "GET /logs/access_070331.log HTTP/1.1" 200 6009 "http://www.google.se/search?client=firefox-a&rls=org.mozilla%3Asv-SE%3Aofficial&channel=s&hl=sv&q=217.212.224.169&meta=&btnG=Google-s%C3%B6kning" "Mozilla/5.0 (Windows; U; Windows NT 5.1; sv-SE; rv:1.8.1.4) Gecko/20070515 Firefox/2.0.0.4" "shaneperfect.com"
83.233.46.19 - - [06/Jul/2007:12:04:06 -0700] "GET /favicon.ico HTTP/1.1" 404 275 "-" "Mozilla/5.0 (Windows; U; Windows NT 5.1; sv-SE; rv:1.8.1.4) Gecko/20070515 Firefox/2.0.0.4" "shaneperfect.com"
68.142.212.193 - - [06/Jul/2007:16:30:18 -0700] "GET /robots.txt HTTP/1.0" 404 275 "-" "Yahoo-MMCrawler/3.x (mms dash mmcrawler dash support at yahoo dash inc dot com)" "shaneperfect.com"
74.208.71.84 - - [06/Jul/2007:20:00:53 -0700] "GET / HTTP/1.0" 200 763 "-" "Mozilla/4.0 (compatible; MSIE 6.0; Windows NT 5.1; SV1; .NET CLR 1.1.4322; .NET CLR 2.0.50727)" "www.shaneperfect.com"
74.208.71.187 - - [06/Jul/2007:20:02:37 -0700] "GET /tmp/ HTTP/1.0" 200 504 "-" "Mozilla/4.0 (compatible; MSIE 6.0; Windows NT 5.1; SV1; .NET CLR 1.1.4322; .NET CLR 2.0.50727)" "www.shaneperfect.com"
74.208.71.84 - - [06/Jul/2007:20:03:50 -0700] "GET /logs/ HTTP/1.0" 200 1929 "-" "Mozilla/4.0 (compatible; MSIE 6.0; Windows NT 5.1; SV1; .NET CLR 1.1.4322; .NET CLR 2.0.50727)" "www.shaneperfect.com"
82.165.148.17 - - [06/Jul/2007:23:17:09 -0700] "GET / HTTP/1.0" 200 763 "-" "Mozilla/4.0 (compatible; MSIE 6.0; Windows NT 5.1; SV1; .NET CLR 1.1.4322; .NET CLR 2.0.50727)" "www.shaneperfect.com"
74.208.71.119 - - [06/Jul/2007:23:18:10 -0700] "GET / HTTP/1.0" 200 763 "-" "Mozilla/4.0 (compatible; MSIE 6.0; Windows NT 5.1; SV1; .NET CLR 1.1.4322; .NET CLR 2.0.50727)" "www.shaneperfect.com"
82.165.148.17 - - [06/Jul/2007:23:54:12 -0700] "GET /tmp/ HTTP/1.0" 200 504 "-" "Mozilla/4.0 (compatible; MSIE 6.0; Windows NT 5.1; SV1; .NET CLR 1.1.4322; .NET CLR 2.0.50727)" "www.shaneperfect.com"
74.208.68.31 - - [06/Jul/2007:23:57:51 -0700] "GET /tmp/ HTTP/1.0" 200 504 "-" "Mozilla/4.0 (compatible; MSIE 6.0; Windows NT 5.1; SV1; .NET CLR 1.1.4322; .NET CLR 2.0.50727)" "www.shaneperfect.com"
74.208.68.53 - - [07/Jul/2007:00:04:31 -0700] "GET /logs/ HTTP/1.0" 200 1929 "-" "Mozilla/4.0 (compatible; MSIE 6.0; Windows NT 5.1; SV1; .NET CLR 1.1.4322; .NET CLR 2.0.50727)" "www.shaneperfect.com"
82.165.148.17 - - [07/Jul/2007:00:05:09 -0700] "GET /logs/ HTTP/1.0" 200 1929 "-" "Mozilla/4.0 (compatible; MSIE 6.0; Windows NT 5.1; SV1; .NET CLR 1.1.4322; .NET CLR 2.0.50727)" "www.shaneperfect.com"
68.142.212.189 - - [07/Jul/2007:04:10:02 -0700] "GET /robots.txt HTTP/1.0" 404 275 "-" "Yahoo-MMCrawler/3.x (mms dash mmcrawler dash support at yahoo dash inc dot com)" "www.shaneperfect.com"
74.6.19.112 - - [07/Jul/2007:05:08:40 -0700] "GET /robots.txt HTTP/1.0" 404 275 "-" "Mozilla/5.0 (compatible; Yahoo! Slurp; http://help.yahoo.com/help/us/ysearch/slurp)" "shaneperfect.com"
74.6.26.166 - - [07/Jul/2007:05:08:41 -0700] "GET /tmp/ HTTP/1.0" 200 504 "-" "Mozilla/5.0 (compatible; Yahoo! Slurp; http://help.yahoo.com/help/us/ysearch/slurp)" "shaneperfect.com"
71.246.132.24 - - [07/Jul/2007:06:11:06 -0700] "GET / HTTP/1.1" 200 779 "http://www.hollyheath.com/fineart.html" "Mozilla/4.0 (compatible; MSIE 7.0; Windows NT 5.1)" "shaneperfect.com"
71.246.132.24 - - [07/Jul/2007:06:11:07 -0700] "GET /favicon.ico HTTP/1.1" 404 275 "-" "Mozilla/4.0 (compatible; MSIE 7.0; Windows NT 5.1)" "shaneperfect.com"
71.246.132.24 - - [07/Jul/2007:06:11:10 -0700] "GET / HTTP/1.1" 200 779 "http://shaneperfect.com/" "Mozilla/4.0 (compatible; MSIE 7.0; Windows NT 5.1)" "shaneperfect.com"
71.246.132.24 - - [07/Jul/2007:06:11:12 -0700] "GET / HTTP/1.1" 200 779 "http://shaneperfect.com/" "Mozilla/4.0 (compatible; MSIE 7.0; Windows NT 5.1)" "shaneperfect.com"
71.246.132.24 - - [07/Jul/2007:06:11:17 -0700] "GET / HTTP/1.1" 200 779 "http://shaneperfect.com/" "Mozilla/4.0 (compatible; MSIE 7.0; Windows NT 5.1)" "shaneperfect.com"
71.246.132.24 - - [07/Jul/2007:06:11:19 -0700] "GET /logs/ HTTP/1.1" 200 1945 "http://shaneperfect.com/" "Mozilla/4.0 (compatible; MSIE 7.0; Windows NT 5.1)" "shaneperfect.com"
71.246.132.24 - - [07/Jul/2007:06:11:24 -0700] "GET /tmp/ HTTP/1.1" 200 520 "http://shaneperfect.com/" "Mozilla/4.0 (compatible; MSIE 7.0; Windows NT 5.1)" "shaneperfect.com"
71.246.132.24 - - [07/Jul/2007:06:11:26 -0700] "GET / HTTP/1.1" 200 779 "http://shaneperfect.com/tmp/" "Mozilla/4.0 (compatible; MSIE 7.0; Windows NT 5.1)" "shaneperfect.com"
71.246.132.24 - - [07/Jul/2007:06:14:54 -0700] "GET / HTTP/1.1" 200 779 "http://www.hollyheath.com/artiststatement.html" "Mozilla/4.0 (compatible; MSIE 7.0; Windows NT 5.1)" "shaneperfect.com"
207.46.98.126 - - [07/Jul/2007:06:57:20 -0700] "GET /robots.txt HTTP/1.0" 404 275 "-" "msnbot/1.0 (+http://search.msn.com/msnbot.htm)" "shaneperfect.com"
207.46.98.126 - - [07/Jul/2007:06:57:22 -0700] "GET /logs/access_070329.log HTTP/1.0" 200 49820 "-" "msnbot/1.0 (+http://search.msn.com/msnbot.htm)" "shaneperfect.com"
207.46.98.127 - - [07/Jul/2007:08:27:41 -0700] "GET /robots.txt HTTP/1.0" 404 275 "-" "msnbot/1.0 (+http://search.msn.com/msnbot.htm)" "shaneperfect.com"
207.46.98.127 - - [07/Jul/2007:08:27:41 -0700] "GET /contactinfo.html HTTP/1.0" 404 275 "-" "msnbot/1.0 (+http://search.msn.com/msnbot.htm)" "shaneperfect.com"
74.6.19.112 - - [07/Jul/2007:13:06:22 -0700] "GET /robots.txt HTTP/1.0" 404 275 "-" "Mozilla/5.0 (compatible; Yahoo! Slurp; http://help.yahoo.com/help/us/ysearch/slurp)" "shaneperfect.com"
74.6.24.11 - - [07/Jul/2007:13:06:29 -0700] "GET /tmp/?D=A HTTP/1.0" 200 504 "-" "Mozilla/5.0 (compatible; Yahoo! Slurp; http://help.yahoo.com/help/us/ysearch/slurp)" "shaneperfect.com"
207.46.98.127 - - [07/Jul/2007:16:35:02 -0700] "GET /robots.txt HTTP/1.0" 404 275 "-" "msnbot/1.0 (+http://search.msn.com/msnbot.htm)" "shaneperfect.com"
207.46.98.127 - - [07/Jul/2007:16:35:03 -0700] "GET /index.html HTTP/1.0" 404 275 "-" "msnbot/1.0 (+http://search.msn.com/msnbot.htm)" "shaneperfect.com"
74.6.23.35 - - [07/Jul/2007:17:27:25 -0700] "GET /robots.txt HTTP/1.0" 404 275 "-" "Mozilla/5.0 (compatible; Yahoo! Slurp; http://help.yahoo.com/help/us/ysearch/slurp)" "www.shaneperfect.com"
74.6.25.171 - - [07/Jul/2007:17:27:45 -0700] "GET /?D=A HTTP/1.0" 200 763 "-" "Mozilla/5.0 (compatible; Yahoo! Slurp; http://help.yahoo.com/help/us/ysearch/slurp)" "www.shaneperfect.com"
66.249.72.13 - - [07/Jul/2007:21:04:57 -0700] "GET /robots.txt HTTP/1.1" 404 275 "-" "Mozilla/5.0 (compatible; Googlebot/2.1; +http://www.google.com/bot.html)" "www.shaneperfect.com"
66.249.72.13 - - [07/Jul/2007:21:04:57 -0700] "GET / HTTP/1.1" 200 779 "-" "Mozilla/5.0 (compatible; Googlebot/2.1; +http://www.google.com/bot.html)" "www.shaneperfect.com"
66.249.72.37 - - [07/Jul/2007:22:47:51 -0700] "GET /robots.txt HTTP/1.1" 404 275 "-" "Mozilla/5.0 (compatible; Googlebot/2.1; +http://www.google.com/bot.html)" "shaneperfect.com"
66.249.72.37 - - [07/Jul/2007:22:47:51 -0700] "GET / HTTP/1.1" 200 779 "-" "Mozilla/5.0 (compatible; Googlebot/2.1; +http://www.google.com/bot.html)" "shaneperfect.com"
66.249.72.37 - - [08/Jul/2007:00:07:34 -0700] "GET /tmp/?N=D HTTP/1.1" 200 520 "-" "Mozilla/5.0 (compatible; Googlebot/2.1; +http://www.google.com/bot.html)" "shaneperfect.com"
66.249.72.37 - - [08/Jul/2007:01:11:34 -0700] "GET /logs/access.log HTTP/1.1" 200 14401 "-" "Mozilla/5.0 (compatible; Googlebot/2.1; +http://www.google.com/bot.html)" "shaneperfect.com"
74.6.19.112 - - [08/Jul/2007:01:22:34 -0700] "GET /robots.txt HTTP/1.0" 404 275 "-" "Mozilla/5.0 (compatible; Yahoo! Slurp; http://help.yahoo.com/help/us/ysearch/slurp)" "shaneperfect.com"
74.6.27.48 - - [08/Jul/2007:01:22:50 -0700] "GET /tmp/?N=D HTTP/1.0" 200 504 "-" "Mozilla/5.0 (compatible; Yahoo! Slurp; http://help.yahoo.com/help/us/ysearch/slurp)" "shaneperfect.com"
70.85.114.58 - - [08/Jul/2007:03:59:28 -0700] "GET /robots.txt HTTP/1.1" 404 275 "www.shaneperfect.com" "Pingdom GIGRIB (http://www.pingdom.com)" "www.shaneperfect.com"
70.85.114.58 - - [08/Jul/2007:03:59:28 -0700] "GET /robots.txt HTTP/1.1" 404 275 "www.shaneperfect.com" "Pingdom GIGRIB (http://www.pingdom.com)" "www.shaneperfect.com"
70.85.114.58 - - [08/Jul/2007:03:59:28 -0700] "GET /robots.txt HTTP/1.1" 404 275 "www.shaneperfect.com" "Pingdom GIGRIB (http://www.pingdom.com)" "www.shaneperfect.com"
70.85.114.58 - - [08/Jul/2007:03:59:28 -0700] "GET /robots.txt HTTP/1.1" 404 275 "www.shaneperfect.com" "Pingdom GIGRIB (http://www.pingdom.com)" "www.shaneperfect.com"
70.85.114.58 - - [08/Jul/2007:03:59:28 -0700] "GET /robots.txt HTTP/1.1" 404 275 "www.shaneperfect.com" "Pingdom GIGRIB (http://www.pingdom.com)" "www.shaneperfect.com"
70.85.114.58 - - [08/Jul/2007:03:59:28 -0700] "GET /robots.txt HTTP/1.1" 404 275 "www.shaneperfect.com" "Pingdom GIGRIB (http://www.pingdom.com)" "www.shaneperfect.com"
70.85.114.58 - - [08/Jul/2007:03:59:28 -0700] "GET /robots.txt HTTP/1.1" 404 275 "www.shaneperfect.com" "Pingdom GIGRIB (http://www.pingdom.com)" "www.shaneperfect.com"
70.85.114.58 - - [08/Jul/2007:03:59:28 -0700] "GET /robots.txt HTTP/1.1" 404 275 "www.shaneperfect.com" "Pingdom GIGRIB (http://www.pingdom.com)" "www.shaneperfect.com"
70.85.114.58 - - [08/Jul/2007:04:02:27 -0700] "GET // HTTP/1.1" 200 779 "http://www.pingdom.com/tools/fpt/?url=www.shaneperfect.com" "Pingdom GIGRIB (http://www.pingdom.com)" "www.shaneperfect.com"
70.85.114.58 - - [08/Jul/2007:04:02:27 -0700] "GET // HTTP/1.1" 200 779 "http://www.pingdom.com/tools/fpt/?url=www.shaneperfect.com" "Pingdom GIGRIB (http://www.pingdom.com)" "www.shaneperfect.com"
70.85.114.58 - - [08/Jul/2007:04:02:27 -0700] "GET // HTTP/1.1" 200 779 "http://www.pingdom.com/tools/fpt/?url=www.shaneperfect.com" "Pingdom GIGRIB (http://www.pingdom.com)" "www.shaneperfect.com"
70.85.114.58 - - [08/Jul/2007:04:02:27 -0700] "GET // HTTP/1.1" 200 779 "http://www.pingdom.com/tools/fpt/?url=www.shaneperfect.com" "Pingdom GIGRIB (http://www.pingdom.com)" "www.shaneperfect.com"
70.85.114.58 - - [08/Jul/2007:04:02:27 -0700] "GET // HTTP/1.1" 200 779 "http://www.pingdom.com/tools/fpt/?url=www.shaneperfect.com" "Pingdom GIGRIB (http://www.pingdom.com)" "www.shaneperfect.com"
70.85.114.58 - - [08/Jul/2007:04:02:27 -0700] "GET // HTTP/1.1" 200 779 "http://www.pingdom.com/tools/fpt/?url=www.shaneperfect.com" "Pingdom GIGRIB (http://www.pingdom.com)" "www.shaneperfect.com"
70.85.114.58 - - [08/Jul/2007:04:02:27 -0700] "GET // HTTP/1.1" 200 779 "http://www.pingdom.com/tools/fpt/?url=www.shaneperfect.com" "Pingdom GIGRIB (http://www.pingdom.com)" "www.shaneperfect.com"
70.85.114.58 - - [08/Jul/2007:04:02:27 -0700] "GET // HTTP/1.1" 200 779 "http://www.pingdom.com/tools/fpt/?url=www.shaneperfect.com" "Pingdom GIGRIB (http://www.pingdom.com)" "www.shaneperfect.com"
74.6.75.37 - - [08/Jul/2007:05:55:11 -0700] "GET /robots.txt HTTP/1.0" 404 275 "-" "Mozilla/5.0 (compatible; Yahoo! Slurp; http://help.yahoo.com/help/us/ysearch/slurp)" "shaneperfect.com"
74.6.67.220 - - [08/Jul/2007:05:55:11 -0700] "GET /index.html HTTP/1.0" 404 275 "-" "Mozilla/5.0 (compatible; Yahoo! Slurp; http://help.yahoo.com/help/us/ysearch/slurp)" "shaneperfect.com"
74.52.245.146 - - [08/Jul/2007:09:49:45 -0700] "GET / HTTP/1.0" 200 763 "-" "Mozilla/5.0 (X11; U; Linux i686; en-US; rv:1.7.5) Gecko/20041107 Firefox/1.0" "www.shaneperfect.com"
74.6.19.112 - - [08/Jul/2007:10:14:44 -0700] "GET /robots.txt HTTP/1.0" 404 275 "-" "Mozilla/5.0 (compatible; Yahoo! Slurp; http://help.yahoo.com/help/us/ysearch/slurp)" "shaneperfect.com"
74.6.23.14 - - [08/Jul/2007:10:14:49 -0700] "GET /tmp/?M=A HTTP/1.0" 200 504 "-" "Mozilla/5.0 (compatible; Yahoo! Slurp; http://help.yahoo.com/help/us/ysearch/slurp)" "shaneperfect.com"
207.46.98.125 - - [08/Jul/2007:10:58:45 -0700] "GET /robots.txt HTTP/1.0" 404 275 "-" "msnbot/1.0 (+http://search.msn.com/msnbot.htm)" "shaneperfect.com"
207.46.98.125 - - [08/Jul/2007:10:58:45 -0700] "GET /colornature.html HTTP/1.0" 404 275 "-" "msnbot/1.0 (+http://search.msn.com/msnbot.htm)" "shaneperfect.com"
207.46.98.126 - - [08/Jul/2007:11:42:54 -0700] "GET /robots.txt HTTP/1.0" 404 275 "-" "msnbot/1.0 (+http://search.msn.com/msnbot.htm)" "shaneperfect.com"
207.46.98.126 - - [08/Jul/2007:11:42:55 -0700] "GET /digital.html HTTP/1.0" 404 275 "-" "msnbot/1.0 (+http://search.msn.com/msnbot.htm)" "shaneperfect.com"
149.164.60.40 - - [08/Jul/2007:12:08:39 -0700] "GET / HTTP/1.1" 200 779 "http://www.hollyheath.com/artiststatement.html" "Mozilla/4.0 (compatible; MSIE 6.0; Windows NT 5.1; SV1; .NET CLR 1.1.4322; .NET CLR 2.0.50727; InfoPath.2)" "shaneperfect.com"
149.164.60.40 - - [08/Jul/2007:12:08:42 -0700] "GET /logs/ HTTP/1.1" 200 1945 "http://shaneperfect.com/" "Mozilla/4.0 (compatible; MSIE 6.0; Windows NT 5.1; SV1; .NET CLR 1.1.4322; .NET CLR 2.0.50727; InfoPath.2)" "shaneperfect.com"
149.164.60.40 - - [08/Jul/2007:12:08:43 -0700] "GET /logs/access_070301.log HTTP/1.1" 200 25559 "http://shaneperfect.com/logs/" "Mozilla/4.0 (compatible; MSIE 6.0; Windows NT 5.1; SV1; .NET CLR 1.1.4322; .NET CLR 2.0.50727; InfoPath.2)" "shaneperfect.com"
149.164.60.40 - - [08/Jul/2007:12:08:46 -0700] "GET / HTTP/1.1" 200 779 "http://www.hollyheath.com/artiststatement.html" "Mozilla/4.0 (compatible; MSIE 6.0; Windows NT 5.1; SV1; .NET CLR 1.1.4322; .NET CLR 2.0.50727; InfoPath.2)" "shaneperfect.com"
149.164.60.40 - - [08/Jul/2007:12:09:10 -0700] "GET / HTTP/1.1" 200 779 "http://www.hollyheath.com/artiststatement.html" "Mozilla/4.0 (compatible; MSIE 6.0; Windows NT 5.1; SV1; .NET CLR 1.1.4322; .NET CLR 2.0.50727; InfoPath.2)" "shaneperfect.com"
149.164.60.40 - - [08/Jul/2007:12:09:13 -0700] "GET /tmp/ HTTP/1.1" 200 520 "http://shaneperfect.com/" "Mozilla/4.0 (compatible; MSIE 6.0; Windows NT 5.1; SV1; .NET CLR 1.1.4322; .NET CLR 2.0.50727; InfoPath.2)" "shaneperfect.com"
149.164.60.40 - - [08/Jul/2007:12:09:14 -0700] "GET / HTTP/1.1" 200 779 "http://shaneperfect.com/tmp/" "Mozilla/4.0 (compatible; MSIE 6.0; Windows NT 5.1; SV1; .NET CLR 1.1.4322; .NET CLR 2.0.50727; InfoPath.2)" "shaneperfect.com"
68.42.67.149 - - [08/Jul/2007:13:29:56 -0700] "GET /index.html HTTP/1.1" 404 275 "-" "Mozilla/5.0 (Macintosh; U; PPC Mac OS X Mach-O; en-US; rv:1.8.1.4) Gecko/20070515 Firefox/2.0.0.4" "shaneperfect.com"
68.42.67.149 - - [08/Jul/2007:13:29:56 -0700] "GET /favicon.ico HTTP/1.1" 404 275 "-" "Mozilla/5.0 (Macintosh; U; PPC Mac OS X Mach-O; en-US; rv:1.8.1.4) Gecko/20070515 Firefox/2.0.0.4" "shaneperfect.com"
68.42.67.149 - - [08/Jul/2007:13:29:56 -0700] "GET /favicon.ico HTTP/1.1" 404 275 "-" "Mozilla/5.0 (Macintosh; U; PPC Mac OS X Mach-O; en-US; rv:1.8.1.4) Gecko/20070515 Firefox/2.0.0.4" "shaneperfect.com"
66.249.72.37 - - [08/Jul/2007:14:27:53 -0700] "GET /robots.txt HTTP/1.1" 404 275 "-" "Mozilla/5.0 (compatible; Googlebot/2.1; +http://www.google.com/bot.html)" "shaneperfect.com"
66.249.72.37 - - [08/Jul/2007:14:27:53 -0700] "GET /logs/ HTTP/1.1" 200 1945 "-" "Mozilla/5.0 (compatible; Googlebot/2.1; +http://www.google.com/bot.html)" "shaneperfect.com"
74.6.75.37 - - [08/Jul/2007:16:34:26 -0700] "GET /robots.txt HTTP/1.0" 404 275 "-" "Mozilla/5.0 (compatible; Yahoo! Slurp; http://help.yahoo.com/help/us/ysearch/slurp)" "shaneperfect.com"
74.6.65.234 - - [08/Jul/2007:16:34:28 -0700] "GET / HTTP/1.0" 200 763 "-" "Mozilla/5.0 (compatible; Yahoo! Slurp; http://help.yahoo.com/help/us/ysearch/slurp)" "shaneperfect.com"
72.86.98.65 - - [08/Jul/2007:17:09:44 -0700] "GET / HTTP/1.1" 200 779 "-" "Mozilla/5.0 (Windows; U; Windows NT 5.1; en-US; rv:1.8.1.4) Gecko/20070515 Firefox/2.0.0.4" "shaneperfect.com"
66.180.82.87 - - [08/Jul/2007:17:09:44 -0700] "GET / HTTP/1.1" 200 779 "-" "Mozilla/4.0 (compatible; MSIE 7.0; Windows NT 5.1; SV1; .NET CLR 2.0.50727)" "shaneperfect.com"
72.86.98.65 - - [08/Jul/2007:17:09:48 -0700] "GET /favicon.ico HTTP/1.1" 404 275 "-" "Mozilla/5.0 (Windows; U; Windows NT 5.1; en-US; rv:1.8.1.4) Gecko/20070515 Firefox/2.0.0.4" "shaneperfect.com"
72.86.98.65 - - [08/Jul/2007:17:09:48 -0700] "GET /favicon.ico HTTP/1.1" 404 275 "-" "Mozilla/5.0 (Windows; U; Windows NT 5.1; en-US; rv:1.8.1.4) Gecko/20070515 Firefox/2.0.0.4" "shaneperfect.com"
72.86.98.65 - - [08/Jul/2007:17:09:53 -0700] "GET / HTTP/1.1" 200 779 "http://shaneperfect.com/" "Mozilla/5.0 (Windows; U; Windows NT 5.1; en-US; rv:1.8.1.4) Gecko/20070515 Firefox/2.0.0.4" "shaneperfect.com"
72.86.98.65 - - [08/Jul/2007:17:09:56 -0700] "GET / HTTP/1.1" 200 779 "http://shaneperfect.com/" "Mozilla/5.0 (Windows; U; Windows NT 5.1; en-US; rv:1.8.1.4) Gecko/20070515 Firefox/2.0.0.4" "shaneperfect.com"
72.86.98.65 - - [08/Jul/2007:17:09:58 -0700] "GET /logs/ HTTP/1.1" 200 1945 "http://shaneperfect.com/" "Mozilla/5.0 (Windows; U; Windows NT 5.1; en-US; rv:1.8.1.4) Gecko/20070515 Firefox/2.0.0.4" "shaneperfect.com"
66.180.82.84 - - [08/Jul/2007:17:09:58 -0700] "GET /logs/ HTTP/1.1" 200 1945 "-" "Mozilla/4.0 (compatible; MSIE 7.0; Windows NT 5.1; SV1; .NET CLR 2.0.50727)" "shaneperfect.com"
72.86.98.65 - - [08/Jul/2007:17:10:02 -0700] "GET /tmp/ HTTP/1.1" 200 520 "http://shaneperfect.com/" "Mozilla/5.0 (Windows; U; Windows NT 5.1; en-US; rv:1.8.1.4) Gecko/20070515 Firefox/2.0.0.4" "shaneperfect.com"
66.180.82.88 - - [08/Jul/2007:17:10:02 -0700] "GET /tmp/ HTTP/1.1" 200 520 "-" "Mozilla/4.0 (compatible; MSIE 7.0; Windows NT 5.1; SV1; .NET CLR 2.0.50727)" "shaneperfect.com"
220.133.96.133 - - [08/Jul/2007:23:46:44 -0700] "GET /logs/access_070331.log HTTP/1.1" 200 6009 "http://www.google.com.tw/custom?domains=www.autobike.tw&q=66.249.72.75+&sa=%E6%90%9C%E5%B0%8B&sitesearch=&client=pub-3794726866641343&forid=1&channel=5475530418&ie=UTF-8&oe=UTF-8&cof=GALT%3A%23008000%3BGL%3A1%3BDIV%3A%23336699%3BVLC%3A663399%3BAH%3Acenter%3BBGC%3AFFFFFF%3BLBGC%3Affffff%3BALC%3A0000FF%3BLC%3A0000FF%3BT%3A000000%3BGFNT%3A0000FF%3BGIMP%3A0000FF%3BFORID%3A1&hl=zh_TW" "Mozilla/4.0 (compatible; MSIE 6.0; Windows NT 5.1; SV1; InfoPath.2; .NET CLR 1.1.4322)" "shaneperfect.com"
207.46.98.127 - - [09/Jul/2007:00:09:49 -0700] "GET /robots.txt HTTP/1.0" 404 275 "-" "msnbot/1.0 (+http://search.msn.com/msnbot.htm)" "shaneperfect.com"
207.46.98.127 - - [09/Jul/2007:00:09:49 -0700] "GET /indiana.html HTTP/1.0" 404 275 "-" "msnbot/1.0 (+http://search.msn.com/msnbot.htm)" "shaneperfect.com"
74.6.19.112 - - [09/Jul/2007:03:12:29 -0700] "GET /robots.txt HTTP/1.0" 404 275 "-" "Mozilla/5.0 (compatible; Yahoo! Slurp; http://help.yahoo.com/help/us/ysearch/slurp)" "shaneperfect.com"
74.6.20.27 - - [09/Jul/2007:03:12:29 -0700] "GET /tmp/?S=A HTTP/1.0" 200 504 "-" "Mozilla/5.0 (compatible; Yahoo! Slurp; http://help.yahoo.com/help/us/ysearch/slurp)" "shaneperfect.com"
68.142.212.193 - - [09/Jul/2007:10:29:03 -0700] "GET /robots.txt HTTP/1.0" 404 275 "-" "Yahoo-MMCrawler/3.x (mms dash mmcrawler dash support at yahoo dash inc dot com)" "shaneperfect.com"
66.249.72.13 - - [09/Jul/2007:12:10:09 -0700] "GET /robots.txt HTTP/1.1" 404 275 "-" "Mozilla/5.0 (compatible; Googlebot/2.1; +http://www.google.com/bot.html)" "www.shaneperfect.com"
66.249.72.13 - - [09/Jul/2007:12:10:10 -0700] "GET /logs/access_070601.log HTTP/1.1" 304 - "-" "Mozilla/5.0 (compatible; Googlebot/2.1; +http://www.google.com/bot.html)" "www.shaneperfect.com"
68.142.212.189 - - [09/Jul/2007:20:47:44 -0700] "GET /robots.txt HTTP/1.0" 404 275 "-" "Yahoo-MMCrawler/3.x (mms dash mmcrawler dash support at yahoo dash inc dot com)" "www.shaneperfect.com"
38.100.41.105 - - [10/Jul/2007:00:08:04 -0700] "GET / HTTP/1.1" 200 779 "-" "Mozilla/4.0 (compatible; MSIE 6.0; Windows XP)" "www.shaneperfect.com"
38.100.41.105 - - [10/Jul/2007:00:09:06 -0700] "GET /tmp/ HTTP/1.1" 200 520 "http://www.shaneperfect.com/" "Mozilla/4.0 (compatible; MSIE 6.0; Windows XP)" "www.shaneperfect.com"
38.100.41.105 - - [10/Jul/2007:00:09:08 -0700] "GET /logs/ HTTP/1.1" 200 1945 "http://www.shaneperfect.com/" "Mozilla/4.0 (compatible; MSIE 6.0; Windows XP)" "www.shaneperfect.com"
38.100.41.105 - - [10/Jul/2007:00:09:55 -0700] "GET /logs/access_070601.log HTTP/1.1" 200 1711 "http://www.shaneperfect.com/logs/" "Mozilla/4.0 (compatible; MSIE 6.0; Windows XP)" "www.shaneperfect.com"
38.100.41.105 - - [10/Jul/2007:00:09:56 -0700] "GET /logs/access_070401.log HTTP/1.1" 200 1955 "http://www.shaneperfect.com/logs/" "Mozilla/4.0 (compatible; MSIE 6.0; Windows XP)" "www.shaneperfect.com"
38.100.41.105 - - [10/Jul/2007:00:09:58 -0700] "GET /logs/access_070531.log HTTP/1.1" 200 73402 "http://www.shaneperfect.com/logs/" "Mozilla/4.0 (compatible; MSIE 6.0; Windows XP)" "www.shaneperfect.com"
38.100.41.105 - - [10/Jul/2007:00:10:01 -0700] "GET /logs/access_070701.log HTTP/1.1" 200 125427 "http://www.shaneperfect.com/logs/" "Mozilla/4.0 (compatible; MSIE 6.0; Windows XP)" "www.shaneperfect.com"
38.100.41.105 - - [10/Jul/2007:00:10:03 -0700] "GET /logs/access_070301.log HTTP/1.1" 200 25559 "http://www.shaneperfect.com/logs/" "Mozilla/4.0 (compatible; MSIE 6.0; Windows XP)" "www.shaneperfect.com"
38.100.41.105 - - [10/Jul/2007:00:10:04 -0700] "GET /logs/access.log HTTP/1.1" 200 27789 "http://www.shaneperfect.com/logs/" "Mozilla/4.0 (compatible; MSIE 6.0; Windows XP)" "www.shaneperfect.com"
38.100.41.105 - - [10/Jul/2007:00:10:06 -0700] "GET /logs/access_070331.log HTTP/1.1" 200 6009 "http://www.shaneperfect.com/logs/" "Mozilla/4.0 (compatible; MSIE 6.0; Windows XP)" "www.shaneperfect.com"
38.100.41.105 - - [10/Jul/2007:00:10:08 -0700] "GET /logs/access_070329.log HTTP/1.1" 200 49820 "http://www.shaneperfect.com/logs/" "Mozilla/4.0 (compatible; MSIE 6.0; Windows XP)" "www.shaneperfect.com"
38.100.41.105 - - [10/Jul/2007:00:10:12 -0700] "GET /logs/access_070330.log HTTP/1.1" 200 2550 "http://www.shaneperfect.com/logs/" "Mozilla/4.0 (compatible; MSIE 6.0; Windows XP)" "www.shaneperfect.com"
38.100.41.105 - - [10/Jul/2007:00:10:14 -0700] "GET /logs/access_070501.log HTTP/1.1" 200 70463 "http://www.shaneperfect.com/logs/" "Mozilla/4.0 (compatible; MSIE 6.0; Windows XP)" "www.shaneperfect.com"
38.99.13.121 - - [10/Jul/2007:04:31:01 -0700] "GET /robots.txt HTTP/1.0" 404 275 "-" "Mozilla/5.0 (Twiceler-0.9 http://www.cuill.com/twiceler/robot.html)" "shaneperfect.com"
63.123.238.8 - - [10/Jul/2007:10:20:32 -0700] "GET /robots.txt HTTP/1.1" 404 275 "-" "Mozilla/2.0 (compatible; Ask Jeeves/Teoma)" "www.shaneperfect.com"
63.123.238.8 - - [10/Jul/2007:10:20:32 -0700] "GET / HTTP/1.1" 200 779 "-" "Mozilla/2.0 (compatible; Ask Jeeves/Teoma)" "www.shaneperfect.com"
168.251.194.18 - - [10/Jul/2007:10:21:45 -0700] "GET / HTTP/1.1" 200 779 "http://www.hollyheath.com/fineart.html" "Mozilla/4.0 (compatible; MSIE 6.0; Windows NT 5.0; H010818; 824145; .NET CLR 1.1.4322; .NET CLR 2.0.50727)" "shaneperfect.com"
168.251.194.18 - - [10/Jul/2007:10:21:48 -0700] "GET / HTTP/1.1" 200 779 "http://shaneperfect.com/" "Mozilla/4.0 (compatible; MSIE 6.0; Windows NT 5.0; H010818; 824145; .NET CLR 1.1.4322; .NET CLR 2.0.50727)" "shaneperfect.com"
168.251.194.18 - - [10/Jul/2007:10:22:10 -0700] "GET / HTTP/1.1" 200 779 "http://www.hollyheath.com/fineart.html" "Mozilla/4.0 (compatible; MSIE 6.0; Windows NT 5.0; H010818; 824145; .NET CLR 1.1.4322; .NET CLR 2.0.50727)" "shaneperfect.com"
168.251.194.18 - - [10/Jul/2007:10:22:12 -0700] "GET /logs/ HTTP/1.1" 200 1945 "http://shaneperfect.com/" "Mozilla/4.0 (compatible; MSIE 6.0; Windows NT 5.0; H010818; 824145; .NET CLR 1.1.4322; .NET CLR 2.0.50727)" "shaneperfect.com"
168.251.194.18 - - [10/Jul/2007:10:22:14 -0700] "GET /logs/access.log HTTP/1.1" 200 30186 "http://shaneperfect.com/logs/" "Mozilla/4.0 (compatible; MSIE 6.0; Windows NT 5.0; H010818; 824145; .NET CLR 1.1.4322; .NET CLR 2.0.50727)" "shaneperfect.com"
168.251.194.18 - - [10/Jul/2007:10:22:19 -0700] "GET / HTTP/1.1" 200 779 "http://www.hollyheath.com/fineart.html" "Mozilla/4.0 (compatible; MSIE 6.0; Windows NT 5.0; H010818; 824145; .NET CLR 1.1.4322; .NET CLR 2.0.50727)" "shaneperfect.com"
66.249.72.37 - - [10/Jul/2007:15:58:23 -0700] "GET /robots.txt HTTP/1.1" 404 275 "-" "Mozilla/5.0 (compatible; Googlebot/2.1; +http://www.google.com/bot.html)" "www.shaneperfect.com"
66.249.72.37 - - [10/Jul/2007:15:58:23 -0700] "GET /logs/access_070501.log HTTP/1.1" 304 - "-" "Mozilla/5.0 (compatible; Googlebot/2.1; +http://www.google.com/bot.html)" "www.shaneperfect.com"
74.6.23.35 - - [10/Jul/2007:21:38:21 -0700] "GET /robots.txt HTTP/1.0" 404 275 "-" "Mozilla/5.0 (compatible; Yahoo! Slurp; http://help.yahoo.com/help/us/ysearch/slurp)" "www.shaneperfect.com"
74.6.26.218 - - [10/Jul/2007:21:38:22 -0700] "GET /neworleans.html HTTP/1.0" 404 275 "-" "Mozilla/5.0 (compatible; Yahoo! Slurp; http://help.yahoo.com/help/us/ysearch/slurp)" "www.shaneperfect.com"
66.249.72.37 - - [11/Jul/2007:07:40:46 -0700] "GET /robots.txt HTTP/1.1" 404 275 "-" "Mozilla/5.0 (compatible; Googlebot/2.1; +http://www.google.com/bot.html)" "shaneperfect.com"
66.249.72.37 - - [11/Jul/2007:07:40:47 -0700] "GET /?N=A HTTP/1.1" 200 779 "-" "Mozilla/5.0 (compatible; Googlebot/2.1; +http://www.google.com/bot.html)" "shaneperfect.com"
66.249.72.37 - - [11/Jul/2007:08:54:55 -0700] "GET /logs/access.log HTTP/1.1" 200 32030 "-" "Mozilla/5.0 (compatible; Googlebot/2.1; +http://www.google.com/bot.html)" "shaneperfect.com"
74.6.75.26 - - [11/Jul/2007:09:38:19 -0700] "GET /robots.txt HTTP/1.0" 404 275 "-" "Mozilla/5.0 (compatible; Yahoo! Slurp; http://help.yahoo.com/help/us/ysearch/slurp)" "www.shaneperfect.com"
74.6.68.163 - - [11/Jul/2007:09:38:19 -0700] "GET / HTTP/1.0" 200 763 "-" "Mozilla/5.0 (compatible; Yahoo! Slurp; http://help.yahoo.com/help/us/ysearch/slurp)" "www.shaneperfect.com"
74.6.19.112 - - [11/Jul/2007:10:23:12 -0700] "GET /robots.txt HTTP/1.0" 404 275 "-" "Mozilla/5.0 (compatible; Yahoo! Slurp; http://help.yahoo.com/help/us/ysearch/slurp)" "shaneperfect.com"
74.6.25.203 - - [11/Jul/2007:10:23:12 -0700] "GET /?M=A HTTP/1.0" 200 763 "-" "Mozilla/5.0 (compatible; Yahoo! Slurp; http://help.yahoo.com/help/us/ysearch/slurp)" "shaneperfect.com"
70.47.104.6 - - [11/Jul/2007:11:01:12 -0700] "GET / HTTP/1.1" 200 779 "bookmark: navigazione internet dei minori" "Mozilla/4.0 (compatible; MSIE 6.0; Windows NT 5.1; SV1)" "shaneperfect.com"
208.65.21.12 - - [11/Jul/2007:11:01:13 -0700] "GET / HTTP/1.1" 200 779 "bookmark: filtro internet" "Mozilla/4.0 (compatible; MSIE 6.0; Windows NT 5.1; SV1)" "shaneperfect.com"
82.110.105.85 - - [11/Jul/2007:11:01:14 -0700] "GET / HTTP/1.1" 200 779 "bookmark: contenuti vietati" "Mozilla/4.0 (compatible; MSIE 6.0; Windows NT 5.1; SV1)" "shaneperfect.com"
67.159.44.57 - - [11/Jul/2007:11:01:14 -0700] "GET / HTTP/1.1" 200 779 "bookmark: filtro dei contenuti" "Mozilla/4.0 (compatible; MSIE 6.0; Windows NT 5.1; SV1)" "shaneperfect.com"
70.84.230.186 - - [11/Jul/2007:11:01:23 -0700] "GET / HTTP/1.1" 200 779 "bookmark: filtro attivo" "Mozilla/4.0 (compatible; MSIE 6.0; Windows NT 5.1; SV1)" "shaneperfect.com"
88.214.192.23 - - [11/Jul/2007:11:01:25 -0700] "GET / HTTP/1.1" 200 779 "bookmark: proteggere la scuola" "Mozilla/4.0 (compatible; MSIE 6.0; Windows NT 5.1; SV1)" "shaneperfect.com"
72.21.56.242 - - [11/Jul/2007:11:01:26 -0700] "GET / HTTP/1.1" 200 779 "bookmark: istituti scolastici" "Mozilla/4.0 (compatible; MSIE 6.0; Windows NT 5.1; SV1)" "shaneperfect.com"
74.6.23.35 - - [11/Jul/2007:14:08:12 -0700] "GET /robots.txt HTTP/1.0" 404 275 "-" "Mozilla/5.0 (compatible; Yahoo! Slurp; http://help.yahoo.com/help/us/ysearch/slurp)" "www.shaneperfect.com"
74.6.23.71 - - [11/Jul/2007:14:08:12 -0700] "GET /?M=A HTTP/1.0" 200 763 "-" "Mozilla/5.0 (compatible; Yahoo! Slurp; http://help.yahoo.com/help/us/ysearch/slurp)" "www.shaneperfect.com"
68.142.212.193 - - [11/Jul/2007:15:06:17 -0700] "GET /robots.txt HTTP/1.0" 404 275 "-" "Yahoo-MMCrawler/3.x (mms dash mmcrawler dash support at yahoo dash inc dot com)" "shaneperfect.com"
74.6.19.112 - - [11/Jul/2007:15:28:54 -0700] "GET /robots.txt HTTP/1.0" 404 275 "-" "Mozilla/5.0 (compatible; Yahoo! Slurp; http://help.yahoo.com/help/us/ysearch/slurp)" "shaneperfect.com"
74.6.25.234 - - [11/Jul/2007:15:28:54 -0700] "GET /southwest.html HTTP/1.0" 404 275 "-" "Mozilla/5.0 (compatible; Yahoo! Slurp; http://help.yahoo.com/help/us/ysearch/slurp)" "shaneperfect.com"
4.176.30.252 - - [11/Jul/2007:22:26:23 -0700] "GET / HTTP/1.1" 200 779 "-" "Mozilla/5.0 (Windows; U; Win 9x 4.90; en-US; rv:1.7.10) Gecko/20050716 Firefox/1.0.6" "shaneperfect.com"
4.176.30.252 - - [11/Jul/2007:22:26:41 -0700] "GET /favicon.ico HTTP/1.1" 404 275 "-" "Mozilla/5.0 (Windows; U; Win 9x 4.90; en-US; rv:1.7.10) Gecko/20050716 Firefox/1.0.6" "shaneperfect.com"
4.176.30.252 - - [11/Jul/2007:22:26:46 -0700] "GET /favicon.ico HTTP/1.1" 404 275 "-" "Mozilla/5.0 (Windows; U; Win 9x 4.90; en-US; rv:1.7.10) Gecko/20050716 Firefox/1.0.6" "shaneperfect.com"
68.142.212.189 - - [12/Jul/2007:02:37:06 -0700] "GET /robots.txt HTTP/1.0" 404 275 "-" "Yahoo-MMCrawler/3.x (mms dash mmcrawler dash support at yahoo dash inc dot com)" "www.shaneperfect.com"
74.6.19.112 - - [12/Jul/2007:04:34:01 -0700] "GET /robots.txt HTTP/1.0" 404 275 "-" "Mozilla/5.0 (compatible; Yahoo! Slurp; http://help.yahoo.com/help/us/ysearch/slurp)" "shaneperfect.com"
74.6.23.213 - - [12/Jul/2007:04:34:01 -0700] "GET / HTTP/1.0" 200 763 "-" "Mozilla/5.0 (compatible; Yahoo! Slurp; http://help.yahoo.com/help/us/ysearch/slurp)" "shaneperfect.com"
74.6.24.144 - - [12/Jul/2007:04:37:03 -0700] "GET /?N=D HTTP/1.0" 200 763 "-" "Mozilla/5.0 (compatible; Yahoo! Slurp; http://help.yahoo.com/help/us/ysearch/slurp)" "shaneperfect.com"
74.6.28.27 - - [12/Jul/2007:05:49:52 -0700] "GET /?S=A HTTP/1.0" 200 763 "-" "Mozilla/5.0 (compatible; Yahoo! Slurp; http://help.yahoo.com/help/us/ysearch/slurp)" "shaneperfect.com"
68.42.67.149 - - [12/Jul/2007:12:34:48 -0700] "GET /neworleans.html HTTP/1.1" 404 275 "-" "Mozilla/5.0 (Macintosh; U; PPC Mac OS X Mach-O; en-US; rv:1.8.0.1) Gecko/20060214 Camino/1.0" "shaneperfect.com"
68.42.67.149 - - [12/Jul/2007:12:34:48 -0700] "GET /favicon.ico HTTP/1.1" 404 275 "-" "Mozilla/5.0 (Macintosh; U; PPC Mac OS X Mach-O; en-US; rv:1.8.0.1) Gecko/20060214 Camino/1.0" "shaneperfect.com"
66.249.72.37 - - [12/Jul/2007:12:45:46 -0700] "GET /robots.txt HTTP/1.1" 404 275 "-" "Mozilla/5.0 (compatible; Googlebot/2.1; +http://www.google.com/bot.html)" "shaneperfect.com"
66.249.72.37 - - [12/Jul/2007:12:45:46 -0700] "GET /logs/access_070701.log HTTP/1.1" 200 125427 "-" "Mozilla/5.0 (compatible; Googlebot/2.1; +http://www.google.com/bot.html)" "shaneperfect.com"
74.6.75.34 - - [12/Jul/2007:13:49:01 -0700] "GET /robots.txt HTTP/1.0" 404 275 "-" "Mozilla/5.0 (compatible; Yahoo! Slurp; http://help.yahoo.com/help/us/ysearch/slurp)" "shaneperfect.com"
74.6.17.154 - - [12/Jul/2007:13:52:26 -0700] "GET / HTTP/1.0" 200 763 "-" "Mozilla/5.0 (compatible; Yahoo! Slurp; http://help.yahoo.com/help/us/ysearch/slurp)" "shaneperfect.com"
74.6.17.20 - - [12/Jul/2007:13:55:01 -0700] "GET /tmp/ HTTP/1.0" 200 504 "-" "Mozilla/5.0 (compatible; Yahoo! Slurp; http://help.yahoo.com/help/us/ysearch/slurp)" "shaneperfect.com"
74.6.75.34 - - [13/Jul/2007:04:53:21 -0700] "GET /robots.txt HTTP/1.0" 404 275 "-" "Mozilla/5.0 (compatible; Yahoo! Slurp; http://help.yahoo.com/help/us/ysearch/slurp)" "shaneperfect.com"
74.6.17.199 - - [13/Jul/2007:04:55:00 -0700] "GET /?M=A HTTP/1.0" 200 763 "-" "Mozilla/5.0 (compatible; Yahoo! Slurp; http://help.yahoo.com/help/us/ysearch/slurp)" "shaneperfect.com"
66.249.72.37 - - [13/Jul/2007:05:06:04 -0700] "GET /robots.txt HTTP/1.1" 404 275 "-" "Mozilla/5.0 (compatible; Googlebot/2.1; +http://www.google.com/bot.html)" "shaneperfect.com"
66.249.72.37 - - [13/Jul/2007:05:06:05 -0700] "GET /logs/access_070531.log HTTP/1.1" 200 73402 "-" "Mozilla/5.0 (compatible; Googlebot/2.1; +http://www.google.com/bot.html)" "shaneperfect.com"
208.17.184.62 - - [13/Jul/2007:06:45:57 -0700] "GET /robots.txt HTTP/1.1" 404 275 "-" "Mozilla/5.0 (X11; U; Linux i686; en-US; rv:1.7.12) Gecko/20050922 Fedora/1.0.7-1.1.fc4 Firefox/1.0.7" "www.shaneperfect.com"
208.17.184.62 - - [13/Jul/2007:06:45:57 -0700] "GET / HTTP/1.1" 200 779 "" "Mozilla/5.0 (X11; U; Linux i686; en-US; rv:1.7.12) Gecko/20050922 Fedora/1.0.7-1.1.fc4 Firefox/1.0.7" "www.shaneperfect.com"
208.17.184.62 - - [13/Jul/2007:06:45:58 -0700] "GET /?N=D HTTP/1.1" 200 779 "http://www.shaneperfect.com/" "Mozilla/5.0 (X11; U; Linux i686; en-US; rv:1.7.12) Gecko/20050922 Fedora/1.0.7-1.1.fc4 Firefox/1.0.7" "www.shaneperfect.com"
208.17.184.62 - - [13/Jul/2007:06:45:58 -0700] "GET /?M=A HTTP/1.1" 200 779 "http://www.shaneperfect.com/" "Mozilla/5.0 (X11; U; Linux i686; en-US; rv:1.7.12) Gecko/20050922 Fedora/1.0.7-1.1.fc4 Firefox/1.0.7" "www.shaneperfect.com"
208.17.184.62 - - [13/Jul/2007:06:45:58 -0700] "GET /?S=A HTTP/1.1" 200 779 "http://www.shaneperfect.com/" "Mozilla/5.0 (X11; U; Linux i686; en-US; rv:1.7.12) Gecko/20050922 Fedora/1.0.7-1.1.fc4 Firefox/1.0.7" "www.shaneperfect.com"
208.17.184.62 - - [13/Jul/2007:06:45:58 -0700] "GET /?D=A HTTP/1.1" 200 779 "http://www.shaneperfect.com/" "Mozilla/5.0 (X11; U; Linux i686; en-US; rv:1.7.12) Gecko/20050922 Fedora/1.0.7-1.1.fc4 Firefox/1.0.7" "www.shaneperfect.com"
208.17.184.62 - - [13/Jul/2007:06:45:58 -0700] "GET /logs/ HTTP/1.1" 200 1945 "http://www.shaneperfect.com/" "Mozilla/5.0 (X11; U; Linux i686; en-US; rv:1.7.12) Gecko/20050922 Fedora/1.0.7-1.1.fc4 Firefox/1.0.7" "www.shaneperfect.com"
208.17.184.62 - - [13/Jul/2007:06:45:59 -0700] "GET /tmp/ HTTP/1.1" 200 520 "http://www.shaneperfect.com/" "Mozilla/5.0 (X11; U; Linux i686; en-US; rv:1.7.12) Gecko/20050922 Fedora/1.0.7-1.1.fc4 Firefox/1.0.7" "www.shaneperfect.com"
208.17.184.62 - - [13/Jul/2007:06:45:59 -0700] "GET /?N=A HTTP/1.1" 200 779 "http://www.shaneperfect.com/?N=D" "Mozilla/5.0 (X11; U; Linux i686; en-US; rv:1.7.12) Gecko/20050922 Fedora/1.0.7-1.1.fc4 Firefox/1.0.7" "www.shaneperfect.com"
208.17.184.62 - - [13/Jul/2007:06:45:59 -0700] "GET /?M=D HTTP/1.1" 200 779 "http://www.shaneperfect.com/?M=A" "Mozilla/5.0 (X11; U; Linux i686; en-US; rv:1.7.12) Gecko/20050922 Fedora/1.0.7-1.1.fc4 Firefox/1.0.7" "www.shaneperfect.com"
208.17.184.62 - - [13/Jul/2007:06:45:59 -0700] "GET /?S=D HTTP/1.1" 200 779 "http://www.shaneperfect.com/?S=A" "Mozilla/5.0 (X11; U; Linux i686; en-US; rv:1.7.12) Gecko/20050922 Fedora/1.0.7-1.1.fc4 Firefox/1.0.7" "www.shaneperfect.com"
129.241.104.175 - - [13/Jul/2007:10:45:29 -0700] "GET /robots.txt HTTP/1.1" 404 275 "-" "boitho.com-dc/0.85 ( http://www.boitho.com/dcbot.html )" "www.shaneperfect.com"
131.107.0.96 - - [13/Jul/2007:12:48:28 -0700] "GET /indiana.html HTTP/1.1" 404 275 "http://search.live.com/result.aspx?q=mp3&mrt=en-us&FORM=LVSP" "Mozilla/4.0 (compatible; MSIE 6.0; Windows NT 5.2; Win64; x64; SV1)" "shaneperfect.com"
129.241.104.186 - - [13/Jul/2007:13:58:20 -0700] "GET /?N=D HTTP/1.1" 200 779 "-" "boitho.com-dc/0.85 ( http://www.boitho.com/dcbot.html )" "www.shaneperfect.com"
207.46.98.126 - - [13/Jul/2007:14:18:08 -0700] "GET /robots.txt HTTP/1.0" 404 275 "-" "msnbot/1.0 (+http://search.msn.com/msnbot.htm)" "shaneperfect.com"
207.46.98.126 - - [13/Jul/2007:14:18:08 -0700] "GET /sx70.html HTTP/1.0" 404 275 "-" "msnbot/1.0 (+http://search.msn.com/msnbot.htm)" "shaneperfect.com"
74.6.75.34 - - [13/Jul/2007:15:37:18 -0700] "GET /robots.txt HTTP/1.0" 404 275 "-" "Mozilla/5.0 (compatible; Yahoo! Slurp; http://help.yahoo.com/help/us/ysearch/slurp)" "shaneperfect.com"
74.6.18.75 - - [13/Jul/2007:15:39:43 -0700] "GET /?S=A HTTP/1.0" 200 763 "-" "Mozilla/5.0 (compatible; Yahoo! Slurp; http://help.yahoo.com/help/us/ysearch/slurp)" "shaneperfect.com"
74.6.18.37 - - [13/Jul/2007:17:05:10 -0700] "GET /?D=A HTTP/1.0" 200 763 "-" "Mozilla/5.0 (compatible; Yahoo! Slurp; http://help.yahoo.com/help/us/ysearch/slurp)" "shaneperfect.com"
129.241.104.187 - - [13/Jul/2007:18:03:17 -0700] "GET /logs/ HTTP/1.1" 200 1945 "-" "boitho.com-dc/0.86 ( http://www.boitho.com/dcbot.html )" "www.shaneperfect.com"
68.142.212.193 - - [13/Jul/2007:18:54:17 -0700] "GET /robots.txt HTTP/1.0" 404 275 "-" "Yahoo-MMCrawler/3.x (mms dash mmcrawler dash support at yahoo dash inc dot com)" "shaneperfect.com"
129.241.50.35 - - [14/Jul/2007:00:59:19 -0700] "GET /tmp/ HTTP/1.1" 200 520 "-" "boitho.com-dc/0.86 ( http://www.boitho.com/dcbot.html )" "www.shaneperfect.com"
74.6.75.34 - - [14/Jul/2007:01:58:54 -0700] "GET /robots.txt HTTP/1.0" 404 275 "-" "Mozilla/5.0 (compatible; Yahoo! Slurp; http://help.yahoo.com/help/us/ysearch/slurp)" "shaneperfect.com"
74.6.17.105 - - [14/Jul/2007:02:00:49 -0700] "GET /logs/ HTTP/1.0" 200 1929 "-" "Mozilla/5.0 (compatible; Yahoo! Slurp; http://help.yahoo.com/help/us/ysearch/slurp)" "shaneperfect.com"
74.6.19.112 - - [14/Jul/2007:02:12:03 -0700] "GET /robots.txt HTTP/1.0" 404 275 "-" "Mozilla/5.0 (compatible; Yahoo! Slurp; http://help.yahoo.com/help/us/ysearch/slurp)" "shaneperfect.com"
74.6.19.166 - - [14/Jul/2007:02:12:09 -0700] "GET /logs/ HTTP/1.0" 200 1929 "-" "Mozilla/5.0 (compatible; Yahoo! Slurp; http://help.yahoo.com/help/us/ysearch/slurp)" "shaneperfect.com"
74.6.17.43 - - [14/Jul/2007:03:41:13 -0700] "GET /?N=D HTTP/1.0" 200 763 "-" "Mozilla/5.0 (compatible; Yahoo! Slurp; http://help.yahoo.com/help/us/ysearch/slurp)" "shaneperfect.com"
68.142.212.189 - - [14/Jul/2007:09:48:59 -0700] "GET /robots.txt HTTP/1.0" 404 275 "-" "Yahoo-MMCrawler/3.x (mms dash mmcrawler dash support at yahoo dash inc dot com)" "www.shaneperfect.com"
71.120.184.130 - - [14/Jul/2007:10:11:41 -0700] "GET / HTTP/1.1" 200 779 "http://www.hollyheath.com/fineart.html" "Mozilla/4.0 (compatible; MSIE 6.0; Windows 98; Win 9x 4.90; .NET CLR 1.1.4322)" "shaneperfect.com"
71.120.184.130 - - [14/Jul/2007:10:11:53 -0700] "GET /logs/ HTTP/1.1" 200 1945 "http://shaneperfect.com/" "Mozilla/4.0 (compatible; MSIE 6.0; Windows 98; Win 9x 4.90; .NET CLR 1.1.4322)" "shaneperfect.com"
71.120.184.130 - - [14/Jul/2007:10:14:40 -0700] "GET / HTTP/1.1" 200 779 "http://www.hollyheath.com/fineart.html" "Mozilla/4.0 (compatible; MSIE 6.0; Windows 98; Win 9x 4.90; .NET CLR 1.1.4322)" "shaneperfect.com"
68.154.151.76 - - [14/Jul/2007:15:37:56 -0700] "GET /logs/access_070331.log HTTP/1.1" 200 6009 "-" "Mozilla/4.0 (compatible; MSIE 7.0; Windows NT 5.1; .NET CLR 1.1.4322)" "shaneperfect.com"
66.249.72.37 - - [14/Jul/2007:21:30:06 -0700] "GET /robots.txt HTTP/1.1" 404 275 "-" "Mozilla/5.0 (compatible; Googlebot/2.1; +http://www.google.com/bot.html)" "www.shaneperfect.com"
66.249.72.37 - - [14/Jul/2007:21:30:06 -0700] "GET / HTTP/1.1" 200 779 "-" "Mozilla/5.0 (compatible; Googlebot/2.1; +http://www.google.com/bot.html)" "www.shaneperfect.com"
66.249.72.37 - - [15/Jul/2007:00:20:59 -0700] "GET /robots.txt HTTP/1.1" 404 275 "-" "Mozilla/5.0 (compatible; Googlebot/2.1; +http://www.google.com/bot.html)" "shaneperfect.com"
66.249.72.37 - - [15/Jul/2007:00:20:59 -0700] "GET /logs/access.log HTTP/1.1" 200 45898 "-" "Mozilla/5.0 (compatible; Googlebot/2.1; +http://www.google.com/bot.html)" "shaneperfect.com"
66.249.72.37 - - [15/Jul/2007:01:12:28 -0700] "GET / HTTP/1.1" 200 779 "-" "Mozilla/5.0 (compatible; Googlebot/2.1; +http://www.google.com/bot.html)" "shaneperfect.com"
74.6.19.112 - - [15/Jul/2007:06:56:03 -0700] "GET /robots.txt HTTP/1.0" 404 275 "-" "Mozilla/5.0 (compatible; Yahoo! Slurp; http://help.yahoo.com/help/us/ysearch/slurp)" "shaneperfect.com"
74.6.23.235 - - [15/Jul/2007:06:56:04 -0700] "GET /?N=A HTTP/1.0" 200 763 "-" "Mozilla/5.0 (compatible; Yahoo! Slurp; http://help.yahoo.com/help/us/ysearch/slurp)" "shaneperfect.com"
71.120.180.48 - - [15/Jul/2007:14:30:47 -0700] "GET / HTTP/1.1" 200 779 "-" "Mozilla/4.0 (compatible; MSIE 7.0; Windows NT 5.1; .NET CLR 1.1.4322; .NET CLR 2.0.50727; MSN 9.0;MSN 9.1; MSNbVZ02; MSNmen-us; MSNcOTH)" "shaneperfect.com"
68.42.67.149 - - [15/Jul/2007:15:41:33 -0700] "GET /neworleans.html HTTP/1.1" 404 275 "-" "Mozilla/5.0 (Macintosh; U; PPC Mac OS X Mach-O; en-US; rv:1.8.1.4) Gecko/20070515 Firefox/2.0.0.4" "shaneperfect.com"
68.42.67.149 - - [15/Jul/2007:15:41:34 -0700] "GET /favicon.ico HTTP/1.1" 404 275 "-" "Mozilla/5.0 (Macintosh; U; PPC Mac OS X Mach-O; en-US; rv:1.8.1.4) Gecko/20070515 Firefox/2.0.0.4" "shaneperfect.com"
68.42.67.149 - - [15/Jul/2007:15:41:34 -0700] "GET /favicon.ico HTTP/1.1" 404 275 "-" "Mozilla/5.0 (Macintosh; U; PPC Mac OS X Mach-O; en-US; rv:1.8.1.4) Gecko/20070515 Firefox/2.0.0.4" "shaneperfect.com"
66.249.72.37 - - [15/Jul/2007:23:36:08 -0700] "GET /robots.txt HTTP/1.1" 404 275 "-" "Mozilla/5.0 (compatible; Googlebot/2.1; +http://www.google.com/bot.html)" "shaneperfect.com"
66.249.72.37 - - [15/Jul/2007:23:36:08 -0700] "GET /logs/ HTTP/1.1" 200 1945 "-" "Mozilla/5.0 (compatible; Googlebot/2.1; +http://www.google.com/bot.html)" "shaneperfect.com"
66.249.72.37 - - [16/Jul/2007:06:24:38 -0700] "GET /robots.txt HTTP/1.1" 404 275 "-" "Mozilla/5.0 (compatible; Googlebot/2.1; +http://www.google.com/bot.html)" "www.shaneperfect.com"
66.249.72.37 - - [16/Jul/2007:06:24:38 -0700] "GET /tmp/ HTTP/1.1" 200 520 "-" "Mozilla/5.0 (compatible; Googlebot/2.1; +http://www.google.com/bot.html)" "www.shaneperfect.com"
74.6.75.34 - - [16/Jul/2007:08:47:34 -0700] "GET /robots.txt HTTP/1.0" 404 275 "-" "Mozilla/5.0 (compatible; Yahoo! Slurp; http://help.yahoo.com/help/us/ysearch/slurp)" "shaneperfect.com"
74.6.65.234 - - [16/Jul/2007:08:47:36 -0700] "GET / HTTP/1.0" 200 763 "-" "Mozilla/5.0 (compatible; Yahoo! Slurp; http://help.yahoo.com/help/us/ysearch/slurp)" "shaneperfect.com"
68.142.212.193 - - [16/Jul/2007:09:55:00 -0700] "GET /robots.txt HTTP/1.0" 404 275 "-" "Yahoo-MMCrawler/3.x (mms dash mmcrawler dash support at yahoo dash inc dot com)" "shaneperfect.com"
71.120.174.21 - - [16/Jul/2007:11:25:26 -0700] "GET / HTTP/1.1" 200 779 "http://www.hollyheath.com/fineart.html" "Mozilla/4.0 (compatible; MSIE 6.0; Windows NT 5.1; SV1; .NET CLR 1.0.3705; .NET CLR 1.1.4322; Media Center PC 4.0)" "shaneperfect.com"
68.142.212.189 - - [16/Jul/2007:17:26:48 -0700] "GET /robots.txt HTTP/1.0" 404 275 "-" "Yahoo-MMCrawler/3.x (mms dash mmcrawler dash support at yahoo dash inc dot com)" "www.shaneperfect.com"
66.249.72.37 - - [16/Jul/2007:18:54:56 -0700] "GET /robots.txt HTTP/1.1" 404 275 "-" "Mozilla/5.0 (compatible; Googlebot/2.1; +http://www.google.com/bot.html)" "shaneperfect.com"
66.249.72.37 - - [16/Jul/2007:18:54:56 -0700] "GET /logs/access_070331.log HTTP/1.1" 200 6009 "-" "Mozilla/5.0 (compatible; Googlebot/2.1; +http://www.google.com/bot.html)" "shaneperfect.com"
66.249.72.37 - - [16/Jul/2007:20:29:57 -0700] "GET /logs/access_070401.log HTTP/1.1" 304 - "-" "Mozilla/5.0 (compatible; Googlebot/2.1; +http://www.google.com/bot.html)" "shaneperfect.com"
63.123.238.8 - - [17/Jul/2007:10:45:13 -0700] "GET /robots.txt HTTP/1.1" 404 275 "-" "Mozilla/2.0 (compatible; Ask Jeeves/Teoma)" "www.shaneperfect.com"
63.123.238.8 - - [17/Jul/2007:10:45:13 -0700] "GET / HTTP/1.1" 200 779 "-" "Mozilla/2.0 (compatible; Ask Jeeves/Teoma)" "www.shaneperfect.com"
