66.249.72.37 - - [17/Jul/2007:17:49:17 -0700] "GET /robots.txt HTTP/1.1" 404 275 "-" "Mozilla/5.0 (compatible; Googlebot/2.1; +http://www.google.com/bot.html)" "shaneperfect.com"
66.249.72.37 - - [17/Jul/2007:17:49:17 -0700] "GET /logs/access_070701.log HTTP/1.1" 304 - "-" "Mozilla/5.0 (compatible; Googlebot/2.1; +http://www.google.com/bot.html)" "shaneperfect.com"
69.245.201.72 - - [18/Jul/2007:08:51:44 -0700] "GET / HTTP/1.1" 200 779 "-" "Mozilla/4.0 (compatible; MSIE 6.0; Windows NT 5.1; SV1; .NET CLR 1.0.3705; .NET CLR 1.1.4322; Media Center PC 4.0; Media Center PC 2.8; .NET CLR 2.0.50727; .NET CLR 3.0.04506.30)" "shaneperfect.com"
71.193.96.38 - - [18/Jul/2007:10:08:48 -0700] "GET / HTTP/1.1" 200 779 "http://www.google.com/search?hl=en&q=shane+perfect+photography" "Mozilla/4.0 (compatible; MSIE 7.0; Windows NT 5.1; .NET CLR 1.1.4322; .NET CLR 2.0.50727; .NET CLR 3.0.04506.30)" "shaneperfect.com"
71.193.96.38 - - [18/Jul/2007:10:08:48 -0700] "GET /favicon.ico HTTP/1.1" 404 275 "-" "Mozilla/4.0 (compatible; MSIE 7.0; Windows NT 5.1; .NET CLR 1.1.4322; .NET CLR 2.0.50727; .NET CLR 3.0.04506.30)" "shaneperfect.com"
71.193.96.38 - - [18/Jul/2007:10:08:49 -0700] "GET /logs/ HTTP/1.1" 200 1945 "http://shaneperfect.com/" "Mozilla/4.0 (compatible; MSIE 7.0; Windows NT 5.1; .NET CLR 1.1.4322; .NET CLR 2.0.50727; .NET CLR 3.0.04506.30)" "shaneperfect.com"
71.193.96.38 - - [18/Jul/2007:10:08:57 -0700] "GET /tmp/ HTTP/1.1" 200 520 "http://shaneperfect.com/" "Mozilla/4.0 (compatible; MSIE 7.0; Windows NT 5.1; .NET CLR 1.1.4322; .NET CLR 2.0.50727; .NET CLR 3.0.04506.30)" "shaneperfect.com"
71.193.96.38 - - [18/Jul/2007:10:08:58 -0700] "GET / HTTP/1.1" 200 779 "http://shaneperfect.com/tmp/" "Mozilla/4.0 (compatible; MSIE 7.0; Windows NT 5.1; .NET CLR 1.1.4322; .NET CLR 2.0.50727; .NET CLR 3.0.04506.30)" "shaneperfect.com"
71.193.96.38 - - [18/Jul/2007:10:08:59 -0700] "GET / HTTP/1.1" 200 779 "http://shaneperfect.com/" "Mozilla/4.0 (compatible; MSIE 7.0; Windows NT 5.1; .NET CLR 1.1.4322; .NET CLR 2.0.50727; .NET CLR 3.0.04506.30)" "shaneperfect.com"
74.6.22.205 - - [18/Jul/2007:14:25:59 -0700] "GET /robots.txt HTTP/1.0" 404 275 "-" "Mozilla/5.0 (compatible; Yahoo! Slurp; http://help.yahoo.com/help/us/ysearch/slurp)" "www.shaneperfect.com"
74.6.25.171 - - [18/Jul/2007:14:25:59 -0700] "GET /?D=A HTTP/1.0" 200 763 "-" "Mozilla/5.0 (compatible; Yahoo! Slurp; http://help.yahoo.com/help/us/ysearch/slurp)" "www.shaneperfect.com"
68.142.212.193 - - [18/Jul/2007:17:12:22 -0700] "GET /robots.txt HTTP/1.0" 404 275 "-" "Yahoo-MMCrawler/3.x (mms dash mmcrawler dash support at yahoo dash inc dot com)" "shaneperfect.com"
207.46.98.127 - - [18/Jul/2007:17:37:43 -0700] "GET /robots.txt HTTP/1.0" 404 275 "-" "msnbot/1.0 (+http://search.msn.com/msnbot.htm)" "shaneperfect.com"
207.46.98.127 - - [18/Jul/2007:17:37:43 -0700] "GET /neworleans.html HTTP/1.0" 404 275 "-" "msnbot/1.0 (+http://search.msn.com/msnbot.htm)" "shaneperfect.com"
207.46.98.125 - - [18/Jul/2007:17:40:25 -0700] "GET /robots.txt HTTP/1.0" 404 275 "-" "msnbot/1.0 (+http://search.msn.com/msnbot.htm)" "shaneperfect.com"
207.46.98.125 - - [18/Jul/2007:17:40:25 -0700] "GET /southwest.html HTTP/1.0" 404 275 "-" "msnbot/1.0 (+http://search.msn.com/msnbot.htm)" "shaneperfect.com"
207.46.98.127 - - [18/Jul/2007:17:41:45 -0700] "GET /rome.html HTTP/1.0" 404 275 "-" "msnbot/1.0 (+http://search.msn.com/msnbot.htm)" "shaneperfect.com"
207.46.98.125 - - [18/Jul/2007:17:45:45 -0700] "GET /architecture.html HTTP/1.0" 404 275 "-" "msnbot/1.0 (+http://search.msn.com/msnbot.htm)" "shaneperfect.com"
71.97.163.106 - - [18/Jul/2007:17:46:24 -0700] "GET / HTTP/1.1" 200 779 "http://www.hollyheath.com/fineart.html" "Mozilla/4.0 (compatible; MSIE 7.0; Windows NT 5.1; .NET CLR 1.1.4322; yplus 5.6.04b)" "shaneperfect.com"
71.97.163.106 - - [18/Jul/2007:17:46:25 -0700] "GET /favicon.ico HTTP/1.1" 404 275 "-" "Mozilla/4.0 (compatible; MSIE 7.0; Windows NT 5.1; .NET CLR 1.1.4322)" "shaneperfect.com"
71.97.163.106 - - [18/Jul/2007:17:46:38 -0700] "GET / HTTP/1.1" 200 779 "http://www.hollyheath.com/fineart.html" "Mozilla/4.0 (compatible; MSIE 7.0; Windows NT 5.1; .NET CLR 1.1.4322; yplus 5.6.04b)" "shaneperfect.com"
71.97.163.106 - - [18/Jul/2007:17:46:44 -0700] "GET / HTTP/1.1" 200 779 "http://shaneperfect.com/" "Mozilla/4.0 (compatible; MSIE 7.0; Windows NT 5.1; .NET CLR 1.1.4322; yplus 5.6.04b)" "shaneperfect.com"
71.97.163.106 - - [18/Jul/2007:17:46:46 -0700] "GET / HTTP/1.1" 200 779 "http://shaneperfect.com/" "Mozilla/4.0 (compatible; MSIE 7.0; Windows NT 5.1; .NET CLR 1.1.4322; yplus 5.6.04b)" "shaneperfect.com"
71.97.163.106 - - [18/Jul/2007:17:46:49 -0700] "GET / HTTP/1.1" 200 779 "http://shaneperfect.com/" "Mozilla/4.0 (compatible; MSIE 7.0; Windows NT 5.1; .NET CLR 1.1.4322; yplus 5.6.04b)" "shaneperfect.com"
71.97.163.106 - - [18/Jul/2007:17:46:51 -0700] "GET /logs/ HTTP/1.1" 200 1945 "http://shaneperfect.com/" "Mozilla/4.0 (compatible; MSIE 7.0; Windows NT 5.1; .NET CLR 1.1.4322; yplus 5.6.04b)" "shaneperfect.com"
71.97.163.106 - - [18/Jul/2007:17:46:56 -0700] "GET /logs/access_070301.log HTTP/1.1" 200 25559 "http://shaneperfect.com/logs/" "Mozilla/4.0 (compatible; MSIE 7.0; Windows NT 5.1; .NET CLR 1.1.4322; yplus 5.6.04b)" "shaneperfect.com"
71.97.163.106 - - [18/Jul/2007:17:47:08 -0700] "GET /logs/access_070329.log HTTP/1.1" 200 49820 "http://shaneperfect.com/logs/" "Mozilla/4.0 (compatible; MSIE 7.0; Windows NT 5.1; .NET CLR 1.1.4322; yplus 5.6.04b)" "shaneperfect.com"
71.97.163.106 - - [18/Jul/2007:17:47:15 -0700] "GET / HTTP/1.1" 200 779 "http://shaneperfect.com/" "Mozilla/4.0 (compatible; MSIE 7.0; Windows NT 5.1; .NET CLR 1.1.4322; yplus 5.6.04b)" "shaneperfect.com"
207.46.98.126 - - [18/Jul/2007:18:49:37 -0700] "GET /robots.txt HTTP/1.0" 404 275 "-" "msnbot/1.0 (+http://search.msn.com/msnbot.htm)" "shaneperfect.com"
207.46.98.126 - - [18/Jul/2007:18:49:37 -0700] "GET /wyoming.html HTTP/1.0" 404 275 "-" "msnbot/1.0 (+http://search.msn.com/msnbot.htm)" "shaneperfect.com"
66.249.72.37 - - [18/Jul/2007:20:04:24 -0700] "GET /robots.txt HTTP/1.1" 404 275 "-" "Mozilla/5.0 (compatible; Googlebot/2.1; +http://www.google.com/bot.html)" "shaneperfect.com"
66.249.72.37 - - [18/Jul/2007:20:04:25 -0700] "GET / HTTP/1.1" 200 779 "-" "Mozilla/5.0 (compatible; Googlebot/2.1; +http://www.google.com/bot.html)" "shaneperfect.com"
207.46.98.127 - - [18/Jul/2007:21:14:40 -0700] "GET /abstract.html HTTP/1.0" 404 275 "-" "msnbot/1.0 (+http://search.msn.com/msnbot.htm)" "shaneperfect.com"
66.249.72.37 - - [18/Jul/2007:22:05:41 -0700] "GET /robots.txt HTTP/1.1" 404 275 "-" "Mozilla/5.0 (compatible; Googlebot/2.1; +http://www.google.com/bot.html)" "www.shaneperfect.com"
66.249.72.37 - - [18/Jul/2007:22:05:41 -0700] "GET / HTTP/1.1" 200 779 "-" "Mozilla/5.0 (compatible; Googlebot/2.1; +http://www.google.com/bot.html)" "www.shaneperfect.com"
68.142.212.189 - - [18/Jul/2007:22:42:31 -0700] "GET /robots.txt HTTP/1.0" 404 275 "-" "Yahoo-MMCrawler/3.x (mms dash mmcrawler dash support at yahoo dash inc dot com)" "www.shaneperfect.com"
66.249.72.37 - - [19/Jul/2007:01:07:05 -0700] "GET /logs/access.log HTTP/1.1" 200 57284 "-" "Mozilla/5.0 (compatible; Googlebot/2.1; +http://www.google.com/bot.html)" "shaneperfect.com"
38.99.203.110 - - [19/Jul/2007:03:28:26 -0700] "GET /robots.txt HTTP/1.1" 404 275 "-" "Java/1.7.0-ea" "www.shaneperfect.com"
38.99.203.110 - - [19/Jul/2007:03:28:26 -0700] "GET / HTTP/1.1" 200 779 "-" "panscient.com" "www.shaneperfect.com"
38.99.203.110 - - [19/Jul/2007:03:28:26 -0700] "GET /robots.txt HTTP/1.1" 404 275 "-" "Java/1.7.0-ea" "www.shaneperfect.com"
38.99.203.110 - - [19/Jul/2007:03:28:27 -0700] "GET /?N=D HTTP/1.1" 200 779 "-" "panscient.com" "www.shaneperfect.com"
38.99.203.110 - - [19/Jul/2007:03:28:28 -0700] "GET /?D=A HTTP/1.1" 200 779 "-" "panscient.com" "www.shaneperfect.com"
38.99.203.110 - - [19/Jul/2007:03:28:29 -0700] "GET /?D=D HTTP/1.1" 200 779 "-" "panscient.com" "www.shaneperfect.com"
38.99.203.110 - - [19/Jul/2007:03:28:30 -0700] "GET /?N=A HTTP/1.1" 200 779 "-" "panscient.com" "www.shaneperfect.com"
38.99.203.110 - - [19/Jul/2007:03:28:32 -0700] "GET /logs/ HTTP/1.1" 200 1945 "-" "panscient.com" "www.shaneperfect.com"
38.99.203.110 - - [19/Jul/2007:03:28:33 -0700] "GET /logs/?N=D HTTP/1.1" 200 1945 "-" "panscient.com" "www.shaneperfect.com"
38.99.203.110 - - [19/Jul/2007:03:28:34 -0700] "GET /logs/?D=A HTTP/1.1" 200 1945 "-" "panscient.com" "www.shaneperfect.com"
38.99.203.110 - - [19/Jul/2007:03:28:35 -0700] "GET /logs/?D=D HTTP/1.1" 200 1945 "-" "panscient.com" "www.shaneperfect.com"
38.99.203.110 - - [19/Jul/2007:03:28:37 -0700] "GET /logs/?M=A HTTP/1.1" 200 1945 "-" "panscient.com" "www.shaneperfect.com"
38.99.203.110 - - [19/Jul/2007:03:28:41 -0700] "GET /logs/?N=A HTTP/1.1" 200 1945 "-" "panscient.com" "www.shaneperfect.com"
38.99.203.110 - - [19/Jul/2007:03:28:41 -0700] "GET /logs/?M=D HTTP/1.1" 200 1945 "-" "panscient.com" "www.shaneperfect.com"
38.99.203.110 - - [19/Jul/2007:03:28:42 -0700] "GET /?M=A HTTP/1.1" 200 779 "-" "panscient.com" "www.shaneperfect.com"
38.99.203.110 - - [19/Jul/2007:03:28:43 -0700] "GET /tmp/ HTTP/1.1" 200 520 "-" "panscient.com" "www.shaneperfect.com"
38.99.203.110 - - [19/Jul/2007:03:28:44 -0700] "GET /tmp/?N=D HTTP/1.1" 200 520 "-" "panscient.com" "www.shaneperfect.com"
38.99.203.110 - - [19/Jul/2007:03:28:46 -0700] "GET /tmp/?D=A HTTP/1.1" 200 520 "-" "panscient.com" "www.shaneperfect.com"
38.99.203.110 - - [19/Jul/2007:03:28:47 -0700] "GET /tmp/?N=A HTTP/1.1" 200 520 "-" "panscient.com" "www.shaneperfect.com"
38.99.203.110 - - [19/Jul/2007:03:28:48 -0700] "GET /tmp/?D=D HTTP/1.1" 200 520 "-" "panscient.com" "www.shaneperfect.com"
38.99.203.110 - - [19/Jul/2007:03:28:49 -0700] "GET /tmp/?M=A HTTP/1.1" 200 520 "-" "panscient.com" "www.shaneperfect.com"
38.99.203.110 - - [19/Jul/2007:03:28:51 -0700] "GET /logs/?S=A HTTP/1.1" 200 1945 "-" "panscient.com" "www.shaneperfect.com"
38.99.203.110 - - [19/Jul/2007:03:28:52 -0700] "GET /?S=A HTTP/1.1" 200 779 "-" "panscient.com" "www.shaneperfect.com"
38.99.203.110 - - [19/Jul/2007:03:28:54 -0700] "GET /tmp/?S=A HTTP/1.1" 200 520 "-" "panscient.com" "www.shaneperfect.com"
74.6.19.114 - - [19/Jul/2007:04:35:52 -0700] "GET /robots.txt HTTP/1.0" 404 275 "-" "Mozilla/5.0 (compatible; Yahoo! Slurp; http://help.yahoo.com/help/us/ysearch/slurp)" "shaneperfect.com"
74.6.23.213 - - [19/Jul/2007:04:35:52 -0700] "GET / HTTP/1.0" 200 763 "-" "Mozilla/5.0 (compatible; Yahoo! Slurp; http://help.yahoo.com/help/us/ysearch/slurp)" "shaneperfect.com"
74.6.26.113 - - [19/Jul/2007:05:42:08 -0700] "GET /?D=A HTTP/1.0" 200 763 "-" "Mozilla/5.0 (compatible; Yahoo! Slurp; http://help.yahoo.com/help/us/ysearch/slurp)" "shaneperfect.com"
70.98.214.46 - - [19/Jul/2007:10:56:55 -0700] "GET /logs/access_070331.log HTTP/1.1" 200 6009 "-" "Mozilla/4.0 (compatible; MSIE 6.0; Windows NT 5.1; SV1; (R1 1.5); .NET CLR 1.0.3705; .NET CLR 1.1.4322; Media Center PC 3.1; .NET CLR 2.0.50727)" "shaneperfect.com"
74.6.19.114 - - [19/Jul/2007:22:36:03 -0700] "GET /robots.txt HTTP/1.0" 404 275 "-" "Mozilla/5.0 (compatible; Yahoo! Slurp; http://help.yahoo.com/help/us/ysearch/slurp)" "shaneperfect.com"
74.6.24.144 - - [19/Jul/2007:22:36:04 -0700] "GET /?N=D HTTP/1.0" 200 763 "-" "Mozilla/5.0 (compatible; Yahoo! Slurp; http://help.yahoo.com/help/us/ysearch/slurp)" "shaneperfect.com"
66.249.72.37 - - [20/Jul/2007:00:35:09 -0700] "GET /robots.txt HTTP/1.1" 404 275 "-" "Mozilla/5.0 (compatible; Googlebot/2.1; +http://www.google.com/bot.html)" "shaneperfect.com"
66.249.72.37 - - [20/Jul/2007:00:35:09 -0700] "GET /logs/access_070531.log HTTP/1.1" 304 - "-" "Mozilla/5.0 (compatible; Googlebot/2.1; +http://www.google.com/bot.html)" "shaneperfect.com"
66.249.72.37 - - [20/Jul/2007:03:15:01 -0700] "GET /logs/access_070701.log HTTP/1.1" 304 - "-" "Mozilla/5.0 (compatible; Googlebot/2.1; +http://www.google.com/bot.html)" "shaneperfect.com"
66.249.72.37 - - [20/Jul/2007:03:31:59 -0700] "GET /logs/access_070329.log HTTP/1.1" 200 49820 "-" "Mozilla/5.0 (compatible; Googlebot/2.1; +http://www.google.com/bot.html)" "shaneperfect.com"
74.6.75.34 - - [20/Jul/2007:06:27:57 -0700] "GET /robots.txt HTTP/1.0" 404 275 "-" "Mozilla/5.0 (compatible; Yahoo! Slurp; http://help.yahoo.com/help/us/ysearch/slurp)" "shaneperfect.com"
74.6.17.154 - - [20/Jul/2007:06:29:28 -0700] "GET / HTTP/1.0" 200 763 "-" "Mozilla/5.0 (compatible; Yahoo! Slurp; http://help.yahoo.com/help/us/ysearch/slurp)" "shaneperfect.com"
207.46.98.125 - - [20/Jul/2007:08:02:33 -0700] "GET /robots.txt HTTP/1.0" 404 275 "-" "msnbot/1.0 (+http://search.msn.com/msnbot.htm)" "shaneperfect.com"
207.46.98.125 - - [20/Jul/2007:08:02:34 -0700] "GET /aboutus.html HTTP/1.0" 404 275 "-" "msnbot/1.0 (+http://search.msn.com/msnbot.htm)" "shaneperfect.com"
74.6.75.26 - - [20/Jul/2007:08:17:21 -0700] "GET /robots.txt HTTP/1.0" 404 275 "-" "Mozilla/5.0 (compatible; Yahoo! Slurp; http://help.yahoo.com/help/us/ysearch/slurp)" "www.shaneperfect.com"
74.6.68.163 - - [20/Jul/2007:08:17:21 -0700] "GET / HTTP/1.0" 200 763 "-" "Mozilla/5.0 (compatible; Yahoo! Slurp; http://help.yahoo.com/help/us/ysearch/slurp)" "www.shaneperfect.com"
75.32.28.115 - - [20/Jul/2007:09:09:16 -0700] "GET / HTTP/1.1" 200 779 "http://www.hollyheath.com/fineart.html" "Mozilla/5.0 (Windows; U; Windows NT 5.1; zh-CN; rv:1.8.1.5) Gecko/20070713 Firefox/2.0.0.5" "shaneperfect.com"
70.224.56.231 - - [20/Jul/2007:12:47:24 -0700] "GET / HTTP/1.1" 200 779 "http://www.hollyheath.com/fineart.html" "Mozilla/5.0 (Windows; U; Windows NT 5.1; en-US; rv:1.8.1.5) Gecko/20070713 Firefox/2.0.0.5" "shaneperfect.com"
70.224.56.231 - - [20/Jul/2007:12:47:25 -0700] "GET /favicon.ico HTTP/1.1" 404 275 "-" "Mozilla/5.0 (Windows; U; Windows NT 5.1; en-US; rv:1.8.1.5) Gecko/20070713 Firefox/2.0.0.5" "shaneperfect.com"
74.73.189.89 - - [20/Jul/2007:16:09:29 -0700] "GET /logs/access_070401.log HTTP/1.1" 200 1955 "http://www.google.com/search?q=66.249.72.75&ie=utf-8&oe=utf-8&aq=t&rls=org.mozilla:en-US:official&client=firefox-a" "Mozilla/5.0 (Windows; U; Windows NT 5.1; en-US; rv:1.8.1.5) Gecko/20070713 Firefox/2.0.0.5" "shaneperfect.com"
74.73.189.89 - - [20/Jul/2007:16:09:29 -0700] "GET /favicon.ico HTTP/1.1" 404 275 "-" "Mozilla/5.0 (Windows; U; Windows NT 5.1; en-US; rv:1.8.1.5) Gecko/20070713 Firefox/2.0.0.5" "shaneperfect.com"
68.142.212.193 - - [20/Jul/2007:21:23:11 -0700] "GET /robots.txt HTTP/1.0" 404 275 "-" "Yahoo-MMCrawler/3.x (mms dash mmcrawler dash support at yahoo dash inc dot com)" "shaneperfect.com"
66.249.72.37 - - [20/Jul/2007:23:40:01 -0700] "GET /robots.txt HTTP/1.1" 404 275 "-" "Mozilla/5.0 (compatible; Googlebot/2.1; +http://www.google.com/bot.html)" "shaneperfect.com"
66.249.72.37 - - [20/Jul/2007:23:40:01 -0700] "GET /logs/access_070531.log HTTP/1.1" 304 - "-" "Mozilla/5.0 (compatible; Googlebot/2.1; +http://www.google.com/bot.html)" "shaneperfect.com"
68.142.212.189 - - [21/Jul/2007:02:27:01 -0700] "GET /robots.txt HTTP/1.0" 404 275 "-" "Yahoo-MMCrawler/3.x (mms dash mmcrawler dash support at yahoo dash inc dot com)" "www.shaneperfect.com"
70.85.114.58 - - [21/Jul/2007:03:33:59 -0700] "GET /robots.txt HTTP/1.1" 404 275 "www.shaneperfect.com" "Pingdom GIGRIB (http://www.pingdom.com)" "www.shaneperfect.com"
70.85.114.58 - - [21/Jul/2007:03:33:59 -0700] "GET /robots.txt HTTP/1.1" 404 275 "www.shaneperfect.com" "Pingdom GIGRIB (http://www.pingdom.com)" "www.shaneperfect.com"
70.85.114.58 - - [21/Jul/2007:03:33:59 -0700] "GET /robots.txt HTTP/1.1" 404 275 "www.shaneperfect.com" "Pingdom GIGRIB (http://www.pingdom.com)" "www.shaneperfect.com"
70.85.114.58 - - [21/Jul/2007:03:33:59 -0700] "GET /robots.txt HTTP/1.1" 404 275 "www.shaneperfect.com" "Pingdom GIGRIB (http://www.pingdom.com)" "www.shaneperfect.com"
70.85.114.58 - - [21/Jul/2007:03:33:59 -0700] "GET /robots.txt HTTP/1.1" 404 275 "www.shaneperfect.com" "Pingdom GIGRIB (http://www.pingdom.com)" "www.shaneperfect.com"
70.85.114.58 - - [21/Jul/2007:03:33:59 -0700] "GET /robots.txt HTTP/1.1" 404 275 "www.shaneperfect.com" "Pingdom GIGRIB (http://www.pingdom.com)" "www.shaneperfect.com"
70.85.114.58 - - [21/Jul/2007:03:33:59 -0700] "GET /robots.txt HTTP/1.1" 404 275 "www.shaneperfect.com" "Pingdom GIGRIB (http://www.pingdom.com)" "www.shaneperfect.com"
70.85.114.58 - - [21/Jul/2007:03:33:59 -0700] "GET /robots.txt HTTP/1.1" 404 275 "www.shaneperfect.com" "Pingdom GIGRIB (http://www.pingdom.com)" "www.shaneperfect.com"
70.85.114.58 - - [21/Jul/2007:03:36:59 -0700] "GET // HTTP/1.1" 200 779 "http://www.pingdom.com/tools/fpt/?url=www.shaneperfect.com" "Pingdom GIGRIB (http://www.pingdom.com)" "www.shaneperfect.com"
70.85.114.58 - - [21/Jul/2007:03:36:59 -0700] "GET // HTTP/1.1" 200 779 "http://www.pingdom.com/tools/fpt/?url=www.shaneperfect.com" "Pingdom GIGRIB (http://www.pingdom.com)" "www.shaneperfect.com"
70.85.114.58 - - [21/Jul/2007:03:36:59 -0700] "GET // HTTP/1.1" 200 779 "http://www.pingdom.com/tools/fpt/?url=www.shaneperfect.com" "Pingdom GIGRIB (http://www.pingdom.com)" "www.shaneperfect.com"
70.85.114.58 - - [21/Jul/2007:03:36:59 -0700] "GET // HTTP/1.1" 200 779 "http://www.pingdom.com/tools/fpt/?url=www.shaneperfect.com" "Pingdom GIGRIB (http://www.pingdom.com)" "www.shaneperfect.com"
70.85.114.58 - - [21/Jul/2007:03:36:59 -0700] "GET // HTTP/1.1" 200 779 "http://www.pingdom.com/tools/fpt/?url=www.shaneperfect.com" "Pingdom GIGRIB (http://www.pingdom.com)" "www.shaneperfect.com"
70.85.114.58 - - [21/Jul/2007:03:36:59 -0700] "GET // HTTP/1.1" 200 779 "http://www.pingdom.com/tools/fpt/?url=www.shaneperfect.com" "Pingdom GIGRIB (http://www.pingdom.com)" "www.shaneperfect.com"
70.85.114.58 - - [21/Jul/2007:03:37:03 -0700] "GET // HTTP/1.1" 200 779 "http://www.pingdom.com/tools/fpt/?url=www.shaneperfect.com" "Pingdom GIGRIB (http://www.pingdom.com)" "www.shaneperfect.com"
70.85.114.58 - - [21/Jul/2007:03:37:03 -0700] "GET // HTTP/1.1" 200 779 "http://www.pingdom.com/tools/fpt/?url=www.shaneperfect.com" "Pingdom GIGRIB (http://www.pingdom.com)" "www.shaneperfect.com"
74.6.75.34 - - [21/Jul/2007:06:54:57 -0700] "GET /robots.txt HTTP/1.0" 404 275 "-" "Mozilla/5.0 (compatible; Yahoo! Slurp; http://help.yahoo.com/help/us/ysearch/slurp)" "shaneperfect.com"
74.6.65.234 - - [21/Jul/2007:06:55:00 -0700] "GET / HTTP/1.0" 200 763 "-" "Mozilla/5.0 (compatible; Yahoo! Slurp; http://help.yahoo.com/help/us/ysearch/slurp)" "shaneperfect.com"
207.46.98.127 - - [21/Jul/2007:10:59:11 -0700] "GET /robots.txt HTTP/1.0" 404 275 "-" "msnbot/1.0 (+http://search.msn.com/msnbot.htm)" "shaneperfect.com"
207.46.98.127 - - [21/Jul/2007:10:59:11 -0700] "GET /contactinfo.html HTTP/1.0" 404 275 "-" "msnbot/1.0 (+http://search.msn.com/msnbot.htm)" "shaneperfect.com"
66.249.72.37 - - [21/Jul/2007:18:07:31 -0700] "GET /robots.txt HTTP/1.1" 404 275 "-" "Mozilla/5.0 (compatible; Googlebot/2.1; +http://www.google.com/bot.html)" "shaneperfect.com"
66.249.72.37 - - [21/Jul/2007:18:07:31 -0700] "GET /logs/access_070701.log HTTP/1.1" 304 - "-" "Mozilla/5.0 (compatible; Googlebot/2.1; +http://www.google.com/bot.html)" "shaneperfect.com"
74.6.19.156 - - [21/Jul/2007:18:15:44 -0700] "GET /robots.txt HTTP/1.0" 404 275 "-" "Mozilla/5.0 (compatible; Yahoo! Slurp; http://help.yahoo.com/help/us/ysearch/slurp)" "www.shaneperfect.com"
74.6.23.206 - - [21/Jul/2007:18:15:44 -0700] "GET /?N=D HTTP/1.0" 200 763 "-" "Mozilla/5.0 (compatible; Yahoo! Slurp; http://help.yahoo.com/help/us/ysearch/slurp)" "www.shaneperfect.com"
207.46.98.127 - - [21/Jul/2007:19:08:26 -0700] "GET /robots.txt HTTP/1.0" 404 275 "-" "msnbot/1.0 (+http://search.msn.com/msnbot.htm)" "shaneperfect.com"
207.46.98.127 - - [21/Jul/2007:19:08:26 -0700] "GET /index.html HTTP/1.0" 404 275 "-" "msnbot/1.0 (+http://search.msn.com/msnbot.htm)" "shaneperfect.com"
65.214.45.101 - - [22/Jul/2007:08:06:35 -0700] "GET /robots.txt HTTP/1.0" 404 275 "-" "Mozilla/5.0 (compatible; Ask Jeeves/Teoma; +http://about.ask.com/en/docs/about/webmasters.shtml)" "www.shaneperfect.com"
65.214.45.101 - - [22/Jul/2007:08:06:35 -0700] "GET / HTTP/1.0" 200 763 "-" "Mozilla/5.0 (compatible; Ask Jeeves/Teoma; +http://about.ask.com/en/docs/about/webmasters.shtml)" "www.shaneperfect.com"
71.97.137.117 - - [23/Jul/2007:00:14:45 -0700] "GET / HTTP/1.1" 200 779 "http://www.hollyheath.com/fineart.html" "Mozilla/5.0 (Windows; U; Windows NT 5.1; en-US; rv:1.8.1.5) Gecko/20070713 Firefox/2.0.0.5" "shaneperfect.com"
71.97.137.117 - - [23/Jul/2007:00:14:54 -0700] "GET /logs/ HTTP/1.1" 200 1945 "http://shaneperfect.com/" "Mozilla/5.0 (Windows; U; Windows NT 5.1; en-US; rv:1.8.1.5) Gecko/20070713 Firefox/2.0.0.5" "shaneperfect.com"
71.97.137.117 - - [23/Jul/2007:00:14:58 -0700] "GET /logs/access_070301.log HTTP/1.1" 200 25559 "http://shaneperfect.com/logs/" "Mozilla/5.0 (Windows; U; Windows NT 5.1; en-US; rv:1.8.1.5) Gecko/20070713 Firefox/2.0.0.5" "shaneperfect.com"
71.97.137.117 - - [23/Jul/2007:00:15:26 -0700] "GET /tmp/ HTTP/1.1" 200 520 "http://shaneperfect.com/" "Mozilla/5.0 (Windows; U; Windows NT 5.1; en-US; rv:1.8.1.5) Gecko/20070713 Firefox/2.0.0.5" "shaneperfect.com"
68.142.212.193 - - [23/Jul/2007:03:07:42 -0700] "GET /robots.txt HTTP/1.0" 404 275 "-" "Yahoo-MMCrawler/3.x (mms dash mmcrawler dash support at yahoo dash inc dot com)" "shaneperfect.com"
74.6.75.34 - - [23/Jul/2007:03:30:32 -0700] "GET /robots.txt HTTP/1.0" 404 275 "-" "Mozilla/5.0 (compatible; Yahoo! Slurp; http://help.yahoo.com/help/us/ysearch/slurp)" "shaneperfect.com"
74.6.67.220 - - [23/Jul/2007:03:30:54 -0700] "GET /index.html HTTP/1.0" 404 275 "-" "Mozilla/5.0 (compatible; Yahoo! Slurp; http://help.yahoo.com/help/us/ysearch/slurp)" "shaneperfect.com"
88.107.205.165 - - [23/Jul/2007:09:43:17 -0700] "GET /logs/access_070701.log HTTP/1.1" 200 125427 "http://www.google.co.uk/search?hl=en&q=inurl%22view.frame&meta=" "Mozilla/4.0 (compatible; MSIE 7.0; Windows NT 5.1; InfoPath.1; .NET CLR 2.0.50727)" "shaneperfect.com"
68.142.212.189 - - [23/Jul/2007:17:40:55 -0700] "GET /robots.txt HTTP/1.0" 404 275 "-" "Yahoo-MMCrawler/3.x (mms dash mmcrawler dash support at yahoo dash inc dot com)" "www.shaneperfect.com"
38.99.203.110 - - [23/Jul/2007:17:56:08 -0700] "GET /robots.txt HTTP/1.1" 404 275 "-" "Java/1.7.0-ea" "www.shaneperfect.com"
38.99.203.110 - - [23/Jul/2007:17:56:08 -0700] "GET / HTTP/1.1" 200 779 "-" "panscient.com" "www.shaneperfect.com"
38.99.203.110 - - [23/Jul/2007:17:56:08 -0700] "GET /robots.txt HTTP/1.1" 404 275 "-" "Java/1.7.0-ea" "www.shaneperfect.com"
38.99.203.110 - - [23/Jul/2007:17:56:11 -0700] "GET /?D=A HTTP/1.1" 200 779 "-" "panscient.com" "www.shaneperfect.com"
38.99.203.110 - - [23/Jul/2007:17:56:13 -0700] "GET /?D=D HTTP/1.1" 200 779 "-" "panscient.com" "www.shaneperfect.com"
38.99.203.110 - - [23/Jul/2007:17:56:14 -0700] "GET /?N=D HTTP/1.1" 200 779 "-" "panscient.com" "www.shaneperfect.com"
38.99.203.110 - - [23/Jul/2007:17:56:17 -0700] "GET /?N=A HTTP/1.1" 200 779 "-" "panscient.com" "www.shaneperfect.com"
38.99.203.110 - - [23/Jul/2007:17:56:18 -0700] "GET /logs/ HTTP/1.1" 200 1945 "-" "panscient.com" "www.shaneperfect.com"
38.99.203.110 - - [23/Jul/2007:17:56:19 -0700] "GET /logs/?N=D HTTP/1.1" 200 1945 "-" "panscient.com" "www.shaneperfect.com"
38.99.203.110 - - [23/Jul/2007:17:56:21 -0700] "GET /logs/?D=A HTTP/1.1" 200 1945 "-" "panscient.com" "www.shaneperfect.com"
38.99.203.110 - - [23/Jul/2007:17:56:24 -0700] "GET /logs/?N=A HTTP/1.1" 200 1945 "-" "panscient.com" "www.shaneperfect.com"
38.99.203.110 - - [23/Jul/2007:17:56:25 -0700] "GET /logs/?D=D HTTP/1.1" 200 1945 "-" "panscient.com" "www.shaneperfect.com"
38.99.203.110 - - [23/Jul/2007:17:56:26 -0700] "GET /?M=A HTTP/1.1" 200 779 "-" "panscient.com" "www.shaneperfect.com"
38.99.203.110 - - [23/Jul/2007:17:56:27 -0700] "GET /logs/?M=A HTTP/1.1" 200 1945 "-" "panscient.com" "www.shaneperfect.com"
38.99.203.110 - - [23/Jul/2007:17:56:28 -0700] "GET /tmp/ HTTP/1.1" 200 520 "-" "panscient.com" "www.shaneperfect.com"
38.99.203.110 - - [23/Jul/2007:17:56:29 -0700] "GET /tmp/?N=D HTTP/1.1" 200 520 "-" "panscient.com" "www.shaneperfect.com"
38.99.203.110 - - [23/Jul/2007:17:56:30 -0700] "GET /tmp/?D=A HTTP/1.1" 200 520 "-" "panscient.com" "www.shaneperfect.com"
38.99.203.110 - - [23/Jul/2007:17:56:31 -0700] "GET /tmp/?D=D HTTP/1.1" 200 520 "-" "panscient.com" "www.shaneperfect.com"
38.99.203.110 - - [23/Jul/2007:17:56:35 -0700] "GET /tmp/?N=A HTTP/1.1" 200 520 "-" "panscient.com" "www.shaneperfect.com"
38.99.203.110 - - [23/Jul/2007:17:56:36 -0700] "GET /tmp/?M=A HTTP/1.1" 200 520 "-" "panscient.com" "www.shaneperfect.com"
38.99.203.110 - - [23/Jul/2007:17:56:40 -0700] "GET /tmp/?S=A HTTP/1.1" 200 520 "-" "panscient.com" "www.shaneperfect.com"
38.99.203.110 - - [23/Jul/2007:17:56:40 -0700] "GET /?S=A HTTP/1.1" 200 779 "-" "panscient.com" "www.shaneperfect.com"
38.99.203.110 - - [23/Jul/2007:17:56:41 -0700] "GET /logs/?S=A HTTP/1.1" 200 1945 "-" "panscient.com" "www.shaneperfect.com"
209.167.50.27 - - [23/Jul/2007:20:13:34 -0700] "GET /robots.txt HTTP/1.1" 404 275 "www.seventwentyfour.com/" "LinkWalker/2.0" "www.shaneperfect.com"
209.167.50.27 - - [23/Jul/2007:20:13:34 -0700] "GET / HTTP/1.1" 200 779 "-" "LinkWalker/2.0" "www.shaneperfect.com"
209.167.50.27 - - [23/Jul/2007:20:13:49 -0700] "GET /tmp/ HTTP/1.1" 200 520 "-" "LinkWalker/2.0" "www.shaneperfect.com"
209.167.50.27 - - [23/Jul/2007:20:14:04 -0700] "GET /?S=A HTTP/1.1" 200 779 "-" "LinkWalker/2.0" "www.shaneperfect.com"
209.167.50.27 - - [23/Jul/2007:20:14:19 -0700] "GET /logs/ HTTP/1.1" 200 1945 "-" "LinkWalker/2.0" "www.shaneperfect.com"
209.167.50.27 - - [23/Jul/2007:20:14:34 -0700] "GET /?D=A HTTP/1.1" 200 779 "-" "LinkWalker/2.0" "www.shaneperfect.com"
209.167.50.27 - - [23/Jul/2007:20:14:50 -0700] "GET /?N=D HTTP/1.1" 200 779 "-" "LinkWalker/2.0" "www.shaneperfect.com"
209.167.50.27 - - [23/Jul/2007:20:15:05 -0700] "GET /?M=A HTTP/1.1" 200 779 "-" "LinkWalker/2.0" "www.shaneperfect.com"
209.167.50.27 - - [23/Jul/2007:20:15:20 -0700] "GET /tmp/?N=D HTTP/1.1" 200 520 "-" "LinkWalker/2.0" "www.shaneperfect.com"
209.167.50.27 - - [23/Jul/2007:20:15:35 -0700] "GET /tmp/?D=A HTTP/1.1" 200 520 "-" "LinkWalker/2.0" "www.shaneperfect.com"
209.167.50.27 - - [23/Jul/2007:20:15:50 -0700] "GET /tmp/?S=A HTTP/1.1" 200 520 "-" "LinkWalker/2.0" "www.shaneperfect.com"
209.167.50.27 - - [23/Jul/2007:20:16:05 -0700] "GET /tmp/?M=A HTTP/1.1" 200 520 "-" "LinkWalker/2.0" "www.shaneperfect.com"
209.167.50.27 - - [23/Jul/2007:20:16:20 -0700] "GET /?S=D HTTP/1.1" 200 779 "-" "LinkWalker/2.0" "www.shaneperfect.com"
209.167.50.27 - - [23/Jul/2007:20:16:35 -0700] "GET /?N=A HTTP/1.1" 200 779 "-" "LinkWalker/2.0" "www.shaneperfect.com"
209.167.50.27 - - [23/Jul/2007:20:16:50 -0700] "GET /logs/access_070501.log HTTP/1.1" 200 70463 "-" "LinkWalker/2.0" "www.shaneperfect.com"
209.167.50.27 - - [23/Jul/2007:20:17:05 -0700] "GET /logs/?M=A HTTP/1.1" 200 1945 "-" "LinkWalker/2.0" "www.shaneperfect.com"
209.167.50.27 - - [23/Jul/2007:20:17:21 -0700] "GET /logs/access_070301.log HTTP/1.1" 200 25559 "-" "LinkWalker/2.0" "www.shaneperfect.com"
209.167.50.27 - - [23/Jul/2007:20:17:35 -0700] "GET /logs/access_070601.log HTTP/1.1" 200 1711 "-" "LinkWalker/2.0" "www.shaneperfect.com"
209.167.50.27 - - [23/Jul/2007:20:17:50 -0700] "GET /logs/access.log HTTP/1.1" 200 77384 "-" "LinkWalker/2.0" "www.shaneperfect.com"
209.167.50.27 - - [23/Jul/2007:20:18:05 -0700] "GET /logs/?N=D HTTP/1.1" 200 1945 "-" "LinkWalker/2.0" "www.shaneperfect.com"
209.167.50.27 - - [23/Jul/2007:20:18:20 -0700] "GET /logs/access_070531.log HTTP/1.1" 200 65536 "-" "LinkWalker/2.0" "www.shaneperfect.com"
209.167.50.27 - - [23/Jul/2007:20:18:35 -0700] "GET /logs/access_070329.log HTTP/1.1" 200 49820 "-" "LinkWalker/2.0" "www.shaneperfect.com"
209.167.50.27 - - [23/Jul/2007:20:18:50 -0700] "GET /logs/access_070330.log HTTP/1.1" 200 2550 "-" "LinkWalker/2.0" "www.shaneperfect.com"
209.167.50.27 - - [23/Jul/2007:20:19:05 -0700] "GET /logs/?S=A HTTP/1.1" 200 1945 "-" "LinkWalker/2.0" "www.shaneperfect.com"
209.167.50.27 - - [23/Jul/2007:20:19:20 -0700] "GET /logs/access_070701.log HTTP/1.1" 200 65536 "-" "LinkWalker/2.0" "www.shaneperfect.com"
209.167.50.27 - - [23/Jul/2007:20:19:35 -0700] "GET /logs/access_070401.log HTTP/1.1" 200 1955 "-" "LinkWalker/2.0" "www.shaneperfect.com"
209.167.50.27 - - [23/Jul/2007:20:19:50 -0700] "GET /logs/access_070331.log HTTP/1.1" 200 6009 "-" "LinkWalker/2.0" "www.shaneperfect.com"
209.167.50.27 - - [23/Jul/2007:20:20:05 -0700] "GET /logs/?D=A HTTP/1.1" 200 1945 "-" "LinkWalker/2.0" "www.shaneperfect.com"
209.167.50.27 - - [23/Jul/2007:20:20:20 -0700] "GET /?D=D HTTP/1.1" 200 779 "-" "LinkWalker/2.0" "www.shaneperfect.com"
209.167.50.27 - - [23/Jul/2007:20:20:35 -0700] "GET /?M=D HTTP/1.1" 200 779 "-" "LinkWalker/2.0" "www.shaneperfect.com"
209.167.50.27 - - [23/Jul/2007:20:20:50 -0700] "GET /tmp/?N=A HTTP/1.1" 200 520 "-" "LinkWalker/2.0" "www.shaneperfect.com"
209.167.50.27 - - [23/Jul/2007:20:21:05 -0700] "GET /tmp/?D=D HTTP/1.1" 200 520 "-" "LinkWalker/2.0" "www.shaneperfect.com"
209.167.50.27 - - [23/Jul/2007:20:21:20 -0700] "GET /tmp/?S=D HTTP/1.1" 200 520 "-" "LinkWalker/2.0" "www.shaneperfect.com"
209.167.50.27 - - [23/Jul/2007:20:21:35 -0700] "GET /tmp/?M=D HTTP/1.1" 200 520 "-" "LinkWalker/2.0" "www.shaneperfect.com"
209.167.50.27 - - [23/Jul/2007:20:21:50 -0700] "GET /logs/?M=D HTTP/1.1" 200 1945 "-" "LinkWalker/2.0" "www.shaneperfect.com"
209.167.50.27 - - [23/Jul/2007:20:22:05 -0700] "GET /logs/?N=A HTTP/1.1" 200 1945 "-" "LinkWalker/2.0" "www.shaneperfect.com"
209.167.50.27 - - [23/Jul/2007:20:22:20 -0700] "GET /logs/?S=D HTTP/1.1" 200 1945 "-" "LinkWalker/2.0" "www.shaneperfect.com"
209.167.50.27 - - [23/Jul/2007:20:22:35 -0700] "GET /logs/?D=D HTTP/1.1" 200 1945 "-" "LinkWalker/2.0" "www.shaneperfect.com"
149.164.100.131 - - [24/Jul/2007:08:39:31 -0700] "GET / HTTP/1.1" 200 779 "http://www.hollyheath.com/artiststatement.html" "Mozilla/4.0 (compatible; MSIE 7.0; Windows NT 5.1; .NET CLR 1.1.4322; .NET CLR 2.0.50727; InfoPath.2)" "shaneperfect.com"
149.164.100.131 - - [24/Jul/2007:08:39:32 -0700] "GET /favicon.ico HTTP/1.1" 404 275 "-" "Mozilla/4.0 (compatible; MSIE 7.0; Windows NT 5.1; .NET CLR 1.1.4322; .NET CLR 2.0.50727; InfoPath.2)" "shaneperfect.com"
149.164.100.131 - - [24/Jul/2007:08:39:37 -0700] "GET /logs/ HTTP/1.1" 200 1945 "http://shaneperfect.com/" "Mozilla/4.0 (compatible; MSIE 7.0; Windows NT 5.1; .NET CLR 1.1.4322; .NET CLR 2.0.50727; InfoPath.2)" "shaneperfect.com"
149.164.100.131 - - [24/Jul/2007:08:39:38 -0700] "GET /logs/access_070301.log HTTP/1.1" 200 25559 "http://shaneperfect.com/logs/" "Mozilla/4.0 (compatible; MSIE 7.0; Windows NT 5.1; .NET CLR 1.1.4322; .NET CLR 2.0.50727; InfoPath.2)" "shaneperfect.com"
149.164.100.131 - - [24/Jul/2007:08:39:42 -0700] "GET / HTTP/1.1" 200 779 "http://www.hollyheath.com/artiststatement.html" "Mozilla/4.0 (compatible; MSIE 7.0; Windows NT 5.1; .NET CLR 1.1.4322; .NET CLR 2.0.50727; InfoPath.2)" "shaneperfect.com"
149.164.100.131 - - [24/Jul/2007:08:39:43 -0700] "GET /tmp/ HTTP/1.1" 200 520 "http://shaneperfect.com/" "Mozilla/4.0 (compatible; MSIE 7.0; Windows NT 5.1; .NET CLR 1.1.4322; .NET CLR 2.0.50727; InfoPath.2)" "shaneperfect.com"
149.164.100.131 - - [24/Jul/2007:08:39:45 -0700] "GET / HTTP/1.1" 200 779 "http://shaneperfect.com/tmp/" "Mozilla/4.0 (compatible; MSIE 7.0; Windows NT 5.1; .NET CLR 1.1.4322; .NET CLR 2.0.50727; InfoPath.2)" "shaneperfect.com"
63.123.238.8 - - [24/Jul/2007:10:31:05 -0700] "GET /robots.txt HTTP/1.1" 404 275 "-" "Mozilla/2.0 (compatible; Ask Jeeves/Teoma)" "www.shaneperfect.com"
63.123.238.8 - - [24/Jul/2007:10:31:05 -0700] "GET / HTTP/1.1" 200 779 "-" "Mozilla/2.0 (compatible; Ask Jeeves/Teoma)" "www.shaneperfect.com"
74.208.71.159 - - [24/Jul/2007:14:07:48 -0700] "GET / HTTP/1.0" 200 763 "-" "Mozilla/4.0 (compatible; MSIE 6.0; Windows NT 5.1; SV1; .NET CLR 1.1.4322; .NET CLR 2.0.50727)" "www.shaneperfect.com"
74.208.71.84 - - [24/Jul/2007:14:10:45 -0700] "GET /logs/ HTTP/1.0" 200 1929 "-" "Mozilla/4.0 (compatible; MSIE 6.0; Windows NT 5.1; SV1; .NET CLR 1.1.4322; .NET CLR 2.0.50727)" "www.shaneperfect.com"
207.189.107.57 - - [24/Jul/2007:14:10:51 -0700] "GET /tmp/ HTTP/1.0" 200 504 "-" "-" "www.shaneperfect.com"
74.208.71.187 - - [24/Jul/2007:14:54:09 -0700] "GET / HTTP/1.0" 200 763 "-" "Mozilla/4.0 (compatible; MSIE 6.0; Windows NT 5.1; SV1; .NET CLR 1.1.4322; .NET CLR 2.0.50727)" "www.shaneperfect.com"
74.208.68.31 - - [24/Jul/2007:14:54:10 -0700] "GET / HTTP/1.0" 200 763 "-" "Mozilla/4.0 (compatible; MSIE 6.0; Windows NT 5.1; SV1; .NET CLR 1.1.4322; .NET CLR 2.0.50727)" "www.shaneperfect.com"
74.208.68.53 - - [24/Jul/2007:14:55:37 -0700] "GET /logs/ HTTP/1.0" 200 1929 "-" "Mozilla/4.0 (compatible; MSIE 6.0; Windows NT 5.1; SV1; .NET CLR 1.1.4322; .NET CLR 2.0.50727)" "www.shaneperfect.com"
74.208.71.84 - - [24/Jul/2007:14:55:40 -0700] "GET /logs/ HTTP/1.0" 200 1929 "-" "Mozilla/4.0 (compatible; MSIE 6.0; Windows NT 5.1; SV1; .NET CLR 1.1.4322; .NET CLR 2.0.50727)" "www.shaneperfect.com"
82.165.148.17 - - [24/Jul/2007:14:56:22 -0700] "GET /tmp/ HTTP/1.0" 200 504 "-" "Mozilla/4.0 (compatible; MSIE 6.0; Windows NT 5.1; SV1; .NET CLR 1.1.4322; .NET CLR 2.0.50727)" "www.shaneperfect.com"
74.208.71.125 - - [24/Jul/2007:14:56:52 -0700] "GET /tmp/ HTTP/1.0" 200 504 "-" "Mozilla/4.0 (compatible; MSIE 6.0; Windows NT 5.1; SV1; .NET CLR 1.1.4322; .NET CLR 2.0.50727)" "www.shaneperfect.com"
63.229.62.12 - - [24/Jul/2007:16:13:44 -0700] "GET / HTTP/1.0" 200 763 "-" "Mozilla/4.0 (compatible; MSIE 6.0; Windows NT 5.1; SV1; .NET CLR 1.1.4322; .NET CLR 2.0.50727)" "www.shaneperfect.com"
63.251.174.4 - - [25/Jul/2007:00:56:29 -0700] "GET / HTTP/1.0" 200 763 "-" "Mozilla/4.0 (compatible; MSIE 6.0; Windows NT 5.1; SV1; .NET CLR 1.1.4322; .NET CLR 2.0.50727)" "www.shaneperfect.com"
63.251.174.4 - - [25/Jul/2007:01:00:52 -0700] "GET / HTTP/1.0" 200 763 "-" "Mozilla/4.0 (compatible; MSIE 6.0; Windows NT 5.1; SV1; .NET CLR 1.1.4322; .NET CLR 2.0.50727)" "www.shaneperfect.com"
63.229.62.12 - - [25/Jul/2007:01:28:59 -0700] "GET /tmp/ HTTP/1.0" 200 504 "-" "Mozilla/4.0 (compatible; MSIE 6.0; Windows NT 5.1; SV1; .NET CLR 1.1.4322; .NET CLR 2.0.50727)" "www.shaneperfect.com"
63.229.62.12 - - [25/Jul/2007:01:30:29 -0700] "GET /tmp/ HTTP/1.0" 200 504 "-" "Mozilla/4.0 (compatible; MSIE 6.0; Windows NT 5.1; SV1; .NET CLR 1.1.4322; .NET CLR 2.0.50727)" "www.shaneperfect.com"
63.229.62.12 - - [25/Jul/2007:01:30:34 -0700] "GET /logs/ HTTP/1.0" 200 1929 "-" "Mozilla/4.0 (compatible; MSIE 6.0; Windows NT 5.1; SV1; .NET CLR 1.1.4322; .NET CLR 2.0.50727)" "www.shaneperfect.com"
63.251.174.226 - - [25/Jul/2007:01:30:59 -0700] "GET /logs/ HTTP/1.0" 200 1929 "-" "Mozilla/4.0 (compatible; MSIE 6.0; Windows NT 5.1; SV1; .NET CLR 1.1.4322; .NET CLR 2.0.50727)" "www.shaneperfect.com"
68.142.212.193 - - [25/Jul/2007:08:12:42 -0700] "GET /robots.txt HTTP/1.0" 404 275 "-" "Yahoo-MMCrawler/3.x (mms dash mmcrawler dash support at yahoo dash inc dot com)" "shaneperfect.com"
68.142.212.189 - - [25/Jul/2007:20:47:32 -0700] "GET /robots.txt HTTP/1.0" 404 275 "-" "Yahoo-MMCrawler/3.x (mms dash mmcrawler dash support at yahoo dash inc dot com)" "www.shaneperfect.com"
38.99.13.121 - - [26/Jul/2007:17:26:26 -0700] "GET /robots.txt HTTP/1.0" 404 275 "-" "Mozilla/5.0 (Twiceler-0.9 http://www.cuill.com/twiceler/robot.html)" "shaneperfect.com"
68.142.212.193 - - [27/Jul/2007:11:10:11 -0700] "GET /robots.txt HTTP/1.0" 404 275 "-" "Yahoo-MMCrawler/3.x (mms dash mmcrawler dash support at yahoo dash inc dot com)" "shaneperfect.com"
74.6.75.43 - - [27/Jul/2007:18:07:42 -0700] "GET /robots.txt HTTP/1.0" 404 275 "-" "Mozilla/5.0 (compatible; Yahoo! Slurp; http://help.yahoo.com/help/us/ysearch/slurp)" "shaneperfect.com"
74.6.65.234 - - [27/Jul/2007:18:07:42 -0700] "GET / HTTP/1.0" 200 763 "-" "Mozilla/5.0 (compatible; Yahoo! Slurp; http://help.yahoo.com/help/us/ysearch/slurp)" "shaneperfect.com"
66.249.72.37 - - [27/Jul/2007:22:31:33 -0700] "GET /robots.txt HTTP/1.1" 404 275 "-" "Mozilla/5.0 (compatible; Googlebot/2.1; +http://www.google.com/bot.html)" "shaneperfect.com"
66.249.72.37 - - [27/Jul/2007:22:31:33 -0700] "GET /logs/ HTTP/1.1" 200 1945 "-" "Mozilla/5.0 (compatible; Googlebot/2.1; +http://www.google.com/bot.html)" "shaneperfect.com"
68.142.212.189 - - [28/Jul/2007:01:08:05 -0700] "GET /robots.txt HTTP/1.0" 404 275 "-" "Yahoo-MMCrawler/3.x (mms dash mmcrawler dash support at yahoo dash inc dot com)" "www.shaneperfect.com"
63.123.238.8 - - [28/Jul/2007:02:17:52 -0700] "GET /robots.txt HTTP/1.1" 404 275 "-" "Mozilla/2.0 (compatible; Ask Jeeves/Teoma)" "www.shaneperfect.com"
63.123.238.8 - - [28/Jul/2007:02:17:52 -0700] "GET / HTTP/1.1" 200 779 "-" "Mozilla/2.0 (compatible; Ask Jeeves/Teoma)" "www.shaneperfect.com"
38.99.13.121 - - [28/Jul/2007:11:01:41 -0700] "GET /robots.txt HTTP/1.0" 404 275 "-" "Mozilla/5.0 (Twiceler-0.9 http://www.cuill.com/twiceler/robot.html)" "shaneperfect.com"
74.6.75.20 - - [29/Jul/2007:00:19:50 -0700] "GET /robots.txt HTTP/1.0" 404 275 "-" "Mozilla/5.0 (compatible; Yahoo! Slurp; http://help.yahoo.com/help/us/ysearch/slurp)" "www.shaneperfect.com"
74.6.68.163 - - [29/Jul/2007:00:19:50 -0700] "GET / HTTP/1.0" 200 763 "-" "Mozilla/5.0 (compatible; Yahoo! Slurp; http://help.yahoo.com/help/us/ysearch/slurp)" "www.shaneperfect.com"
38.99.13.121 - - [29/Jul/2007:09:29:18 -0700] "GET /robots.txt HTTP/1.0" 404 275 "-" "Mozilla/5.0 (Twiceler-0.9 http://www.cuill.com/twiceler/robot.html)" "shaneperfect.com"
66.109.30.182 - - [29/Jul/2007:09:38:40 -0700] "GET http://shaneperfect.com/logs/access.log HTTP/1.0" 200 87670 "-" "lq1dphol1q jlvXfxk ih tul" "shaneperfect.com"
66.249.72.37 - - [29/Jul/2007:15:27:32 -0700] "GET /robots.txt HTTP/1.1" 404 275 "-" "Mozilla/5.0 (compatible; Googlebot/2.1; +http://www.google.com/bot.html)" "shaneperfect.com"
66.249.72.37 - - [29/Jul/2007:15:27:32 -0700] "GET /logs/access_070301.log HTTP/1.1" 200 25559 "-" "Mozilla/5.0 (compatible; Googlebot/2.1; +http://www.google.com/bot.html)" "shaneperfect.com"
74.6.19.114 - - [29/Jul/2007:22:52:46 -0700] "GET /robots.txt HTTP/1.0" 404 275 "-" "Mozilla/5.0 (compatible; Yahoo! Slurp; http://help.yahoo.com/help/us/ysearch/slurp)" "shaneperfect.com"
74.6.26.166 - - [29/Jul/2007:22:52:47 -0700] "GET /tmp/ HTTP/1.0" 200 504 "-" "Mozilla/5.0 (compatible; Yahoo! Slurp; http://help.yahoo.com/help/us/ysearch/slurp)" "shaneperfect.com"
68.142.212.193 - - [30/Jul/2007:09:23:34 -0700] "GET /robots.txt HTTP/1.0" 404 275 "-" "Yahoo-MMCrawler/3.x (mms dash mmcrawler dash support at yahoo dash inc dot com)" "shaneperfect.com"
38.99.13.121 - - [30/Jul/2007:13:03:34 -0700] "GET /logs/access_070331.log HTTP/1.0" 200 6009 "-" "Mozilla/5.0 (Twiceler-0.9 http://www.cuill.com/twiceler/robot.html)" "shaneperfect.com"
71.134.96.214 - - [30/Jul/2007:14:23:01 -0700] "GET /logs/access_070331.log HTTP/1.1" 200 6009 "-" "Mozilla/4.0 (compatible; MSIE 6.0; Windows NT 5.1; SV1; .NET CLR 1.1.4322; .NET CLR 2.0.50727)" "shaneperfect.com"
38.99.13.121 - - [30/Jul/2007:19:12:08 -0700] "GET /robots.txt HTTP/1.0" 404 275 "-" "Mozilla/5.0 (Twiceler-0.9 http://www.cuill.com/twiceler/robot.html)" "shaneperfect.com"