68.142.212.193 - - [15/Jun/2007:13:08:52 -0700] "GET /robots.txt HTTP/1.0" 404 275 "-" "Yahoo-MMCrawler/3.x (mms dash mmcrawler dash support at yahoo dash inc dot com)" "shaneperfect.com"
74.6.86.207 - - [15/Jun/2007:15:46:17 -0700] "GET /robots.txt HTTP/1.0" 404 275 "-" "Mozilla/5.0 (compatible; Yahoo! Slurp; http://help.yahoo.com/help/us/ysearch/slurp)" "shaneperfect.com"
74.6.85.153 - - [15/Jun/2007:15:46:17 -0700] "GET /logs/access_070330.log HTTP/1.0" 304 - "-" "Mozilla/5.0 (compatible; Yahoo! Slurp; http://help.yahoo.com/help/us/ysearch/slurp)" "shaneperfect.com"
128.194.135.94 - - [16/Jun/2007:04:23:23 -0700] "GET /?M=A HTTP/1.1" 200 779 "-" "IRLbot/3.0 (compatible; MSIE 6.0; http://irl.cs.tamu.edu/crawler)" "shaneperfect.com"
128.194.135.94 - - [16/Jun/2007:04:24:21 -0700] "GET /?D=A HTTP/1.1" 200 779 "-" "IRLbot/3.0 (compatible; MSIE 6.0; http://irl.cs.tamu.edu/crawler)" "shaneperfect.com"
128.194.135.94 - - [16/Jun/2007:04:25:15 -0700] "GET /logs/ HTTP/1.1" 200 1802 "-" "IRLbot/3.0 (compatible; MSIE 6.0; http://irl.cs.tamu.edu/crawler)" "shaneperfect.com"
128.194.135.94 - - [16/Jun/2007:04:26:51 -0700] "GET /tmp/ HTTP/1.1" 200 520 "-" "IRLbot/3.0 (compatible; MSIE 6.0; http://irl.cs.tamu.edu/crawler)" "shaneperfect.com"
128.194.135.94 - - [16/Jun/2007:04:29:15 -0700] "GET /?N=D HTTP/1.1" 200 779 "-" "IRLbot/3.0 (compatible; MSIE 6.0; http://irl.cs.tamu.edu/crawler)" "shaneperfect.com"
128.194.135.94 - - [16/Jun/2007:04:31:29 -0700] "GET /?S=A HTTP/1.1" 200 779 "-" "IRLbot/3.0 (compatible; MSIE 6.0; http://irl.cs.tamu.edu/crawler)" "shaneperfect.com"
74.6.86.207 - - [16/Jun/2007:07:34:59 -0700] "GET /robots.txt HTTP/1.0" 404 275 "-" "Mozilla/5.0 (compatible; Yahoo! Slurp; http://help.yahoo.com/help/us/ysearch/slurp)" "shaneperfect.com"
74.6.86.105 - - [16/Jun/2007:07:34:59 -0700] "GET /?N=A HTTP/1.0" 200 763 "-" "Mozilla/5.0 (compatible; Yahoo! Slurp; http://help.yahoo.com/help/us/ysearch/slurp)" "shaneperfect.com"
74.6.19.114 - - [16/Jun/2007:14:24:30 -0700] "GET /robots.txt HTTP/1.0" 404 275 "-" "Mozilla/5.0 (compatible; Yahoo! Slurp; http://help.yahoo.com/help/us/ysearch/slurp)" "shaneperfect.com"
74.6.86.207 - - [16/Jun/2007:16:26:23 -0700] "GET /robots.txt HTTP/1.0" 404 275 "-" "Mozilla/5.0 (compatible; Yahoo! Slurp; http://help.yahoo.com/help/us/ysearch/slurp)" "shaneperfect.com"
74.6.86.113 - - [16/Jun/2007:16:27:16 -0700] "GET / HTTP/1.0" 200 763 "-" "Mozilla/5.0 (compatible; Yahoo! Slurp; http://help.yahoo.com/help/us/ysearch/slurp)" "shaneperfect.com"
66.249.70.24 - - [16/Jun/2007:19:10:10 -0700] "GET /robots.txt HTTP/1.1" 404 275 "-" "Mozilla/5.0 (compatible; Googlebot/2.1; +http://www.google.com/bot.html)" "shaneperfect.com"
66.249.70.24 - - [16/Jun/2007:19:10:10 -0700] "GET /logs/access_070501.log HTTP/1.1" 304 - "-" "Mozilla/5.0 (compatible; Googlebot/2.1; +http://www.google.com/bot.html)" "shaneperfect.com"
74.6.86.207 - - [17/Jun/2007:06:59:29 -0700] "GET /robots.txt HTTP/1.0" 404 275 "-" "Mozilla/5.0 (compatible; Yahoo! Slurp; http://help.yahoo.com/help/us/ysearch/slurp)" "shaneperfect.com"
74.6.86.228 - - [17/Jun/2007:06:59:56 -0700] "GET /tmp/ HTTP/1.0" 200 504 "-" "Mozilla/5.0 (compatible; Yahoo! Slurp; http://help.yahoo.com/help/us/ysearch/slurp)" "shaneperfect.com"
76.20.253.24 - - [17/Jun/2007:10:02:22 -0700] "GET /images/cn3.jpg HTTP/1.1" 404 275 "http://images.search.yahoo.com/search/images/view?frame=top&back=http%3A%2F%2Fimages.search.yahoo.com%2Fsearch%2Fimages%3Fei%3DUTF-8%26p%3Dcolor%252Fnature%26fr%3Dslv8-msgr%26b%3D41&w=163&h=163&imgurl=shaneperfect.com%2Fimages%2Fcn3.jpg&rurl=http%3A%2F%2Fshaneperfect.com%2Fcolornature.html&size=66.0kB&name=cn3.jpg&p=color%2Fnature&type=jpeg&no=47&tt=206&oid=67693addad276444&ei=UTF-8" "Mozilla/4.0 (compatible; MSIE 7.0; Windows NT 5.1; .NET CLR 1.1.4322)" "shaneperfect.com"
76.20.253.24 - - [17/Jun/2007:10:02:22 -0700] "GET /colornature.html HTTP/1.1" 404 275 "http://images.search.yahoo.com/search/images/view?back=http%3A%2F%2Fimages.search.yahoo.com%2Fsearch%2Fimages%3Fei%3DUTF-8%26p%3Dcolor%252Fnature%26fr%3Dslv8-msgr%26b%3D41&w=163&h=163&imgurl=shaneperfect.com%2Fimages%2Fcn3.jpg&rurl=http%3A%2F%2Fshaneperfect.com%2Fcolornature.html&size=66.0kB&name=cn3.jpg&p=color%2Fnature&type=jpeg&no=47&tt=206&oid=67693addad276444&ei=UTF-8" "Mozilla/4.0 (compatible; MSIE 7.0; Windows NT 5.1; .NET CLR 1.1.4322)" "shaneperfect.com"
76.20.253.24 - - [17/Jun/2007:10:02:25 -0700] "GET /colornature.html HTTP/1.1" 404 275 "http://images.search.yahoo.com/search/images/view?back=http%3A%2F%2Fimages.search.yahoo.com%2Fsearch%2Fimages%3Fei%3DUTF-8%26p%3Dcolor%252Fnature%26fr%3Dslv8-msgr%26b%3D41&w=163&h=163&imgurl=shaneperfect.com%2Fimages%2Fcn3.jpg&rurl=http%3A%2F%2Fshaneperfect.com%2Fcolornature.html&size=66.0kB&name=cn3.jpg&p=color%2Fnature&type=jpeg&no=47&tt=206&oid=67693addad276444&ei=UTF-8" "Mozilla/4.0 (compatible; MSIE 7.0; Windows NT 5.1; .NET CLR 1.1.4322)" "shaneperfect.com"
76.20.253.24 - - [17/Jun/2007:10:09:02 -0700] "GET /colornature.html HTTP/1.1" 404 275 "http://images.search.yahoo.com/search/images/view?back=http%3A%2F%2Fimages.search.yahoo.com%2Fsearch%2Fimages%3Fei%3DUTF-8%26p%3Dcolor%252Fnature%26fr%3Dslv8-msgr%26b%3D61&w=162&h=212&imgurl=shaneperfect.com%2Fimages%2Fcn7.jpg&rurl=http%3A%2F%2Fshaneperfect.com%2Fcolornature.html&size=65.3kB&name=cn7.jpg&p=color%2Fnature&type=jpeg&no=69&tt=206&oid=c6cfb0d91a8156a4&ei=UTF-8" "Mozilla/4.0 (compatible; MSIE 7.0; Windows NT 5.1; .NET CLR 1.1.4322)" "shaneperfect.com"
76.20.253.24 - - [17/Jun/2007:10:09:02 -0700] "GET /images/cn7.jpg HTTP/1.1" 404 275 "http://images.search.yahoo.com/search/images/view?frame=top&back=http%3A%2F%2Fimages.search.yahoo.com%2Fsearch%2Fimages%3Fei%3DUTF-8%26p%3Dcolor%252Fnature%26fr%3Dslv8-msgr%26b%3D61&w=162&h=212&imgurl=shaneperfect.com%2Fimages%2Fcn7.jpg&rurl=http%3A%2F%2Fshaneperfect.com%2Fcolornature.html&size=65.3kB&name=cn7.jpg&p=color%2Fnature&type=jpeg&no=69&tt=206&oid=c6cfb0d91a8156a4&ei=UTF-8" "Mozilla/4.0 (compatible; MSIE 7.0; Windows NT 5.1; .NET CLR 1.1.4322)" "shaneperfect.com"
76.20.253.24 - - [17/Jun/2007:10:09:04 -0700] "GET /colornature.html HTTP/1.1" 404 275 "http://images.search.yahoo.com/search/images/view?back=http%3A%2F%2Fimages.search.yahoo.com%2Fsearch%2Fimages%3Fei%3DUTF-8%26p%3Dcolor%252Fnature%26fr%3Dslv8-msgr%26b%3D61&w=162&h=212&imgurl=shaneperfect.com%2Fimages%2Fcn7.jpg&rurl=http%3A%2F%2Fshaneperfect.com%2Fcolornature.html&size=65.3kB&name=cn7.jpg&p=color%2Fnature&type=jpeg&no=69&tt=206&oid=c6cfb0d91a8156a4&ei=UTF-8" "Mozilla/4.0 (compatible; MSIE 7.0; Windows NT 5.1; .NET CLR 1.1.4322)" "shaneperfect.com"
76.20.253.24 - - [17/Jun/2007:10:09:14 -0700] "GET /colornature.html HTTP/1.1" 404 275 "http://images.search.yahoo.com/search/images/view?back=http%3A%2F%2Fimages.search.yahoo.com%2Fsearch%2Fimages%3Fei%3DUTF-8%26p%3Dcolor%252Fnature%26fr%3Dslv8-msgr%26b%3D61&w=160&h=162&imgurl=shaneperfect.com%2Fimages%2Fcn2.jpg&rurl=http%3A%2F%2Fshaneperfect.com%2Fcolornature.html&size=52.7kB&name=cn2.jpg&p=color%2Fnature&type=jpeg&no=80&tt=206&oid=90fa155d08c7432c&ei=UTF-8" "Mozilla/4.0 (compatible; MSIE 7.0; Windows NT 5.1; .NET CLR 1.1.4322)" "shaneperfect.com"
76.20.253.24 - - [17/Jun/2007:10:09:14 -0700] "GET /images/cn2.jpg HTTP/1.1" 404 275 "http://images.search.yahoo.com/search/images/view?frame=top&back=http%3A%2F%2Fimages.search.yahoo.com%2Fsearch%2Fimages%3Fei%3DUTF-8%26p%3Dcolor%252Fnature%26fr%3Dslv8-msgr%26b%3D61&w=160&h=162&imgurl=shaneperfect.com%2Fimages%2Fcn2.jpg&rurl=http%3A%2F%2Fshaneperfect.com%2Fcolornature.html&size=52.7kB&name=cn2.jpg&p=color%2Fnature&type=jpeg&no=80&tt=206&oid=90fa155d08c7432c&ei=UTF-8" "Mozilla/4.0 (compatible; MSIE 7.0; Windows NT 5.1; .NET CLR 1.1.4322)" "shaneperfect.com"
76.20.253.24 - - [17/Jun/2007:10:09:16 -0700] "GET /colornature.html HTTP/1.1" 404 275 "http://images.search.yahoo.com/search/images/view?back=http%3A%2F%2Fimages.search.yahoo.com%2Fsearch%2Fimages%3Fei%3DUTF-8%26p%3Dcolor%252Fnature%26fr%3Dslv8-msgr%26b%3D61&w=160&h=162&imgurl=shaneperfect.com%2Fimages%2Fcn2.jpg&rurl=http%3A%2F%2Fshaneperfect.com%2Fcolornature.html&size=52.7kB&name=cn2.jpg&p=color%2Fnature&type=jpeg&no=80&tt=206&oid=90fa155d08c7432c&ei=UTF-8" "Mozilla/4.0 (compatible; MSIE 7.0; Windows NT 5.1; .NET CLR 1.1.4322)" "shaneperfect.com"
66.249.70.24 - - [17/Jun/2007:14:23:30 -0700] "GET /robots.txt HTTP/1.1" 404 275 "-" "Mozilla/5.0 (compatible; Googlebot/2.1; +http://www.google.com/bot.html)" "shaneperfect.com"
66.249.70.24 - - [17/Jun/2007:14:23:30 -0700] "GET / HTTP/1.1" 200 779 "-" "Mozilla/5.0 (compatible; Googlebot/2.1; +http://www.google.com/bot.html)" "shaneperfect.com"
66.249.70.24 - - [17/Jun/2007:15:55:59 -0700] "GET /logs/access.log HTTP/1.1" 200 58584 "-" "Mozilla/5.0 (compatible; Googlebot/2.1; +http://www.google.com/bot.html)" "shaneperfect.com"
74.6.86.207 - - [17/Jun/2007:20:55:43 -0700] "GET /robots.txt HTTP/1.0" 404 275 "-" "Mozilla/5.0 (compatible; Yahoo! Slurp; http://help.yahoo.com/help/us/ysearch/slurp)" "shaneperfect.com"
74.6.86.102 - - [17/Jun/2007:20:56:03 -0700] "GET /tmp/?D=A HTTP/1.0" 200 504 "-" "Mozilla/5.0 (compatible; Yahoo! Slurp; http://help.yahoo.com/help/us/ysearch/slurp)" "shaneperfect.com"
128.194.135.94 - - [18/Jun/2007:03:31:16 -0700] "GET /?N=A HTTP/1.1" 200 779 "-" "IRLbot/3.0 (compatible; MSIE 6.0; http://irl.cs.tamu.edu/crawler)" "shaneperfect.com"
128.194.135.94 - - [18/Jun/2007:03:32:16 -0700] "GET /?M=D HTTP/1.1" 200 779 "-" "IRLbot/3.0 (compatible; MSIE 6.0; http://irl.cs.tamu.edu/crawler)" "shaneperfect.com"
128.194.135.94 - - [18/Jun/2007:03:33:05 -0700] "GET /?D=D HTTP/1.1" 200 779 "-" "IRLbot/3.0 (compatible; MSIE 6.0; http://irl.cs.tamu.edu/crawler)" "shaneperfect.com"
128.194.135.94 - - [18/Jun/2007:03:33:53 -0700] "GET /logs/?S=A HTTP/1.1" 200 1802 "-" "IRLbot/3.0 (compatible; MSIE 6.0; http://irl.cs.tamu.edu/crawler)" "shaneperfect.com"
128.194.135.94 - - [18/Jun/2007:03:34:49 -0700] "GET /logs/?M=A HTTP/1.1" 200 1802 "-" "IRLbot/3.0 (compatible; MSIE 6.0; http://irl.cs.tamu.edu/crawler)" "shaneperfect.com"
128.194.135.94 - - [18/Jun/2007:03:35:42 -0700] "GET /logs/?N=D HTTP/1.1" 200 1802 "-" "IRLbot/3.0 (compatible; MSIE 6.0; http://irl.cs.tamu.edu/crawler)" "shaneperfect.com"
128.194.135.94 - - [18/Jun/2007:03:36:31 -0700] "GET /logs/?D=A HTTP/1.1" 200 1802 "-" "IRLbot/3.0 (compatible; MSIE 6.0; http://irl.cs.tamu.edu/crawler)" "shaneperfect.com"
128.194.135.94 - - [18/Jun/2007:03:37:32 -0700] "GET /tmp/?D=A HTTP/1.1" 200 520 "-" "IRLbot/3.0 (compatible; MSIE 6.0; http://irl.cs.tamu.edu/crawler)" "shaneperfect.com"
128.194.135.94 - - [18/Jun/2007:03:38:25 -0700] "GET /tmp/?M=A HTTP/1.1" 200 520 "-" "IRLbot/3.0 (compatible; MSIE 6.0; http://irl.cs.tamu.edu/crawler)" "shaneperfect.com"
128.194.135.94 - - [18/Jun/2007:03:39:15 -0700] "GET /tmp/?N=D HTTP/1.1" 200 520 "-" "IRLbot/3.0 (compatible; MSIE 6.0; http://irl.cs.tamu.edu/crawler)" "shaneperfect.com"
196.217.211.70 - - [18/Jun/2007:04:21:53 -0700] "GET /sx70.html HTTP/1.1" 404 275 "http://ie.search.msn.com/results.aspx?q=sx+shane&FORM=USRE2" "Mozilla/4.0 (compatible; MSIE 6.0; Windows NT 5.1; SV1)" "shaneperfect.com"
68.142.212.193 - - [18/Jun/2007:04:33:51 -0700] "GET /robots.txt HTTP/1.0" 404 275 "-" "Yahoo-MMCrawler/3.x (mms dash mmcrawler dash support at yahoo dash inc dot com)" "shaneperfect.com"
74.6.86.207 - - [18/Jun/2007:09:26:42 -0700] "GET /robots.txt HTTP/1.0" 404 275 "-" "Mozilla/5.0 (compatible; Yahoo! Slurp; http://help.yahoo.com/help/us/ysearch/slurp)" "shaneperfect.com"
74.6.86.125 - - [18/Jun/2007:09:27:18 -0700] "GET /tmp/?S=A HTTP/1.0" 200 504 "-" "Mozilla/5.0 (compatible; Yahoo! Slurp; http://help.yahoo.com/help/us/ysearch/slurp)" "shaneperfect.com"
74.6.17.199 - - [18/Jun/2007:11:04:52 -0700] "GET /?M=A HTTP/1.0" 200 763 "-" "Mozilla/5.0 (compatible; Yahoo! Slurp; http://help.yahoo.com/help/us/ysearch/slurp)" "shaneperfect.com"
74.6.18.34 - - [18/Jun/2007:11:20:02 -0700] "GET /tmp/ HTTP/1.0" 200 504 "-" "Mozilla/5.0 (compatible; Yahoo! Slurp; http://help.yahoo.com/help/us/ysearch/slurp)" "shaneperfect.com"
209.9.169.98 - - [18/Jun/2007:12:21:15 -0700] "GET /logs/access.log HTTP/1.1" 206 50000 "" "-" "shaneperfect.com"
74.6.75.28 - - [18/Jun/2007:13:56:00 -0700] "GET /robots.txt HTTP/1.0" 404 275 "-" "Mozilla/5.0 (compatible; Yahoo! Slurp; http://help.yahoo.com/help/us/ysearch/slurp)" "shaneperfect.com"
74.6.18.37 - - [18/Jun/2007:13:58:36 -0700] "GET /?D=A HTTP/1.0" 200 763 "-" "Mozilla/5.0 (compatible; Yahoo! Slurp; http://help.yahoo.com/help/us/ysearch/slurp)" "shaneperfect.com"
74.6.86.207 - - [18/Jun/2007:14:29:57 -0700] "GET /robots.txt HTTP/1.0" 404 275 "-" "Mozilla/5.0 (compatible; Yahoo! Slurp; http://help.yahoo.com/help/us/ysearch/slurp)" "shaneperfect.com"
74.6.87.100 - - [18/Jun/2007:14:30:21 -0700] "GET /logs/?S=A HTTP/1.0" 200 1786 "-" "Mozilla/5.0 (compatible; Yahoo! Slurp; http://help.yahoo.com/help/us/ysearch/slurp)" "shaneperfect.com"
74.6.86.207 - - [18/Jun/2007:15:54:47 -0700] "GET /robots.txt HTTP/1.0" 404 275 "-" "Mozilla/5.0 (compatible; Yahoo! Slurp; http://help.yahoo.com/help/us/ysearch/slurp)" "shaneperfect.com"
74.6.86.121 - - [18/Jun/2007:15:55:05 -0700] "GET /?M=A HTTP/1.0" 200 763 "-" "Mozilla/5.0 (compatible; Yahoo! Slurp; http://help.yahoo.com/help/us/ysearch/slurp)" "shaneperfect.com"
66.249.70.24 - - [18/Jun/2007:18:23:05 -0700] "GET /robots.txt HTTP/1.1" 404 275 "-" "Mozilla/5.0 (compatible; Googlebot/2.1; +http://www.google.com/bot.html)" "shaneperfect.com"
66.249.70.24 - - [18/Jun/2007:18:23:06 -0700] "GET /logs/ HTTP/1.1" 200 1802 "-" "Mozilla/5.0 (compatible; Googlebot/2.1; +http://www.google.com/bot.html)" "shaneperfect.com"
65.214.45.101 - - [18/Jun/2007:21:46:04 -0700] "GET /robots.txt HTTP/1.0" 404 275 "-" "Mozilla/5.0 (compatible; Ask Jeeves/Teoma; +http://about.ask.com/en/docs/about/webmasters.shtml)" "www.shaneperfect.com"
65.214.45.101 - - [18/Jun/2007:21:46:04 -0700] "GET /rome.html HTTP/1.0" 404 275 "-" "Mozilla/5.0 (compatible; Ask Jeeves/Teoma; +http://about.ask.com/en/docs/about/webmasters.shtml)" "www.shaneperfect.com"
72.14.193.4 - - [19/Jun/2007:02:08:47 -0700] "GET / HTTP/1.1" 200 779 "-" "Mozilla/4.0 (compatible; MSIE 6.0; Windows NT 5.1)" "shaneperfect.com"
74.6.19.104 - - [19/Jun/2007:08:29:22 -0700] "GET /robots.txt HTTP/1.0" 404 275 "-" "Mozilla/5.0 (compatible; Yahoo! Slurp; http://help.yahoo.com/help/us/ysearch/slurp)" "www.shaneperfect.com"
74.6.26.218 - - [19/Jun/2007:08:29:43 -0700] "GET /neworleans.html HTTP/1.0" 404 275 "-" "Mozilla/5.0 (compatible; Yahoo! Slurp; http://help.yahoo.com/help/us/ysearch/slurp)" "www.shaneperfect.com"
74.6.75.28 - - [19/Jun/2007:08:49:45 -0700] "GET /robots.txt HTTP/1.0" 404 275 "-" "Mozilla/5.0 (compatible; Yahoo! Slurp; http://help.yahoo.com/help/us/ysearch/slurp)" "shaneperfect.com"
74.6.18.75 - - [19/Jun/2007:08:51:48 -0700] "GET /?S=A HTTP/1.0" 200 763 "-" "Mozilla/5.0 (compatible; Yahoo! Slurp; http://help.yahoo.com/help/us/ysearch/slurp)" "shaneperfect.com"
74.6.86.207 - - [19/Jun/2007:11:40:38 -0700] "GET /robots.txt HTTP/1.0" 404 275 "-" "Mozilla/5.0 (compatible; Yahoo! Slurp; http://help.yahoo.com/help/us/ysearch/slurp)" "shaneperfect.com"
74.6.86.74 - - [19/Jun/2007:11:40:38 -0700] "GET /?D=A HTTP/1.0" 200 763 "-" "Mozilla/5.0 (compatible; Yahoo! Slurp; http://help.yahoo.com/help/us/ysearch/slurp)" "shaneperfect.com"
74.6.19.114 - - [19/Jun/2007:12:28:11 -0700] "GET /robots.txt HTTP/1.0" 404 275 "-" "Mozilla/5.0 (compatible; Yahoo! Slurp; http://help.yahoo.com/help/us/ysearch/slurp)" "shaneperfect.com"
63.123.238.8 - - [19/Jun/2007:12:39:50 -0700] "GET /robots.txt HTTP/1.1" 404 275 "-" "Mozilla/2.0 (compatible; Ask Jeeves/Teoma)" "www.shaneperfect.com"
63.123.238.8 - - [19/Jun/2007:12:39:50 -0700] "GET / HTTP/1.1" 200 779 "-" "Mozilla/2.0 (compatible; Ask Jeeves/Teoma)" "www.shaneperfect.com"
74.6.75.28 - - [19/Jun/2007:13:37:56 -0700] "GET /robots.txt HTTP/1.0" 404 275 "-" "Mozilla/5.0 (compatible; Yahoo! Slurp; http://help.yahoo.com/help/us/ysearch/slurp)" "shaneperfect.com"
74.6.17.105 - - [19/Jun/2007:13:40:07 -0700] "GET /logs/ HTTP/1.0" 200 1786 "-" "Mozilla/5.0 (compatible; Yahoo! Slurp; http://help.yahoo.com/help/us/ysearch/slurp)" "shaneperfect.com"
68.142.212.189 - - [19/Jun/2007:14:28:25 -0700] "GET /robots.txt HTTP/1.0" 404 275 "-" "Yahoo-MMCrawler/3.x (mms dash mmcrawler dash support at yahoo dash inc dot com)" "www.shaneperfect.com"
74.6.75.28 - - [19/Jun/2007:16:16:53 -0700] "GET /robots.txt HTTP/1.0" 404 275 "-" "Mozilla/5.0 (compatible; Yahoo! Slurp; http://help.yahoo.com/help/us/ysearch/slurp)" "shaneperfect.com"
74.6.17.43 - - [19/Jun/2007:16:18:22 -0700] "GET /?N=D HTTP/1.0" 200 763 "-" "Mozilla/5.0 (compatible; Yahoo! Slurp; http://help.yahoo.com/help/us/ysearch/slurp)" "shaneperfect.com"
129.241.104.187 - - [19/Jun/2007:17:18:27 -0700] "GET /robots.txt HTTP/1.1" 404 275 "-" "boitho.com-dc/0.86 ( http://www.boitho.com/dcbot.html )" "www.shaneperfect.com"
68.154.154.218 - - [19/Jun/2007:21:49:56 -0700] "GET /logs/access_070331.log HTTP/1.1" 200 6009 "-" "Mozilla/4.0 (compatible; MSIE 7.0; Windows NT 5.1; .NET CLR 1.1.4322; .NET CLR 2.0.50727; .NET CLR 3.0.04506.30)" "shaneperfect.com"
74.6.86.207 - - [19/Jun/2007:23:37:32 -0700] "GET /robots.txt HTTP/1.0" 404 275 "-" "Mozilla/5.0 (compatible; Yahoo! Slurp; http://help.yahoo.com/help/us/ysearch/slurp)" "shaneperfect.com"
74.6.87.11 - - [19/Jun/2007:23:38:11 -0700] "GET /?M=D HTTP/1.0" 200 763 "-" "Mozilla/5.0 (compatible; Yahoo! Slurp; http://help.yahoo.com/help/us/ysearch/slurp)" "shaneperfect.com"
89.62.97.161 - - [20/Jun/2007:02:38:20 -0700] "GET /logs/access_070331.log HTTP/1.1" 200 6009 "http://www.google.com/search?q=%0966.249.72.75&ie=utf-8&oe=utf-8&aq=t&rls=org.mozilla:de:official&client=firefox-a" "Mozilla/5.0 (Windows; U; Windows NT 5.1; de; rv:1.8.1.4) Gecko/20070515 Firefox/2.0.0.4" "shaneperfect.com"
89.62.97.161 - - [20/Jun/2007:02:38:20 -0700] "GET /favicon.ico HTTP/1.1" 404 275 "-" "Mozilla/5.0 (Windows; U; Windows NT 5.1; de; rv:1.8.1.4) Gecko/20070515 Firefox/2.0.0.4" "shaneperfect.com"
74.6.86.207 - - [20/Jun/2007:05:08:09 -0700] "GET /robots.txt HTTP/1.0" 404 275 "-" "Mozilla/5.0 (compatible; Yahoo! Slurp; http://help.yahoo.com/help/us/ysearch/slurp)" "shaneperfect.com"
74.6.85.228 - - [20/Jun/2007:05:09:30 -0700] "GET /tmp/?N=D HTTP/1.0" 200 504 "-" "Mozilla/5.0 (compatible; Yahoo! Slurp; http://help.yahoo.com/help/us/ysearch/slurp)" "shaneperfect.com"
128.194.135.94 - - [20/Jun/2007:05:33:40 -0700] "GET /tmp/?S=A HTTP/1.1" 200 520 "-" "IRLbot/3.0 (compatible; MSIE 6.0; http://irl.cs.tamu.edu/crawler)" "shaneperfect.com"
128.194.135.94 - - [20/Jun/2007:05:34:41 -0700] "GET /?S=D HTTP/1.1" 200 779 "-" "IRLbot/3.0 (compatible; MSIE 6.0; http://irl.cs.tamu.edu/crawler)" "shaneperfect.com"
74.6.86.207 - - [20/Jun/2007:07:23:32 -0700] "GET /robots.txt HTTP/1.0" 404 275 "-" "Mozilla/5.0 (compatible; Yahoo! Slurp; http://help.yahoo.com/help/us/ysearch/slurp)" "shaneperfect.com"
74.6.86.111 - - [20/Jun/2007:07:24:22 -0700] "GET /?S=A HTTP/1.0" 200 763 "-" "Mozilla/5.0 (compatible; Yahoo! Slurp; http://help.yahoo.com/help/us/ysearch/slurp)" "shaneperfect.com"
74.6.86.207 - - [20/Jun/2007:07:42:30 -0700] "GET /robots.txt HTTP/1.0" 404 275 "-" "Mozilla/5.0 (compatible; Yahoo! Slurp; http://help.yahoo.com/help/us/ysearch/slurp)" "shaneperfect.com"
74.6.87.14 - - [20/Jun/2007:07:47:35 -0700] "GET /?S=D HTTP/1.0" 200 763 "-" "Mozilla/5.0 (compatible; Yahoo! Slurp; http://help.yahoo.com/help/us/ysearch/slurp)" "shaneperfect.com"
129.241.104.187 - - [20/Jun/2007:07:48:22 -0700] "GET / HTTP/1.1" 200 779 "-" "boitho.com-dc/0.86 ( http://www.boitho.com/dcbot.html )" "www.shaneperfect.com"
68.142.212.193 - - [20/Jun/2007:09:02:10 -0700] "GET /robots.txt HTTP/1.0" 404 275 "-" "Yahoo-MMCrawler/3.x (mms dash mmcrawler dash support at yahoo dash inc dot com)" "shaneperfect.com"
74.6.19.114 - - [20/Jun/2007:13:33:14 -0700] "GET /robots.txt HTTP/1.0" 404 275 "-" "Mozilla/5.0 (compatible; Yahoo! Slurp; http://help.yahoo.com/help/us/ysearch/slurp)" "shaneperfect.com"
207.46.98.127 - - [20/Jun/2007:15:43:41 -0700] "GET /robots.txt HTTP/1.0" 404 275 "-" "msnbot/1.0 (+http://search.msn.com/msnbot.htm)" "shaneperfect.com"
207.46.98.127 - - [20/Jun/2007:15:43:41 -0700] "GET /robots.txt HTTP/1.0" 404 275 "-" "msnbot/1.0 (+http://search.msn.com/msnbot.htm)" "shaneperfect.com"
207.46.98.127 - - [20/Jun/2007:15:43:41 -0700] "GET /wyoming.html HTTP/1.0" 404 275 "-" "msnbot/1.0 (+http://search.msn.com/msnbot.htm)" "shaneperfect.com"
207.46.98.127 - - [20/Jun/2007:15:43:41 -0700] "GET /rome.html HTTP/1.0" 404 275 "-" "msnbot/1.0 (+http://search.msn.com/msnbot.htm)" "shaneperfect.com"
207.46.98.127 - - [20/Jun/2007:15:43:41 -0700] "GET /neworleans.html HTTP/1.0" 404 275 "-" "msnbot/1.0 (+http://search.msn.com/msnbot.htm)" "shaneperfect.com"
207.46.98.125 - - [20/Jun/2007:16:13:31 -0700] "GET /robots.txt HTTP/1.0" 404 275 "-" "msnbot/1.0 (+http://search.msn.com/msnbot.htm)" "shaneperfect.com"
207.46.98.125 - - [20/Jun/2007:16:13:31 -0700] "GET /southwest.html HTTP/1.0" 404 275 "-" "msnbot/1.0 (+http://search.msn.com/msnbot.htm)" "shaneperfect.com"
207.46.98.125 - - [20/Jun/2007:16:13:36 -0700] "GET /architecture.html HTTP/1.0" 404 275 "-" "msnbot/1.0 (+http://search.msn.com/msnbot.htm)" "shaneperfect.com"
207.46.98.127 - - [20/Jun/2007:18:14:57 -0700] "GET /robots.txt HTTP/1.0" 404 275 "-" "msnbot/1.0 (+http://search.msn.com/msnbot.htm)" "shaneperfect.com"
207.46.98.127 - - [20/Jun/2007:18:14:57 -0700] "GET /abstract.html HTTP/1.0" 404 275 "-" "msnbot/1.0 (+http://search.msn.com/msnbot.htm)" "shaneperfect.com"
74.6.19.114 - - [20/Jun/2007:19:26:45 -0700] "GET /robots.txt HTTP/1.0" 404 275 "-" "Mozilla/5.0 (compatible; Yahoo! Slurp; http://help.yahoo.com/help/us/ysearch/slurp)" "shaneperfect.com"
66.249.70.24 - - [20/Jun/2007:22:31:52 -0700] "GET /robots.txt HTTP/1.1" 404 275 "-" "Mozilla/5.0 (compatible; Googlebot/2.1; +http://www.google.com/bot.html)" "shaneperfect.com"
66.249.70.24 - - [20/Jun/2007:22:31:53 -0700] "GET /logs/?D=A HTTP/1.1" 200 1802 "-" "Mozilla/5.0 (compatible; Googlebot/2.1; +http://www.google.com/bot.html)" "shaneperfect.com"
74.6.19.114 - - [20/Jun/2007:23:04:04 -0700] "GET /robots.txt HTTP/1.0" 404 275 "-" "Mozilla/5.0 (compatible; Yahoo! Slurp; http://help.yahoo.com/help/us/ysearch/slurp)" "shaneperfect.com"
74.6.19.114 - - [21/Jun/2007:02:53:18 -0700] "GET /robots.txt HTTP/1.0" 404 275 "-" "Mozilla/5.0 (compatible; Yahoo! Slurp; http://help.yahoo.com/help/us/ysearch/slurp)" "shaneperfect.com"
74.6.25.203 - - [21/Jun/2007:02:53:20 -0700] "GET /?M=A HTTP/1.0" 200 763 "-" "Mozilla/5.0 (compatible; Yahoo! Slurp; http://help.yahoo.com/help/us/ysearch/slurp)" "shaneperfect.com"
74.6.19.114 - - [21/Jun/2007:04:03:03 -0700] "GET /robots.txt HTTP/1.0" 404 275 "-" "Mozilla/5.0 (compatible; Yahoo! Slurp; http://help.yahoo.com/help/us/ysearch/slurp)" "shaneperfect.com"
74.6.23.213 - - [21/Jun/2007:04:03:42 -0700] "GET / HTTP/1.0" 200 763 "-" "Mozilla/5.0 (compatible; Yahoo! Slurp; http://help.yahoo.com/help/us/ysearch/slurp)" "shaneperfect.com"
74.6.86.207 - - [21/Jun/2007:05:22:01 -0700] "GET /robots.txt HTTP/1.0" 404 275 "-" "Mozilla/5.0 (compatible; Yahoo! Slurp; http://help.yahoo.com/help/us/ysearch/slurp)" "shaneperfect.com"
74.6.86.151 - - [21/Jun/2007:05:22:54 -0700] "GET /logs/access_070531.log HTTP/1.0" 200 73402 "-" "Mozilla/5.0 (compatible; Yahoo! Slurp; http://help.yahoo.com/help/us/ysearch/slurp)" "shaneperfect.com"
74.6.86.14 - - [21/Jun/2007:05:25:55 -0700] "GET /logs/ HTTP/1.0" 200 1786 "-" "Mozilla/5.0 (compatible; Yahoo! Slurp; http://help.yahoo.com/help/us/ysearch/slurp)" "shaneperfect.com"
74.6.75.43 - - [21/Jun/2007:06:39:21 -0700] "GET /robots.txt HTTP/1.0" 404 275 "-" "Mozilla/5.0 (compatible; Yahoo! Slurp; http://help.yahoo.com/help/us/ysearch/slurp)" "shaneperfect.com"
74.6.17.154 - - [21/Jun/2007:06:40:52 -0700] "GET / HTTP/1.0" 200 763 "-" "Mozilla/5.0 (compatible; Yahoo! Slurp; http://help.yahoo.com/help/us/ysearch/slurp)" "shaneperfect.com"
74.6.17.105 - - [21/Jun/2007:06:48:12 -0700] "GET /logs/ HTTP/1.0" 200 1786 "-" "Mozilla/5.0 (compatible; Yahoo! Slurp; http://help.yahoo.com/help/us/ysearch/slurp)" "shaneperfect.com"
131.107.0.96 - - [21/Jun/2007:08:49:30 -0700] "GET /neworleans.html HTTP/1.1" 404 275 "http://search.live.com/result.aspx?q=cialis&mrt=en-us&FORM=LVSP" "Mozilla/4.0 (compatible; MSIE 6.0; Windows NT 5.2; Win64; x64; SV1; .NET CLR 2.0.50727)" "shaneperfect.com"
74.6.19.114 - - [21/Jun/2007:10:30:27 -0700] "GET /robots.txt HTTP/1.0" 404 275 "-" "Mozilla/5.0 (compatible; Yahoo! Slurp; http://help.yahoo.com/help/us/ysearch/slurp)" "shaneperfect.com"
74.6.75.43 - - [21/Jun/2007:10:31:04 -0700] "GET /robots.txt HTTP/1.0" 404 275 "-" "Mozilla/5.0 (compatible; Yahoo! Slurp; http://help.yahoo.com/help/us/ysearch/slurp)" "shaneperfect.com"
74.6.75.43 - - [21/Jun/2007:13:28:26 -0700] "GET /robots.txt HTTP/1.0" 404 275 "-" "Mozilla/5.0 (compatible; Yahoo! Slurp; http://help.yahoo.com/help/us/ysearch/slurp)" "shaneperfect.com"
74.6.17.43 - - [21/Jun/2007:14:29:47 -0700] "GET /?N=D HTTP/1.0" 200 763 "-" "Mozilla/5.0 (compatible; Yahoo! Slurp; http://help.yahoo.com/help/us/ysearch/slurp)" "shaneperfect.com"
38.99.203.110 - - [21/Jun/2007:15:56:26 -0700] "GET /robots.txt HTTP/1.1" 404 275 "-" "Java/1.6.0_01-ea" "www.shaneperfect.com"
38.99.203.110 - - [21/Jun/2007:15:56:26 -0700] "GET / HTTP/1.1" 200 779 "-" "panscient.com" "www.shaneperfect.com"
38.99.203.110 - - [21/Jun/2007:15:56:26 -0700] "GET /robots.txt HTTP/1.1" 404 275 "-" "Java/1.6.0_01-ea" "www.shaneperfect.com"
38.99.203.110 - - [21/Jun/2007:15:56:27 -0700] "GET /?N=D HTTP/1.1" 200 779 "-" "panscient.com" "www.shaneperfect.com"
38.99.203.110 - - [21/Jun/2007:15:56:28 -0700] "GET /?D=A HTTP/1.1" 200 779 "-" "panscient.com" "www.shaneperfect.com"
38.99.203.110 - - [21/Jun/2007:15:56:29 -0700] "GET /?D=D HTTP/1.1" 200 779 "-" "panscient.com" "www.shaneperfect.com"
38.99.203.110 - - [21/Jun/2007:15:56:30 -0700] "GET /?N=A HTTP/1.1" 200 779 "-" "panscient.com" "www.shaneperfect.com"
38.99.203.110 - - [21/Jun/2007:15:56:34 -0700] "GET /logs/ HTTP/1.1" 200 1802 "-" "panscient.com" "www.shaneperfect.com"
38.99.203.110 - - [21/Jun/2007:15:56:34 -0700] "GET /logs/?N=D HTTP/1.1" 200 1802 "-" "panscient.com" "www.shaneperfect.com"
38.99.203.110 - - [21/Jun/2007:15:56:35 -0700] "GET /logs/?D=A HTTP/1.1" 200 1802 "-" "panscient.com" "www.shaneperfect.com"
38.99.203.110 - - [21/Jun/2007:15:56:36 -0700] "GET /logs/?D=D HTTP/1.1" 200 1802 "-" "panscient.com" "www.shaneperfect.com"
38.99.203.110 - - [21/Jun/2007:15:56:38 -0700] "GET /logs/?N=A HTTP/1.1" 200 1802 "-" "panscient.com" "www.shaneperfect.com"
38.99.203.110 - - [21/Jun/2007:15:56:39 -0700] "GET /?M=A HTTP/1.1" 200 779 "-" "panscient.com" "www.shaneperfect.com"
38.99.203.110 - - [21/Jun/2007:15:56:40 -0700] "GET /logs/?M=A HTTP/1.1" 200 1802 "-" "panscient.com" "www.shaneperfect.com"
38.99.203.110 - - [21/Jun/2007:15:56:41 -0700] "GET /tmp/ HTTP/1.1" 200 520 "-" "panscient.com" "www.shaneperfect.com"
38.99.203.110 - - [21/Jun/2007:15:56:42 -0700] "GET /tmp/?D=A HTTP/1.1" 200 520 "-" "panscient.com" "www.shaneperfect.com"
38.99.203.110 - - [21/Jun/2007:15:56:43 -0700] "GET /tmp/?D=D HTTP/1.1" 200 520 "-" "panscient.com" "www.shaneperfect.com"
38.99.203.110 - - [21/Jun/2007:15:56:44 -0700] "GET /tmp/?N=D HTTP/1.1" 200 520 "-" "panscient.com" "www.shaneperfect.com"
38.99.203.110 - - [21/Jun/2007:15:56:45 -0700] "GET /tmp/?N=A HTTP/1.1" 200 520 "-" "panscient.com" "www.shaneperfect.com"
38.99.203.110 - - [21/Jun/2007:15:56:46 -0700] "GET /tmp/?M=A HTTP/1.1" 200 520 "-" "panscient.com" "www.shaneperfect.com"
38.99.203.110 - - [21/Jun/2007:15:56:47 -0700] "GET /tmp/?S=A HTTP/1.1" 200 520 "-" "panscient.com" "www.shaneperfect.com"
38.99.203.110 - - [21/Jun/2007:15:56:49 -0700] "GET /?S=A HTTP/1.1" 200 779 "-" "panscient.com" "www.shaneperfect.com"
38.99.203.110 - - [21/Jun/2007:15:56:50 -0700] "GET /logs/?S=A HTTP/1.1" 200 1802 "-" "panscient.com" "www.shaneperfect.com"
68.142.212.189 - - [21/Jun/2007:17:10:45 -0700] "GET /robots.txt HTTP/1.0" 404 275 "-" "Yahoo-MMCrawler/3.x (mms dash mmcrawler dash support at yahoo dash inc dot com)" "www.shaneperfect.com"
74.6.75.43 - - [21/Jun/2007:20:22:38 -0700] "GET /robots.txt HTTP/1.0" 404 275 "-" "Mozilla/5.0 (compatible; Yahoo! Slurp; http://help.yahoo.com/help/us/ysearch/slurp)" "shaneperfect.com"
74.6.17.199 - - [21/Jun/2007:20:26:32 -0700] "GET /?M=A HTTP/1.0" 200 763 "-" "Mozilla/5.0 (compatible; Yahoo! Slurp; http://help.yahoo.com/help/us/ysearch/slurp)" "shaneperfect.com"
74.6.19.113 - - [21/Jun/2007:20:44:35 -0700] "GET /robots.txt HTTP/1.0" 404 275 "-" "Mozilla/5.0 (compatible; Yahoo! Slurp; http://help.yahoo.com/help/us/ysearch/slurp)" "shaneperfect.com"
74.6.86.207 - - [21/Jun/2007:21:29:56 -0700] "GET /robots.txt HTTP/1.0" 404 275 "-" "Mozilla/5.0 (compatible; Yahoo! Slurp; http://help.yahoo.com/help/us/ysearch/slurp)" "shaneperfect.com"
74.6.87.109 - - [21/Jun/2007:21:30:21 -0700] "GET /logs/access_070301.log HTTP/1.0" 304 - "-" "Mozilla/5.0 (compatible; Yahoo! Slurp; http://help.yahoo.com/help/us/ysearch/slurp)" "shaneperfect.com"
66.249.70.24 - - [21/Jun/2007:22:16:26 -0700] "GET /robots.txt HTTP/1.1" 404 275 "-" "Mozilla/5.0 (compatible; Googlebot/2.1; +http://www.google.com/bot.html)" "shaneperfect.com"
66.249.70.24 - - [21/Jun/2007:22:16:26 -0700] "GET /logs/access.log HTTP/1.1" 200 79122 "-" "Mozilla/5.0 (compatible; Googlebot/2.1; +http://www.google.com/bot.html)" "shaneperfect.com"
74.6.86.207 - - [21/Jun/2007:23:03:44 -0700] "GET /robots.txt HTTP/1.0" 404 275 "-" "Mozilla/5.0 (compatible; Yahoo! Slurp; http://help.yahoo.com/help/us/ysearch/slurp)" "shaneperfect.com"
74.6.85.159 - - [21/Jun/2007:23:03:45 -0700] "GET /logs/access_070601.log HTTP/1.0" 200 1711 "-" "Mozilla/5.0 (compatible; Yahoo! Slurp; http://help.yahoo.com/help/us/ysearch/slurp)" "shaneperfect.com"
74.6.75.43 - - [22/Jun/2007:00:26:25 -0700] "GET /robots.txt HTTP/1.0" 404 275 "-" "Mozilla/5.0 (compatible; Yahoo! Slurp; http://help.yahoo.com/help/us/ysearch/slurp)" "shaneperfect.com"
74.6.65.234 - - [22/Jun/2007:00:26:26 -0700] "GET / HTTP/1.0" 200 763 "-" "Mozilla/5.0 (compatible; Yahoo! Slurp; http://help.yahoo.com/help/us/ysearch/slurp)" "shaneperfect.com"
128.194.135.94 - - [22/Jun/2007:02:16:40 -0700] "GET /logs/?S=D HTTP/1.1" 200 1802 "-" "IRLbot/3.0 (compatible; MSIE 6.0; http://irl.cs.tamu.edu/crawler)" "shaneperfect.com"
128.194.135.94 - - [22/Jun/2007:02:17:35 -0700] "GET /logs/?N=A HTTP/1.1" 200 1802 "-" "IRLbot/3.0 (compatible; MSIE 6.0; http://irl.cs.tamu.edu/crawler)" "shaneperfect.com"
128.194.135.94 - - [22/Jun/2007:02:18:20 -0700] "GET /logs/?M=D HTTP/1.1" 200 1802 "-" "IRLbot/3.0 (compatible; MSIE 6.0; http://irl.cs.tamu.edu/crawler)" "shaneperfect.com"
128.194.135.94 - - [22/Jun/2007:02:19:19 -0700] "GET /logs/?D=D HTTP/1.1" 200 1802 "-" "IRLbot/3.0 (compatible; MSIE 6.0; http://irl.cs.tamu.edu/crawler)" "shaneperfect.com"
128.194.135.94 - - [22/Jun/2007:02:20:13 -0700] "GET /tmp/?D=D HTTP/1.1" 200 520 "-" "IRLbot/3.0 (compatible; MSIE 6.0; http://irl.cs.tamu.edu/crawler)" "shaneperfect.com"
128.194.135.94 - - [22/Jun/2007:02:21:03 -0700] "GET /tmp/?N=A HTTP/1.1" 200 520 "-" "IRLbot/3.0 (compatible; MSIE 6.0; http://irl.cs.tamu.edu/crawler)" "shaneperfect.com"
128.194.135.94 - - [22/Jun/2007:02:21:52 -0700] "GET /tmp/?M=D HTTP/1.1" 200 520 "-" "IRLbot/3.0 (compatible; MSIE 6.0; http://irl.cs.tamu.edu/crawler)" "shaneperfect.com"
74.6.19.113 - - [22/Jun/2007:02:49:55 -0700] "GET /robots.txt HTTP/1.0" 404 275 "-" "Mozilla/5.0 (compatible; Yahoo! Slurp; http://help.yahoo.com/help/us/ysearch/slurp)" "shaneperfect.com"
74.6.19.103 - - [22/Jun/2007:03:21:10 -0700] "GET /robots.txt HTTP/1.0" 404 275 "-" "Mozilla/5.0 (compatible; Yahoo! Slurp; http://help.yahoo.com/help/us/ysearch/slurp)" "www.shaneperfect.com"
207.46.98.125 - - [22/Jun/2007:03:25:46 -0700] "GET /robots.txt HTTP/1.0" 404 275 "-" "msnbot/1.0 (+http://search.msn.com/msnbot.htm)" "shaneperfect.com"
207.46.98.125 - - [22/Jun/2007:03:25:46 -0700] "GET /aboutus.html HTTP/1.0" 404 275 "-" "msnbot/1.0 (+http://search.msn.com/msnbot.htm)" "shaneperfect.com"
74.6.75.43 - - [22/Jun/2007:04:24:26 -0700] "GET /robots.txt HTTP/1.0" 404 275 "-" "Mozilla/5.0 (compatible; Yahoo! Slurp; http://help.yahoo.com/help/us/ysearch/slurp)" "shaneperfect.com"
74.6.18.37 - - [22/Jun/2007:05:21:16 -0700] "GET /?D=A HTTP/1.0" 200 763 "-" "Mozilla/5.0 (compatible; Yahoo! Slurp; http://help.yahoo.com/help/us/ysearch/slurp)" "shaneperfect.com"
74.6.19.113 - - [22/Jun/2007:06:22:33 -0700] "GET /robots.txt HTTP/1.0" 404 275 "-" "Mozilla/5.0 (compatible; Yahoo! Slurp; http://help.yahoo.com/help/us/ysearch/slurp)" "shaneperfect.com"
74.6.28.27 - - [22/Jun/2007:06:22:37 -0700] "GET /?S=A HTTP/1.0" 200 763 "-" "Mozilla/5.0 (compatible; Yahoo! Slurp; http://help.yahoo.com/help/us/ysearch/slurp)" "shaneperfect.com"
74.6.19.113 - - [22/Jun/2007:07:50:58 -0700] "GET /robots.txt HTTP/1.0" 404 275 "-" "Mozilla/5.0 (compatible; Yahoo! Slurp; http://help.yahoo.com/help/us/ysearch/slurp)" "shaneperfect.com"
74.6.27.79 - - [22/Jun/2007:07:51:03 -0700] "GET /?S=D HTTP/1.0" 200 763 "-" "Mozilla/5.0 (compatible; Yahoo! Slurp; http://help.yahoo.com/help/us/ysearch/slurp)" "shaneperfect.com"
74.6.19.113 - - [22/Jun/2007:08:33:59 -0700] "GET /robots.txt HTTP/1.0" 404 275 "-" "Mozilla/5.0 (compatible; Yahoo! Slurp; http://help.yahoo.com/help/us/ysearch/slurp)" "shaneperfect.com"
74.6.25.234 - - [22/Jun/2007:08:34:27 -0700] "GET /southwest.html HTTP/1.0" 404 275 "-" "Mozilla/5.0 (compatible; Yahoo! Slurp; http://help.yahoo.com/help/us/ysearch/slurp)" "shaneperfect.com"
74.6.75.43 - - [22/Jun/2007:08:44:13 -0700] "GET /robots.txt HTTP/1.0" 404 275 "-" "Mozilla/5.0 (compatible; Yahoo! Slurp; http://help.yahoo.com/help/us/ysearch/slurp)" "shaneperfect.com"
74.6.23.210 - - [22/Jun/2007:08:46:06 -0700] "GET /index.html HTTP/1.0" 404 275 "-" "Mozilla/5.0 (compatible; Yahoo! Slurp; http://help.yahoo.com/help/us/ysearch/slurp)" "shaneperfect.com"
74.6.18.75 - - [22/Jun/2007:08:48:13 -0700] "GET /?S=A HTTP/1.0" 200 763 "-" "Mozilla/5.0 (compatible; Yahoo! Slurp; http://help.yahoo.com/help/us/ysearch/slurp)" "shaneperfect.com"
64.186.39.3 - - [22/Jun/2007:09:23:41 -0700] "GET / HTTP/1.1" 200 779 "http://www.hollyheath.com/fineart.html" "Mozilla/4.0 (compatible; MSIE 6.0; Windows NT 5.1; SV1; FunWebProducts; .NET CLR 1.1.4322)" "shaneperfect.com"
74.6.75.43 - - [22/Jun/2007:10:09:44 -0700] "GET /robots.txt HTTP/1.0" 404 275 "-" "Mozilla/5.0 (compatible; Yahoo! Slurp; http://help.yahoo.com/help/us/ysearch/slurp)" "shaneperfect.com"
74.6.67.220 - - [22/Jun/2007:10:09:44 -0700] "GET /index.html HTTP/1.0" 404 275 "-" "Mozilla/5.0 (compatible; Yahoo! Slurp; http://help.yahoo.com/help/us/ysearch/slurp)" "shaneperfect.com"
74.6.19.113 - - [22/Jun/2007:10:33:17 -0700] "GET /robots.txt HTTP/1.0" 404 275 "-" "Mozilla/5.0 (compatible; Yahoo! Slurp; http://help.yahoo.com/help/us/ysearch/slurp)" "shaneperfect.com"
75.161.32.166 - - [22/Jun/2007:10:35:02 -0700] "GET /logs/access.log HTTP/1.1" 200 84991 "http://www.google.com/search?hl=en&q=inurl%22%5Cview+frame&btnG=Search" "Mozilla/5.0 (Windows; U; Windows NT 5.1; en-US; rv:1.8.1.4) Gecko/20070515 Firefox/2.0.0.4" "shaneperfect.com"
75.161.32.166 - - [22/Jun/2007:10:35:03 -0700] "GET /favicon.ico HTTP/1.1" 404 275 "-" "Mozilla/5.0 (Windows; U; Windows NT 5.1; en-US; rv:1.8.1.4) Gecko/20070515 Firefox/2.0.0.4" "shaneperfect.com"
74.6.19.113 - - [22/Jun/2007:12:49:04 -0700] "GET /robots.txt HTTP/1.0" 404 275 "-" "Mozilla/5.0 (compatible; Yahoo! Slurp; http://help.yahoo.com/help/us/ysearch/slurp)" "shaneperfect.com"
74.6.19.103 - - [22/Jun/2007:13:39:00 -0700] "GET /robots.txt HTTP/1.0" 404 275 "-" "Mozilla/5.0 (compatible; Yahoo! Slurp; http://help.yahoo.com/help/us/ysearch/slurp)" "www.shaneperfect.com"
72.86.87.156 - - [22/Jun/2007:13:44:04 -0700] "GET / HTTP/1.1" 200 779 "http://www.hollyheath.com/fineart.html" "Mozilla/4.0 (compatible; MSIE 7.0; Windows NT 5.1; .NET CLR 1.1.4322; .NET CLR 2.0.50727)" "shaneperfect.com"
72.86.87.156 - - [22/Jun/2007:13:44:05 -0700] "GET /favicon.ico HTTP/1.1" 404 275 "-" "Mozilla/4.0 (compatible; MSIE 7.0; Windows NT 5.1; .NET CLR 1.1.4322; .NET CLR 2.0.50727)" "shaneperfect.com"
72.86.87.156 - - [22/Jun/2007:13:44:11 -0700] "GET / HTTP/1.1" 200 779 "http://www.hollyheath.com/fineart.html" "Mozilla/4.0 (compatible; MSIE 7.0; Windows NT 5.1; .NET CLR 1.1.4322; .NET CLR 2.0.50727)" "shaneperfect.com"
72.86.87.156 - - [22/Jun/2007:13:44:13 -0700] "GET /logs/ HTTP/1.1" 200 1802 "http://shaneperfect.com/" "Mozilla/4.0 (compatible; MSIE 7.0; Windows NT 5.1; .NET CLR 1.1.4322; .NET CLR 2.0.50727)" "shaneperfect.com"
72.86.87.156 - - [22/Jun/2007:13:44:17 -0700] "GET / HTTP/1.1" 200 779 "http://shaneperfect.com/logs/" "Mozilla/4.0 (compatible; MSIE 7.0; Windows NT 5.1; .NET CLR 1.1.4322; .NET CLR 2.0.50727)" "shaneperfect.com"
72.86.87.156 - - [22/Jun/2007:13:44:18 -0700] "GET /tmp/ HTTP/1.1" 200 520 "http://shaneperfect.com/" "Mozilla/4.0 (compatible; MSIE 7.0; Windows NT 5.1; .NET CLR 1.1.4322; .NET CLR 2.0.50727)" "shaneperfect.com"
72.86.87.156 - - [22/Jun/2007:13:44:20 -0700] "GET / HTTP/1.1" 200 779 "http://shaneperfect.com/tmp/" "Mozilla/4.0 (compatible; MSIE 7.0; Windows NT 5.1; .NET CLR 1.1.4322; .NET CLR 2.0.50727)" "shaneperfect.com"
72.86.87.156 - - [22/Jun/2007:13:44:21 -0700] "GET / HTTP/1.1" 200 779 "http://shaneperfect.com/" "Mozilla/4.0 (compatible; MSIE 7.0; Windows NT 5.1; .NET CLR 1.1.4322; .NET CLR 2.0.50727)" "shaneperfect.com"
68.142.212.193 - - [22/Jun/2007:16:19:38 -0700] "GET /robots.txt HTTP/1.0" 404 275 "-" "Yahoo-MMCrawler/3.x (mms dash mmcrawler dash support at yahoo dash inc dot com)" "shaneperfect.com"
74.6.19.113 - - [22/Jun/2007:18:23:19 -0700] "GET /robots.txt HTTP/1.0" 404 275 "-" "Mozilla/5.0 (compatible; Yahoo! Slurp; http://help.yahoo.com/help/us/ysearch/slurp)" "shaneperfect.com"
38.99.203.110 - - [22/Jun/2007:20:19:11 -0700] "GET /robots.txt HTTP/1.1" 404 275 "-" "Java/1.6.0_01-ea" "www.shaneperfect.com"
38.99.203.110 - - [22/Jun/2007:20:19:11 -0700] "GET / HTTP/1.1" 200 779 "-" "panscient.com" "www.shaneperfect.com"
38.99.203.110 - - [22/Jun/2007:20:19:11 -0700] "GET /robots.txt HTTP/1.1" 404 275 "-" "Java/1.6.0_01-ea" "www.shaneperfect.com"
38.99.203.110 - - [22/Jun/2007:20:19:12 -0700] "GET /?N=D HTTP/1.1" 200 779 "-" "panscient.com" "www.shaneperfect.com"
38.99.203.110 - - [22/Jun/2007:20:19:28 -0700] "GET /?D=A HTTP/1.1" 200 779 "-" "panscient.com" "www.shaneperfect.com"
38.99.203.110 - - [22/Jun/2007:20:19:29 -0700] "GET /?D=D HTTP/1.1" 200 779 "-" "panscient.com" "www.shaneperfect.com"
38.99.203.110 - - [22/Jun/2007:20:19:30 -0700] "GET /?N=A HTTP/1.1" 200 779 "-" "panscient.com" "www.shaneperfect.com"
38.99.203.110 - - [22/Jun/2007:20:19:31 -0700] "GET /logs/ HTTP/1.1" 200 1802 "-" "panscient.com" "www.shaneperfect.com"
38.99.203.110 - - [22/Jun/2007:20:19:32 -0700] "GET /logs/?N=D HTTP/1.1" 200 1802 "-" "panscient.com" "www.shaneperfect.com"
38.99.203.110 - - [22/Jun/2007:20:19:33 -0700] "GET /logs/?D=A HTTP/1.1" 200 1802 "-" "panscient.com" "www.shaneperfect.com"
38.99.203.110 - - [22/Jun/2007:20:19:34 -0700] "GET /logs/?D=D HTTP/1.1" 200 1802 "-" "panscient.com" "www.shaneperfect.com"
38.99.203.110 - - [22/Jun/2007:20:19:37 -0700] "GET /logs/?N=A HTTP/1.1" 200 1802 "-" "panscient.com" "www.shaneperfect.com"
38.99.203.110 - - [22/Jun/2007:20:19:38 -0700] "GET /logs/?M=A HTTP/1.1" 200 1802 "-" "panscient.com" "www.shaneperfect.com"
38.99.203.110 - - [22/Jun/2007:20:19:39 -0700] "GET /?M=A HTTP/1.1" 200 779 "-" "panscient.com" "www.shaneperfect.com"
38.99.203.110 - - [22/Jun/2007:20:19:45 -0700] "GET /tmp/ HTTP/1.1" 200 520 "-" "panscient.com" "www.shaneperfect.com"
38.99.203.110 - - [22/Jun/2007:20:19:45 -0700] "GET /tmp/?N=D HTTP/1.1" 200 520 "-" "panscient.com" "www.shaneperfect.com"
38.99.203.110 - - [22/Jun/2007:20:19:47 -0700] "GET /tmp/?D=A HTTP/1.1" 200 520 "-" "panscient.com" "www.shaneperfect.com"
38.99.203.110 - - [22/Jun/2007:20:19:48 -0700] "GET /tmp/?D=D HTTP/1.1" 200 520 "-" "panscient.com" "www.shaneperfect.com"
38.99.203.110 - - [22/Jun/2007:20:19:54 -0700] "GET /tmp/?N=A HTTP/1.1" 200 520 "-" "panscient.com" "www.shaneperfect.com"
38.99.203.110 - - [22/Jun/2007:20:19:54 -0700] "GET /tmp/?M=A HTTP/1.1" 200 520 "-" "panscient.com" "www.shaneperfect.com"
38.99.203.110 - - [22/Jun/2007:20:19:58 -0700] "GET /logs/?S=A HTTP/1.1" 200 1802 "-" "panscient.com" "www.shaneperfect.com"
38.99.203.110 - - [22/Jun/2007:20:19:59 -0700] "GET /tmp/?S=A HTTP/1.1" 200 520 "-" "panscient.com" "www.shaneperfect.com"
38.99.203.110 - - [22/Jun/2007:20:20:00 -0700] "GET /?S=A HTTP/1.1" 200 779 "-" "panscient.com" "www.shaneperfect.com"
74.6.75.31 - - [22/Jun/2007:20:54:49 -0700] "GET /robots.txt HTTP/1.0" 404 275 "-" "Mozilla/5.0 (compatible; Yahoo! Slurp; http://help.yahoo.com/help/us/ysearch/slurp)" "www.shaneperfect.com"
74.6.68.163 - - [22/Jun/2007:20:54:49 -0700] "GET / HTTP/1.0" 200 763 "-" "Mozilla/5.0 (compatible; Yahoo! Slurp; http://help.yahoo.com/help/us/ysearch/slurp)" "www.shaneperfect.com"
74.6.19.113 - - [22/Jun/2007:22:37:43 -0700] "GET /robots.txt HTTP/1.0" 404 275 "-" "Mozilla/5.0 (compatible; Yahoo! Slurp; http://help.yahoo.com/help/us/ysearch/slurp)" "shaneperfect.com"
74.6.27.35 - - [22/Jun/2007:22:37:45 -0700] "GET /?D=D HTTP/1.0" 200 763 "-" "Mozilla/5.0 (compatible; Yahoo! Slurp; http://help.yahoo.com/help/us/ysearch/slurp)" "shaneperfect.com"
66.249.70.24 - - [23/Jun/2007:00:47:11 -0700] "GET /robots.txt HTTP/1.1" 404 275 "-" "Mozilla/5.0 (compatible; Googlebot/2.1; +http://www.google.com/bot.html)" "shaneperfect.com"
66.249.70.24 - - [23/Jun/2007:00:47:11 -0700] "GET /logs/ HTTP/1.1" 200 1802 "-" "Mozilla/5.0 (compatible; Googlebot/2.1; +http://www.google.com/bot.html)" "shaneperfect.com"
74.6.19.113 - - [23/Jun/2007:00:48:20 -0700] "GET /robots.txt HTTP/1.0" 404 275 "-" "Mozilla/5.0 (compatible; Yahoo! Slurp; http://help.yahoo.com/help/us/ysearch/slurp)" "shaneperfect.com"
74.6.23.235 - - [23/Jun/2007:00:48:28 -0700] "GET /?N=A HTTP/1.0" 200 763 "-" "Mozilla/5.0 (compatible; Yahoo! Slurp; http://help.yahoo.com/help/us/ysearch/slurp)" "shaneperfect.com"
66.249.70.24 - - [23/Jun/2007:01:31:56 -0700] "GET /robots.txt HTTP/1.1" 404 275 "-" "Mozilla/5.0 (compatible; Googlebot/2.1; +http://www.google.com/bot.html)" "www.shaneperfect.com"
66.249.70.24 - - [23/Jun/2007:01:31:56 -0700] "GET /tmp/?M=A HTTP/1.1" 200 520 "-" "Mozilla/5.0 (compatible; Googlebot/2.1; +http://www.google.com/bot.html)" "www.shaneperfect.com"
74.6.19.113 - - [23/Jun/2007:01:34:08 -0700] "GET /robots.txt HTTP/1.0" 404 275 "-" "Mozilla/5.0 (compatible; Yahoo! Slurp; http://help.yahoo.com/help/us/ysearch/slurp)" "shaneperfect.com"
74.6.24.144 - - [23/Jun/2007:01:34:16 -0700] "GET /?N=D HTTP/1.0" 200 763 "-" "Mozilla/5.0 (compatible; Yahoo! Slurp; http://help.yahoo.com/help/us/ysearch/slurp)" "shaneperfect.com"
66.249.70.24 - - [23/Jun/2007:02:45:18 -0700] "GET /logs/ HTTP/1.1" 200 1802 "-" "Mozilla/5.0 (compatible; Googlebot/2.1; +http://www.google.com/bot.html)" "www.shaneperfect.com"
74.6.19.103 - - [23/Jun/2007:03:30:31 -0700] "GET /robots.txt HTTP/1.0" 404 275 "-" "Mozilla/5.0 (compatible; Yahoo! Slurp; http://help.yahoo.com/help/us/ysearch/slurp)" "www.shaneperfect.com"
74.6.23.206 - - [23/Jun/2007:03:30:40 -0700] "GET /?N=D HTTP/1.0" 200 763 "-" "Mozilla/5.0 (compatible; Yahoo! Slurp; http://help.yahoo.com/help/us/ysearch/slurp)" "www.shaneperfect.com"
207.46.98.127 - - [23/Jun/2007:03:59:59 -0700] "GET /robots.txt HTTP/1.0" 404 275 "-" "msnbot/1.0 (+http://search.msn.com/msnbot.htm)" "shaneperfect.com"
207.46.98.127 - - [23/Jun/2007:03:59:59 -0700] "GET /contactinfo.html HTTP/1.0" 404 275 "-" "msnbot/1.0 (+http://search.msn.com/msnbot.htm)" "shaneperfect.com"
66.249.70.24 - - [23/Jun/2007:05:06:14 -0700] "GET /logs/access_070601.log HTTP/1.1" 200 1711 "-" "Mozilla/5.0 (compatible; Googlebot/2.1; +http://www.google.com/bot.html)" "www.shaneperfect.com"
66.249.70.24 - - [23/Jun/2007:05:09:38 -0700] "GET /logs/access_070531.log HTTP/1.1" 200 73402 "-" "Mozilla/5.0 (compatible; Googlebot/2.1; +http://www.google.com/bot.html)" "www.shaneperfect.com"
74.6.86.207 - - [23/Jun/2007:07:57:04 -0700] "GET /robots.txt HTTP/1.0" 404 275 "-" "Mozilla/5.0 (compatible; Yahoo! Slurp; http://help.yahoo.com/help/us/ysearch/slurp)" "shaneperfect.com"
74.6.86.105 - - [23/Jun/2007:07:57:31 -0700] "GET /?N=A HTTP/1.0" 200 763 "-" "Mozilla/5.0 (compatible; Yahoo! Slurp; http://help.yahoo.com/help/us/ysearch/slurp)" "shaneperfect.com"
128.194.135.94 - - [23/Jun/2007:09:50:03 -0700] "GET /tmp/?S=D HTTP/1.1" 200 520 "-" "IRLbot/3.0 (compatible; MSIE 6.0; http://irl.cs.tamu.edu/crawler)" "shaneperfect.com"
207.46.98.127 - - [23/Jun/2007:14:25:58 -0700] "GET /robots.txt HTTP/1.0" 404 275 "-" "msnbot/1.0 (+http://search.msn.com/msnbot.htm)" "shaneperfect.com"
207.46.98.127 - - [23/Jun/2007:14:25:58 -0700] "GET /index.html HTTP/1.0" 404 275 "-" "msnbot/1.0 (+http://search.msn.com/msnbot.htm)" "shaneperfect.com"
74.6.19.113 - - [23/Jun/2007:17:06:37 -0700] "GET /robots.txt HTTP/1.0" 404 275 "-" "Mozilla/5.0 (compatible; Yahoo! Slurp; http://help.yahoo.com/help/us/ysearch/slurp)" "shaneperfect.com"
74.6.27.14 - - [23/Jun/2007:17:06:56 -0700] "GET /?M=D HTTP/1.0" 200 763 "-" "Mozilla/5.0 (compatible; Yahoo! Slurp; http://help.yahoo.com/help/us/ysearch/slurp)" "shaneperfect.com"
68.142.212.189 - - [23/Jun/2007:18:24:10 -0700] "GET /robots.txt HTTP/1.0" 404 275 "-" "Yahoo-MMCrawler/3.x (mms dash mmcrawler dash support at yahoo dash inc dot com)" "www.shaneperfect.com"
74.6.19.103 - - [23/Jun/2007:20:18:09 -0700] "GET /robots.txt HTTP/1.0" 404 275 "-" "Mozilla/5.0 (compatible; Yahoo! Slurp; http://help.yahoo.com/help/us/ysearch/slurp)" "www.shaneperfect.com"
74.6.29.33 - - [23/Jun/2007:20:19:31 -0700] "GET /tmp/ HTTP/1.0" 200 504 "-" "Mozilla/5.0 (compatible; Yahoo! Slurp; http://help.yahoo.com/help/us/ysearch/slurp)" "www.shaneperfect.com"
74.208.71.187 - - [23/Jun/2007:20:29:58 -0700] "GET / HTTP/1.0" 200 763 "-" "Mozilla/4.0 (compatible; MSIE 6.0; Windows NT 5.1; SV1; .NET CLR 1.1.4322; .NET CLR 2.0.50727)" "www.shaneperfect.com"
74.6.75.43 - - [23/Jun/2007:20:39:01 -0700] "GET /robots.txt HTTP/1.0" 404 275 "-" "Mozilla/5.0 (compatible; Yahoo! Slurp; http://help.yahoo.com/help/us/ysearch/slurp)" "shaneperfect.com"
74.6.18.34 - - [23/Jun/2007:20:39:38 -0700] "GET /tmp/ HTTP/1.0" 200 504 "-" "Mozilla/5.0 (compatible; Yahoo! Slurp; http://help.yahoo.com/help/us/ysearch/slurp)" "shaneperfect.com"
82.165.148.17 - - [23/Jun/2007:20:47:18 -0700] "GET / HTTP/1.0" 200 763 "-" "Mozilla/4.0 (compatible; MSIE 6.0; Windows NT 5.1; SV1; .NET CLR 1.1.4322; .NET CLR 2.0.50727)" "www.shaneperfect.com"
82.165.182.106 - - [23/Jun/2007:20:47:35 -0700] "GET / HTTP/1.0" 200 763 "-" "Mozilla/4.0 (compatible; MSIE 6.0; Windows NT 5.1; SV1; .NET CLR 1.1.4322; .NET CLR 2.0.50727)" "www.shaneperfect.com"
74.6.19.103 - - [23/Jun/2007:21:28:41 -0700] "GET /robots.txt HTTP/1.0" 404 275 "-" "Mozilla/5.0 (compatible; Yahoo! Slurp; http://help.yahoo.com/help/us/ysearch/slurp)" "www.shaneperfect.com"
74.6.25.171 - - [23/Jun/2007:21:28:52 -0700] "GET /?D=A HTTP/1.0" 200 763 "-" "Mozilla/5.0 (compatible; Yahoo! Slurp; http://help.yahoo.com/help/us/ysearch/slurp)" "www.shaneperfect.com"
66.249.70.24 - - [23/Jun/2007:23:34:40 -0700] "GET /robots.txt HTTP/1.1" 404 275 "-" "Mozilla/5.0 (compatible; Googlebot/2.1; +http://www.google.com/bot.html)" "www.shaneperfect.com"
66.249.70.24 - - [23/Jun/2007:23:34:40 -0700] "GET /logs/?S=A HTTP/1.1" 200 1802 "-" "Mozilla/5.0 (compatible; Googlebot/2.1; +http://www.google.com/bot.html)" "www.shaneperfect.com"
66.249.70.24 - - [24/Jun/2007:00:13:20 -0700] "GET /?D=D HTTP/1.1" 200 779 "-" "Mozilla/5.0 (compatible; Googlebot/2.1; +http://www.google.com/bot.html)" "www.shaneperfect.com"
74.6.19.113 - - [24/Jun/2007:04:01:36 -0700] "GET /robots.txt HTTP/1.0" 404 275 "-" "Mozilla/5.0 (compatible; Yahoo! Slurp; http://help.yahoo.com/help/us/ysearch/slurp)" "shaneperfect.com"
74.6.19.103 - - [24/Jun/2007:08:45:06 -0700] "GET /robots.txt HTTP/1.0" 404 275 "-" "Mozilla/5.0 (compatible; Yahoo! Slurp; http://help.yahoo.com/help/us/ysearch/slurp)" "www.shaneperfect.com"
74.6.86.207 - - [24/Jun/2007:11:21:26 -0700] "GET /robots.txt HTTP/1.0" 404 275 "-" "Mozilla/5.0 (compatible; Yahoo! Slurp; http://help.yahoo.com/help/us/ysearch/slurp)" "shaneperfect.com"
74.6.86.228 - - [24/Jun/2007:11:21:26 -0700] "GET /tmp/ HTTP/1.0" 200 504 "-" "Mozilla/5.0 (compatible; Yahoo! Slurp; http://help.yahoo.com/help/us/ysearch/slurp)" "shaneperfect.com"
74.6.86.207 - - [24/Jun/2007:13:08:25 -0700] "GET /robots.txt HTTP/1.0" 404 275 "-" "Mozilla/5.0 (compatible; Yahoo! Slurp; http://help.yahoo.com/help/us/ysearch/slurp)" "shaneperfect.com"
74.6.87.114 - - [24/Jun/2007:13:11:51 -0700] "GET /?N=D HTTP/1.0" 200 763 "-" "Mozilla/5.0 (compatible; Yahoo! Slurp; http://help.yahoo.com/help/us/ysearch/slurp)" "shaneperfect.com"
74.6.19.113 - - [24/Jun/2007:19:43:13 -0700] "GET /robots.txt HTTP/1.0" 404 275 "-" "Mozilla/5.0 (compatible; Yahoo! Slurp; http://help.yahoo.com/help/us/ysearch/slurp)" "shaneperfect.com"
74.6.26.166 - - [24/Jun/2007:19:43:14 -0700] "GET /tmp/ HTTP/1.0" 200 504 "-" "Mozilla/5.0 (compatible; Yahoo! Slurp; http://help.yahoo.com/help/us/ysearch/slurp)" "shaneperfect.com"
125.168.40.51 - - [24/Jun/2007:22:06:39 -0700] "GET /images/finearttext4.jpg HTTP/1.1" 404 275 "-" "Mozilla/5.0 (Windows; U; Windows NT 5.1; en-GB; rv:1.8.1.4) Gecko/20070515 Firefox/2.0.0.4" "www.shaneperfect.com"
74.6.19.103 - - [24/Jun/2007:22:10:42 -0700] "GET /robots.txt HTTP/1.0" 404 275 "-" "Mozilla/5.0 (compatible; Yahoo! Slurp; http://help.yahoo.com/help/us/ysearch/slurp)" "www.shaneperfect.com"
