74.6.66.55 - - [30/Apr/2007:20:42:09 -0700] "GET /robots.txt HTTP/1.0" 404 275 "-" "Mozilla/5.0 (compatible; Yahoo! Slurp; http://help.yahoo.com/help/us/ysearch/slurp)" "shaneperfect.com"
74.6.73.164 - - [30/Apr/2007:20:42:09 -0700] "GET /?N=D HTTP/1.0" 200 763 "-" "Mozilla/5.0 (compatible; Yahoo! Slurp; http://help.yahoo.com/help/us/ysearch/slurp)" "shaneperfect.com"
74.6.86.230 - - [30/Apr/2007:22:23:11 -0700] "GET /robots.txt HTTP/1.0" 404 275 "-" "Mozilla/5.0 (compatible; Yahoo! Slurp; http://help.yahoo.com/help/us/ysearch/slurp)" "shaneperfect.com"
74.6.86.25 - - [30/Apr/2007:22:23:18 -0700] "GET /?M=A HTTP/1.0" 200 763 "-" "Mozilla/5.0 (compatible; Yahoo! Slurp; http://help.yahoo.com/help/us/ysearch/slurp)" "shaneperfect.com"
90.188.121.125 - - [01/May/2007:07:32:48 -0700] "GET /logs/access.log HTTP/1.1" 200 742 "http://www.google.com/search?q=inurl:access.log&hl=ru&client=opera&rls=ru&hs=ooD&start=90&sa=N" "Opera/9.00 (Windows NT 5.1; U; ru)" "shaneperfect.com"
74.6.66.55 - - [01/May/2007:14:42:26 -0700] "GET /robots.txt HTTP/1.0" 404 275 "-" "Mozilla/5.0 (compatible; Yahoo! Slurp; http://help.yahoo.com/help/us/ysearch/slurp)" "shaneperfect.com"
74.6.68.79 - - [01/May/2007:14:42:27 -0700] "GET /?N=A HTTP/1.0" 200 763 "-" "Mozilla/5.0 (compatible; Yahoo! Slurp; http://help.yahoo.com/help/us/ysearch/slurp)" "shaneperfect.com"
72.30.177.97 - - [01/May/2007:14:43:42 -0700] "GET /robots.txt HTTP/1.0" 404 275 "-" "Mozilla/5.0 (compatible; Yahoo! Slurp; http://help.yahoo.com/help/us/ysearch/slurp)" "www.shaneperfect.com"
74.6.69.39 - - [01/May/2007:14:43:42 -0700] "GET /aboutus.html HTTP/1.0" 404 275 "-" "Mozilla/5.0 (compatible; Yahoo! Slurp; http://help.yahoo.com/help/us/ysearch/slurp)" "www.shaneperfect.com"
70.85.114.58 - - [01/May/2007:21:45:10 -0700] "GET /robots.txt HTTP/1.1" 404 275 "www.shaneperfect.com" "Pingdom GIGRIB (http://www.pingdom.com)" "www.shaneperfect.com"
70.85.114.58 - - [01/May/2007:21:45:10 -0700] "GET /robots.txt HTTP/1.1" 404 275 "www.shaneperfect.com" "Pingdom GIGRIB (http://www.pingdom.com)" "www.shaneperfect.com"
70.85.114.58 - - [01/May/2007:21:45:10 -0700] "GET /robots.txt HTTP/1.1" 404 275 "www.shaneperfect.com" "Pingdom GIGRIB (http://www.pingdom.com)" "www.shaneperfect.com"
70.85.114.58 - - [01/May/2007:21:45:13 -0700] "GET /robots.txt HTTP/1.1" 404 275 "www.shaneperfect.com" "Pingdom GIGRIB (http://www.pingdom.com)" "www.shaneperfect.com"
70.85.114.58 - - [01/May/2007:21:45:13 -0700] "GET /robots.txt HTTP/1.1" 404 275 "www.shaneperfect.com" "Pingdom GIGRIB (http://www.pingdom.com)" "www.shaneperfect.com"
70.85.114.58 - - [01/May/2007:21:45:13 -0700] "GET /robots.txt HTTP/1.1" 404 275 "www.shaneperfect.com" "Pingdom GIGRIB (http://www.pingdom.com)" "www.shaneperfect.com"
70.85.114.58 - - [01/May/2007:21:47:58 -0700] "GET // HTTP/1.1" 200 779 "http://www.pingdom.com/monitor/www.shaneperfect.com" "Pingdom GIGRIB (http://www.pingdom.com)" "www.shaneperfect.com"
70.85.114.58 - - [01/May/2007:21:47:58 -0700] "GET // HTTP/1.1" 200 779 "http://www.pingdom.com/monitor/www.shaneperfect.com" "Pingdom GIGRIB (http://www.pingdom.com)" "www.shaneperfect.com"
70.85.114.58 - - [01/May/2007:21:47:58 -0700] "GET // HTTP/1.1" 200 779 "http://www.pingdom.com/monitor/www.shaneperfect.com" "Pingdom GIGRIB (http://www.pingdom.com)" "www.shaneperfect.com"
70.85.114.58 - - [01/May/2007:21:47:58 -0700] "GET // HTTP/1.1" 200 779 "http://www.pingdom.com/monitor/www.shaneperfect.com" "Pingdom GIGRIB (http://www.pingdom.com)" "www.shaneperfect.com"
70.85.114.58 - - [01/May/2007:21:47:58 -0700] "GET // HTTP/1.1" 200 779 "http://www.pingdom.com/monitor/www.shaneperfect.com" "Pingdom GIGRIB (http://www.pingdom.com)" "www.shaneperfect.com"
70.85.114.58 - - [01/May/2007:21:48:01 -0700] "GET // HTTP/1.1" 200 779 "http://www.pingdom.com/monitor/www.shaneperfect.com" "Pingdom GIGRIB (http://www.pingdom.com)" "www.shaneperfect.com"
74.6.66.55 - - [02/May/2007:09:24:52 -0700] "GET /robots.txt HTTP/1.0" 404 275 "-" "Mozilla/5.0 (compatible; Yahoo! Slurp; http://help.yahoo.com/help/us/ysearch/slurp)" "shaneperfect.com"
74.6.65.234 - - [02/May/2007:09:24:53 -0700] "GET / HTTP/1.0" 200 763 "-" "Mozilla/5.0 (compatible; Yahoo! Slurp; http://help.yahoo.com/help/us/ysearch/slurp)" "shaneperfect.com"
74.6.86.230 - - [02/May/2007:11:55:33 -0700] "GET /robots.txt HTTP/1.0" 404 275 "-" "Mozilla/5.0 (compatible; Yahoo! Slurp; http://help.yahoo.com/help/us/ysearch/slurp)" "shaneperfect.com"
74.6.86.14 - - [02/May/2007:11:58:26 -0700] "GET /logs/ HTTP/1.0" 200 1500 "-" "Mozilla/5.0 (compatible; Yahoo! Slurp; http://help.yahoo.com/help/us/ysearch/slurp)" "shaneperfect.com"
66.249.65.98 - - [02/May/2007:19:45:52 -0700] "GET /robots.txt HTTP/1.1" 404 275 "-" "Mozilla/5.0 (compatible; Googlebot/2.1; +http://www.google.com/bot.html)" "shaneperfect.com"
66.249.65.98 - - [02/May/2007:19:45:52 -0700] "GET /logs/?D=A HTTP/1.1" 200 1516 "-" "Mozilla/5.0 (compatible; Googlebot/2.1; +http://www.google.com/bot.html)" "shaneperfect.com"
66.249.65.98 - - [02/May/2007:21:53:49 -0700] "GET /logs/ HTTP/1.1" 200 1516 "-" "Mozilla/5.0 (compatible; Googlebot/2.1; +http://www.google.com/bot.html)" "shaneperfect.com"
88.254.11.187 - - [03/May/2007:03:06:07 -0700] "GET /logs/access_070331.log HTTP/1.1" 200 6009 "http://www.google.com.tr/search?q=66.249.72.75+&hl=tr&rlz=1T4GGLJ_trTR217TR217&start=20&sa=N" "Mozilla/4.0 (compatible; MSIE 6.0; Windows NT 5.1; SV1)" "shaneperfect.com"
74.6.86.230 - - [03/May/2007:09:45:48 -0700] "GET /robots.txt HTTP/1.0" 404 275 "-" "Mozilla/5.0 (compatible; Yahoo! Slurp; http://help.yahoo.com/help/us/ysearch/slurp)" "shaneperfect.com"
74.6.87.114 - - [03/May/2007:09:49:40 -0700] "GET /?N=D HTTP/1.0" 200 763 "-" "Mozilla/5.0 (compatible; Yahoo! Slurp; http://help.yahoo.com/help/us/ysearch/slurp)" "shaneperfect.com"
74.6.66.55 - - [04/May/2007:00:36:55 -0700] "GET /robots.txt HTTP/1.0" 404 275 "-" "Mozilla/5.0 (compatible; Yahoo! Slurp; http://help.yahoo.com/help/us/ysearch/slurp)" "shaneperfect.com"
74.6.74.122 - - [04/May/2007:00:36:56 -0700] "GET /tmp/ HTTP/1.0" 200 504 "-" "Mozilla/5.0 (compatible; Yahoo! Slurp; http://help.yahoo.com/help/us/ysearch/slurp)" "shaneperfect.com"
207.46.98.128 - - [04/May/2007:01:01:48 -0700] "GET /robots.txt HTTP/1.0" 404 275 "-" "msnbot/1.0 (+http://search.msn.com/msnbot.htm)" "shaneperfect.com"
207.46.98.128 - - [04/May/2007:01:01:48 -0700] "GET / HTTP/1.0" 200 763 "-" "msnbot/1.0 (+http://search.msn.com/msnbot.htm)" "shaneperfect.com"
66.249.65.98 - - [04/May/2007:04:53:32 -0700] "GET /robots.txt HTTP/1.1" 404 275 "-" "Mozilla/5.0 (compatible; Googlebot/2.1; +http://www.google.com/bot.html)" "shaneperfect.com"
66.249.65.98 - - [04/May/2007:04:53:32 -0700] "GET /logs/access_070331.log HTTP/1.1" 304 - "-" "Mozilla/5.0 (compatible; Googlebot/2.1; +http://www.google.com/bot.html)" "shaneperfect.com"
72.30.177.97 - - [04/May/2007:18:40:45 -0700] "GET /robots.txt HTTP/1.0" 404 275 "-" "Mozilla/5.0 (compatible; Yahoo! Slurp; http://help.yahoo.com/help/us/ysearch/slurp)" "www.shaneperfect.com"
74.6.68.163 - - [04/May/2007:18:40:49 -0700] "GET / HTTP/1.0" 200 763 "-" "Mozilla/5.0 (compatible; Yahoo! Slurp; http://help.yahoo.com/help/us/ysearch/slurp)" "www.shaneperfect.com"
74.6.66.55 - - [04/May/2007:23:46:48 -0700] "GET /robots.txt HTTP/1.0" 404 275 "-" "Mozilla/5.0 (compatible; Yahoo! Slurp; http://help.yahoo.com/help/us/ysearch/slurp)" "shaneperfect.com"
74.6.65.234 - - [04/May/2007:23:46:48 -0700] "GET / HTTP/1.0" 200 763 "-" "Mozilla/5.0 (compatible; Yahoo! Slurp; http://help.yahoo.com/help/us/ysearch/slurp)" "shaneperfect.com"
63.123.238.8 - - [05/May/2007:02:30:29 -0700] "GET /robots.txt HTTP/1.1" 404 275 "-" "Mozilla/2.0 (compatible; Ask Jeeves/Teoma)" "www.shaneperfect.com"
63.123.238.8 - - [05/May/2007:02:30:29 -0700] "GET / HTTP/1.1" 200 779 "-" "Mozilla/2.0 (compatible; Ask Jeeves/Teoma)" "www.shaneperfect.com"
66.249.65.98 - - [05/May/2007:02:58:13 -0700] "GET /robots.txt HTTP/1.1" 404 275 "-" "Mozilla/5.0 (compatible; Googlebot/2.1; +http://www.google.com/bot.html)" "shaneperfect.com"
66.249.65.98 - - [05/May/2007:02:58:13 -0700] "GET /logs/access_070501.log HTTP/1.1" 200 70463 "-" "Mozilla/5.0 (compatible; Googlebot/2.1; +http://www.google.com/bot.html)" "shaneperfect.com"
74.6.66.55 - - [05/May/2007:05:19:58 -0700] "GET /robots.txt HTTP/1.0" 404 275 "-" "Mozilla/5.0 (compatible; Yahoo! Slurp; http://help.yahoo.com/help/us/ysearch/slurp)" "shaneperfect.com"
74.6.73.91 - - [05/May/2007:05:19:58 -0700] "GET /tmp/?M=A HTTP/1.0" 200 504 "-" "Mozilla/5.0 (compatible; Yahoo! Slurp; http://help.yahoo.com/help/us/ysearch/slurp)" "shaneperfect.com"
74.6.86.230 - - [05/May/2007:06:03:39 -0700] "GET /robots.txt HTTP/1.0" 404 275 "-" "Mozilla/5.0 (compatible; Yahoo! Slurp; http://help.yahoo.com/help/us/ysearch/slurp)" "shaneperfect.com"
74.6.86.113 - - [05/May/2007:06:09:29 -0700] "GET / HTTP/1.0" 200 763 "-" "Mozilla/5.0 (compatible; Yahoo! Slurp; http://help.yahoo.com/help/us/ysearch/slurp)" "shaneperfect.com"
71.127.82.92 - - [05/May/2007:12:06:11 -0700] "GET / HTTP/1.1" 200 779 "http://www.hollyheath.com/artiststatement.html" "Mozilla/4.0 (compatible; MSIE 6.0; Windows NT 5.1; SV1; YPC 3.2.0; .NET CLR 1.1.4322; yplus 5.6.02b)" "shaneperfect.com"
71.127.82.92 - - [05/May/2007:12:06:12 -0700] "GET /favicon.ico HTTP/1.1" 404 275 "-" "Mozilla/4.0 (compatible; MSIE 6.0; Windows NT 5.1; SV1; YPC 3.2.0; .NET CLR 1.1.4322)" "shaneperfect.com"
66.249.65.98 - - [05/May/2007:16:09:16 -0700] "GET /robots.txt HTTP/1.1" 404 275 "-" "Mozilla/5.0 (compatible; Googlebot/2.1; +http://www.google.com/bot.html)" "shaneperfect.com"
66.249.65.98 - - [05/May/2007:16:09:16 -0700] "GET /tmp/?N=D HTTP/1.1" 200 520 "-" "Mozilla/5.0 (compatible; Googlebot/2.1; +http://www.google.com/bot.html)" "shaneperfect.com"
66.249.65.98 - - [05/May/2007:18:14:23 -0700] "GET /logs/access.log HTTP/1.1" 200 9795 "-" "Mozilla/5.0 (compatible; Googlebot/2.1; +http://www.google.com/bot.html)" "shaneperfect.com"
74.6.75.35 - - [05/May/2007:20:36:29 -0700] "GET /robots.txt HTTP/1.0" 404 275 "-" "Mozilla/5.0 (compatible; Yahoo! Slurp; http://help.yahoo.com/help/us/ysearch/slurp)" "shaneperfect.com"
74.6.72.89 - - [05/May/2007:20:36:30 -0700] "GET /index.html HTTP/1.0" 404 275 "-" "Mozilla/5.0 (compatible; Yahoo! Slurp; http://help.yahoo.com/help/us/ysearch/slurp)" "shaneperfect.com"
66.249.65.98 - - [06/May/2007:13:47:31 -0700] "GET /robots.txt HTTP/1.1" 404 275 "-" "Mozilla/5.0 (compatible; Googlebot/2.1; +http://www.google.com/bot.html)" "shaneperfect.com"
66.249.65.98 - - [06/May/2007:13:47:31 -0700] "GET /logs/ HTTP/1.1" 200 1516 "-" "Mozilla/5.0 (compatible; Googlebot/2.1; +http://www.google.com/bot.html)" "shaneperfect.com"
74.6.86.230 - - [07/May/2007:19:11:06 -0700] "GET /robots.txt HTTP/1.0" 404 275 "-" "Mozilla/5.0 (compatible; Yahoo! Slurp; http://help.yahoo.com/help/us/ysearch/slurp)" "shaneperfect.com"
74.6.86.74 - - [07/May/2007:19:11:06 -0700] "GET /?D=A HTTP/1.0" 200 763 "-" "Mozilla/5.0 (compatible; Yahoo! Slurp; http://help.yahoo.com/help/us/ysearch/slurp)" "shaneperfect.com"
208.17.184.71 - - [08/May/2007:01:30:24 -0700] "GET /robots.txt HTTP/1.1" 404 275 "-" "Mozilla/5.0 (X11; U; Linux i686; en-US; rv:1.7.12) Gecko/20050922 Fedora/1.0.7-1.1.fc4 Firefox/1.0.7" "www.shaneperfect.com"
208.17.184.71 - - [08/May/2007:01:30:24 -0700] "GET / HTTP/1.1" 200 779 "" "Mozilla/5.0 (X11; U; Linux i686; en-US; rv:1.7.12) Gecko/20050922 Fedora/1.0.7-1.1.fc4 Firefox/1.0.7" "www.shaneperfect.com"
208.17.184.71 - - [08/May/2007:01:30:25 -0700] "GET /?N=D HTTP/1.1" 200 779 "http://www.shaneperfect.com/" "Mozilla/5.0 (X11; U; Linux i686; en-US; rv:1.7.12) Gecko/20050922 Fedora/1.0.7-1.1.fc4 Firefox/1.0.7" "www.shaneperfect.com"
208.17.184.71 - - [08/May/2007:01:30:25 -0700] "GET /?M=A HTTP/1.1" 200 779 "http://www.shaneperfect.com/" "Mozilla/5.0 (X11; U; Linux i686; en-US; rv:1.7.12) Gecko/20050922 Fedora/1.0.7-1.1.fc4 Firefox/1.0.7" "www.shaneperfect.com"
208.17.184.71 - - [08/May/2007:01:30:25 -0700] "GET /?S=A HTTP/1.1" 200 779 "http://www.shaneperfect.com/" "Mozilla/5.0 (X11; U; Linux i686; en-US; rv:1.7.12) Gecko/20050922 Fedora/1.0.7-1.1.fc4 Firefox/1.0.7" "www.shaneperfect.com"
208.17.184.71 - - [08/May/2007:01:30:25 -0700] "GET /?D=A HTTP/1.1" 200 779 "http://www.shaneperfect.com/" "Mozilla/5.0 (X11; U; Linux i686; en-US; rv:1.7.12) Gecko/20050922 Fedora/1.0.7-1.1.fc4 Firefox/1.0.7" "www.shaneperfect.com"
74.6.86.230 - - [08/May/2007:03:38:27 -0700] "GET /robots.txt HTTP/1.0" 404 275 "-" "Mozilla/5.0 (compatible; Yahoo! Slurp; http://help.yahoo.com/help/us/ysearch/slurp)" "shaneperfect.com"
74.6.86.25 - - [08/May/2007:03:41:24 -0700] "GET /?M=A HTTP/1.0" 200 763 "-" "Mozilla/5.0 (compatible; Yahoo! Slurp; http://help.yahoo.com/help/us/ysearch/slurp)" "shaneperfect.com"
131.107.0.96 - - [08/May/2007:11:20:45 -0700] "GET /index.html HTTP/1.1" 404 275 "http://search.live.com/result.aspx?q=buick&mrt=en-us&FORM=LVSP" "Mozilla/4.0 (compatible; MSIE 6.0; Windows NT 5.2; Win64; x64; SV1; .NET CLR 2.0.50727)" "shaneperfect.com"
74.6.74.93 - - [08/May/2007:14:49:33 -0700] "GET /robots.txt HTTP/1.0" 404 275 "-" "Mozilla/5.0 (compatible; Yahoo! Slurp; http://help.yahoo.com/help/us/ysearch/slurp)" "www.shaneperfect.com"
74.6.68.163 - - [08/May/2007:14:49:33 -0700] "GET / HTTP/1.0" 200 763 "-" "Mozilla/5.0 (compatible; Yahoo! Slurp; http://help.yahoo.com/help/us/ysearch/slurp)" "www.shaneperfect.com"
74.52.245.146 - - [08/May/2007:18:05:21 -0700] "GET / HTTP/1.0" 200 763 "-" "Mozilla/5.0 (X11; U; Linux i686; en-US; rv:1.7.5) Gecko/20041107 Firefox/1.0" "www.shaneperfect.com"
74.6.86.230 - - [09/May/2007:03:10:02 -0700] "GET /robots.txt HTTP/1.0" 404 275 "-" "Mozilla/5.0 (compatible; Yahoo! Slurp; http://help.yahoo.com/help/us/ysearch/slurp)" "shaneperfect.com"
74.6.86.228 - - [09/May/2007:03:13:01 -0700] "GET /tmp/ HTTP/1.0" 200 504 "-" "Mozilla/5.0 (compatible; Yahoo! Slurp; http://help.yahoo.com/help/us/ysearch/slurp)" "shaneperfect.com"
74.6.86.230 - - [09/May/2007:03:37:27 -0700] "GET /robots.txt HTTP/1.0" 404 275 "-" "Mozilla/5.0 (compatible; Yahoo! Slurp; http://help.yahoo.com/help/us/ysearch/slurp)" "shaneperfect.com"
74.6.86.102 - - [09/May/2007:03:39:11 -0700] "GET /tmp/?D=A HTTP/1.0" 200 504 "-" "Mozilla/5.0 (compatible; Yahoo! Slurp; http://help.yahoo.com/help/us/ysearch/slurp)" "shaneperfect.com"
63.123.238.8 - - [09/May/2007:06:59:38 -0700] "GET /robots.txt HTTP/1.1" 404 275 "-" "Mozilla/2.0 (compatible; Ask Jeeves/Teoma)" "www.shaneperfect.com"
63.123.238.8 - - [09/May/2007:06:59:38 -0700] "GET / HTTP/1.1" 200 779 "-" "Mozilla/2.0 (compatible; Ask Jeeves/Teoma)" "www.shaneperfect.com"
82.225.186.175 - - [09/May/2007:08:22:16 -0700] "GET /logs/access_070331.log HTTP/1.1" 200 6009 "-" "Mozilla/4.0 (compatible; MSIE 7.0; Windows NT 5.1; .NET CLR 1.0.3705; .NET CLR 1.1.4322; Media Center PC 4.0; .NET CLR 2.0.50727)" "shaneperfect.com"
66.249.65.209 - - [09/May/2007:09:41:11 -0700] "GET /robots.txt HTTP/1.1" 404 275 "-" "Mozilla/5.0 (compatible; Googlebot/2.1; +http://www.google.com/bot.html)" "shaneperfect.com"
66.249.65.209 - - [09/May/2007:09:41:11 -0700] "GET /logs/access.log HTTP/1.1" 200 14900 "-" "Mozilla/5.0 (compatible; Googlebot/2.1; +http://www.google.com/bot.html)" "shaneperfect.com"
74.6.86.230 - - [09/May/2007:13:58:59 -0700] "GET /robots.txt HTTP/1.0" 404 275 "-" "Mozilla/5.0 (compatible; Yahoo! Slurp; http://help.yahoo.com/help/us/ysearch/slurp)" "shaneperfect.com"
74.6.86.14 - - [09/May/2007:14:01:07 -0700] "GET /logs/ HTTP/1.0" 200 1500 "-" "Mozilla/5.0 (compatible; Yahoo! Slurp; http://help.yahoo.com/help/us/ysearch/slurp)" "shaneperfect.com"
38.98.19.95 - - [09/May/2007:20:31:38 -0700] "GET /robots.txt HTTP/1.0" 404 275 "-" "Snapbot/1.0 (+http://www.snap.com)" "www.shaneperfect.com"
38.98.19.76 - - [09/May/2007:20:31:38 -0700] "GET / HTTP/1.0" 200 763 "-" "Snapbot/1.0 (+http://www.snap.com)" "www.shaneperfect.com"
66.249.65.209 - - [10/May/2007:04:07:34 -0700] "GET /robots.txt HTTP/1.1" 404 275 "-" "Mozilla/5.0 (compatible; Googlebot/2.1; +http://www.google.com/bot.html)" "www.shaneperfect.com"
66.249.65.209 - - [10/May/2007:04:07:34 -0700] "GET /logs/access.log HTTP/1.1" 200 15918 "-" "Mozilla/5.0 (compatible; Googlebot/2.1; +http://www.google.com/bot.html)" "www.shaneperfect.com"
66.249.65.209 - - [10/May/2007:09:01:06 -0700] "GET /robots.txt HTTP/1.1" 404 275 "-" "Mozilla/5.0 (compatible; Googlebot/2.1; +http://www.google.com/bot.html)" "shaneperfect.com"
66.249.65.209 - - [10/May/2007:09:01:06 -0700] "GET /logs/ HTTP/1.1" 200 1516 "-" "Mozilla/5.0 (compatible; Googlebot/2.1; +http://www.google.com/bot.html)" "shaneperfect.com"
74.6.86.230 - - [10/May/2007:10:20:10 -0700] "GET /robots.txt HTTP/1.0" 404 275 "-" "Mozilla/5.0 (compatible; Yahoo! Slurp; http://help.yahoo.com/help/us/ysearch/slurp)" "shaneperfect.com"
74.6.87.114 - - [10/May/2007:10:23:55 -0700] "GET /?N=D HTTP/1.0" 200 763 "-" "Mozilla/5.0 (compatible; Yahoo! Slurp; http://help.yahoo.com/help/us/ysearch/slurp)" "shaneperfect.com"
207.46.98.126 - - [10/May/2007:20:15:30 -0700] "GET /robots.txt HTTP/1.0" 404 275 "-" "msnbot/1.0 (+http://search.msn.com/msnbot.htm)" "shaneperfect.com"
207.46.98.126 - - [10/May/2007:20:15:30 -0700] "GET /aboutus.html HTTP/1.0" 404 275 "-" "msnbot/1.0 (+http://search.msn.com/msnbot.htm)" "shaneperfect.com"
72.30.177.79 - - [10/May/2007:21:50:52 -0700] "GET /robots.txt HTTP/1.0" 404 275 "-" "Mozilla/5.0 (compatible; Yahoo! Slurp; http://help.yahoo.com/help/us/ysearch/slurp)" "www.shaneperfect.com"
74.6.68.163 - - [10/May/2007:21:50:53 -0700] "GET / HTTP/1.0" 200 763 "-" "Mozilla/5.0 (compatible; Yahoo! Slurp; http://help.yahoo.com/help/us/ysearch/slurp)" "www.shaneperfect.com"
74.6.86.230 - - [11/May/2007:06:15:12 -0700] "GET /robots.txt HTTP/1.0" 404 275 "-" "Mozilla/5.0 (compatible; Yahoo! Slurp; http://help.yahoo.com/help/us/ysearch/slurp)" "shaneperfect.com"
74.6.86.125 - - [11/May/2007:06:19:39 -0700] "GET /tmp/?S=A HTTP/1.0" 200 504 "-" "Mozilla/5.0 (compatible; Yahoo! Slurp; http://help.yahoo.com/help/us/ysearch/slurp)" "shaneperfect.com"
65.55.210.34 - - [11/May/2007:08:51:28 -0700] "GET /robots.txt HTTP/1.0" 404 275 "-" "msnbot/1.0 (+http://search.msn.com/msnbot.htm)" "shaneperfect.com"
65.55.210.34 - - [11/May/2007:08:51:28 -0700] "GET / HTTP/1.0" 200 763 "-" "msnbot/1.0 (+http://search.msn.com/msnbot.htm)" "shaneperfect.com"
74.6.86.230 - - [11/May/2007:10:11:07 -0700] "GET /robots.txt HTTP/1.0" 404 275 "-" "Mozilla/5.0 (compatible; Yahoo! Slurp; http://help.yahoo.com/help/us/ysearch/slurp)" "shaneperfect.com"
74.6.86.111 - - [11/May/2007:10:12:41 -0700] "GET /?S=A HTTP/1.0" 200 763 "-" "Mozilla/5.0 (compatible; Yahoo! Slurp; http://help.yahoo.com/help/us/ysearch/slurp)" "shaneperfect.com"
65.55.210.30 - - [11/May/2007:11:08:43 -0700] "GET /robots.txt HTTP/1.0" 404 275 "-" "msnbot/1.0 (+http://search.msn.com/msnbot.htm)" "shaneperfect.com"
65.55.210.30 - - [11/May/2007:11:08:43 -0700] "GET /logs/ HTTP/1.0" 200 1500 "-" "msnbot/1.0 (+http://search.msn.com/msnbot.htm)" "shaneperfect.com"
65.55.210.31 - - [11/May/2007:11:10:14 -0700] "GET /robots.txt HTTP/1.0" 404 275 "-" "msnbot/1.0 (+http://search.msn.com/msnbot.htm)" "shaneperfect.com"
65.55.210.31 - - [11/May/2007:11:10:14 -0700] "GET /?S=A HTTP/1.0" 200 763 "-" "msnbot/1.0 (+http://search.msn.com/msnbot.htm)" "shaneperfect.com"
65.55.210.31 - - [11/May/2007:11:11:13 -0700] "GET /?M=A HTTP/1.0" 200 763 "-" "msnbot/1.0 (+http://search.msn.com/msnbot.htm)" "shaneperfect.com"
74.6.75.48 - - [11/May/2007:12:23:49 -0700] "GET /robots.txt HTTP/1.0" 404 275 "-" "Mozilla/5.0 (compatible; Yahoo! Slurp; http://help.yahoo.com/help/us/ysearch/slurp)" "shaneperfect.com"
72.30.177.124 - - [11/May/2007:12:23:50 -0700] "GET /?N=D HTTP/1.0" 200 763 "-" "Mozilla/5.0 (compatible; Yahoo! Slurp; http://help.yahoo.com/help/us/ysearch/slurp)" "shaneperfect.com"
65.55.210.31 - - [11/May/2007:12:57:59 -0700] "GET /robots.txt HTTP/1.0" 404 275 "-" "msnbot/1.0 (+http://search.msn.com/msnbot.htm)" "shaneperfect.com"
65.55.210.31 - - [11/May/2007:12:57:59 -0700] "GET /logs/access_070330.log HTTP/1.0" 200 2550 "-" "msnbot/1.0 (+http://search.msn.com/msnbot.htm)" "shaneperfect.com"
65.55.210.31 - - [11/May/2007:12:57:59 -0700] "GET /?S=D HTTP/1.0" 200 763 "-" "msnbot/1.0 (+http://search.msn.com/msnbot.htm)" "shaneperfect.com"
65.55.210.31 - - [11/May/2007:12:58:58 -0700] "GET /logs/?S=A HTTP/1.0" 200 1500 "-" "msnbot/1.0 (+http://search.msn.com/msnbot.htm)" "shaneperfect.com"
65.55.210.31 - - [11/May/2007:12:58:58 -0700] "GET /logs/access_070329.log HTTP/1.0" 200 49820 "-" "msnbot/1.0 (+http://search.msn.com/msnbot.htm)" "shaneperfect.com"
65.55.210.24 - - [11/May/2007:13:27:43 -0700] "GET /robots.txt HTTP/1.0" 404 275 "-" "msnbot/1.0 (+http://search.msn.com/msnbot.htm)" "shaneperfect.com"
65.55.210.24 - - [11/May/2007:13:27:43 -0700] "GET /logs/access_070301.log HTTP/1.0" 200 25559 "-" "msnbot/1.0 (+http://search.msn.com/msnbot.htm)" "shaneperfect.com"
65.55.210.24 - - [11/May/2007:13:27:43 -0700] "GET /logs/access.log HTTP/1.0" 200 20660 "-" "msnbot/1.0 (+http://search.msn.com/msnbot.htm)" "shaneperfect.com"
65.55.210.24 - - [11/May/2007:13:27:43 -0700] "GET /logs/?D=A HTTP/1.0" 200 1500 "-" "msnbot/1.0 (+http://search.msn.com/msnbot.htm)" "shaneperfect.com"
65.55.210.31 - - [11/May/2007:15:56:21 -0700] "GET /logs/?S=D HTTP/1.0" 200 1500 "-" "msnbot/1.0 (+http://search.msn.com/msnbot.htm)" "shaneperfect.com"
207.46.98.128 - - [11/May/2007:19:22:05 -0700] "GET /robots.txt HTTP/1.0" 404 275 "-" "msnbot/1.0 (+http://search.msn.com/msnbot.htm)" "shaneperfect.com"
207.46.98.128 - - [11/May/2007:19:22:05 -0700] "GET /contactinfo.html HTTP/1.0" 404 275 "-" "msnbot/1.0 (+http://search.msn.com/msnbot.htm)" "shaneperfect.com"
66.249.65.209 - - [11/May/2007:22:05:41 -0700] "GET /robots.txt HTTP/1.1" 404 275 "-" "Mozilla/5.0 (compatible; Googlebot/2.1; +http://www.google.com/bot.html)" "shaneperfect.com"
66.249.65.209 - - [11/May/2007:22:05:41 -0700] "GET /logs/access_070501.log HTTP/1.1" 304 - "-" "Mozilla/5.0 (compatible; Googlebot/2.1; +http://www.google.com/bot.html)" "shaneperfect.com"
74.6.66.55 - - [12/May/2007:06:50:52 -0700] "GET /robots.txt HTTP/1.0" 404 275 "-" "Mozilla/5.0 (compatible; Yahoo! Slurp; http://help.yahoo.com/help/us/ysearch/slurp)" "shaneperfect.com"
74.6.65.234 - - [12/May/2007:06:50:55 -0700] "GET / HTTP/1.0" 200 763 "-" "Mozilla/5.0 (compatible; Yahoo! Slurp; http://help.yahoo.com/help/us/ysearch/slurp)" "shaneperfect.com"
207.46.98.128 - - [12/May/2007:07:09:46 -0700] "GET /robots.txt HTTP/1.0" 404 275 "-" "msnbot/1.0 (+http://search.msn.com/msnbot.htm)" "shaneperfect.com"
207.46.98.128 - - [12/May/2007:07:09:46 -0700] "GET /index.html HTTP/1.0" 404 275 "-" "msnbot/1.0 (+http://search.msn.com/msnbot.htm)" "shaneperfect.com"
66.249.65.209 - - [12/May/2007:19:58:41 -0700] "GET /robots.txt HTTP/1.1" 404 275 "-" "Mozilla/5.0 (compatible; Googlebot/2.1; +http://www.google.com/bot.html)" "shaneperfect.com"
66.249.65.209 - - [12/May/2007:19:58:41 -0700] "GET /logs/access_070329.log HTTP/1.1" 304 - "-" "Mozilla/5.0 (compatible; Googlebot/2.1; +http://www.google.com/bot.html)" "shaneperfect.com"
70.85.114.58 - - [12/May/2007:21:56:59 -0700] "GET /robots.txt HTTP/1.1" 404 275 "www.shaneperfect.com" "Pingdom GIGRIB (http://www.pingdom.com)" "www.shaneperfect.com"
70.85.114.58 - - [12/May/2007:21:56:59 -0700] "GET /robots.txt HTTP/1.1" 404 275 "www.shaneperfect.com" "Pingdom GIGRIB (http://www.pingdom.com)" "www.shaneperfect.com"
70.85.114.58 - - [12/May/2007:21:56:59 -0700] "GET /robots.txt HTTP/1.1" 404 275 "www.shaneperfect.com" "Pingdom GIGRIB (http://www.pingdom.com)" "www.shaneperfect.com"
70.85.114.58 - - [12/May/2007:21:57:03 -0700] "GET /robots.txt HTTP/1.1" 404 275 "www.shaneperfect.com" "Pingdom GIGRIB (http://www.pingdom.com)" "www.shaneperfect.com"
70.85.114.58 - - [12/May/2007:21:57:03 -0700] "GET /robots.txt HTTP/1.1" 404 275 "www.shaneperfect.com" "Pingdom GIGRIB (http://www.pingdom.com)" "www.shaneperfect.com"
70.85.114.58 - - [12/May/2007:21:57:03 -0700] "GET /robots.txt HTTP/1.1" 404 275 "www.shaneperfect.com" "Pingdom GIGRIB (http://www.pingdom.com)" "www.shaneperfect.com"
70.85.114.58 - - [12/May/2007:21:59:47 -0700] "GET // HTTP/1.1" 200 779 "http://www.pingdom.com/monitor/www.shaneperfect.com" "Pingdom GIGRIB (http://www.pingdom.com)" "www.shaneperfect.com"
70.85.114.58 - - [12/May/2007:21:59:47 -0700] "GET // HTTP/1.1" 200 779 "http://www.pingdom.com/monitor/www.shaneperfect.com" "Pingdom GIGRIB (http://www.pingdom.com)" "www.shaneperfect.com"
70.85.114.58 - - [12/May/2007:21:59:47 -0700] "GET // HTTP/1.1" 200 779 "http://www.pingdom.com/monitor/www.shaneperfect.com" "Pingdom GIGRIB (http://www.pingdom.com)" "www.shaneperfect.com"
70.85.114.58 - - [12/May/2007:21:59:47 -0700] "GET // HTTP/1.1" 200 779 "http://www.pingdom.com/monitor/www.shaneperfect.com" "Pingdom GIGRIB (http://www.pingdom.com)" "www.shaneperfect.com"
70.85.114.58 - - [12/May/2007:21:59:47 -0700] "GET // HTTP/1.1" 200 779 "http://www.pingdom.com/monitor/www.shaneperfect.com" "Pingdom GIGRIB (http://www.pingdom.com)" "www.shaneperfect.com"
70.85.114.58 - - [12/May/2007:21:59:51 -0700] "GET // HTTP/1.1" 200 779 "http://www.pingdom.com/monitor/www.shaneperfect.com" "Pingdom GIGRIB (http://www.pingdom.com)" "www.shaneperfect.com"
66.249.65.209 - - [12/May/2007:22:10:31 -0700] "GET /logs/access_070501.log HTTP/1.1" 304 - "-" "Mozilla/5.0 (compatible; Googlebot/2.1; +http://www.google.com/bot.html)" "shaneperfect.com"
66.249.65.209 - - [12/May/2007:22:17:30 -0700] "GET /logs/access.log HTTP/1.1" 200 25525 "-" "Mozilla/5.0 (compatible; Googlebot/2.1; +http://www.google.com/bot.html)" "shaneperfect.com"
207.46.98.127 - - [12/May/2007:23:40:45 -0700] "GET /robots.txt HTTP/1.0" 404 275 "-" "msnbot/1.0 (+http://search.msn.com/msnbot.htm)" "shaneperfect.com"
207.46.98.127 - - [12/May/2007:23:40:45 -0700] "GET /digital.html HTTP/1.0" 404 275 "-" "msnbot/1.0 (+http://search.msn.com/msnbot.htm)" "shaneperfect.com"
207.46.98.127 - - [12/May/2007:23:40:45 -0700] "GET /colornature.html HTTP/1.0" 404 275 "-" "msnbot/1.0 (+http://search.msn.com/msnbot.htm)" "shaneperfect.com"
72.30.177.97 - - [13/May/2007:03:17:38 -0700] "GET /robots.txt HTTP/1.0" 404 275 "-" "Mozilla/5.0 (compatible; Yahoo! Slurp; http://help.yahoo.com/help/us/ysearch/slurp)" "www.shaneperfect.com"
74.6.68.163 - - [13/May/2007:03:17:40 -0700] "GET / HTTP/1.0" 200 763 "-" "Mozilla/5.0 (compatible; Yahoo! Slurp; http://help.yahoo.com/help/us/ysearch/slurp)" "www.shaneperfect.com"
65.214.44.177 - - [13/May/2007:14:35:29 -0700] "GET /robots.txt HTTP/1.0" 404 275 "-" "Mozilla/2.0 (compatible; Ask Jeeves/Teoma; +http://about.ask.com/en/docs/about/webmasters.shtml)" "www.shaneperfect.com"
65.214.44.177 - - [13/May/2007:14:35:29 -0700] "GET /robots.txt HTTP/1.0" 404 275 "-" "Mozilla/2.0 (compatible; Ask Jeeves/Teoma; +http://about.ask.com/en/docs/about/webmasters.shtml)" "www.shaneperfect.com"
65.214.44.177 - - [13/May/2007:14:36:02 -0700] "GET /logs/ HTTP/1.0" 200 1500 "-" "Mozilla/2.0 (compatible; Ask Jeeves/Teoma; +http://about.ask.com/en/docs/about/webmasters.shtml)" "www.shaneperfect.com"
65.214.44.177 - - [13/May/2007:14:36:02 -0700] "GET /tmp/ HTTP/1.0" 200 504 "-" "Mozilla/2.0 (compatible; Ask Jeeves/Teoma; +http://about.ask.com/en/docs/about/webmasters.shtml)" "www.shaneperfect.com"
207.46.98.128 - - [13/May/2007:17:14:46 -0700] "GET /robots.txt HTTP/1.0" 404 275 "-" "msnbot/1.0 (+http://search.msn.com/msnbot.htm)" "shaneperfect.com"
207.46.98.128 - - [13/May/2007:17:14:46 -0700] "GET /indiana.html HTTP/1.0" 404 275 "-" "msnbot/1.0 (+http://search.msn.com/msnbot.htm)" "shaneperfect.com"
66.249.65.209 - - [13/May/2007:17:44:47 -0700] "GET /robots.txt HTTP/1.1" 404 275 "-" "Mozilla/5.0 (compatible; Googlebot/2.1; +http://www.google.com/bot.html)" "shaneperfect.com"
66.249.65.209 - - [13/May/2007:17:44:47 -0700] "GET /logs/ HTTP/1.1" 200 1516 "-" "Mozilla/5.0 (compatible; Googlebot/2.1; +http://www.google.com/bot.html)" "shaneperfect.com"
72.30.177.97 - - [14/May/2007:07:57:57 -0700] "GET /robots.txt HTTP/1.0" 404 275 "-" "Mozilla/5.0 (compatible; Yahoo! Slurp; http://help.yahoo.com/help/us/ysearch/slurp)" "www.shaneperfect.com"
74.6.73.171 - - [14/May/2007:07:57:58 -0700] "GET /index.html HTTP/1.0" 404 275 "-" "Mozilla/5.0 (compatible; Yahoo! Slurp; http://help.yahoo.com/help/us/ysearch/slurp)" "www.shaneperfect.com"
74.6.66.55 - - [14/May/2007:09:47:21 -0700] "GET /robots.txt HTTP/1.0" 404 275 "-" "Mozilla/5.0 (compatible; Yahoo! Slurp; http://help.yahoo.com/help/us/ysearch/slurp)" "shaneperfect.com"
74.6.70.166 - - [14/May/2007:09:47:21 -0700] "GET /?M=A HTTP/1.0" 200 763 "-" "Mozilla/5.0 (compatible; Yahoo! Slurp; http://help.yahoo.com/help/us/ysearch/slurp)" "shaneperfect.com"
85.182.76.21 - - [15/May/2007:02:57:55 -0700] "GET /logs/access_070329.log HTTP/1.1" 200 49820 "http://www.google.de/search?sourceid=navclient&ie=UTF-8&rls=GGLJ,GGLJ:2006-12,GGLJ:en&q=65%2e214%2e44%2e177" "Mozilla/4.0 (compatible; MSIE 7.0; Windows NT 5.1)" "shaneperfect.com"
74.6.66.55 - - [15/May/2007:05:49:50 -0700] "GET /robots.txt HTTP/1.0" 404 275 "-" "Mozilla/5.0 (compatible; Yahoo! Slurp; http://help.yahoo.com/help/us/ysearch/slurp)" "shaneperfect.com"
74.6.65.234 - - [15/May/2007:05:49:50 -0700] "GET / HTTP/1.0" 200 763 "-" "Mozilla/5.0 (compatible; Yahoo! Slurp; http://help.yahoo.com/help/us/ysearch/slurp)" "shaneperfect.com"
74.6.86.230 - - [15/May/2007:08:16:50 -0700] "GET /robots.txt HTTP/1.0" 404 275 "-" "Mozilla/5.0 (compatible; Yahoo! Slurp; http://help.yahoo.com/help/us/ysearch/slurp)" "shaneperfect.com"
74.6.86.74 - - [15/May/2007:08:16:50 -0700] "GET /?D=A HTTP/1.0" 200 763 "-" "Mozilla/5.0 (compatible; Yahoo! Slurp; http://help.yahoo.com/help/us/ysearch/slurp)" "shaneperfect.com"
63.123.238.8 - - [15/May/2007:10:35:55 -0700] "GET /robots.txt HTTP/1.1" 404 275 "-" "Mozilla/2.0 (compatible; Ask Jeeves/Teoma)" "www.shaneperfect.com"
63.123.238.8 - - [15/May/2007:10:35:55 -0700] "GET / HTTP/1.1" 200 779 "-" "Mozilla/2.0 (compatible; Ask Jeeves/Teoma)" "www.shaneperfect.com"
66.249.70.24 - - [15/May/2007:12:37:43 -0700] "GET /robots.txt HTTP/1.1" 404 275 "-" "Mozilla/5.0 (compatible; Googlebot/2.1; +http://www.google.com/bot.html)" "shaneperfect.com"
66.249.70.24 - - [15/May/2007:12:37:43 -0700] "GET /logs/?D=A HTTP/1.1" 200 1516 "-" "Mozilla/5.0 (compatible; Googlebot/2.1; +http://www.google.com/bot.html)" "shaneperfect.com"
38.100.41.105 - - [15/May/2007:13:37:56 -0700] "GET / HTTP/1.1" 200 779 "-" "Mozilla/4.0 (compatible; MSIE 6.0; Windows XP)" "www.shaneperfect.com"
38.100.41.105 - - [15/May/2007:13:38:07 -0700] "GET /tmp/ HTTP/1.1" 200 520 "http://www.shaneperfect.com/" "Mozilla/4.0 (compatible; MSIE 6.0; Windows XP)" "www.shaneperfect.com"
38.100.41.105 - - [15/May/2007:13:38:08 -0700] "GET /logs/ HTTP/1.1" 200 1516 "http://www.shaneperfect.com/" "Mozilla/4.0 (compatible; MSIE 6.0; Windows XP)" "www.shaneperfect.com"
38.100.41.105 - - [15/May/2007:13:38:33 -0700] "GET /logs/access.log HTTP/1.1" 200 30982 "http://www.shaneperfect.com/logs/" "Mozilla/4.0 (compatible; MSIE 6.0; Windows XP)" "www.shaneperfect.com"
38.100.41.105 - - [15/May/2007:13:38:34 -0700] "GET /logs/access_070401.log HTTP/1.1" 200 1955 "http://www.shaneperfect.com/logs/" "Mozilla/4.0 (compatible; MSIE 6.0; Windows XP)" "www.shaneperfect.com"
38.100.41.105 - - [15/May/2007:13:38:35 -0700] "GET /logs/access_070330.log HTTP/1.1" 200 2550 "http://www.shaneperfect.com/logs/" "Mozilla/4.0 (compatible; MSIE 6.0; Windows XP)" "www.shaneperfect.com"
38.100.41.105 - - [15/May/2007:13:38:36 -0700] "GET /logs/access_070329.log HTTP/1.1" 200 49820 "http://www.shaneperfect.com/logs/" "Mozilla/4.0 (compatible; MSIE 6.0; Windows XP)" "www.shaneperfect.com"
38.100.41.105 - - [15/May/2007:13:38:36 -0700] "GET /logs/access_070301.log HTTP/1.1" 200 25559 "http://www.shaneperfect.com/logs/" "Mozilla/4.0 (compatible; MSIE 6.0; Windows XP)" "www.shaneperfect.com"
38.100.41.105 - - [15/May/2007:13:38:39 -0700] "GET /logs/access_070331.log HTTP/1.1" 200 6009 "http://www.shaneperfect.com/logs/" "Mozilla/4.0 (compatible; MSIE 6.0; Windows XP)" "www.shaneperfect.com"
38.100.41.105 - - [15/May/2007:13:38:39 -0700] "GET /logs/access_070501.log HTTP/1.1" 200 70463 "http://www.shaneperfect.com/logs/" "Mozilla/4.0 (compatible; MSIE 6.0; Windows XP)" "www.shaneperfect.com"
66.249.70.24 - - [15/May/2007:18:47:24 -0700] "GET /robots.txt HTTP/1.1" 404 275 "-" "Mozilla/5.0 (compatible; Googlebot/2.1; +http://www.google.com/bot.html)" "shaneperfect.com"
66.249.70.24 - - [15/May/2007:18:47:24 -0700] "GET /logs/access_070501.log HTTP/1.1" 304 - "-" "Mozilla/5.0 (compatible; Googlebot/2.1; +http://www.google.com/bot.html)" "shaneperfect.com"
65.165.138.66 - - [16/May/2007:06:56:48 -0700] "GET / HTTP/1.1" 200 779 "http://www.hollyheath.com/artiststatement.html" "Mozilla/4.0 (compatible; MSIE 6.0; Windows NT 5.1; SV1)" "shaneperfect.com"
38.99.203.110 - - [16/May/2007:06:57:31 -0700] "GET /robots.txt HTTP/1.1" 404 275 "-" "Java/1.6.0_01-ea" "www.shaneperfect.com"
38.99.203.110 - - [16/May/2007:06:57:31 -0700] "GET / HTTP/1.1" 200 779 "-" "panscient.com" "www.shaneperfect.com"
38.99.203.110 - - [16/May/2007:06:57:32 -0700] "GET /?N=D HTTP/1.1" 200 779 "-" "panscient.com" "www.shaneperfect.com"
38.99.203.110 - - [16/May/2007:06:57:33 -0700] "GET /?D=A HTTP/1.1" 200 779 "-" "panscient.com" "www.shaneperfect.com"
38.99.203.110 - - [16/May/2007:06:57:34 -0700] "GET /?D=D HTTP/1.1" 200 779 "-" "panscient.com" "www.shaneperfect.com"
38.99.203.110 - - [16/May/2007:06:57:37 -0700] "GET /?N=A HTTP/1.1" 200 779 "-" "panscient.com" "www.shaneperfect.com"
38.99.203.110 - - [16/May/2007:06:57:38 -0700] "GET /?M=A HTTP/1.1" 200 779 "-" "panscient.com" "www.shaneperfect.com"
38.99.203.110 - - [16/May/2007:06:57:39 -0700] "GET /logs/ HTTP/1.1" 200 1516 "-" "panscient.com" "www.shaneperfect.com"
38.99.203.110 - - [16/May/2007:06:57:42 -0700] "GET /logs/?N=D HTTP/1.1" 200 1516 "-" "panscient.com" "www.shaneperfect.com"
38.99.203.110 - - [16/May/2007:06:57:43 -0700] "GET /logs/?D=A HTTP/1.1" 200 1516 "-" "panscient.com" "www.shaneperfect.com"
38.99.203.110 - - [16/May/2007:06:57:44 -0700] "GET /logs/?D=D HTTP/1.1" 200 1516 "-" "panscient.com" "www.shaneperfect.com"
38.99.203.110 - - [16/May/2007:06:57:45 -0700] "GET /logs/?N=A HTTP/1.1" 200 1516 "-" "panscient.com" "www.shaneperfect.com"
38.99.203.110 - - [16/May/2007:06:57:48 -0700] "GET /logs/?M=A HTTP/1.1" 200 1516 "-" "panscient.com" "www.shaneperfect.com"
38.99.203.110 - - [16/May/2007:06:57:49 -0700] "GET /tmp/ HTTP/1.1" 200 520 "-" "panscient.com" "www.shaneperfect.com"
38.99.203.110 - - [16/May/2007:06:57:50 -0700] "GET /tmp/?N=D HTTP/1.1" 200 520 "-" "panscient.com" "www.shaneperfect.com"
38.99.203.110 - - [16/May/2007:06:57:52 -0700] "GET /tmp/?D=A HTTP/1.1" 200 520 "-" "panscient.com" "www.shaneperfect.com"
38.99.203.110 - - [16/May/2007:06:57:53 -0700] "GET /tmp/?D=D HTTP/1.1" 200 520 "-" "panscient.com" "www.shaneperfect.com"
38.99.203.110 - - [16/May/2007:06:57:54 -0700] "GET /tmp/?N=A HTTP/1.1" 200 520 "-" "panscient.com" "www.shaneperfect.com"
38.99.203.110 - - [16/May/2007:06:57:57 -0700] "GET /tmp/?M=A HTTP/1.1" 200 520 "-" "panscient.com" "www.shaneperfect.com"
38.99.203.110 - - [16/May/2007:06:57:58 -0700] "GET /tmp/?S=A HTTP/1.1" 200 520 "-" "panscient.com" "www.shaneperfect.com"
38.99.203.110 - - [16/May/2007:06:57:59 -0700] "GET /?S=A HTTP/1.1" 200 779 "-" "panscient.com" "www.shaneperfect.com"
38.99.203.110 - - [16/May/2007:06:58:02 -0700] "GET /logs/?S=A HTTP/1.1" 200 1516 "-" "panscient.com" "www.shaneperfect.com"
74.6.86.230 - - [16/May/2007:21:17:16 -0700] "GET /robots.txt HTTP/1.0" 404 275 "-" "Mozilla/5.0 (compatible; Yahoo! Slurp; http://help.yahoo.com/help/us/ysearch/slurp)" "shaneperfect.com"
74.6.86.14 - - [16/May/2007:21:18:57 -0700] "GET /logs/ HTTP/1.0" 200 1500 "-" "Mozilla/5.0 (compatible; Yahoo! Slurp; http://help.yahoo.com/help/us/ysearch/slurp)" "shaneperfect.com"
74.6.66.55 - - [17/May/2007:02:25:09 -0700] "GET /robots.txt HTTP/1.0" 404 275 "-" "Mozilla/5.0 (compatible; Yahoo! Slurp; http://help.yahoo.com/help/us/ysearch/slurp)" "shaneperfect.com"
72.30.177.167 - - [17/May/2007:02:25:09 -0700] "GET /?S=A HTTP/1.0" 200 763 "-" "Mozilla/5.0 (compatible; Yahoo! Slurp; http://help.yahoo.com/help/us/ysearch/slurp)" "shaneperfect.com"
74.6.65.234 - - [17/May/2007:02:32:20 -0700] "GET / HTTP/1.0" 200 763 "-" "Mozilla/5.0 (compatible; Yahoo! Slurp; http://help.yahoo.com/help/us/ysearch/slurp)" "shaneperfect.com"
66.249.70.24 - - [18/May/2007:03:03:39 -0700] "GET /robots.txt HTTP/1.1" 404 275 "-" "Mozilla/5.0 (compatible; Googlebot/2.1; +http://www.google.com/bot.html)" "www.shaneperfect.com"
66.249.70.24 - - [18/May/2007:03:03:39 -0700] "GET /logs/ HTTP/1.1" 200 1516 "-" "Mozilla/5.0 (compatible; Googlebot/2.1; +http://www.google.com/bot.html)" "www.shaneperfect.com"
66.249.70.24 - - [18/May/2007:03:40:54 -0700] "GET /tmp/?M=A HTTP/1.1" 200 520 "-" "Mozilla/5.0 (compatible; Googlebot/2.1; +http://www.google.com/bot.html)" "www.shaneperfect.com"
66.249.70.24 - - [18/May/2007:04:53:53 -0700] "GET /robots.txt HTTP/1.1" 404 275 "-" "Mozilla/5.0 (compatible; Googlebot/2.1; +http://www.google.com/bot.html)" "shaneperfect.com"
66.249.70.24 - - [18/May/2007:04:53:53 -0700] "GET /logs/ HTTP/1.1" 200 1516 "-" "Mozilla/5.0 (compatible; Googlebot/2.1; +http://www.google.com/bot.html)" "shaneperfect.com"
71.97.134.177 - - [18/May/2007:07:25:33 -0700] "GET / HTTP/1.1" 200 779 "-" "Mozilla/4.0 (compatible; MSIE 6.0; Windows NT 5.1)" "www.shaneperfect.com"
71.97.134.177 - - [18/May/2007:07:25:35 -0700] "GET /favicon.ico HTTP/1.1" 404 275 "-" "Mozilla/5.0 (compatible; Google Desktop)" "www.shaneperfect.com"
207.46.98.127 - - [18/May/2007:09:46:44 -0700] "GET /robots.txt HTTP/1.0" 404 275 "-" "msnbot/1.0 (+http://search.msn.com/msnbot.htm)" "shaneperfect.com"
207.46.98.127 - - [18/May/2007:09:46:44 -0700] "GET /sx70.html HTTP/1.0" 404 275 "-" "msnbot/1.0 (+http://search.msn.com/msnbot.htm)" "shaneperfect.com"
66.249.70.24 - - [18/May/2007:15:13:16 -0700] "GET /robots.txt HTTP/1.1" 404 275 "-" "Mozilla/5.0 (compatible; Googlebot/2.1; +http://www.google.com/bot.html)" "www.shaneperfect.com"
66.249.70.24 - - [18/May/2007:15:13:16 -0700] "GET /logs/?S=A HTTP/1.1" 200 1516 "-" "Mozilla/5.0 (compatible; Googlebot/2.1; +http://www.google.com/bot.html)" "www.shaneperfect.com"
66.249.70.24 - - [18/May/2007:15:14:54 -0700] "GET /?D=D HTTP/1.1" 200 779 "-" "Mozilla/5.0 (compatible; Googlebot/2.1; +http://www.google.com/bot.html)" "www.shaneperfect.com"
68.209.99.170 - - [18/May/2007:18:42:48 -0700] "GET /logs/access_070331.log HTTP/1.1" 200 6009 "http://www.google.com/search?lr=&ie=UTF-8&oe=UTF-8&q=217.212.224.168" "Mozilla/5.0 (Windows; U; Windows NT 5.1; en-US; rv:1.8.0.11) Gecko/20070312 Firefox/1.5.0.11" "shaneperfect.com"
68.209.99.170 - - [18/May/2007:18:42:49 -0700] "GET /favicon.ico HTTP/1.1" 404 275 "-" "Mozilla/5.0 (Windows; U; Windows NT 5.1; en-US; rv:1.8.0.11) Gecko/20070312 Firefox/1.5.0.11" "shaneperfect.com"
74.208.71.187 - - [18/May/2007:21:34:48 -0700] "GET / HTTP/1.0" 200 763 "-" "Mozilla/4.0 (compatible; MSIE 6.0; Windows NT 5.1; SV1; .NET CLR 1.1.4322; .NET CLR 2.0.50727)" "www.shaneperfect.com"
74.208.71.119 - - [18/May/2007:22:22:37 -0700] "GET / HTTP/1.0" 200 763 "-" "Mozilla/4.0 (compatible; MSIE 6.0; Windows NT 5.1; SV1; .NET CLR 1.1.4322; .NET CLR 2.0.50727)" "www.shaneperfect.com"
74.208.68.31 - - [18/May/2007:22:25:20 -0700] "GET / HTTP/1.0" 200 763 "-" "Mozilla/4.0 (compatible; MSIE 6.0; Windows NT 5.1; SV1; .NET CLR 1.1.4322; .NET CLR 2.0.50727)" "www.shaneperfect.com"
217.212.224.145 - - [19/May/2007:00:44:48 -0700] "GET /robots.txt HTTP/1.0" 404 275 "-" "psbot/0.1 (+http://www.picsearch.com/bot.html)" "shaneperfect.com"
217.212.224.177 - - [19/May/2007:00:44:50 -0700] "GET / HTTP/1.0" 200 763 "-" "psbot/0.1 (+http://www.picsearch.com/bot.html)" "shaneperfect.com"
65.55.210.31 - - [19/May/2007:00:58:31 -0700] "GET /robots.txt HTTP/1.0" 404 275 "-" "msnbot/1.0 (+http://search.msn.com/msnbot.htm)" "shaneperfect.com"
65.55.210.31 - - [19/May/2007:00:58:31 -0700] "GET /logs/access_070330.log HTTP/1.0" 200 2550 "-" "msnbot/1.0 (+http://search.msn.com/msnbot.htm)" "shaneperfect.com"
65.55.210.31 - - [19/May/2007:01:00:31 -0700] "GET /?S=D HTTP/1.0" 200 763 "-" "msnbot/1.0 (+http://search.msn.com/msnbot.htm)" "shaneperfect.com"
65.55.210.31 - - [19/May/2007:01:00:31 -0700] "GET /logs/?S=D HTTP/1.0" 200 1500 "-" "msnbot/1.0 (+http://search.msn.com/msnbot.htm)" "shaneperfect.com"
74.6.86.230 - - [19/May/2007:07:15:31 -0700] "GET /robots.txt HTTP/1.0" 404 275 "-" "Mozilla/5.0 (compatible; Yahoo! Slurp; http://help.yahoo.com/help/us/ysearch/slurp)" "shaneperfect.com"
74.6.86.113 - - [19/May/2007:07:20:28 -0700] "GET / HTTP/1.0" 200 763 "-" "Mozilla/5.0 (compatible; Yahoo! Slurp; http://help.yahoo.com/help/us/ysearch/slurp)" "shaneperfect.com"
74.6.86.230 - - [19/May/2007:07:49:22 -0700] "GET /robots.txt HTTP/1.0" 404 275 "-" "Mozilla/5.0 (compatible; Yahoo! Slurp; http://help.yahoo.com/help/us/ysearch/slurp)" "shaneperfect.com"
74.6.86.228 - - [19/May/2007:07:49:42 -0700] "GET /tmp/ HTTP/1.0" 200 504 "-" "Mozilla/5.0 (compatible; Yahoo! Slurp; http://help.yahoo.com/help/us/ysearch/slurp)" "shaneperfect.com"
74.6.86.230 - - [19/May/2007:08:39:35 -0700] "GET /robots.txt HTTP/1.0" 404 275 "-" "Mozilla/5.0 (compatible; Yahoo! Slurp; http://help.yahoo.com/help/us/ysearch/slurp)" "shaneperfect.com"
74.6.86.13 - - [19/May/2007:08:39:35 -0700] "GET /tmp/?M=A HTTP/1.0" 200 504 "-" "Mozilla/5.0 (compatible; Yahoo! Slurp; http://help.yahoo.com/help/us/ysearch/slurp)" "shaneperfect.com"
74.6.66.55 - - [19/May/2007:12:41:55 -0700] "GET /robots.txt HTTP/1.0" 404 275 "-" "Mozilla/5.0 (compatible; Yahoo! Slurp; http://help.yahoo.com/help/us/ysearch/slurp)" "shaneperfect.com"
74.6.65.234 - - [19/May/2007:12:41:56 -0700] "GET / HTTP/1.0" 200 763 "-" "Mozilla/5.0 (compatible; Yahoo! Slurp; http://help.yahoo.com/help/us/ysearch/slurp)" "shaneperfect.com"
66.249.70.24 - - [19/May/2007:18:24:12 -0700] "GET /robots.txt HTTP/1.1" 404 275 "-" "Mozilla/5.0 (compatible; Googlebot/2.1; +http://www.google.com/bot.html)" "shaneperfect.com"
66.249.70.24 - - [19/May/2007:18:24:12 -0700] "GET /logs/access_070301.log HTTP/1.1" 304 - "-" "Mozilla/5.0 (compatible; Googlebot/2.1; +http://www.google.com/bot.html)" "shaneperfect.com"
74.6.86.230 - - [20/May/2007:07:20:00 -0700] "GET /robots.txt HTTP/1.0" 404 275 "-" "Mozilla/5.0 (compatible; Yahoo! Slurp; http://help.yahoo.com/help/us/ysearch/slurp)" "shaneperfect.com"
74.6.86.105 - - [20/May/2007:07:20:00 -0700] "GET /?N=A HTTP/1.0" 200 763 "-" "Mozilla/5.0 (compatible; Yahoo! Slurp; http://help.yahoo.com/help/us/ysearch/slurp)" "shaneperfect.com"
70.85.114.58 - - [20/May/2007:10:35:38 -0700] "GET /robots.txt HTTP/1.1" 404 275 "www.shaneperfect.com" "Pingdom GIGRIB (http://www.pingdom.com)" "www.shaneperfect.com"
70.85.114.58 - - [20/May/2007:10:35:38 -0700] "GET /robots.txt HTTP/1.1" 404 275 "www.shaneperfect.com" "Pingdom GIGRIB (http://www.pingdom.com)" "www.shaneperfect.com"
70.85.114.58 - - [20/May/2007:10:35:38 -0700] "GET /robots.txt HTTP/1.1" 404 275 "www.shaneperfect.com" "Pingdom GIGRIB (http://www.pingdom.com)" "www.shaneperfect.com"
70.85.114.58 - - [20/May/2007:10:35:38 -0700] "GET /robots.txt HTTP/1.1" 404 275 "www.shaneperfect.com" "Pingdom GIGRIB (http://www.pingdom.com)" "www.shaneperfect.com"
70.85.114.58 - - [20/May/2007:10:35:38 -0700] "GET /robots.txt HTTP/1.1" 404 275 "www.shaneperfect.com" "Pingdom GIGRIB (http://www.pingdom.com)" "www.shaneperfect.com"
70.85.114.58 - - [20/May/2007:10:35:38 -0700] "GET /robots.txt HTTP/1.1" 404 275 "www.shaneperfect.com" "Pingdom GIGRIB (http://www.pingdom.com)" "www.shaneperfect.com"
70.85.114.58 - - [20/May/2007:10:35:38 -0700] "GET /robots.txt HTTP/1.1" 404 275 "www.shaneperfect.com" "Pingdom GIGRIB (http://www.pingdom.com)" "www.shaneperfect.com"
70.85.114.58 - - [20/May/2007:10:35:38 -0700] "GET /robots.txt HTTP/1.1" 404 275 "www.shaneperfect.com" "Pingdom GIGRIB (http://www.pingdom.com)" "www.shaneperfect.com"
70.85.114.58 - - [20/May/2007:10:38:35 -0700] "GET // HTTP/1.1" 200 779 "http://www.pingdom.com/monitor/www.shaneperfect.com" "Pingdom GIGRIB (http://www.pingdom.com)" "www.shaneperfect.com"
70.85.114.58 - - [20/May/2007:10:38:35 -0700] "GET // HTTP/1.1" 200 779 "http://www.pingdom.com/monitor/www.shaneperfect.com" "Pingdom GIGRIB (http://www.pingdom.com)" "www.shaneperfect.com"
70.85.114.58 - - [20/May/2007:10:38:35 -0700] "GET // HTTP/1.1" 200 779 "http://www.pingdom.com/monitor/www.shaneperfect.com" "Pingdom GIGRIB (http://www.pingdom.com)" "www.shaneperfect.com"
70.85.114.58 - - [20/May/2007:10:38:35 -0700] "GET // HTTP/1.1" 200 779 "http://www.pingdom.com/monitor/www.shaneperfect.com" "Pingdom GIGRIB (http://www.pingdom.com)" "www.shaneperfect.com"
70.85.114.58 - - [20/May/2007:10:38:35 -0700] "GET // HTTP/1.1" 200 779 "http://www.pingdom.com/monitor/www.shaneperfect.com" "Pingdom GIGRIB (http://www.pingdom.com)" "www.shaneperfect.com"
70.85.114.58 - - [20/May/2007:10:38:35 -0700] "GET // HTTP/1.1" 200 779 "http://www.pingdom.com/monitor/www.shaneperfect.com" "Pingdom GIGRIB (http://www.pingdom.com)" "www.shaneperfect.com"
70.85.114.58 - - [20/May/2007:10:38:35 -0700] "GET // HTTP/1.1" 200 779 "http://www.pingdom.com/monitor/www.shaneperfect.com" "Pingdom GIGRIB (http://www.pingdom.com)" "www.shaneperfect.com"
70.85.114.58 - - [20/May/2007:10:38:35 -0700] "GET // HTTP/1.1" 200 779 "http://www.pingdom.com/monitor/www.shaneperfect.com" "Pingdom GIGRIB (http://www.pingdom.com)" "www.shaneperfect.com"
66.249.70.24 - - [20/May/2007:12:31:05 -0700] "GET /robots.txt HTTP/1.1" 404 275 "-" "Mozilla/5.0 (compatible; Googlebot/2.1; +http://www.google.com/bot.html)" "www.shaneperfect.com"
66.249.70.24 - - [20/May/2007:12:31:05 -0700] "GET /logs/access_070501.log HTTP/1.1" 200 70463 "-" "Mozilla/5.0 (compatible; Googlebot/2.1; +http://www.google.com/bot.html)" "www.shaneperfect.com"
66.249.70.24 - - [20/May/2007:12:43:30 -0700] "GET /logs/access_070401.log HTTP/1.1" 200 1955 "-" "Mozilla/5.0 (compatible; Googlebot/2.1; +http://www.google.com/bot.html)" "www.shaneperfect.com"
72.30.177.97 - - [20/May/2007:13:31:47 -0700] "GET /robots.txt HTTP/1.0" 404 275 "-" "Mozilla/5.0 (compatible; Yahoo! Slurp; http://help.yahoo.com/help/us/ysearch/slurp)" "www.shaneperfect.com"
74.6.68.163 - - [20/May/2007:13:31:47 -0700] "GET / HTTP/1.0" 200 763 "-" "Mozilla/5.0 (compatible; Yahoo! Slurp; http://help.yahoo.com/help/us/ysearch/slurp)" "www.shaneperfect.com"
66.249.70.24 - - [20/May/2007:19:04:05 -0700] "GET /robots.txt HTTP/1.1" 404 275 "-" "Mozilla/5.0 (compatible; Googlebot/2.1; +http://www.google.com/bot.html)" "shaneperfect.com"
66.249.70.24 - - [20/May/2007:19:04:05 -0700] "GET /logs/access.log HTTP/1.1" 200 46672 "-" "Mozilla/5.0 (compatible; Googlebot/2.1; +http://www.google.com/bot.html)" "shaneperfect.com"
205.188.116.10 - - [21/May/2007:19:36:27 -0700] "GET / HTTP/1.1" 200 779 "http://hollyheath.com/fineart.html" "Mozilla/4.0 (compatible; MSIE 6.0; AOL 9.0; Windows NT 5.1; SV1; .NET CLR 1.1.4322)" "shaneperfect.com"
205.188.116.12 - - [21/May/2007:19:36:37 -0700] "GET /logs/ HTTP/1.1" 200 1516 "http://shaneperfect.com/" "Mozilla/4.0 (compatible; MSIE 6.0; AOL 9.0; Windows NT 5.1; SV1; .NET CLR 1.1.4322)" "shaneperfect.com"
205.188.116.139 - - [21/May/2007:19:36:42 -0700] "GET /logs/access.log HTTP/1.1" 200 47463 "http://shaneperfect.com/logs/" "Mozilla/4.0 (compatible; MSIE 6.0; AOL 9.0; Windows NT 5.1; SV1; .NET CLR 1.1.4322)" "shaneperfect.com"
205.188.116.210 - - [21/May/2007:19:36:51 -0700] "GET /logs/access_070501.log HTTP/1.1" 200 70463 "http://shaneperfect.com/logs/" "Mozilla/4.0 (compatible; MSIE 6.0; AOL 9.0; Windows NT 5.1; SV1; .NET CLR 1.1.4322)" "shaneperfect.com"
205.188.116.136 - - [21/May/2007:19:37:01 -0700] "GET /logs/access_070301.log HTTP/1.1" 200 25559 "http://shaneperfect.com/logs/" "Mozilla/4.0 (compatible; MSIE 6.0; AOL 9.0; Windows NT 5.1; SV1; .NET CLR 1.1.4322)" "shaneperfect.com"
205.188.116.10 - - [21/May/2007:19:37:11 -0700] "GET / HTTP/1.1" 200 779 "http://hollyheath.com/fineart.html" "Mozilla/4.0 (compatible; MSIE 6.0; AOL 9.0; Windows NT 5.1; SV1; .NET CLR 1.1.4322)" "shaneperfect.com"
205.188.116.12 - - [21/May/2007:19:37:11 -0700] "HEAD /logs/ HTTP/1.1" 200 0 "-" "-" "shaneperfect.com"
205.188.116.139 - - [21/May/2007:19:37:15 -0700] "GET /tmp/ HTTP/1.1" 200 520 "http://shaneperfect.com/" "Mozilla/4.0 (compatible; MSIE 6.0; AOL 9.0; Windows NT 5.1; SV1; .NET CLR 1.1.4322)" "shaneperfect.com"
205.188.116.10 - - [21/May/2007:19:37:18 -0700] "GET / HTTP/1.1" 200 779 "http://shaneperfect.com/tmp/" "Mozilla/4.0 (compatible; MSIE 6.0; AOL 9.0; Windows NT 5.1; SV1; .NET CLR 1.1.4322)" "shaneperfect.com"
205.188.116.12 - - [21/May/2007:19:37:18 -0700] "HEAD /logs/ HTTP/1.1" 200 0 "-" "-" "shaneperfect.com"
205.188.116.12 - - [21/May/2007:19:37:22 -0700] "HEAD /logs/ HTTP/1.1" 200 0 "-" "-" "shaneperfect.com"
205.188.116.131 - - [21/May/2007:19:37:22 -0700] "GET /?N=D HTTP/1.1" 200 779 "http://shaneperfect.com/" "Mozilla/4.0 (compatible; MSIE 6.0; AOL 9.0; Windows NT 5.1; SV1; .NET CLR 1.1.4322)" "shaneperfect.com"
205.188.116.10 - - [21/May/2007:19:37:35 -0700] "HEAD / HTTP/1.1" 200 0 "-" "-" "shaneperfect.com"
66.249.70.24 - - [22/May/2007:08:19:54 -0700] "GET /robots.txt HTTP/1.1" 404 275 "-" "Mozilla/5.0 (compatible; Googlebot/2.1; +http://www.google.com/bot.html)" "shaneperfect.com"
66.249.70.24 - - [22/May/2007:08:19:54 -0700] "GET /tmp/ HTTP/1.1" 200 520 "-" "Mozilla/5.0 (compatible; Googlebot/2.1; +http://www.google.com/bot.html)" "shaneperfect.com"
