66.249.72.75 - - [31/Mar/2007:18:58:46 -0700] "GET /logs/access_070331.log HTTP/1.1" 200 6009 "-" "Mozilla/5.0 (compatible; Googlebot/2.1; +http://www.google.com/bot.html)"
70.85.114.58 - - [01/Apr/2007:01:07:59 -0700] "GET /robots.txt HTTP/1.1" 404 275 "www.shaneperfect.com" "Pingdom GIGRIB (http://www.pingdom.com)"
70.85.114.58 - - [01/Apr/2007:01:07:59 -0700] "GET /robots.txt HTTP/1.1" 404 275 "www.shaneperfect.com" "Pingdom GIGRIB (http://www.pingdom.com)"
70.85.114.58 - - [01/Apr/2007:01:07:59 -0700] "GET /robots.txt HTTP/1.1" 404 275 "www.shaneperfect.com" "Pingdom GIGRIB (http://www.pingdom.com)"
70.85.114.58 - - [01/Apr/2007:01:08:02 -0700] "GET /robots.txt HTTP/1.1" 404 275 "www.shaneperfect.com" "Pingdom GIGRIB (http://www.pingdom.com)"
70.85.114.58 - - [01/Apr/2007:01:08:03 -0700] "GET /robots.txt HTTP/1.1" 404 275 "www.shaneperfect.com" "Pingdom GIGRIB (http://www.pingdom.com)"
70.85.114.58 - - [01/Apr/2007:01:08:03 -0700] "GET /robots.txt HTTP/1.1" 404 275 "www.shaneperfect.com" "Pingdom GIGRIB (http://www.pingdom.com)"
70.85.114.58 - - [01/Apr/2007:01:10:50 -0700] "GET // HTTP/1.1" 200 779 "http://www.pingdom.com/monitor/www.shaneperfect.com" "Pingdom GIGRIB (http://www.pingdom.com)"
70.85.114.58 - - [01/Apr/2007:01:10:50 -0700] "GET // HTTP/1.1" 200 779 "http://www.pingdom.com/monitor/www.shaneperfect.com" "Pingdom GIGRIB (http://www.pingdom.com)"
70.85.114.58 - - [01/Apr/2007:01:10:50 -0700] "GET // HTTP/1.1" 200 779 "http://www.pingdom.com/monitor/www.shaneperfect.com" "Pingdom GIGRIB (http://www.pingdom.com)"
70.85.114.58 - - [01/Apr/2007:01:10:50 -0700] "GET // HTTP/1.1" 200 779 "http://www.pingdom.com/monitor/www.shaneperfect.com" "Pingdom GIGRIB (http://www.pingdom.com)"
70.85.114.58 - - [01/Apr/2007:01:10:50 -0700] "GET // HTTP/1.1" 200 779 "http://www.pingdom.com/monitor/www.shaneperfect.com" "Pingdom GIGRIB (http://www.pingdom.com)"
70.85.114.58 - - [01/Apr/2007:01:10:54 -0700] "GET // HTTP/1.1" 200 779 "http://www.pingdom.com/monitor/www.shaneperfect.com" "Pingdom GIGRIB (http://www.pingdom.com)"
66.249.66.177 - - [01/Apr/2007:12:57:17 -0700] "GET /robots.txt HTTP/1.1" 404 275 "-" "Mozilla/5.0 (compatible; Googlebot/2.1; +http://www.google.com/bot.html)"
66.249.66.177 - - [01/Apr/2007:12:57:17 -0700] "GET /tmp/?N=D HTTP/1.1" 200 520 "-" "Mozilla/5.0 (compatible; Googlebot/2.1; +http://www.google.com/bot.html)"
66.249.66.177 - - [01/Apr/2007:16:53:32 -0700] "GET /logs/access.log HTTP/1.1" 200 2377 "-" "Mozilla/5.0 (compatible; Googlebot/2.1; +http://www.google.com/bot.html)"
72.30.177.78 - - [01/Apr/2007:22:01:24 -0700] "GET /robots.txt HTTP/1.0" 404 275 "-" "Mozilla/5.0 (compatible; Yahoo! Slurp; http://help.yahoo.com/help/us/ysearch/slurp)"
74.6.68.163 - - [01/Apr/2007:22:01:26 -0700] "GET / HTTP/1.0" 200 763 "-" "Mozilla/5.0 (compatible; Yahoo! Slurp; http://help.yahoo.com/help/us/ysearch/slurp)"
66.249.66.177 - - [02/Apr/2007:12:30:12 -0700] "GET /robots.txt HTTP/1.1" 404 275 "-" "Mozilla/5.0 (compatible; Googlebot/2.1; +http://www.google.com/bot.html)"
66.249.66.177 - - [02/Apr/2007:12:30:13 -0700] "GET /tmp/?N=D HTTP/1.1" 200 520 "-" "Mozilla/5.0 (compatible; Googlebot/2.1; +http://www.google.com/bot.html)"
66.249.65.132 - - [02/Apr/2007:15:40:50 -0700] "GET /logs/ HTTP/1.1" 200 1373 "-" "Mozilla/5.0 (compatible; Googlebot/2.1; +http://www.google.com/bot.html)"
66.249.65.132 - - [02/Apr/2007:15:52:46 -0700] "GET /robots.txt HTTP/1.1" 404 275 "-" "Mozilla/5.0 (compatible; Googlebot/2.1; +http://www.google.com/bot.html)"
66.249.65.132 - - [02/Apr/2007:15:52:46 -0700] "GET /index.html HTTP/1.1" 404 275 "-" "Mozilla/5.0 (compatible; Googlebot/2.1; +http://www.google.com/bot.html)"
209.167.50.27 - - [02/Apr/2007:18:32:58 -0700] "GET /robots.txt HTTP/1.1" 404 275 "www.seventwentyfour.com/" "LinkWalker/2.0"
209.167.50.27 - - [02/Apr/2007:18:32:58 -0700] "GET / HTTP/1.1" 200 779 "-" "LinkWalker/2.0"
209.167.50.27 - - [02/Apr/2007:18:33:13 -0700] "GET /tmp/ HTTP/1.1" 200 520 "-" "LinkWalker/2.0"
209.167.50.27 - - [02/Apr/2007:18:33:28 -0700] "GET /?S=A HTTP/1.1" 200 779 "-" "LinkWalker/2.0"
209.167.50.27 - - [02/Apr/2007:18:33:43 -0700] "GET /logs/ HTTP/1.1" 200 1373 "-" "LinkWalker/2.0"
209.167.50.27 - - [02/Apr/2007:18:33:58 -0700] "GET /?D=A HTTP/1.1" 200 779 "-" "LinkWalker/2.0"
209.167.50.27 - - [02/Apr/2007:18:34:13 -0700] "GET /?N=D HTTP/1.1" 200 779 "-" "LinkWalker/2.0"
209.167.50.27 - - [02/Apr/2007:18:34:28 -0700] "GET /?M=A HTTP/1.1" 200 779 "-" "LinkWalker/2.0"
209.167.50.27 - - [02/Apr/2007:18:34:43 -0700] "GET /tmp/?N=D HTTP/1.1" 200 520 "-" "LinkWalker/2.0"
209.167.50.27 - - [02/Apr/2007:18:34:58 -0700] "GET /tmp/?D=A HTTP/1.1" 200 520 "-" "LinkWalker/2.0"
209.167.50.27 - - [02/Apr/2007:18:35:13 -0700] "GET /tmp/?S=A HTTP/1.1" 200 520 "-" "LinkWalker/2.0"
209.167.50.27 - - [02/Apr/2007:18:35:28 -0700] "GET /tmp/?M=A HTTP/1.1" 200 520 "-" "LinkWalker/2.0"
209.167.50.27 - - [02/Apr/2007:18:35:43 -0700] "GET /?S=D HTTP/1.1" 200 779 "-" "LinkWalker/2.0"
209.167.50.27 - - [02/Apr/2007:18:35:58 -0700] "GET /?N=A HTTP/1.1" 200 779 "-" "LinkWalker/2.0"
209.167.50.27 - - [02/Apr/2007:18:36:13 -0700] "GET /logs/?M=A HTTP/1.1" 200 1373 "-" "LinkWalker/2.0"
209.167.50.27 - - [02/Apr/2007:18:36:28 -0700] "GET /logs/access_070301.log HTTP/1.1" 200 25559 "-" "LinkWalker/2.0"
209.167.50.27 - - [02/Apr/2007:18:36:43 -0700] "GET /logs/access.log HTTP/1.1" 200 5295 "-" "LinkWalker/2.0"
209.167.50.27 - - [02/Apr/2007:18:36:58 -0700] "GET /logs/?N=D HTTP/1.1" 200 1373 "-" "LinkWalker/2.0"
209.167.50.27 - - [02/Apr/2007:18:37:13 -0700] "GET /logs/access_070329.log HTTP/1.1" 200 49820 "-" "LinkWalker/2.0"
209.167.50.27 - - [02/Apr/2007:18:37:28 -0700] "GET /logs/access_070330.log HTTP/1.1" 200 2550 "-" "LinkWalker/2.0"
209.167.50.27 - - [02/Apr/2007:18:37:43 -0700] "GET /logs/?S=A HTTP/1.1" 200 1373 "-" "LinkWalker/2.0"
209.167.50.27 - - [02/Apr/2007:18:37:58 -0700] "GET /logs/access_070401.log HTTP/1.1" 200 1955 "-" "LinkWalker/2.0"
209.167.50.27 - - [02/Apr/2007:18:38:13 -0700] "GET /logs/access_070331.log HTTP/1.1" 200 6009 "-" "LinkWalker/2.0"
209.167.50.27 - - [02/Apr/2007:18:38:28 -0700] "GET /logs/?D=A HTTP/1.1" 200 1373 "-" "LinkWalker/2.0"
209.167.50.27 - - [02/Apr/2007:18:38:43 -0700] "GET /?D=D HTTP/1.1" 200 779 "-" "LinkWalker/2.0"
209.167.50.27 - - [02/Apr/2007:18:38:58 -0700] "GET /?M=D HTTP/1.1" 200 779 "-" "LinkWalker/2.0"
209.167.50.27 - - [02/Apr/2007:18:39:13 -0700] "GET /tmp/?N=A HTTP/1.1" 200 520 "-" "LinkWalker/2.0"
209.167.50.27 - - [02/Apr/2007:18:39:28 -0700] "GET /tmp/?D=D HTTP/1.1" 200 520 "-" "LinkWalker/2.0"
209.167.50.27 - - [02/Apr/2007:18:39:43 -0700] "GET /tmp/?S=D HTTP/1.1" 200 520 "-" "LinkWalker/2.0"
209.167.50.27 - - [02/Apr/2007:18:39:58 -0700] "GET /tmp/?M=D HTTP/1.1" 200 520 "-" "LinkWalker/2.0"
209.167.50.27 - - [02/Apr/2007:18:40:13 -0700] "GET /logs/?M=D HTTP/1.1" 200 1373 "-" "LinkWalker/2.0"
209.167.50.27 - - [02/Apr/2007:18:40:28 -0700] "GET /logs/?N=A HTTP/1.1" 200 1373 "-" "LinkWalker/2.0"
209.167.50.27 - - [02/Apr/2007:18:40:43 -0700] "GET /logs/?S=D HTTP/1.1" 200 1373 "-" "LinkWalker/2.0"
209.167.50.27 - - [02/Apr/2007:18:40:58 -0700] "GET /logs/?D=D HTTP/1.1" 200 1373 "-" "LinkWalker/2.0"
66.249.65.132 - - [02/Apr/2007:22:11:28 -0700] "GET /robots.txt HTTP/1.1" 404 275 "-" "Mozilla/5.0 (compatible; Googlebot/2.1; +http://www.google.com/bot.html)"
66.249.65.132 - - [02/Apr/2007:22:11:28 -0700] "GET /logs/access_070401.log HTTP/1.1" 200 1955 "-" "Mozilla/5.0 (compatible; Googlebot/2.1; +http://www.google.com/bot.html)"
74.6.75.12 - - [03/Apr/2007:01:40:30 -0700] "GET /robots.txt HTTP/1.0" 404 275 "-" "Mozilla/5.0 (compatible; Yahoo! Slurp; http://help.yahoo.com/help/us/ysearch/slurp)"
74.6.69.137 - - [03/Apr/2007:01:40:35 -0700] "GET /architecture.html HTTP/1.0" 404 275 "-" "Mozilla/5.0 (compatible; Yahoo! Slurp; http://help.yahoo.com/help/us/ysearch/slurp)"
74.6.75.12 - - [03/Apr/2007:04:00:17 -0700] "GET /robots.txt HTTP/1.0" 404 275 "-" "Mozilla/5.0 (compatible; Yahoo! Slurp; http://help.yahoo.com/help/us/ysearch/slurp)"
74.6.65.234 - - [03/Apr/2007:04:00:18 -0700] "GET / HTTP/1.0" 200 763 "-" "Mozilla/5.0 (compatible; Yahoo! Slurp; http://help.yahoo.com/help/us/ysearch/slurp)"
63.123.238.8 - - [03/Apr/2007:11:19:25 -0700] "GET /robots.txt HTTP/1.1" 404 275 "-" "Mozilla/2.0 (compatible; Ask Jeeves/Teoma)"
63.123.238.8 - - [03/Apr/2007:11:19:25 -0700] "GET / HTTP/1.1" 200 779 "-" "Mozilla/2.0 (compatible; Ask Jeeves/Teoma)"
74.6.75.35 - - [04/Apr/2007:04:37:29 -0700] "GET /robots.txt HTTP/1.0" 404 275 "-" "Mozilla/5.0 (compatible; Yahoo! Slurp; http://help.yahoo.com/help/us/ysearch/slurp)"
74.6.73.36 - - [04/Apr/2007:04:37:31 -0700] "GET /indiana.html HTTP/1.0" 404 275 "-" "Mozilla/5.0 (compatible; Yahoo! Slurp; http://help.yahoo.com/help/us/ysearch/slurp)"
74.6.86.230 - - [04/Apr/2007:10:14:28 -0700] "GET /robots.txt HTTP/1.0" 404 275 "-" "Mozilla/5.0 (compatible; Yahoo! Slurp; http://help.yahoo.com/help/us/ysearch/slurp)"
74.6.86.113 - - [04/Apr/2007:10:15:14 -0700] "GET / HTTP/1.0" 200 763 "-" "Mozilla/5.0 (compatible; Yahoo! Slurp; http://help.yahoo.com/help/us/ysearch/slurp)"
66.249.65.8 - - [04/Apr/2007:19:54:31 -0700] "GET /robots.txt HTTP/1.1" 404 275 "-" "Mozilla/5.0 (compatible; Googlebot/2.1; +http://www.google.com/bot.html)"
66.249.65.8 - - [04/Apr/2007:19:54:31 -0700] "GET /logs/access_070301.log HTTP/1.1" 304 - "-" "Mozilla/5.0 (compatible; Googlebot/2.1; +http://www.google.com/bot.html)"
74.6.75.35 - - [05/Apr/2007:02:25:00 -0700] "GET /robots.txt HTTP/1.0" 404 275 "-" "Mozilla/5.0 (compatible; Yahoo! Slurp; http://help.yahoo.com/help/us/ysearch/slurp)"
72.30.177.167 - - [05/Apr/2007:02:25:00 -0700] "GET /?S=A HTTP/1.0" 200 763 "-" "Mozilla/5.0 (compatible; Yahoo! Slurp; http://help.yahoo.com/help/us/ysearch/slurp)"
208.10.129.78 - - [05/Apr/2007:07:11:22 -0700] "GET / HTTP/1.1" 200 779 "http://www.hollyheath.com/artiststatement.html" "Mozilla/4.0 (compatible; MSIE 7.0; Windows NT 5.1; .NET CLR 1.1.4322; InfoPath.1)"
208.10.129.78 - - [05/Apr/2007:07:11:22 -0700] "GET /favicon.ico HTTP/1.1" 404 275 "-" "Mozilla/4.0 (compatible; MSIE 7.0; Windows NT 5.1; .NET CLR 1.1.4322; InfoPath.1)"
208.10.129.78 - - [05/Apr/2007:07:11:26 -0700] "GET / HTTP/1.1" 200 779 "http://shaneperfect.com/" "Mozilla/4.0 (compatible; MSIE 7.0; Windows NT 5.1; .NET CLR 1.1.4322; InfoPath.1)"
208.10.129.78 - - [05/Apr/2007:07:11:29 -0700] "GET / HTTP/1.1" 200 779 "http://shaneperfect.com/" "Mozilla/4.0 (compatible; MSIE 7.0; Windows NT 5.1; .NET CLR 1.1.4322; InfoPath.1)"
74.6.86.230 - - [05/Apr/2007:10:10:51 -0700] "GET /robots.txt HTTP/1.0" 404 275 "-" "Mozilla/5.0 (compatible; Yahoo! Slurp; http://help.yahoo.com/help/us/ysearch/slurp)"
74.6.87.114 - - [05/Apr/2007:10:10:51 -0700] "GET /?N=D HTTP/1.0" 200 763 "-" "Mozilla/5.0 (compatible; Yahoo! Slurp; http://help.yahoo.com/help/us/ysearch/slurp)"
74.6.75.48 - - [05/Apr/2007:10:43:40 -0700] "GET /robots.txt HTTP/1.0" 404 275 "-" "Mozilla/5.0 (compatible; Yahoo! Slurp; http://help.yahoo.com/help/us/ysearch/slurp)"
74.6.65.234 - - [05/Apr/2007:10:43:40 -0700] "GET / HTTP/1.0" 200 763 "-" "Mozilla/5.0 (compatible; Yahoo! Slurp; http://help.yahoo.com/help/us/ysearch/slurp)"
208.17.184.64 - - [05/Apr/2007:11:28:05 -0700] "GET /robots.txt HTTP/1.1" 404 275 "-" "Mozilla/5.0 (X11; U; Linux i686; en-US; rv:1.7.12) Gecko/20050922 Fedora/1.0.7-1.1.fc4 Firefox/1.0.7"
208.17.184.64 - - [05/Apr/2007:11:28:05 -0700] "GET / HTTP/1.1" 200 779 "" "Mozilla/5.0 (X11; U; Linux i686; en-US; rv:1.7.12) Gecko/20050922 Fedora/1.0.7-1.1.fc4 Firefox/1.0.7"
208.17.184.64 - - [05/Apr/2007:11:28:06 -0700] "GET /?N=D HTTP/1.1" 200 779 "http://www.shaneperfect.com/" "Mozilla/5.0 (X11; U; Linux i686; en-US; rv:1.7.12) Gecko/20050922 Fedora/1.0.7-1.1.fc4 Firefox/1.0.7"
208.17.184.64 - - [05/Apr/2007:11:28:06 -0700] "GET /?M=A HTTP/1.1" 200 779 "http://www.shaneperfect.com/" "Mozilla/5.0 (X11; U; Linux i686; en-US; rv:1.7.12) Gecko/20050922 Fedora/1.0.7-1.1.fc4 Firefox/1.0.7"
208.17.184.64 - - [05/Apr/2007:11:28:06 -0700] "GET /?S=A HTTP/1.1" 200 779 "http://www.shaneperfect.com/" "Mozilla/5.0 (X11; U; Linux i686; en-US; rv:1.7.12) Gecko/20050922 Fedora/1.0.7-1.1.fc4 Firefox/1.0.7"
208.17.184.64 - - [05/Apr/2007:11:28:07 -0700] "GET /?D=A HTTP/1.1" 200 779 "http://www.shaneperfect.com/" "Mozilla/5.0 (X11; U; Linux i686; en-US; rv:1.7.12) Gecko/20050922 Fedora/1.0.7-1.1.fc4 Firefox/1.0.7"
74.6.75.35 - - [05/Apr/2007:15:31:07 -0700] "GET /robots.txt HTTP/1.0" 404 275 "-" "Mozilla/5.0 (compatible; Yahoo! Slurp; http://help.yahoo.com/help/us/ysearch/slurp)"
74.6.71.85 - - [05/Apr/2007:15:31:08 -0700] "GET /abstract.html HTTP/1.0" 404 275 "-" "Mozilla/5.0 (compatible; Yahoo! Slurp; http://help.yahoo.com/help/us/ysearch/slurp)"
66.249.65.8 - - [05/Apr/2007:15:53:25 -0700] "GET /robots.txt HTTP/1.1" 404 275 "-" "Mozilla/5.0 (compatible; Googlebot/2.1; +http://www.google.com/bot.html)"
66.249.65.8 - - [05/Apr/2007:15:53:25 -0700] "GET /tmp/?N=D HTTP/1.1" 200 520 "-" "Mozilla/5.0 (compatible; Googlebot/2.1; +http://www.google.com/bot.html)"
66.249.65.8 - - [05/Apr/2007:15:56:38 -0700] "GET /logs/access_070329.log HTTP/1.1" 304 - "-" "Mozilla/5.0 (compatible; Googlebot/2.1; +http://www.google.com/bot.html)"
66.249.65.8 - - [05/Apr/2007:19:35:30 -0700] "GET /logs/access.log HTTP/1.1" 200 13219 "-" "Mozilla/5.0 (compatible; Googlebot/2.1; +http://www.google.com/bot.html)"
72.86.107.3 - - [05/Apr/2007:19:37:27 -0700] "GET / HTTP/1.1" 200 779 "http://hollyheath.com/fineart.html" "Mozilla/4.0 (compatible; MSIE 7.0; Windows NT 5.1; .NET CLR 1.1.4322)"
72.86.107.3 - - [05/Apr/2007:19:37:28 -0700] "GET /favicon.ico HTTP/1.1" 404 275 "-" "Mozilla/4.0 (compatible; MSIE 7.0; Windows NT 5.1; .NET CLR 1.1.4322)"
66.249.65.8 - - [05/Apr/2007:20:28:20 -0700] "GET /robots.txt HTTP/1.1" 404 275 "-" "Mozilla/5.0 (compatible; Googlebot/2.1; +http://www.google.com/bot.html)"
66.249.65.8 - - [05/Apr/2007:20:28:20 -0700] "GET /logs/access_070329.log HTTP/1.1" 304 - "-" "Mozilla/5.0 (compatible; Googlebot/2.1; +http://www.google.com/bot.html)"
66.249.65.8 - - [06/Apr/2007:13:54:38 -0700] "GET /robots.txt HTTP/1.1" 404 275 "-" "Mozilla/5.0 (compatible; Googlebot/2.1; +http://www.google.com/bot.html)"
66.249.65.8 - - [06/Apr/2007:13:54:38 -0700] "GET /logs/ HTTP/1.1" 200 1373 "-" "Mozilla/5.0 (compatible; Googlebot/2.1; +http://www.google.com/bot.html)"
66.249.66.164 - - [06/Apr/2007:16:08:58 -0700] "GET /tmp/ HTTP/1.1" 200 520 "-" "Mozilla/5.0 (compatible; Googlebot/2.1; +http://www.google.com/bot.html)"
66.249.66.164 - - [06/Apr/2007:16:09:38 -0700] "GET /logs/access_070329.log HTTP/1.1" 304 - "-" "Mozilla/5.0 (compatible; Googlebot/2.1; +http://www.google.com/bot.html)"
66.249.66.164 - - [06/Apr/2007:16:18:32 -0700] "GET /robots.txt HTTP/1.1" 404 275 "-" "Mozilla/5.0 (compatible; Googlebot/2.1; +http://www.google.com/bot.html)"
66.249.66.164 - - [06/Apr/2007:16:18:32 -0700] "GET /logs/access_070330.log HTTP/1.1" 304 - "-" "Mozilla/5.0 (compatible; Googlebot/2.1; +http://www.google.com/bot.html)"
66.249.66.164 - - [06/Apr/2007:16:40:52 -0700] "GET /logs/access.log HTTP/1.1" 200 15021 "-" "Mozilla/5.0 (compatible; Googlebot/2.1; +http://www.google.com/bot.html)"
69.245.255.120 - - [06/Apr/2007:18:17:07 -0700] "GET / HTTP/1.1" 200 779 "http://www.hollyheath.com/fineart.html" "Mozilla/4.0 (compatible; MSIE 7.0; Windows NT 5.1; SV1; .NET CLR 1.1.4322)"
69.245.255.120 - - [06/Apr/2007:18:17:08 -0700] "GET /favicon.ico HTTP/1.1" 404 275 "-" "Mozilla/4.0 (compatible; MSIE 7.0; Windows NT 5.1; SV1; .NET CLR 1.1.4322)"
66.249.66.164 - - [06/Apr/2007:19:08:36 -0700] "GET /logs/access_070329.log HTTP/1.1" 304 - "-" "Mozilla/5.0 (compatible; Googlebot/2.1; +http://www.google.com/bot.html)"
66.249.66.164 - - [06/Apr/2007:19:11:26 -0700] "GET /tmp/ HTTP/1.1" 200 520 "-" "Mozilla/5.0 (compatible; Googlebot/2.1; +http://www.google.com/bot.html)"
66.249.66.164 - - [06/Apr/2007:19:19:22 -0700] "GET /index.html HTTP/1.1" 404 275 "-" "Mozilla/5.0 (compatible; Googlebot/2.1; +http://www.google.com/bot.html)"
69.245.171.50 - - [07/Apr/2007:05:16:49 -0700] "GET / HTTP/1.1" 200 779 "http://www.hollyheath.com/fineart.html" "Mozilla/4.0 (compatible; MSIE 6.0; Windows NT 5.1; SV1)"
69.245.171.50 - - [07/Apr/2007:05:16:56 -0700] "GET /logs/ HTTP/1.1" 200 1373 "http://shaneperfect.com/" "Mozilla/4.0 (compatible; MSIE 6.0; Windows NT 5.1; SV1)"
69.245.171.50 - - [07/Apr/2007:05:16:58 -0700] "GET /logs/access.log HTTP/1.1" 200 16203 "http://shaneperfect.com/logs/" "Mozilla/4.0 (compatible; MSIE 6.0; Windows NT 5.1; SV1)"
69.245.171.50 - - [07/Apr/2007:05:17:06 -0700] "GET / HTTP/1.1" 200 779 "http://www.hollyheath.com/fineart.html" "Mozilla/4.0 (compatible; MSIE 6.0; Windows NT 5.1; SV1)"
65.55.213.78 - - [07/Apr/2007:11:23:45 -0700] "GET /robots.txt HTTP/1.0" 404 275 "-" "msnbot-media/1.0 (+http://search.msn.com/msnbot.htm)"
65.55.213.78 - - [07/Apr/2007:11:23:45 -0700] "GET / HTTP/1.0" 200 763 "-" "msnbot-media/1.0 (+http://search.msn.com/msnbot.htm)"
194.153.113.8 - - [07/Apr/2007:12:32:41 -0700] "GET /robots.txt HTTP/1.1" 404 275 "-" "Mozilla/4.0 (compatible; MSIE 5.5; Windows NT 4.0; obot)"
194.153.113.8 - - [07/Apr/2007:12:32:41 -0700] "GET / HTTP/1.1" 200 779 "-" "Mozilla/4.0 (compatible; MSIE 5.5; Windows NT 4.0; obot)"
66.249.65.8 - - [07/Apr/2007:15:02:54 -0700] "GET /robots.txt HTTP/1.1" 404 275 "-" "Mozilla/5.0 (compatible; Googlebot/2.1; +http://www.google.com/bot.html)"
66.249.65.8 - - [07/Apr/2007:15:02:54 -0700] "GET /logs/access_070330.log HTTP/1.1" 304 - "-" "Mozilla/5.0 (compatible; Googlebot/2.1; +http://www.google.com/bot.html)"
66.249.72.193 - - [08/Apr/2007:15:19:29 -0700] "GET /logs/?D=A HTTP/1.1" 200 1373 "-" "Mozilla/5.0 (compatible; Googlebot/2.1; +http://www.google.com/bot.html)"
66.249.72.193 - - [08/Apr/2007:17:06:55 -0700] "GET /logs/access_070301.log HTTP/1.1" 304 - "-" "Mozilla/5.0 (compatible; Googlebot/2.1; +http://www.google.com/bot.html)"
66.249.72.193 - - [08/Apr/2007:17:07:26 -0700] "GET /logs/access_070331.log HTTP/1.1" 304 - "-" "Mozilla/5.0 (compatible; Googlebot/2.1; +http://www.google.com/bot.html)"
66.249.72.193 - - [08/Apr/2007:20:33:32 -0700] "GET /robots.txt HTTP/1.1" 404 275 "-" "Mozilla/5.0 (compatible; Googlebot/2.1; +http://www.google.com/bot.html)"
66.249.72.193 - - [08/Apr/2007:20:33:32 -0700] "GET /logs/access_070331.log HTTP/1.1" 304 - "-" "Mozilla/5.0 (compatible; Googlebot/2.1; +http://www.google.com/bot.html)"
66.249.72.193 - - [08/Apr/2007:21:48:07 -0700] "GET /logs/access_070301.log HTTP/1.1" 304 - "-" "Mozilla/5.0 (compatible; Googlebot/2.1; +http://www.google.com/bot.html)"
67.108.223.130 - - [09/Apr/2007:06:08:47 -0700] "GET /robots.txt HTTP/1.1" 404 275 "-" "NextGenSearchBot 1 (for information visit http://about.zoominfo.com/About/NextGenSearchBot.aspx)"
67.108.223.130 - - [09/Apr/2007:06:08:47 -0700] "GET / HTTP/1.1" 200 779 "-" "NextGenSearchBot 1 (for information visit http://about.zoominfo.com/About/NextGenSearchBot.aspx)"
67.108.223.130 - - [09/Apr/2007:06:08:47 -0700] "GET /?N=D HTTP/1.1" 200 779 "-" "NextGenSearchBot 1 (for information visit http://about.zoominfo.com/About/NextGenSearchBot.aspx)"
67.108.223.130 - - [09/Apr/2007:06:08:48 -0700] "GET /?M=A HTTP/1.1" 200 779 "-" "NextGenSearchBot 1 (for information visit http://about.zoominfo.com/About/NextGenSearchBot.aspx)"
67.108.223.130 - - [09/Apr/2007:06:08:48 -0700] "GET /?S=A HTTP/1.1" 200 779 "-" "NextGenSearchBot 1 (for information visit http://about.zoominfo.com/About/NextGenSearchBot.aspx)"
67.108.223.130 - - [09/Apr/2007:06:08:48 -0700] "GET /?D=A HTTP/1.1" 200 779 "-" "NextGenSearchBot 1 (for information visit http://about.zoominfo.com/About/NextGenSearchBot.aspx)"
67.108.223.130 - - [09/Apr/2007:06:08:48 -0700] "GET /logs/ HTTP/1.1" 200 1373 "-" "NextGenSearchBot 1 (for information visit http://about.zoominfo.com/About/NextGenSearchBot.aspx)"
67.108.223.130 - - [09/Apr/2007:06:08:49 -0700] "GET /tmp/ HTTP/1.1" 200 520 "-" "NextGenSearchBot 1 (for information visit http://about.zoominfo.com/About/NextGenSearchBot.aspx)"
66.249.66.38 - - [09/Apr/2007:15:38:59 -0700] "GET /robots.txt HTTP/1.1" 404 275 "-" "Mozilla/5.0 (compatible; Googlebot/2.1; +http://www.google.com/bot.html)"
66.249.66.38 - - [09/Apr/2007:15:38:59 -0700] "GET /?N=A HTTP/1.1" 200 779 "-" "Mozilla/5.0 (compatible; Googlebot/2.1; +http://www.google.com/bot.html)"
66.249.66.38 - - [09/Apr/2007:15:39:17 -0700] "GET /logs/access.log HTTP/1.1" 200 20358 "-" "Mozilla/5.0 (compatible; Googlebot/2.1; +http://www.google.com/bot.html)"
66.249.66.38 - - [09/Apr/2007:17:07:48 -0700] "GET /logs/access_070329.log HTTP/1.1" 304 - "-" "Mozilla/5.0 (compatible; Googlebot/2.1; +http://www.google.com/bot.html)"
74.6.74.93 - - [09/Apr/2007:17:55:29 -0700] "GET /robots.txt HTTP/1.0" 404 275 "-" "Mozilla/5.0 (compatible; Yahoo! Slurp; http://help.yahoo.com/help/us/ysearch/slurp)"
74.6.68.163 - - [09/Apr/2007:17:55:29 -0700] "GET / HTTP/1.0" 200 763 "-" "Mozilla/5.0 (compatible; Yahoo! Slurp; http://help.yahoo.com/help/us/ysearch/slurp)"
68.142.212.189 - - [10/Apr/2007:07:18:16 -0700] "GET /robots.txt HTTP/1.0" 404 275 "-" "Yahoo-MMCrawler/3.x (mms dash mmcrawler dash support at yahoo dash inc dot com)"
74.6.75.48 - - [10/Apr/2007:07:39:30 -0700] "GET /robots.txt HTTP/1.0" 404 275 "-" "Mozilla/5.0 (compatible; Yahoo! Slurp; http://help.yahoo.com/help/us/ysearch/slurp)"
74.6.65.234 - - [10/Apr/2007:07:39:30 -0700] "GET / HTTP/1.0" 200 763 "-" "Mozilla/5.0 (compatible; Yahoo! Slurp; http://help.yahoo.com/help/us/ysearch/slurp)"
70.85.114.58 - - [10/Apr/2007:08:23:46 -0700] "GET /robots.txt HTTP/1.1" 404 275 "www.shaneperfect.com" "Pingdom GIGRIB (http://www.pingdom.com)"
70.85.114.58 - - [10/Apr/2007:08:23:46 -0700] "GET /robots.txt HTTP/1.1" 404 275 "www.shaneperfect.com" "Pingdom GIGRIB (http://www.pingdom.com)"
70.85.114.58 - - [10/Apr/2007:08:23:46 -0700] "GET /robots.txt HTTP/1.1" 404 275 "www.shaneperfect.com" "Pingdom GIGRIB (http://www.pingdom.com)"
70.85.114.58 - - [10/Apr/2007:08:23:49 -0700] "GET /robots.txt HTTP/1.1" 404 275 "www.shaneperfect.com" "Pingdom GIGRIB (http://www.pingdom.com)"
70.85.114.58 - - [10/Apr/2007:08:23:49 -0700] "GET /robots.txt HTTP/1.1" 404 275 "www.shaneperfect.com" "Pingdom GIGRIB (http://www.pingdom.com)"
70.85.114.58 - - [10/Apr/2007:08:26:43 -0700] "GET // HTTP/1.1" 200 779 "http://www.pingdom.com/monitor/www.shaneperfect.com" "Pingdom GIGRIB (http://www.pingdom.com)"
70.85.114.58 - - [10/Apr/2007:08:26:43 -0700] "GET // HTTP/1.1" 200 779 "http://www.pingdom.com/monitor/www.shaneperfect.com" "Pingdom GIGRIB (http://www.pingdom.com)"
70.85.114.58 - - [10/Apr/2007:08:26:43 -0700] "GET // HTTP/1.1" 200 779 "http://www.pingdom.com/monitor/www.shaneperfect.com" "Pingdom GIGRIB (http://www.pingdom.com)"
70.85.114.58 - - [10/Apr/2007:08:26:43 -0700] "GET // HTTP/1.1" 200 779 "http://www.pingdom.com/monitor/www.shaneperfect.com" "Pingdom GIGRIB (http://www.pingdom.com)"
70.85.114.58 - - [10/Apr/2007:08:26:48 -0700] "GET // HTTP/1.1" 200 779 "http://www.pingdom.com/monitor/www.shaneperfect.com" "Pingdom GIGRIB (http://www.pingdom.com)"
70.85.114.58 - - [10/Apr/2007:08:55:47 -0700] "GET /robots.txt HTTP/1.1" 404 275 "www.shaneperfect.com" "Pingdom GIGRIB (http://www.pingdom.com)"
63.123.238.8 - - [10/Apr/2007:11:01:01 -0700] "GET /robots.txt HTTP/1.1" 404 275 "-" "Mozilla/2.0 (compatible; Ask Jeeves/Teoma)"
63.123.238.8 - - [10/Apr/2007:11:01:01 -0700] "GET / HTTP/1.1" 200 779 "-" "Mozilla/2.0 (compatible; Ask Jeeves/Teoma)"
71.97.151.153 - - [10/Apr/2007:14:08:22 -0700] "GET / HTTP/1.1" 200 779 "-" "Mozilla/4.0 (compatible; MSIE 6.0; Windows NT 5.1; SV1; .NET CLR 1.1.4322; .NET CLR 2.0.50727)"
68.142.212.193 - - [10/Apr/2007:14:28:41 -0700] "GET /robots.txt HTTP/1.0" 404 275 "-" "Yahoo-MMCrawler/3.x (mms dash mmcrawler dash support at yahoo dash inc dot com)"
74.6.75.35 - - [10/Apr/2007:14:51:55 -0700] "GET /robots.txt HTTP/1.0" 404 275 "-" "Mozilla/5.0 (compatible; Yahoo! Slurp; http://help.yahoo.com/help/us/ysearch/slurp)"
66.249.66.38 - - [10/Apr/2007:16:26:13 -0700] "GET /robots.txt HTTP/1.1" 404 275 "-" "Mozilla/5.0 (compatible; Googlebot/2.1; +http://www.google.com/bot.html)"
66.249.66.38 - - [10/Apr/2007:16:26:13 -0700] "GET / HTTP/1.1" 200 779 "-" "Mozilla/5.0 (compatible; Googlebot/2.1; +http://www.google.com/bot.html)"
66.249.66.38 - - [10/Apr/2007:16:39:40 -0700] "GET /robots.txt HTTP/1.1" 404 275 "-" "Mozilla/5.0 (compatible; Googlebot/2.1; +http://www.google.com/bot.html)"
66.249.66.38 - - [10/Apr/2007:16:39:40 -0700] "GET /logs/ HTTP/1.1" 200 1373 "-" "Mozilla/5.0 (compatible; Googlebot/2.1; +http://www.google.com/bot.html)"
68.48.242.29 - - [10/Apr/2007:22:31:15 -0700] "GET /robots.txt HTTP/1.0" 404 275 "http://majestic12.co.uk/bot.php?I=937EF93DD91803BE71B8AC313E3C39F6-63625F69D82765D9-A184389E58716152-www.shaneperfect.com" "MJ12bot/v1.2.0 (http://majestic12.co.uk/bot.php?+)"
68.48.242.29 - - [10/Apr/2007:22:31:16 -0700] "GET / HTTP/1.0" 200 763 "-" "MJ12bot/v1.2.0 (http://majestic12.co.uk/bot.php?+)"
68.48.242.29 - - [10/Apr/2007:22:31:18 -0700] "GET /aboutus.html HTTP/1.0" 404 275 "-" "MJ12bot/v1.2.0 (http://majestic12.co.uk/bot.php?+)"
68.48.242.29 - - [10/Apr/2007:22:31:20 -0700] "GET /abstract.html HTTP/1.0" 404 275 "-" "MJ12bot/v1.2.0 (http://majestic12.co.uk/bot.php?+)"
68.48.242.29 - - [10/Apr/2007:22:31:22 -0700] "GET /architecture.html HTTP/1.0" 404 275 "-" "MJ12bot/v1.2.0 (http://majestic12.co.uk/bot.php?+)"
68.48.242.29 - - [10/Apr/2007:22:31:24 -0700] "GET /colornature.html HTTP/1.0" 404 275 "-" "MJ12bot/v1.2.0 (http://majestic12.co.uk/bot.php?+)"
68.48.242.29 - - [10/Apr/2007:22:31:26 -0700] "GET /contactinfo.html HTTP/1.0" 404 275 "-" "MJ12bot/v1.2.0 (http://majestic12.co.uk/bot.php?+)"
68.48.242.29 - - [10/Apr/2007:22:31:27 -0700] "GET /digital.html HTTP/1.0" 404 275 "-" "MJ12bot/v1.2.0 (http://majestic12.co.uk/bot.php?+)"
68.48.242.29 - - [10/Apr/2007:22:31:29 -0700] "GET /index.html HTTP/1.0" 404 275 "-" "MJ12bot/v1.2.0 (http://majestic12.co.uk/bot.php?+)"
68.48.242.29 - - [10/Apr/2007:22:31:30 -0700] "GET /indiana.html HTTP/1.0" 404 275 "-" "MJ12bot/v1.2.0 (http://majestic12.co.uk/bot.php?+)"
68.48.242.29 - - [10/Apr/2007:22:31:32 -0700] "GET /neworleans.html HTTP/1.0" 404 275 "-" "MJ12bot/v1.2.0 (http://majestic12.co.uk/bot.php?+)"
68.48.242.29 - - [10/Apr/2007:22:31:34 -0700] "GET /rome.html HTTP/1.0" 404 275 "-" "MJ12bot/v1.2.0 (http://majestic12.co.uk/bot.php?+)"
68.48.242.29 - - [10/Apr/2007:22:31:35 -0700] "GET /southwest.html HTTP/1.0" 404 275 "-" "MJ12bot/v1.2.0 (http://majestic12.co.uk/bot.php?+)"
68.48.242.29 - - [10/Apr/2007:22:31:37 -0700] "GET /sx70.html HTTP/1.0" 404 275 "-" "MJ12bot/v1.2.0 (http://majestic12.co.uk/bot.php?+)"
68.48.242.29 - - [10/Apr/2007:22:31:39 -0700] "GET /wyoming.html HTTP/1.0" 404 275 "-" "MJ12bot/v1.2.0 (http://majestic12.co.uk/bot.php?+)"
38.100.41.102 - - [11/Apr/2007:06:12:21 -0700] "GET / HTTP/1.1" 200 779 "-" "Mozilla/4.0 (compatible; MSIE 6.0; Windows XP)"
38.100.41.102 - - [11/Apr/2007:06:12:28 -0700] "GET /tmp/ HTTP/1.1" 200 520 "http://shaneperfect.com/" "Mozilla/4.0 (compatible; MSIE 6.0; Windows XP)"
38.100.41.102 - - [11/Apr/2007:06:12:29 -0700] "GET /logs/ HTTP/1.1" 200 1373 "http://shaneperfect.com/" "Mozilla/4.0 (compatible; MSIE 6.0; Windows XP)"
38.100.41.102 - - [11/Apr/2007:06:12:46 -0700] "GET /logs/access.log HTTP/1.1" 200 27273 "http://shaneperfect.com/logs/" "Mozilla/4.0 (compatible; MSIE 6.0; Windows XP)"
38.100.41.102 - - [11/Apr/2007:06:12:48 -0700] "GET /logs/access_070331.log HTTP/1.1" 200 6009 "http://shaneperfect.com/logs/" "Mozilla/4.0 (compatible; MSIE 6.0; Windows XP)"
38.100.41.102 - - [11/Apr/2007:06:12:49 -0700] "GET /logs/access_070401.log HTTP/1.1" 200 1955 "http://shaneperfect.com/logs/" "Mozilla/4.0 (compatible; MSIE 6.0; Windows XP)"
38.100.41.102 - - [11/Apr/2007:06:12:50 -0700] "GET /logs/access_070301.log HTTP/1.1" 200 25559 "http://shaneperfect.com/logs/" "Mozilla/4.0 (compatible; MSIE 6.0; Windows XP)"
38.100.41.102 - - [11/Apr/2007:06:12:53 -0700] "GET /logs/access_070330.log HTTP/1.1" 200 2550 "http://shaneperfect.com/logs/" "Mozilla/4.0 (compatible; MSIE 6.0; Windows XP)"
38.100.41.102 - - [11/Apr/2007:06:12:56 -0700] "GET /logs/access_070329.log HTTP/1.1" 200 49820 "http://shaneperfect.com/logs/" "Mozilla/4.0 (compatible; MSIE 6.0; Windows XP)"
74.6.87.30 - - [11/Apr/2007:10:23:20 -0700] "GET /robots.txt HTTP/1.0" 404 275 "-" "Mozilla/5.0 (compatible; Yahoo! Slurp; http://help.yahoo.com/help/us/ysearch/slurp)"
74.6.86.113 - - [11/Apr/2007:10:25:52 -0700] "GET / HTTP/1.0" 200 763 "-" "Mozilla/5.0 (compatible; Yahoo! Slurp; http://help.yahoo.com/help/us/ysearch/slurp)"
74.6.86.25 - - [11/Apr/2007:10:29:52 -0700] "GET /?M=A HTTP/1.0" 200 763 "-" "Mozilla/5.0 (compatible; Yahoo! Slurp; http://help.yahoo.com/help/us/ysearch/slurp)"
74.6.75.48 - - [11/Apr/2007:10:49:44 -0700] "GET /robots.txt HTTP/1.0" 404 275 "-" "Mozilla/5.0 (compatible; Yahoo! Slurp; http://help.yahoo.com/help/us/ysearch/slurp)"
74.6.68.225 - - [11/Apr/2007:10:49:45 -0700] "GET /southwest.html HTTP/1.0" 404 275 "-" "Mozilla/5.0 (compatible; Yahoo! Slurp; http://help.yahoo.com/help/us/ysearch/slurp)"
66.249.66.38 - - [11/Apr/2007:10:50:22 -0700] "GET /robots.txt HTTP/1.1" 404 275 "-" "Mozilla/5.0 (compatible; Googlebot/2.1; +http://www.google.com/bot.html)"
66.249.66.38 - - [11/Apr/2007:10:50:22 -0700] "GET /logs/access_070331.log HTTP/1.1" 304 - "-" "Mozilla/5.0 (compatible; Googlebot/2.1; +http://www.google.com/bot.html)"
74.6.87.30 - - [11/Apr/2007:10:57:59 -0700] "GET /robots.txt HTTP/1.0" 404 275 "-" "Mozilla/5.0 (compatible; Yahoo! Slurp; http://help.yahoo.com/help/us/ysearch/slurp)"
74.6.86.74 - - [11/Apr/2007:10:59:34 -0700] "GET /?D=A HTTP/1.0" 200 763 "-" "Mozilla/5.0 (compatible; Yahoo! Slurp; http://help.yahoo.com/help/us/ysearch/slurp)"
66.249.66.38 - - [11/Apr/2007:11:44:57 -0700] "GET /logs/access_070401.log HTTP/1.1" 304 - "-" "Mozilla/5.0 (compatible; Googlebot/2.1; +http://www.google.com/bot.html)"
74.6.74.93 - - [11/Apr/2007:15:35:26 -0700] "GET /robots.txt HTTP/1.0" 404 275 "-" "Mozilla/5.0 (compatible; Yahoo! Slurp; http://help.yahoo.com/help/us/ysearch/slurp)"
74.6.68.163 - - [11/Apr/2007:15:35:28 -0700] "GET / HTTP/1.0" 200 763 "-" "Mozilla/5.0 (compatible; Yahoo! Slurp; http://help.yahoo.com/help/us/ysearch/slurp)"
66.249.66.38 - - [11/Apr/2007:15:47:00 -0700] "GET /robots.txt HTTP/1.1" 404 275 "-" "Mozilla/5.0 (compatible; Googlebot/2.1; +http://www.google.com/bot.html)"
66.249.66.38 - - [11/Apr/2007:15:47:00 -0700] "GET /logs/access_070331.log HTTP/1.1" 304 - "-" "Mozilla/5.0 (compatible; Googlebot/2.1; +http://www.google.com/bot.html)"
74.6.75.35 - - [12/Apr/2007:00:29:11 -0700] "GET /robots.txt HTTP/1.0" 404 275 "-" "Mozilla/5.0 (compatible; Yahoo! Slurp; http://help.yahoo.com/help/us/ysearch/slurp)"
74.6.73.32 - - [12/Apr/2007:00:29:11 -0700] "GET /abstract.html HTTP/1.0" 404 275 "-" "Mozilla/5.0 (compatible; Yahoo! Slurp; http://help.yahoo.com/help/us/ysearch/slurp)"
74.6.75.35 - - [12/Apr/2007:02:46:54 -0700] "GET /robots.txt HTTP/1.0" 404 275 "-" "Mozilla/5.0 (compatible; Yahoo! Slurp; http://help.yahoo.com/help/us/ysearch/slurp)"
74.6.65.234 - - [12/Apr/2007:02:46:55 -0700] "GET / HTTP/1.0" 200 763 "-" "Mozilla/5.0 (compatible; Yahoo! Slurp; http://help.yahoo.com/help/us/ysearch/slurp)"
66.249.66.38 - - [12/Apr/2007:10:33:52 -0700] "GET /robots.txt HTTP/1.1" 404 275 "-" "Mozilla/5.0 (compatible; Googlebot/2.1; +http://www.google.com/bot.html)"
66.249.66.38 - - [12/Apr/2007:10:33:52 -0700] "GET /logs/access_070301.log HTTP/1.1" 304 - "-" "Mozilla/5.0 (compatible; Googlebot/2.1; +http://www.google.com/bot.html)"
68.142.212.189 - - [12/Apr/2007:10:46:40 -0700] "GET /robots.txt HTTP/1.0" 404 275 "-" "Yahoo-MMCrawler/3.x (mms dash mmcrawler dash support at yahoo dash inc dot com)"
74.6.87.30 - - [12/Apr/2007:19:03:11 -0700] "GET /robots.txt HTTP/1.0" 404 275 "-" "Mozilla/5.0 (compatible; Yahoo! Slurp; http://help.yahoo.com/help/us/ysearch/slurp)"
74.6.86.228 - - [12/Apr/2007:19:03:30 -0700] "GET /tmp/ HTTP/1.0" 200 504 "-" "Mozilla/5.0 (compatible; Yahoo! Slurp; http://help.yahoo.com/help/us/ysearch/slurp)"
68.142.212.193 - - [12/Apr/2007:19:30:25 -0700] "GET /robots.txt HTTP/1.0" 404 275 "-" "Yahoo-MMCrawler/3.x (mms dash mmcrawler dash support at yahoo dash inc dot com)"
66.249.66.38 - - [13/Apr/2007:08:17:21 -0700] "GET /robots.txt HTTP/1.1" 404 275 "-" "Mozilla/5.0 (compatible; Googlebot/2.1; +http://www.google.com/bot.html)"
66.249.66.38 - - [13/Apr/2007:08:17:21 -0700] "GET /logs/access.log HTTP/1.1" 200 32322 "-" "Mozilla/5.0 (compatible; Googlebot/2.1; +http://www.google.com/bot.html)"
66.249.66.38 - - [13/Apr/2007:11:51:24 -0700] "GET /robots.txt HTTP/1.1" 404 275 "-" "Mozilla/5.0 (compatible; Googlebot/2.1; +http://www.google.com/bot.html)"
66.249.66.38 - - [13/Apr/2007:11:51:24 -0700] "GET /logs/access.log HTTP/1.1" 200 32649 "-" "Mozilla/5.0 (compatible; Googlebot/2.1; +http://www.google.com/bot.html)"
66.249.66.38 - - [13/Apr/2007:18:02:39 -0700] "GET /robots.txt HTTP/1.1" 404 275 "-" "Mozilla/5.0 (compatible; Googlebot/2.1; +http://www.google.com/bot.html)"
66.249.66.38 - - [13/Apr/2007:18:02:39 -0700] "GET /logs/access_070329.log HTTP/1.1" 304 - "-" "Mozilla/5.0 (compatible; Googlebot/2.1; +http://www.google.com/bot.html)"
207.46.98.128 - - [13/Apr/2007:18:21:00 -0700] "GET /robots.txt HTTP/1.0" 404 275 "-" "msnbot/1.0 (+http://search.msn.com/msnbot.htm)"
207.46.98.128 - - [13/Apr/2007:18:21:00 -0700] "GET /index.html HTTP/1.0" 404 275 "-" "msnbot/1.0 (+http://search.msn.com/msnbot.htm)"
66.249.66.38 - - [14/Apr/2007:02:50:41 -0700] "GET /robots.txt HTTP/1.1" 404 275 "-" "Mozilla/5.0 (compatible; Googlebot/2.1; +http://www.google.com/bot.html)"
66.249.66.38 - - [14/Apr/2007:02:50:41 -0700] "GET /logs/ HTTP/1.1" 200 1373 "-" "Mozilla/5.0 (compatible; Googlebot/2.1; +http://www.google.com/bot.html)"
68.142.212.189 - - [14/Apr/2007:15:49:24 -0700] "GET /robots.txt HTTP/1.0" 404 275 "-" "Yahoo-MMCrawler/3.x (mms dash mmcrawler dash support at yahoo dash inc dot com)"
207.46.98.127 - - [14/Apr/2007:19:05:10 -0700] "GET /robots.txt HTTP/1.0" 404 275 "-" "msnbot/1.0 (+http://search.msn.com/msnbot.htm)"
207.46.98.127 - - [14/Apr/2007:19:05:10 -0700] "GET /colornature.html HTTP/1.0" 404 275 "-" "msnbot/1.0 (+http://search.msn.com/msnbot.htm)"
207.46.98.127 - - [14/Apr/2007:19:05:10 -0700] "GET /digital.html HTTP/1.0" 404 275 "-" "msnbot/1.0 (+http://search.msn.com/msnbot.htm)"
74.6.87.30 - - [14/Apr/2007:20:41:15 -0700] "GET /robots.txt HTTP/1.0" 404 275 "-" "Mozilla/5.0 (compatible; Yahoo! Slurp; http://help.yahoo.com/help/us/ysearch/slurp)"
74.6.86.14 - - [14/Apr/2007:20:41:23 -0700] "GET /logs/ HTTP/1.0" 200 1357 "-" "Mozilla/5.0 (compatible; Yahoo! Slurp; http://help.yahoo.com/help/us/ysearch/slurp)"
68.142.212.193 - - [15/Apr/2007:00:04:59 -0700] "GET /robots.txt HTTP/1.0" 404 275 "-" "Yahoo-MMCrawler/3.x (mms dash mmcrawler dash support at yahoo dash inc dot com)"
207.46.98.128 - - [15/Apr/2007:14:34:39 -0700] "GET /robots.txt HTTP/1.0" 404 275 "-" "msnbot/1.0 (+http://search.msn.com/msnbot.htm)"
207.46.98.128 - - [15/Apr/2007:14:34:39 -0700] "GET /indiana.html HTTP/1.0" 404 275 "-" "msnbot/1.0 (+http://search.msn.com/msnbot.htm)"
66.249.66.38 - - [15/Apr/2007:15:38:41 -0700] "GET /robots.txt HTTP/1.1" 404 275 "-" "Mozilla/5.0 (compatible; Googlebot/2.1; +http://www.google.com/bot.html)"
66.249.66.38 - - [15/Apr/2007:15:38:41 -0700] "GET /logs/access.log HTTP/1.1" 200 35249 "-" "Mozilla/5.0 (compatible; Googlebot/2.1; +http://www.google.com/bot.html)"
66.249.66.38 - - [15/Apr/2007:17:43:03 -0700] "GET /robots.txt HTTP/1.1" 404 275 "-" "Mozilla/5.0 (compatible; Googlebot/2.1; +http://www.google.com/bot.html)"
66.249.66.38 - - [15/Apr/2007:17:43:03 -0700] "GET /?N=A HTTP/1.1" 200 779 "-" "Mozilla/5.0 (compatible; Googlebot/2.1; +http://www.google.com/bot.html)"
74.6.75.35 - - [15/Apr/2007:18:44:38 -0700] "GET /robots.txt HTTP/1.0" 404 275 "-" "Mozilla/5.0 (compatible; Yahoo! Slurp; http://help.yahoo.com/help/us/ysearch/slurp)"
74.6.65.234 - - [15/Apr/2007:18:44:38 -0700] "GET / HTTP/1.0" 200 763 "-" "Mozilla/5.0 (compatible; Yahoo! Slurp; http://help.yahoo.com/help/us/ysearch/slurp)"
66.249.66.38 - - [15/Apr/2007:21:05:23 -0700] "GET /logs/access_070331.log HTTP/1.1" 304 - "-" "Mozilla/5.0 (compatible; Googlebot/2.1; +http://www.google.com/bot.html)"
66.249.66.38 - - [16/Apr/2007:02:32:15 -0700] "GET /robots.txt HTTP/1.1" 404 275 "-" "Mozilla/5.0 (compatible; Googlebot/2.1; +http://www.google.com/bot.html)"
66.249.66.38 - - [16/Apr/2007:02:32:15 -0700] "GET /logs/access_070331.log HTTP/1.1" 304 - "-" "Mozilla/5.0 (compatible; Googlebot/2.1; +http://www.google.com/bot.html)"
38.99.203.110 - - [16/Apr/2007:02:49:37 -0700] "GET /robots.txt HTTP/1.1" 404 275 "-" "Java/1.6.0_01-ea"
38.99.203.110 - - [16/Apr/2007:02:49:37 -0700] "GET / HTTP/1.1" 200 779 "-" "panscient.com"
38.99.203.110 - - [16/Apr/2007:02:49:38 -0700] "GET /?D=A HTTP/1.1" 200 779 "-" "panscient.com"
38.99.203.110 - - [16/Apr/2007:02:49:39 -0700] "GET /?D=D HTTP/1.1" 200 779 "-" "panscient.com"
38.99.203.110 - - [16/Apr/2007:02:49:40 -0700] "GET /?N=D HTTP/1.1" 200 779 "-" "panscient.com"
38.99.203.110 - - [16/Apr/2007:02:49:41 -0700] "GET /?N=A HTTP/1.1" 200 779 "-" "panscient.com"
38.99.203.110 - - [16/Apr/2007:02:49:43 -0700] "GET /logs/ HTTP/1.1" 200 1373 "-" "panscient.com"
38.99.203.110 - - [16/Apr/2007:02:49:44 -0700] "GET /logs/?N=D HTTP/1.1" 200 1373 "-" "panscient.com"
38.99.203.110 - - [16/Apr/2007:02:49:45 -0700] "GET /logs/?D=A HTTP/1.1" 200 1373 "-" "panscient.com"
38.99.203.110 - - [16/Apr/2007:02:49:46 -0700] "GET /logs/?D=D HTTP/1.1" 200 1373 "-" "panscient.com"
38.99.203.110 - - [16/Apr/2007:02:49:47 -0700] "GET /logs/?N=A HTTP/1.1" 200 1373 "-" "panscient.com"
38.99.203.110 - - [16/Apr/2007:02:49:48 -0700] "GET /?M=A HTTP/1.1" 200 779 "-" "panscient.com"
38.99.203.110 - - [16/Apr/2007:02:49:49 -0700] "GET /logs/?M=A HTTP/1.1" 200 1373 "-" "panscient.com"
38.99.203.110 - - [16/Apr/2007:02:49:51 -0700] "GET /tmp/ HTTP/1.1" 200 520 "-" "panscient.com"
38.99.203.110 - - [16/Apr/2007:02:49:52 -0700] "GET /tmp/?N=D HTTP/1.1" 200 520 "-" "panscient.com"
38.99.203.110 - - [16/Apr/2007:02:49:53 -0700] "GET /tmp/?D=A HTTP/1.1" 200 520 "-" "panscient.com"
38.99.203.110 - - [16/Apr/2007:02:49:55 -0700] "GET /tmp/?D=D HTTP/1.1" 200 520 "-" "panscient.com"
38.99.203.110 - - [16/Apr/2007:02:49:56 -0700] "GET /tmp/?N=A HTTP/1.1" 200 520 "-" "panscient.com"
38.99.203.110 - - [16/Apr/2007:02:49:57 -0700] "GET /tmp/?M=A HTTP/1.1" 200 520 "-" "panscient.com"
38.99.203.110 - - [16/Apr/2007:02:49:58 -0700] "GET /logs/?S=A HTTP/1.1" 200 1373 "-" "panscient.com"
38.99.203.110 - - [16/Apr/2007:02:49:59 -0700] "GET /tmp/?S=A HTTP/1.1" 200 520 "-" "panscient.com"
38.99.203.110 - - [16/Apr/2007:02:50:00 -0700] "GET /?S=A HTTP/1.1" 200 779 "-" "panscient.com"
72.30.177.98 - - [16/Apr/2007:13:15:43 -0700] "GET /robots.txt HTTP/1.0" 404 275 "-" "Mozilla/5.0 (compatible; Yahoo! Slurp; http://help.yahoo.com/help/us/ysearch/slurp)"
74.6.68.163 - - [16/Apr/2007:13:15:43 -0700] "GET / HTTP/1.0" 200 763 "-" "Mozilla/5.0 (compatible; Yahoo! Slurp; http://help.yahoo.com/help/us/ysearch/slurp)"
68.142.212.189 - - [16/Apr/2007:19:27:15 -0700] "GET /robots.txt HTTP/1.0" 404 275 "-" "Yahoo-MMCrawler/3.x (mms dash mmcrawler dash support at yahoo dash inc dot com)"
68.142.212.193 - - [17/Apr/2007:03:14:05 -0700] "GET /robots.txt HTTP/1.0" 404 275 "-" "Yahoo-MMCrawler/3.x (mms dash mmcrawler dash support at yahoo dash inc dot com)"
74.6.75.33 - - [17/Apr/2007:04:34:25 -0700] "GET /robots.txt HTTP/1.0" 404 275 "-" "Mozilla/5.0 (compatible; Yahoo! Slurp; http://help.yahoo.com/help/us/ysearch/slurp)"
74.6.68.152 - - [17/Apr/2007:04:34:25 -0700] "GET /digital.html HTTP/1.0" 404 275 "-" "Mozilla/5.0 (compatible; Yahoo! Slurp; http://help.yahoo.com/help/us/ysearch/slurp)"
71.193.96.38 - - [17/Apr/2007:06:49:17 -0700] "GET / HTTP/1.1" 200 779 "-" "Mozilla/4.0 (compatible; MSIE 7.0; Windows NT 5.1; .NET CLR 1.1.4322; .NET CLR 2.0.50727; .NET CLR 3.0.04506.30)"
71.193.96.38 - - [17/Apr/2007:06:49:17 -0700] "GET /favicon.ico HTTP/1.1" 404 275 "-" "Mozilla/4.0 (compatible; MSIE 7.0; Windows NT 5.1; .NET CLR 1.1.4322; .NET CLR 2.0.50727; .NET CLR 3.0.04506.30)"
71.193.96.38 - - [17/Apr/2007:06:49:20 -0700] "GET /logs/ HTTP/1.1" 200 1373 "http://www.shaneperfect.com/" "Mozilla/4.0 (compatible; MSIE 7.0; Windows NT 5.1; .NET CLR 1.1.4322; .NET CLR 2.0.50727; .NET CLR 3.0.04506.30)"
71.193.96.38 - - [17/Apr/2007:06:49:21 -0700] "GET /logs/access.log HTTP/1.1" 200 40299 "http://www.shaneperfect.com/logs/" "Mozilla/4.0 (compatible; MSIE 7.0; Windows NT 5.1; .NET CLR 1.1.4322; .NET CLR 2.0.50727; .NET CLR 3.0.04506.30)"
71.193.96.38 - - [17/Apr/2007:06:49:26 -0700] "GET / HTTP/1.1" 200 779 "http://www.shaneperfect.com/logs/" "Mozilla/4.0 (compatible; MSIE 7.0; Windows NT 5.1; .NET CLR 1.1.4322; .NET CLR 2.0.50727; .NET CLR 3.0.04506.30)"
71.193.96.38 - - [17/Apr/2007:06:49:32 -0700] "GET /tmp/ HTTP/1.1" 200 520 "http://www.shaneperfect.com/" "Mozilla/4.0 (compatible; MSIE 7.0; Windows NT 5.1; .NET CLR 1.1.4322; .NET CLR 2.0.50727; .NET CLR 3.0.04506.30)"
66.249.66.38 - - [17/Apr/2007:07:51:42 -0700] "GET /robots.txt HTTP/1.1" 404 275 "-" "Mozilla/5.0 (compatible; Googlebot/2.1; +http://www.google.com/bot.html)"
66.249.66.38 - - [17/Apr/2007:07:51:42 -0700] "GET /tmp/?N=D HTTP/1.1" 200 520 "-" "Mozilla/5.0 (compatible; Googlebot/2.1; +http://www.google.com/bot.html)"
86.25.50.168 - - [17/Apr/2007:10:07:13 -0700] "GET /logs/access.log HTTP/1.1" 200 41522 "http://www.google.co.uk/search?hl=en&q=209.167.50.27+&btnG=Google+Search&meta=" "Mozilla/4.0 (compatible; MSIE 6.0; Windows NT 5.1; SV1; Tesco; .NET CLR 1.1.4322; .NET CLR 2.0.50727)"
66.249.66.38 - - [17/Apr/2007:10:47:07 -0700] "GET /logs/access.log HTTP/1.1" 200 41795 "-" "Mozilla/5.0 (compatible; Googlebot/2.1; +http://www.google.com/bot.html)"
63.123.238.8 - - [17/Apr/2007:11:48:47 -0700] "GET /robots.txt HTTP/1.1" 404 275 "-" "Mozilla/2.0 (compatible; Ask Jeeves/Teoma)"
63.123.238.8 - - [17/Apr/2007:11:48:47 -0700] "GET / HTTP/1.1" 200 779 "-" "Mozilla/2.0 (compatible; Ask Jeeves/Teoma)"
213.188.179.45 - - [17/Apr/2007:12:51:54 -0700] "GET /logs/access_070301.log HTTP/1.1" 200 25559 "http://www.google.fr/search?hl=fr&q=68.142.212.193+yahoo+bot&btnG=Recherche+Google&meta=" "Mozilla/5.0 (Macintosh; U; PPC Mac OS X Mach-O; fr; rv:1.8.1.3) Gecko/20070309 Firefox/2.0.0.3"
213.188.179.45 - - [17/Apr/2007:12:51:55 -0700] "GET /favicon.ico HTTP/1.1" 404 275 "-" "Mozilla/5.0 (Macintosh; U; PPC Mac OS X Mach-O; fr; rv:1.8.1.3) Gecko/20070309 Firefox/2.0.0.3"
38.99.203.110 - - [17/Apr/2007:19:39:18 -0700] "GET /robots.txt HTTP/1.1" 404 275 "-" "Java/1.6.0_01-ea"
38.99.203.110 - - [17/Apr/2007:19:39:18 -0700] "GET / HTTP/1.1" 200 779 "-" "panscient.com"
38.99.203.110 - - [17/Apr/2007:19:39:19 -0700] "GET /?N=D HTTP/1.1" 200 779 "-" "panscient.com"
38.99.203.110 - - [17/Apr/2007:19:39:20 -0700] "GET /?N=A HTTP/1.1" 200 779 "-" "panscient.com"
38.99.203.110 - - [17/Apr/2007:19:39:21 -0700] "GET /?D=A HTTP/1.1" 200 779 "-" "panscient.com"
38.99.203.110 - - [17/Apr/2007:19:39:22 -0700] "GET /?D=D HTTP/1.1" 200 779 "-" "panscient.com"
38.99.203.110 - - [17/Apr/2007:19:39:23 -0700] "GET /?M=A HTTP/1.1" 200 779 "-" "panscient.com"
38.99.203.110 - - [17/Apr/2007:19:39:24 -0700] "GET /logs/ HTTP/1.1" 200 1373 "-" "panscient.com"
38.99.203.110 - - [17/Apr/2007:19:39:25 -0700] "GET /logs/?N=D HTTP/1.1" 200 1373 "-" "panscient.com"
38.99.203.110 - - [17/Apr/2007:19:39:26 -0700] "GET /logs/?D=A HTTP/1.1" 200 1373 "-" "panscient.com"
38.99.203.110 - - [17/Apr/2007:19:39:27 -0700] "GET /logs/?D=D HTTP/1.1" 200 1373 "-" "panscient.com"
38.99.203.110 - - [17/Apr/2007:19:39:28 -0700] "GET /logs/?N=A HTTP/1.1" 200 1373 "-" "panscient.com"
38.99.203.110 - - [17/Apr/2007:19:39:30 -0700] "GET /tmp/ HTTP/1.1" 200 520 "-" "panscient.com"
38.99.203.110 - - [17/Apr/2007:19:39:31 -0700] "GET /tmp/?N=D HTTP/1.1" 200 520 "-" "panscient.com"
38.99.203.110 - - [17/Apr/2007:19:39:32 -0700] "GET /tmp/?D=A HTTP/1.1" 200 520 "-" "panscient.com"
38.99.203.110 - - [17/Apr/2007:19:39:33 -0700] "GET /tmp/?D=D HTTP/1.1" 200 520 "-" "panscient.com"
38.99.203.110 - - [17/Apr/2007:19:39:34 -0700] "GET /tmp/?N=A HTTP/1.1" 200 520 "-" "panscient.com"
38.99.203.110 - - [17/Apr/2007:19:39:35 -0700] "GET /logs/?M=A HTTP/1.1" 200 1373 "-" "panscient.com"
38.99.203.110 - - [17/Apr/2007:19:39:36 -0700] "GET /tmp/?M=A HTTP/1.1" 200 520 "-" "panscient.com"
38.99.203.110 - - [17/Apr/2007:19:39:37 -0700] "GET /tmp/?S=A HTTP/1.1" 200 520 "-" "panscient.com"
38.99.203.110 - - [17/Apr/2007:19:39:40 -0700] "GET /logs/?S=A HTTP/1.1" 200 1373 "-" "panscient.com"
38.99.203.110 - - [17/Apr/2007:19:39:41 -0700] "GET /?S=A HTTP/1.1" 200 779 "-" "panscient.com"
74.6.66.55 - - [17/Apr/2007:23:23:34 -0700] "GET /robots.txt HTTP/1.0" 404 275 "-" "Mozilla/5.0 (compatible; Yahoo! Slurp; http://help.yahoo.com/help/us/ysearch/slurp)"
74.6.65.234 - - [17/Apr/2007:23:23:35 -0700] "GET / HTTP/1.0" 200 763 "-" "Mozilla/5.0 (compatible; Yahoo! Slurp; http://help.yahoo.com/help/us/ysearch/slurp)"
207.200.116.8 - - [18/Apr/2007:09:17:15 -0700] "GET / HTTP/1.1" 200 779 "-" "Mozilla/4.0 (compatible; MSIE 7.0; AOL 9.0; Windows NT 5.1)"
207.200.116.135 - - [18/Apr/2007:09:17:20 -0700] "GET /logs/ HTTP/1.1" 200 1373 "http://shaneperfect.com/" "Mozilla/4.0 (compatible; MSIE 7.0; AOL 9.0; Windows NT 5.1)"
207.200.116.70 - - [18/Apr/2007:09:17:24 -0700] "GET /logs/access_070301.log HTTP/1.1" 200 25559 "http://shaneperfect.com/logs/" "Mozilla/4.0 (compatible; MSIE 7.0; AOL 9.0; Windows NT 5.1)"
66.249.66.38 - - [18/Apr/2007:09:31:36 -0700] "GET /robots.txt HTTP/1.1" 404 275 "-" "Mozilla/5.0 (compatible; Googlebot/2.1; +http://www.google.com/bot.html)"
66.249.66.38 - - [18/Apr/2007:09:31:36 -0700] "GET /logs/ HTTP/1.1" 200 1373 "-" "Mozilla/5.0 (compatible; Googlebot/2.1; +http://www.google.com/bot.html)"
74.6.87.30 - - [18/Apr/2007:10:47:33 -0700] "GET /robots.txt HTTP/1.0" 404 275 "-" "Mozilla/5.0 (compatible; Yahoo! Slurp; http://help.yahoo.com/help/us/ysearch/slurp)"
66.249.66.38 - - [18/Apr/2007:13:18:07 -0700] "GET /robots.txt HTTP/1.1" 404 275 "-" "Mozilla/5.0 (compatible; Googlebot/2.1; +http://www.google.com/bot.html)"
66.249.66.38 - - [18/Apr/2007:13:18:07 -0700] "GET /tmp/ HTTP/1.1" 200 520 "-" "Mozilla/5.0 (compatible; Googlebot/2.1; +http://www.google.com/bot.html)"
74.6.87.30 - - [18/Apr/2007:13:53:35 -0700] "GET /robots.txt HTTP/1.0" 404 275 "-" "Mozilla/5.0 (compatible; Yahoo! Slurp; http://help.yahoo.com/help/us/ysearch/slurp)"
74.6.86.25 - - [18/Apr/2007:13:54:06 -0700] "GET /?M=A HTTP/1.0" 200 763 "-" "Mozilla/5.0 (compatible; Yahoo! Slurp; http://help.yahoo.com/help/us/ysearch/slurp)"
72.30.177.97 - - [18/Apr/2007:17:24:51 -0700] "GET /robots.txt HTTP/1.0" 404 275 "-" "Mozilla/5.0 (compatible; Yahoo! Slurp; http://help.yahoo.com/help/us/ysearch/slurp)"
74.6.73.171 - - [18/Apr/2007:17:24:51 -0700] "GET /index.html HTTP/1.0" 404 275 "-" "Mozilla/5.0 (compatible; Yahoo! Slurp; http://help.yahoo.com/help/us/ysearch/slurp)"
74.6.87.30 - - [18/Apr/2007:18:48:22 -0700] "GET /robots.txt HTTP/1.0" 404 275 "-" "Mozilla/5.0 (compatible; Yahoo! Slurp; http://help.yahoo.com/help/us/ysearch/slurp)"
74.6.86.74 - - [18/Apr/2007:18:49:48 -0700] "GET /?D=A HTTP/1.0" 200 763 "-" "Mozilla/5.0 (compatible; Yahoo! Slurp; http://help.yahoo.com/help/us/ysearch/slurp)"
67.87.3.238 - - [18/Apr/2007:20:15:04 -0700] "GET /logs/access_070301.log HTTP/1.1" 200 25559 "http://www.google.com/search?hl=en&q=217.212.224.178&btnG=Google+Search" "Mozilla/5.0 (Macintosh; U; PPC Mac OS X; en) AppleWebKit/419 (KHTML, like Gecko) Safari/419.3"
67.87.3.238 - - [18/Apr/2007:20:15:04 -0700] "GET /favicon.ico HTTP/1.1" 404 275 "-" "Mozilla/5.0 (Macintosh; U; PPC Mac OS X; en) AppleWebKit/419 (KHTML, like Gecko) Safari/419.3"
74.6.87.30 - - [18/Apr/2007:21:43:37 -0700] "GET /robots.txt HTTP/1.0" 404 275 "-" "Mozilla/5.0 (compatible; Yahoo! Slurp; http://help.yahoo.com/help/us/ysearch/slurp)"
68.142.212.189 - - [18/Apr/2007:23:33:16 -0700] "GET /robots.txt HTTP/1.0" 404 275 "-" "Yahoo-MMCrawler/3.x (mms dash mmcrawler dash support at yahoo dash inc dot com)"
74.6.87.30 - - [19/Apr/2007:03:30:39 -0700] "GET /robots.txt HTTP/1.0" 404 275 "-" "Mozilla/5.0 (compatible; Yahoo! Slurp; http://help.yahoo.com/help/us/ysearch/slurp)"
74.6.87.114 - - [19/Apr/2007:03:30:42 -0700] "GET /?N=D HTTP/1.0" 200 763 "-" "Mozilla/5.0 (compatible; Yahoo! Slurp; http://help.yahoo.com/help/us/ysearch/slurp)"
68.142.212.193 - - [19/Apr/2007:08:40:31 -0700] "GET /robots.txt HTTP/1.0" 404 275 "-" "Yahoo-MMCrawler/3.x (mms dash mmcrawler dash support at yahoo dash inc dot com)"
131.107.0.96 - - [19/Apr/2007:12:26:01 -0700] "GET /indiana.html HTTP/1.1" 404 275 "http://search.live.com/result.aspx?q=norco&mrt=en-us&FORM=LVSP" "Mozilla/4.0 (compatible; MSIE 6.0; Windows NT 5.2; Win64; x64; SV1; .NET CLR 2.0.50727)" "shaneperfect.com"
74.6.86.207 - - [19/Apr/2007:17:40:14 -0700] "GET /robots.txt HTTP/1.0" 404 275 "-" "Mozilla/5.0 (compatible; Yahoo! Slurp; http://help.yahoo.com/help/us/ysearch/slurp)" "shaneperfect.com"
74.6.86.113 - - [19/Apr/2007:17:40:28 -0700] "GET / HTTP/1.0" 200 763 "-" "Mozilla/5.0 (compatible; Yahoo! Slurp; http://help.yahoo.com/help/us/ysearch/slurp)" "shaneperfect.com"
203.198.225.30 - - [19/Apr/2007:19:21:04 -0700] "GET /logs/access_070331.log HTTP/1.1" 200 6009 "http://www.google.com/search?q=66.249.72.75&ie=utf-8&oe=utf-8&aq=t&rls=org.mozilla:zh-TW:official&client=firefox" "Mozilla/5.0 (Windows; U; Windows NT 5.1; zh-TW; rv:1.8.1.3) Gecko/20070309 Firefox/2.0.0.3" "shaneperfect.com"
203.198.225.30 - - [19/Apr/2007:19:21:05 -0700] "GET /favicon.ico HTTP/1.1" 404 275 "-" "Mozilla/5.0 (Windows; U; Windows NT 5.1; zh-TW; rv:1.8.1.3) Gecko/20070309 Firefox/2.0.0.3" "shaneperfect.com"
