74.6.86.230 - - [19/Apr/2007:20:54:37 -0700] "GET /robots.txt HTTP/1.0" 404 275 "-" "Mozilla/5.0 (compatible; Yahoo! Slurp; http://help.yahoo.com/help/us/ysearch/slurp)" "shaneperfect.com"
74.6.86.111 - - [19/Apr/2007:20:54:48 -0700] "GET /?S=A HTTP/1.0" 200 763 "-" "Mozilla/5.0 (compatible; Yahoo! Slurp; http://help.yahoo.com/help/us/ysearch/slurp)" "shaneperfect.com"
74.6.66.55 - - [19/Apr/2007:22:44:02 -0700] "GET /robots.txt HTTP/1.0" 404 275 "-" "Mozilla/5.0 (compatible; Yahoo! Slurp; http://help.yahoo.com/help/us/ysearch/slurp)" "shaneperfect.com"
74.6.65.234 - - [19/Apr/2007:22:44:03 -0700] "GET / HTTP/1.0" 200 763 "-" "Mozilla/5.0 (compatible; Yahoo! Slurp; http://help.yahoo.com/help/us/ysearch/slurp)" "shaneperfect.com"
66.249.65.243 - - [20/Apr/2007:00:29:58 -0700] "GET /robots.txt HTTP/1.1" 404 275 "-" "Mozilla/5.0 (compatible; Googlebot/2.1; +http://www.google.com/bot.html)" "shaneperfect.com"
66.249.65.243 - - [20/Apr/2007:00:29:59 -0700] "GET /logs/?D=A HTTP/1.1" 200 1373 "-" "Mozilla/5.0 (compatible; Googlebot/2.1; +http://www.google.com/bot.html)" "shaneperfect.com"
63.251.210.65 - - [20/Apr/2007:03:36:25 -0700] "GET /robots.txt HTTP/1.1" 404 275 "-" "LocalcomBot/1.3.0 (+http://www.local.com/bot.htm)" "www.shaneperfect.com"
63.251.210.65 - - [20/Apr/2007:03:36:25 -0700] "GET / HTTP/1.1" 200 779 "-" "LocalcomBot/1.3.0 (+http://www.local.com/bot.htm)" "www.shaneperfect.com"
63.251.210.65 - - [20/Apr/2007:03:36:27 -0700] "GET /logs/ HTTP/1.1" 200 1373 "-" "LocalcomBot/1.3.0 (+http://www.local.com/bot.htm)" "www.shaneperfect.com"
63.251.210.65 - - [20/Apr/2007:03:36:28 -0700] "GET /tmp/ HTTP/1.1" 200 520 "-" "LocalcomBot/1.3.0 (+http://www.local.com/bot.htm)" "www.shaneperfect.com"
63.251.210.65 - - [20/Apr/2007:03:36:30 -0700] "GET /?N=D HTTP/1.1" 200 779 "-" "LocalcomBot/1.3.0 (+http://www.local.com/bot.htm)" "www.shaneperfect.com"
63.251.210.65 - - [20/Apr/2007:03:36:32 -0700] "GET /?M=A HTTP/1.1" 200 779 "-" "LocalcomBot/1.3.0 (+http://www.local.com/bot.htm)" "www.shaneperfect.com"
63.251.210.65 - - [20/Apr/2007:03:36:33 -0700] "GET /?S=A HTTP/1.1" 200 779 "-" "LocalcomBot/1.3.0 (+http://www.local.com/bot.htm)" "www.shaneperfect.com"
63.251.210.65 - - [20/Apr/2007:03:36:35 -0700] "GET /?D=A HTTP/1.1" 200 779 "-" "LocalcomBot/1.3.0 (+http://www.local.com/bot.htm)" "www.shaneperfect.com"
63.251.210.65 - - [20/Apr/2007:03:36:36 -0700] "GET /logs/access.log HTTP/1.1" 200 52268 "-" "LocalcomBot/1.3.0 (+http://www.local.com/bot.htm)" "www.shaneperfect.com"
63.251.210.65 - - [20/Apr/2007:03:36:39 -0700] "GET /logs/access_070301.log HTTP/1.1" 200 25559 "-" "LocalcomBot/1.3.0 (+http://www.local.com/bot.htm)" "www.shaneperfect.com"
63.251.210.65 - - [20/Apr/2007:03:36:40 -0700] "GET /logs/access_070329.log HTTP/1.1" 200 49820 "-" "LocalcomBot/1.3.0 (+http://www.local.com/bot.htm)" "www.shaneperfect.com"
63.251.210.65 - - [20/Apr/2007:03:36:43 -0700] "GET /logs/access_070330.log HTTP/1.1" 200 2550 "-" "LocalcomBot/1.3.0 (+http://www.local.com/bot.htm)" "www.shaneperfect.com"
63.251.210.65 - - [20/Apr/2007:03:36:44 -0700] "GET /logs/access_070331.log HTTP/1.1" 200 6009 "-" "LocalcomBot/1.3.0 (+http://www.local.com/bot.htm)" "www.shaneperfect.com"
63.251.210.65 - - [20/Apr/2007:03:36:46 -0700] "GET /logs/access_070401.log HTTP/1.1" 200 1955 "-" "LocalcomBot/1.3.0 (+http://www.local.com/bot.htm)" "www.shaneperfect.com"
63.251.210.65 - - [20/Apr/2007:03:36:48 -0700] "GET /logs/?N=D HTTP/1.1" 200 1373 "-" "LocalcomBot/1.3.0 (+http://www.local.com/bot.htm)" "www.shaneperfect.com"
63.251.210.65 - - [20/Apr/2007:03:36:49 -0700] "GET /logs/?M=A HTTP/1.1" 200 1373 "-" "LocalcomBot/1.3.0 (+http://www.local.com/bot.htm)" "www.shaneperfect.com"
63.251.210.65 - - [20/Apr/2007:03:36:51 -0700] "GET /logs/?S=A HTTP/1.1" 200 1373 "-" "LocalcomBot/1.3.0 (+http://www.local.com/bot.htm)" "www.shaneperfect.com"
63.251.210.65 - - [20/Apr/2007:03:36:52 -0700] "GET /logs/?D=A HTTP/1.1" 200 1373 "-" "LocalcomBot/1.3.0 (+http://www.local.com/bot.htm)" "www.shaneperfect.com"
63.251.210.65 - - [20/Apr/2007:03:36:54 -0700] "GET /tmp/?N=D HTTP/1.1" 200 520 "-" "LocalcomBot/1.3.0 (+http://www.local.com/bot.htm)" "www.shaneperfect.com"
63.251.210.65 - - [20/Apr/2007:03:36:56 -0700] "GET /tmp/?M=A HTTP/1.1" 200 520 "-" "LocalcomBot/1.3.0 (+http://www.local.com/bot.htm)" "www.shaneperfect.com"
63.251.210.65 - - [20/Apr/2007:03:36:57 -0700] "GET /tmp/?S=A HTTP/1.1" 200 520 "-" "LocalcomBot/1.3.0 (+http://www.local.com/bot.htm)" "www.shaneperfect.com"
63.251.210.65 - - [20/Apr/2007:03:36:59 -0700] "GET /tmp/?D=A HTTP/1.1" 200 520 "-" "LocalcomBot/1.3.0 (+http://www.local.com/bot.htm)" "www.shaneperfect.com"
69.1.140.55 - - [20/Apr/2007:12:05:24 -0700] "GET / HTTP/1.1" 200 779 "http://www.hollyheath.com/fineart.html" "Mozilla/4.0 (compatible; MSIE 7.0; Windows NT 5.1; .NET CLR 1.1.4322; .NET CLR 2.0.50727; InfoPath.1; .NET CLR 3.0.04506.30)" "shaneperfect.com"
69.1.140.55 - - [20/Apr/2007:12:05:25 -0700] "GET /favicon.ico HTTP/1.1" 404 275 "-" "Mozilla/4.0 (compatible; MSIE 7.0; Windows NT 5.1; .NET CLR 1.1.4322; .NET CLR 2.0.50727; InfoPath.1; .NET CLR 3.0.04506.30)" "shaneperfect.com"
70.85.114.58 - - [20/Apr/2007:23:53:33 -0700] "GET /robots.txt HTTP/1.1" 404 275 "www.shaneperfect.com" "Pingdom GIGRIB (http://www.pingdom.com)" "www.shaneperfect.com"
70.85.114.58 - - [20/Apr/2007:23:53:33 -0700] "GET /robots.txt HTTP/1.1" 404 275 "www.shaneperfect.com" "Pingdom GIGRIB (http://www.pingdom.com)" "www.shaneperfect.com"
70.85.114.58 - - [20/Apr/2007:23:53:33 -0700] "GET /robots.txt HTTP/1.1" 404 275 "www.shaneperfect.com" "Pingdom GIGRIB (http://www.pingdom.com)" "www.shaneperfect.com"
70.85.114.58 - - [20/Apr/2007:23:53:36 -0700] "GET /robots.txt HTTP/1.1" 404 275 "www.shaneperfect.com" "Pingdom GIGRIB (http://www.pingdom.com)" "www.shaneperfect.com"
70.85.114.58 - - [20/Apr/2007:23:53:36 -0700] "GET /robots.txt HTTP/1.1" 404 275 "www.shaneperfect.com" "Pingdom GIGRIB (http://www.pingdom.com)" "www.shaneperfect.com"
70.85.114.58 - - [20/Apr/2007:23:53:36 -0700] "GET /robots.txt HTTP/1.1" 404 275 "www.shaneperfect.com" "Pingdom GIGRIB (http://www.pingdom.com)" "www.shaneperfect.com"
70.85.114.58 - - [20/Apr/2007:23:56:27 -0700] "GET // HTTP/1.1" 200 779 "http://www.pingdom.com/monitor/www.shaneperfect.com" "Pingdom GIGRIB (http://www.pingdom.com)" "www.shaneperfect.com"
70.85.114.58 - - [20/Apr/2007:23:56:27 -0700] "GET // HTTP/1.1" 200 779 "http://www.pingdom.com/monitor/www.shaneperfect.com" "Pingdom GIGRIB (http://www.pingdom.com)" "www.shaneperfect.com"
70.85.114.58 - - [20/Apr/2007:23:56:27 -0700] "GET // HTTP/1.1" 200 779 "http://www.pingdom.com/monitor/www.shaneperfect.com" "Pingdom GIGRIB (http://www.pingdom.com)" "www.shaneperfect.com"
70.85.114.58 - - [20/Apr/2007:23:56:27 -0700] "GET // HTTP/1.1" 200 779 "http://www.pingdom.com/monitor/www.shaneperfect.com" "Pingdom GIGRIB (http://www.pingdom.com)" "www.shaneperfect.com"
70.85.114.58 - - [20/Apr/2007:23:56:27 -0700] "GET // HTTP/1.1" 200 779 "http://www.pingdom.com/monitor/www.shaneperfect.com" "Pingdom GIGRIB (http://www.pingdom.com)" "www.shaneperfect.com"
70.85.114.58 - - [20/Apr/2007:23:56:31 -0700] "GET // HTTP/1.1" 200 779 "http://www.pingdom.com/monitor/www.shaneperfect.com" "Pingdom GIGRIB (http://www.pingdom.com)" "www.shaneperfect.com"
68.142.212.189 - - [21/Apr/2007:05:41:56 -0700] "GET /robots.txt HTTP/1.0" 404 275 "-" "Yahoo-MMCrawler/3.x (mms dash mmcrawler dash support at yahoo dash inc dot com)" "www.shaneperfect.com"
66.249.65.243 - - [21/Apr/2007:08:37:05 -0700] "GET /robots.txt HTTP/1.1" 404 275 "-" "Mozilla/5.0 (compatible; Googlebot/2.1; +http://www.google.com/bot.html)" "shaneperfect.com"
66.249.65.243 - - [21/Apr/2007:08:37:05 -0700] "GET /logs/access.log HTTP/1.1" 200 57428 "-" "Mozilla/5.0 (compatible; Googlebot/2.1; +http://www.google.com/bot.html)" "shaneperfect.com"
66.249.65.243 - - [21/Apr/2007:08:45:36 -0700] "GET /tmp/ HTTP/1.1" 200 520 "-" "Mozilla/5.0 (compatible; Googlebot/2.1; +http://www.google.com/bot.html)" "shaneperfect.com"
74.52.245.146 - - [21/Apr/2007:09:06:26 -0700] "GET / HTTP/1.0" 200 763 "-" "Mozilla/5.0 (X11; U; Linux i686; en-US; rv:1.7.5) Gecko/20041107 Firefox/1.0" "www.shaneperfect.com"
74.6.66.55 - - [21/Apr/2007:09:12:22 -0700] "GET /robots.txt HTTP/1.0" 404 275 "-" "Mozilla/5.0 (compatible; Yahoo! Slurp; http://help.yahoo.com/help/us/ysearch/slurp)" "shaneperfect.com"
74.6.72.89 - - [21/Apr/2007:09:12:22 -0700] "GET /index.html HTTP/1.0" 404 275 "-" "Mozilla/5.0 (compatible; Yahoo! Slurp; http://help.yahoo.com/help/us/ysearch/slurp)" "shaneperfect.com"
66.249.65.243 - - [21/Apr/2007:11:20:42 -0700] "GET /logs/access_070329.log HTTP/1.1" 304 - "-" "Mozilla/5.0 (compatible; Googlebot/2.1; +http://www.google.com/bot.html)" "shaneperfect.com"
68.142.212.193 - - [21/Apr/2007:12:49:52 -0700] "GET /robots.txt HTTP/1.0" 404 275 "-" "Yahoo-MMCrawler/3.x (mms dash mmcrawler dash support at yahoo dash inc dot com)" "shaneperfect.com"
66.249.65.243 - - [22/Apr/2007:03:00:42 -0700] "GET /robots.txt HTTP/1.1" 404 275 "-" "Mozilla/5.0 (compatible; Googlebot/2.1; +http://www.google.com/bot.html)" "shaneperfect.com"
66.249.65.243 - - [22/Apr/2007:03:00:43 -0700] "GET /tmp/ HTTP/1.1" 200 520 "-" "Mozilla/5.0 (compatible; Googlebot/2.1; +http://www.google.com/bot.html)" "shaneperfect.com"
66.249.65.243 - - [22/Apr/2007:03:25:55 -0700] "GET /logs/ HTTP/1.1" 200 1373 "-" "Mozilla/5.0 (compatible; Googlebot/2.1; +http://www.google.com/bot.html)" "shaneperfect.com"
74.6.66.55 - - [22/Apr/2007:03:49:27 -0700] "GET /robots.txt HTTP/1.0" 404 275 "-" "Mozilla/5.0 (compatible; Yahoo! Slurp; http://help.yahoo.com/help/us/ysearch/slurp)" "shaneperfect.com"
74.6.65.234 - - [22/Apr/2007:03:49:27 -0700] "GET / HTTP/1.0" 200 763 "-" "Mozilla/5.0 (compatible; Yahoo! Slurp; http://help.yahoo.com/help/us/ysearch/slurp)" "shaneperfect.com"
72.30.177.97 - - [22/Apr/2007:05:08:33 -0700] "GET /robots.txt HTTP/1.0" 404 275 "-" "Mozilla/5.0 (compatible; Yahoo! Slurp; http://help.yahoo.com/help/us/ysearch/slurp)" "www.shaneperfect.com"
74.6.68.163 - - [22/Apr/2007:05:08:34 -0700] "GET / HTTP/1.0" 200 763 "-" "Mozilla/5.0 (compatible; Yahoo! Slurp; http://help.yahoo.com/help/us/ysearch/slurp)" "www.shaneperfect.com"
66.231.188.140 - - [22/Apr/2007:06:47:41 -0700] "GET /robots.txt HTTP/1.0" 404 275 "-" "Gigabot/2.0/gigablast.com/spider.html" "www.shaneperfect.com"
66.231.188.140 - - [22/Apr/2007:06:47:41 -0700] "GET / HTTP/1.0" 200 763 "-" "Gigabot/2.0/gigablast.com/spider.html" "www.shaneperfect.com"
145.76.0.16 - - [23/Apr/2007:01:57:40 -0700] "GET /logs/access.log HTTP/1.1" 200 60465 "-" "Mozilla/5.0 (Windows; U; Windows NT 5.1; en-US; rv:1.8.0.11) Gecko/20070312 Firefox/1.5.0.11" "shaneperfect.com"
145.76.0.16 - - [23/Apr/2007:01:57:42 -0700] "GET /favicon.ico HTTP/1.1" 404 275 "-" "Mozilla/5.0 (Windows; U; Windows NT 5.1; en-US; rv:1.8.0.11) Gecko/20070312 Firefox/1.5.0.11" "shaneperfect.com"
145.76.0.16 - - [23/Apr/2007:01:57:47 -0700] "GET /favicon.ico HTTP/1.1" 404 275 "-" "Mozilla/5.0 (Windows; U; Windows NT 5.1; en-US; rv:1.8.0.11) Gecko/20070312 Firefox/1.5.0.11" "shaneperfect.com"
145.76.0.16 - - [23/Apr/2007:01:59:23 -0700] "GET /favicon.ico HTTP/1.1" 404 275 "-" "Mozilla/5.0 (Windows; U; Windows NT 5.1; en-US; rv:1.8.0.11) Gecko/20070312 Firefox/1.5.0.11" "shaneperfect.com"
66.249.66.208 - - [23/Apr/2007:10:10:08 -0700] "GET /robots.txt HTTP/1.1" 404 275 "-" "Mozilla/5.0 (compatible; Googlebot/2.1; +http://www.google.com/bot.html)" "shaneperfect.com"
66.249.66.208 - - [23/Apr/2007:10:10:08 -0700] "GET /logs/access_070301.log HTTP/1.1" 304 - "-" "Mozilla/5.0 (compatible; Googlebot/2.1; +http://www.google.com/bot.html)" "shaneperfect.com"
68.142.212.193 - - [23/Apr/2007:17:06:18 -0700] "GET /robots.txt HTTP/1.0" 404 275 "-" "Yahoo-MMCrawler/3.x (mms dash mmcrawler dash support at yahoo dash inc dot com)" "shaneperfect.com"
68.142.212.189 - - [23/Apr/2007:19:31:41 -0700] "GET /robots.txt HTTP/1.0" 404 275 "-" "Yahoo-MMCrawler/3.x (mms dash mmcrawler dash support at yahoo dash inc dot com)" "www.shaneperfect.com"
74.6.66.55 - - [24/Apr/2007:12:39:36 -0700] "GET /robots.txt HTTP/1.0" 404 275 "-" "Mozilla/5.0 (compatible; Yahoo! Slurp; http://help.yahoo.com/help/us/ysearch/slurp)" "shaneperfect.com"
74.6.68.140 - - [24/Apr/2007:12:39:36 -0700] "GET /?D=A HTTP/1.0" 200 763 "-" "Mozilla/5.0 (compatible; Yahoo! Slurp; http://help.yahoo.com/help/us/ysearch/slurp)" "shaneperfect.com"
66.249.66.10 - - [24/Apr/2007:18:08:58 -0700] "GET /robots.txt HTTP/1.1" 404 275 "-" "Mozilla/5.0 (compatible; Googlebot/2.1; +http://www.google.com/bot.html)" "www.shaneperfect.com"
66.249.66.10 - - [24/Apr/2007:18:08:58 -0700] "GET /logs/access.log HTTP/1.1" 200 62388 "-" "Mozilla/5.0 (compatible; Googlebot/2.1; +http://www.google.com/bot.html)" "www.shaneperfect.com"
66.249.66.10 - - [24/Apr/2007:20:36:50 -0700] "GET /robots.txt HTTP/1.1" 404 275 "-" "Mozilla/5.0 (compatible; Googlebot/2.1; +http://www.google.com/bot.html)" "shaneperfect.com"
66.249.66.10 - - [24/Apr/2007:20:36:50 -0700] "GET /logs/access.log HTTP/1.1" 200 62761 "-" "Mozilla/5.0 (compatible; Googlebot/2.1; +http://www.google.com/bot.html)" "shaneperfect.com"
74.6.66.55 - - [24/Apr/2007:22:07:39 -0700] "GET /robots.txt HTTP/1.0" 404 275 "-" "Mozilla/5.0 (compatible; Yahoo! Slurp; http://help.yahoo.com/help/us/ysearch/slurp)" "shaneperfect.com"
74.6.65.234 - - [24/Apr/2007:22:07:39 -0700] "GET / HTTP/1.0" 200 763 "-" "Mozilla/5.0 (compatible; Yahoo! Slurp; http://help.yahoo.com/help/us/ysearch/slurp)" "shaneperfect.com"
72.30.177.97 - - [25/Apr/2007:09:06:17 -0700] "GET /robots.txt HTTP/1.0" 404 275 "-" "Mozilla/5.0 (compatible; Yahoo! Slurp; http://help.yahoo.com/help/us/ysearch/slurp)" "www.shaneperfect.com"
74.6.68.163 - - [25/Apr/2007:09:06:17 -0700] "GET / HTTP/1.0" 200 763 "-" "Mozilla/5.0 (compatible; Yahoo! Slurp; http://help.yahoo.com/help/us/ysearch/slurp)" "www.shaneperfect.com"
207.46.98.128 - - [25/Apr/2007:10:54:21 -0700] "GET /robots.txt HTTP/1.0" 404 275 "-" "msnbot/1.0 (+http://search.msn.com/msnbot.htm)" "shaneperfect.com"
207.46.98.128 - - [25/Apr/2007:11:24:36 -0700] "GET /neworleans.html HTTP/1.0" 404 275 "-" "msnbot/1.0 (+http://search.msn.com/msnbot.htm)" "shaneperfect.com"
207.46.98.127 - - [25/Apr/2007:11:24:45 -0700] "GET /robots.txt HTTP/1.0" 404 275 "-" "msnbot/1.0 (+http://search.msn.com/msnbot.htm)" "shaneperfect.com"
207.46.98.127 - - [25/Apr/2007:11:24:45 -0700] "GET /architecture.html HTTP/1.0" 404 275 "-" "msnbot/1.0 (+http://search.msn.com/msnbot.htm)" "shaneperfect.com"
207.46.98.126 - - [25/Apr/2007:11:25:45 -0700] "GET /robots.txt HTTP/1.0" 404 275 "-" "msnbot/1.0 (+http://search.msn.com/msnbot.htm)" "shaneperfect.com"
207.46.98.126 - - [25/Apr/2007:11:25:45 -0700] "GET /southwest.html HTTP/1.0" 404 275 "-" "msnbot/1.0 (+http://search.msn.com/msnbot.htm)" "shaneperfect.com"
207.46.98.128 - - [25/Apr/2007:11:30:15 -0700] "GET /rome.html HTTP/1.0" 404 275 "-" "msnbot/1.0 (+http://search.msn.com/msnbot.htm)" "shaneperfect.com"
207.46.98.128 - - [25/Apr/2007:11:51:24 -0700] "GET /robots.txt HTTP/1.0" 404 275 "-" "msnbot/1.0 (+http://search.msn.com/msnbot.htm)" "shaneperfect.com"
207.46.98.128 - - [25/Apr/2007:11:51:25 -0700] "GET /abstract.html HTTP/1.0" 404 275 "-" "msnbot/1.0 (+http://search.msn.com/msnbot.htm)" "shaneperfect.com"
68.142.212.193 - - [25/Apr/2007:20:16:00 -0700] "GET /robots.txt HTTP/1.0" 404 275 "-" "Yahoo-MMCrawler/3.x (mms dash mmcrawler dash support at yahoo dash inc dot com)" "shaneperfect.com"
66.249.65.243 - - [25/Apr/2007:21:41:38 -0700] "GET /robots.txt HTTP/1.1" 404 275 "-" "Mozilla/5.0 (compatible; Googlebot/2.1; +http://www.google.com/bot.html)" "shaneperfect.com"
66.249.65.243 - - [25/Apr/2007:21:41:38 -0700] "GET /logs/ HTTP/1.1" 200 1373 "-" "Mozilla/5.0 (compatible; Googlebot/2.1; +http://www.google.com/bot.html)" "shaneperfect.com"
207.46.98.126 - - [26/Apr/2007:17:08:52 -0700] "GET /robots.txt HTTP/1.0" 404 275 "-" "msnbot/1.0 (+http://search.msn.com/msnbot.htm)" "shaneperfect.com"
207.46.98.126 - - [26/Apr/2007:17:08:52 -0700] "GET /aboutus.html HTTP/1.0" 404 275 "-" "msnbot/1.0 (+http://search.msn.com/msnbot.htm)" "shaneperfect.com"
74.6.86.230 - - [27/Apr/2007:17:51:36 -0700] "GET /robots.txt HTTP/1.0" 404 275 "-" "Mozilla/5.0 (compatible; Yahoo! Slurp; http://help.yahoo.com/help/us/ysearch/slurp)" "shaneperfect.com"
74.6.86.113 - - [27/Apr/2007:17:54:37 -0700] "GET / HTTP/1.0" 200 763 "-" "Mozilla/5.0 (compatible; Yahoo! Slurp; http://help.yahoo.com/help/us/ysearch/slurp)" "shaneperfect.com"
66.249.66.97 - - [28/Apr/2007:02:06:41 -0700] "GET /robots.txt HTTP/1.1" 404 275 "-" "Mozilla/5.0 (compatible; Googlebot/2.1; +http://www.google.com/bot.html)" "www.shaneperfect.com"
66.249.66.97 - - [28/Apr/2007:02:06:41 -0700] "GET /logs/access_070301.log HTTP/1.1" 304 - "-" "Mozilla/5.0 (compatible; Googlebot/2.1; +http://www.google.com/bot.html)" "www.shaneperfect.com"
207.46.98.128 - - [28/Apr/2007:02:12:01 -0700] "GET /robots.txt HTTP/1.0" 404 275 "-" "msnbot/1.0 (+http://search.msn.com/msnbot.htm)" "shaneperfect.com"
207.46.98.128 - - [28/Apr/2007:02:12:01 -0700] "GET /index.html HTTP/1.0" 404 275 "-" "msnbot/1.0 (+http://search.msn.com/msnbot.htm)" "shaneperfect.com"
66.249.66.97 - - [28/Apr/2007:06:56:09 -0700] "GET /tmp/ HTTP/1.1" 200 520 "-" "Mozilla/5.0 (compatible; Googlebot/2.1; +http://www.google.com/bot.html)" "www.shaneperfect.com"
72.30.177.97 - - [28/Apr/2007:06:56:14 -0700] "GET /robots.txt HTTP/1.0" 404 275 "-" "Mozilla/5.0 (compatible; Yahoo! Slurp; http://help.yahoo.com/help/us/ysearch/slurp)" "www.shaneperfect.com"
74.6.68.163 - - [28/Apr/2007:06:56:14 -0700] "GET / HTTP/1.0" 200 763 "-" "Mozilla/5.0 (compatible; Yahoo! Slurp; http://help.yahoo.com/help/us/ysearch/slurp)" "www.shaneperfect.com"
66.249.66.97 - - [28/Apr/2007:17:22:09 -0700] "GET /robots.txt HTTP/1.1" 404 275 "-" "Mozilla/5.0 (compatible; Googlebot/2.1; +http://www.google.com/bot.html)" "www.shaneperfect.com"
66.249.66.97 - - [28/Apr/2007:17:22:09 -0700] "GET /logs/access_070329.log HTTP/1.1" 304 - "-" "Mozilla/5.0 (compatible; Googlebot/2.1; +http://www.google.com/bot.html)" "www.shaneperfect.com"
74.6.66.55 - - [28/Apr/2007:18:44:39 -0700] "GET /robots.txt HTTP/1.0" 404 275 "-" "Mozilla/5.0 (compatible; Yahoo! Slurp; http://help.yahoo.com/help/us/ysearch/slurp)" "shaneperfect.com"
74.6.65.234 - - [28/Apr/2007:18:44:40 -0700] "GET / HTTP/1.0" 200 763 "-" "Mozilla/5.0 (compatible; Yahoo! Slurp; http://help.yahoo.com/help/us/ysearch/slurp)" "shaneperfect.com"
74.6.86.230 - - [28/Apr/2007:21:44:52 -0700] "GET /robots.txt HTTP/1.0" 404 275 "-" "Mozilla/5.0 (compatible; Yahoo! Slurp; http://help.yahoo.com/help/us/ysearch/slurp)" "shaneperfect.com"
74.6.86.74 - - [28/Apr/2007:21:45:20 -0700] "GET /?D=A HTTP/1.0" 200 763 "-" "Mozilla/5.0 (compatible; Yahoo! Slurp; http://help.yahoo.com/help/us/ysearch/slurp)" "shaneperfect.com"
74.6.86.230 - - [29/Apr/2007:05:11:02 -0700] "GET /robots.txt HTTP/1.0" 404 275 "-" "Mozilla/5.0 (compatible; Yahoo! Slurp; http://help.yahoo.com/help/us/ysearch/slurp)" "shaneperfect.com"
74.6.86.228 - - [29/Apr/2007:05:11:31 -0700] "GET /tmp/ HTTP/1.0" 200 504 "-" "Mozilla/5.0 (compatible; Yahoo! Slurp; http://help.yahoo.com/help/us/ysearch/slurp)" "shaneperfect.com"
72.30.177.97 - - [29/Apr/2007:08:03:44 -0700] "GET /robots.txt HTTP/1.0" 404 275 "-" "Mozilla/5.0 (compatible; Yahoo! Slurp; http://help.yahoo.com/help/us/ysearch/slurp)" "www.shaneperfect.com"
74.6.73.171 - - [29/Apr/2007:08:03:44 -0700] "GET /index.html HTTP/1.0" 404 275 "-" "Mozilla/5.0 (compatible; Yahoo! Slurp; http://help.yahoo.com/help/us/ysearch/slurp)" "www.shaneperfect.com"
63.123.238.8 - - [29/Apr/2007:20:52:35 -0700] "GET /robots.txt HTTP/1.1" 404 275 "-" "Mozilla/2.0 (compatible; Ask Jeeves/Teoma)" "www.shaneperfect.com"
63.123.238.8 - - [29/Apr/2007:20:52:35 -0700] "GET / HTTP/1.1" 200 779 "-" "Mozilla/2.0 (compatible; Ask Jeeves/Teoma)" "www.shaneperfect.com"
66.249.66.97 - - [30/Apr/2007:08:04:08 -0700] "GET /robots.txt HTTP/1.1" 404 275 "-" "Mozilla/5.0 (compatible; Googlebot/2.1; +http://www.google.com/bot.html)" "www.shaneperfect.com"
66.249.66.97 - - [30/Apr/2007:08:04:08 -0700] "GET /logs/access_070331.log HTTP/1.1" 304 - "-" "Mozilla/5.0 (compatible; Googlebot/2.1; +http://www.google.com/bot.html)" "www.shaneperfect.com"
216.67.167.2 - - [30/Apr/2007:10:49:33 -0700] "GET / HTTP/1.1" 200 779 "http://www.hollyheath.com/fineart.html" "Mozilla/4.0 (compatible; MSIE 6.0; Windows NT 5.0)" "shaneperfect.com"