68.142.212.193 - - [01/Mar/2007:03:52:53 -0800] "GET /robots.txt HTTP/1.0" 404 275 "-" "Yahoo-MMCrawler/3.x (mms dash mmcrawler dash support at yahoo dash inc dot com)"
207.46.98.126 - - [01/Mar/2007:05:59:22 -0800] "GET /robots.txt HTTP/1.0" 404 275 "-" "msnbot/1.0 (+http://search.msn.com/msnbot.htm)"
207.46.98.126 - - [01/Mar/2007:05:59:22 -0800] "GET /aboutus.html HTTP/1.0" 404 275 "-" "msnbot/1.0 (+http://search.msn.com/msnbot.htm)"
139.18.2.81 - - [01/Mar/2007:16:26:22 -0800] "GET /colornature.html HTTP/1.1" 404 275 "-" "findlinks/1.1.4-beta1 (+http://wortschatz.uni-leipzig.de/findlinks/)"
207.46.98.128 - - [01/Mar/2007:21:44:41 -0800] "GET /robots.txt HTTP/1.0" 404 275 "-" "msnbot/1.0 (+http://search.msn.com/msnbot.htm)"
207.46.98.128 - - [01/Mar/2007:21:44:41 -0800] "GET /contactinfo.html HTTP/1.0" 404 275 "-" "msnbot/1.0 (+http://search.msn.com/msnbot.htm)"
66.249.66.193 - - [02/Mar/2007:03:37:07 -0800] "GET /robots.txt HTTP/1.1" 404 275 "-" "Mozilla/5.0 (compatible; Googlebot/2.1; +http://www.google.com/bot.html)"
66.249.66.193 - - [02/Mar/2007:03:37:07 -0800] "GET /indiana.html HTTP/1.1" 404 275 "-" "Mozilla/5.0 (compatible; Googlebot/2.1; +http://www.google.com/bot.html)"
66.249.66.193 - - [02/Mar/2007:03:46:13 -0800] "GET /rome.html HTTP/1.1" 404 275 "-" "Mozilla/5.0 (compatible; Googlebot/2.1; +http://www.google.com/bot.html)"
66.249.66.193 - - [02/Mar/2007:03:47:56 -0800] "GET /aboutus.html HTTP/1.1" 404 275 "-" "Mozilla/5.0 (compatible; Googlebot/2.1; +http://www.google.com/bot.html)"
207.46.98.128 - - [02/Mar/2007:04:51:12 -0800] "GET /robots.txt HTTP/1.0" 404 275 "-" "msnbot/1.0 (+http://search.msn.com/msnbot.htm)"
207.46.98.128 - - [02/Mar/2007:04:51:12 -0800] "GET /index.html HTTP/1.0" 404 275 "-" "msnbot/1.0 (+http://search.msn.com/msnbot.htm)"
139.18.2.81 - - [02/Mar/2007:05:54:08 -0800] "GET /abstract.html HTTP/1.1" 404 275 "-" "findlinks/1.1.4-beta1 (+http://wortschatz.uni-leipzig.de/findlinks/)"
168.102.132.16 - - [02/Mar/2007:11:44:39 -0800] "GET / HTTP/1.0" 200 763 "http://www.hollyheath.com/fineart.html" "Mozilla/4.0 (compatible; MSIE 7.0; Windows NT 5.1; .NET CLR 1.1.4322; .NET CLR 2.0.50727; .NET CLR 3.0.04506.30)"
168.102.132.16 - - [02/Mar/2007:11:44:39 -0800] "GET /favicon.ico HTTP/1.0" 404 275 "-" "Mozilla/4.0 (compatible; MSIE 7.0; Windows NT 5.1; .NET CLR 1.1.4322; .NET CLR 2.0.50727; .NET CLR 3.0.04506.30)"
74.6.75.12 - - [02/Mar/2007:14:54:29 -0800] "GET /robots.txt HTTP/1.0" 404 275 "-" "Mozilla/5.0 (compatible; Yahoo! Slurp; http://help.yahoo.com/help/us/ysearch/slurp)"
74.6.70.37 - - [02/Mar/2007:14:54:29 -0800] "GET / HTTP/1.0" 200 763 "-" "Mozilla/5.0 (compatible; Yahoo! Slurp; http://help.yahoo.com/help/us/ysearch/slurp)"
66.249.72.236 - - [02/Mar/2007:18:41:05 -0800] "GET /robots.txt HTTP/1.1" 404 275 "-" "Mozilla/5.0 (compatible; Googlebot/2.1; +http://www.google.com/bot.html)"
66.249.72.236 - - [02/Mar/2007:18:41:05 -0800] "GET /contactinfo.html HTTP/1.1" 404 275 "-" "Mozilla/5.0 (compatible; Googlebot/2.1; +http://www.google.com/bot.html)"
66.249.72.236 - - [02/Mar/2007:18:41:05 -0800] "GET /colornature.html HTTP/1.1" 404 275 "-" "Mozilla/5.0 (compatible; Googlebot/2.1; +http://www.google.com/bot.html)"
66.249.72.236 - - [02/Mar/2007:18:51:36 -0800] "GET /architecture.html HTTP/1.1" 404 275 "-" "Mozilla/5.0 (compatible; Googlebot/2.1; +http://www.google.com/bot.html)"
74.6.86.121 - - [02/Mar/2007:23:17:47 -0800] "GET /robots.txt HTTP/1.0" 404 275 "-" "Mozilla/5.0 (compatible; Yahoo! Slurp; http://help.yahoo.com/help/us/ysearch/slurp)"
74.6.86.115 - - [02/Mar/2007:23:18:25 -0800] "GET / HTTP/1.0" 200 763 "-" "Mozilla/5.0 (compatible; Yahoo! Slurp; http://help.yahoo.com/help/us/ysearch/slurp)"
66.231.189.152 - - [02/Mar/2007:23:29:23 -0800] "GET /robots.txt HTTP/1.0" 404 275 "-" "Gigabot/2.0 (http://www.gigablast.com/spider.html)"
66.231.188.106 - - [02/Mar/2007:23:29:23 -0800] "GET /colornature.html HTTP/1.0" 404 275 "-" "Gigabot/2.0 (http://www.gigablast.com/spider.html)"
74.6.75.36 - - [03/Mar/2007:03:19:15 -0800] "GET /robots.txt HTTP/1.0" 404 275 "-" "Mozilla/5.0 (compatible; Yahoo! Slurp; http://help.yahoo.com/help/us/ysearch/slurp)"
74.6.68.163 - - [03/Mar/2007:03:19:15 -0800] "GET / HTTP/1.0" 200 763 "-" "Mozilla/5.0 (compatible; Yahoo! Slurp; http://help.yahoo.com/help/us/ysearch/slurp)"
74.6.86.74 - - [03/Mar/2007:03:50:55 -0800] "GET /robots.txt HTTP/1.0" 404 275 "-" "Mozilla/5.0 (compatible; Yahoo! Slurp; http://help.yahoo.com/help/us/ysearch/slurp)"
74.6.86.160 - - [03/Mar/2007:03:51:03 -0800] "GET /?N=D HTTP/1.0" 200 763 "-" "Mozilla/5.0 (compatible; Yahoo! Slurp; http://help.yahoo.com/help/us/ysearch/slurp)"
66.231.189.152 - - [03/Mar/2007:06:44:29 -0800] "GET /robots.txt HTTP/1.0" 404 275 "-" "Gigabot/2.0 (http://www.gigablast.com/spider.html)"
66.231.188.106 - - [03/Mar/2007:06:44:30 -0800] "GET /architecture.html HTTP/1.0" 404 275 "-" "Gigabot/2.0 (http://www.gigablast.com/spider.html)"
68.142.212.189 - - [03/Mar/2007:11:04:38 -0800] "GET /robots.txt HTTP/1.0" 404 275 "-" "Yahoo-MMCrawler/3.x (mms dash mmcrawler dash support at yahoo dash inc dot com)"
68.142.212.189 - - [03/Mar/2007:11:04:59 -0800] "GET /images/finearttext4.jpg HTTP/1.0" 404 275 "-" "Yahoo-MMCrawler/3.x (mms dash mmcrawler dash support at yahoo dash inc dot com)"
68.142.212.193 - - [03/Mar/2007:12:11:03 -0800] "GET /robots.txt HTTP/1.0" 404 275 "-" "Yahoo-MMCrawler/3.x (mms dash mmcrawler dash support at yahoo dash inc dot com)"
66.249.72.236 - - [03/Mar/2007:15:46:44 -0800] "GET /abstract.html HTTP/1.1" 404 275 "-" "Mozilla/5.0 (compatible; Googlebot/2.1; +http://www.google.com/bot.html)"
74.6.85.149 - - [03/Mar/2007:22:04:27 -0800] "GET /robots.txt HTTP/1.0" 404 275 "-" "Mozilla/5.0 (compatible; Yahoo! Slurp; http://help.yahoo.com/help/us/ysearch/slurp)"
74.6.87.111 - - [03/Mar/2007:22:04:28 -0800] "GET /?S=A HTTP/1.0" 200 763 "-" "Mozilla/5.0 (compatible; Yahoo! Slurp; http://help.yahoo.com/help/us/ysearch/slurp)"
63.123.238.8 - - [03/Mar/2007:23:55:09 -0800] "GET /robots.txt HTTP/1.1" 404 275 "-" "Mozilla/2.0 (compatible; Ask Jeeves/Teoma)"
63.123.238.8 - - [03/Mar/2007:23:55:10 -0800] "GET / HTTP/1.1" 200 779 "-" "Mozilla/2.0 (compatible; Ask Jeeves/Teoma)"
70.85.114.58 - - [04/Mar/2007:09:29:35 -0800] "GET /robots.txt HTTP/1.1" 404 275 "shaneperfect.com" "Pingdom GIGRIB (http://www.pingdom.com)"
70.85.114.58 - - [04/Mar/2007:09:29:35 -0800] "GET /robots.txt HTTP/1.1" 404 275 "shaneperfect.com" "Pingdom GIGRIB (http://www.pingdom.com)"
70.85.114.58 - - [04/Mar/2007:09:29:35 -0800] "GET /robots.txt HTTP/1.1" 404 275 "www.shaneperfect.com" "Pingdom GIGRIB (http://www.pingdom.com)"
70.85.114.58 - - [04/Mar/2007:09:29:35 -0800] "GET /robots.txt HTTP/1.1" 404 275 "shaneperfect.com" "Pingdom GIGRIB (http://www.pingdom.com)"
70.85.114.58 - - [04/Mar/2007:09:29:35 -0800] "GET /robots.txt HTTP/1.1" 404 275 "www.shaneperfect.com" "Pingdom GIGRIB (http://www.pingdom.com)"
70.85.114.58 - - [04/Mar/2007:09:29:35 -0800] "GET /robots.txt HTTP/1.1" 404 275 "shaneperfect.com" "Pingdom GIGRIB (http://www.pingdom.com)"
70.85.114.58 - - [04/Mar/2007:09:29:35 -0800] "GET /robots.txt HTTP/1.1" 404 275 "www.shaneperfect.com" "Pingdom GIGRIB (http://www.pingdom.com)"
70.85.114.58 - - [04/Mar/2007:09:29:35 -0800] "GET /robots.txt HTTP/1.1" 404 275 "shaneperfect.com" "Pingdom GIGRIB (http://www.pingdom.com)"
70.85.114.58 - - [04/Mar/2007:09:29:35 -0800] "GET /robots.txt HTTP/1.1" 404 275 "www.shaneperfect.com" "Pingdom GIGRIB (http://www.pingdom.com)"
70.85.114.58 - - [04/Mar/2007:09:29:35 -0800] "GET /robots.txt HTTP/1.1" 404 275 "shaneperfect.com" "Pingdom GIGRIB (http://www.pingdom.com)"
70.85.114.58 - - [04/Mar/2007:09:29:35 -0800] "GET /robots.txt HTTP/1.1" 404 275 "www.shaneperfect.com" "Pingdom GIGRIB (http://www.pingdom.com)"
70.85.114.58 - - [04/Mar/2007:09:29:38 -0800] "GET /robots.txt HTTP/1.1" 404 275 "www.shaneperfect.com" "Pingdom GIGRIB (http://www.pingdom.com)"
70.85.114.58 - - [04/Mar/2007:09:29:38 -0800] "GET /robots.txt HTTP/1.1" 404 275 "www.shaneperfect.com" "Pingdom GIGRIB (http://www.pingdom.com)"
70.85.114.58 - - [04/Mar/2007:09:32:28 -0800] "GET // HTTP/1.1" 200 779 "http://www.pingdom.com/monitor/shaneperfect.com" "Pingdom GIGRIB (http://www.pingdom.com)"
70.85.114.58 - - [04/Mar/2007:09:32:33 -0800] "GET // HTTP/1.1" 200 779 "http://www.pingdom.com/monitor/www.shaneperfect.com" "Pingdom GIGRIB (http://www.pingdom.com)"
70.85.114.58 - - [04/Mar/2007:09:32:33 -0800] "GET // HTTP/1.1" 200 779 "http://www.pingdom.com/monitor/shaneperfect.com" "Pingdom GIGRIB (http://www.pingdom.com)"
70.85.114.58 - - [04/Mar/2007:09:32:33 -0800] "GET // HTTP/1.1" 200 779 "http://www.pingdom.com/monitor/www.shaneperfect.com" "Pingdom GIGRIB (http://www.pingdom.com)"
70.85.114.58 - - [04/Mar/2007:09:32:33 -0800] "GET // HTTP/1.1" 200 779 "http://www.pingdom.com/monitor/www.shaneperfect.com" "Pingdom GIGRIB (http://www.pingdom.com)"
70.85.114.58 - - [04/Mar/2007:09:32:33 -0800] "GET // HTTP/1.1" 200 779 "http://www.pingdom.com/monitor/www.shaneperfect.com" "Pingdom GIGRIB (http://www.pingdom.com)"
70.85.114.58 - - [04/Mar/2007:09:32:33 -0800] "GET // HTTP/1.1" 200 779 "http://www.pingdom.com/monitor/shaneperfect.com" "Pingdom GIGRIB (http://www.pingdom.com)"
70.85.114.58 - - [04/Mar/2007:09:32:33 -0800] "GET // HTTP/1.1" 200 779 "http://www.pingdom.com/monitor/shaneperfect.com" "Pingdom GIGRIB (http://www.pingdom.com)"
70.85.114.58 - - [04/Mar/2007:09:32:33 -0800] "GET // HTTP/1.1" 200 779 "http://www.pingdom.com/monitor/shaneperfect.com" "Pingdom GIGRIB (http://www.pingdom.com)"
70.85.114.58 - - [04/Mar/2007:09:32:33 -0800] "GET // HTTP/1.1" 200 779 "http://www.pingdom.com/monitor/www.shaneperfect.com" "Pingdom GIGRIB (http://www.pingdom.com)"
70.85.114.58 - - [04/Mar/2007:09:32:33 -0800] "GET // HTTP/1.1" 200 779 "http://www.pingdom.com/monitor/shaneperfect.com" "Pingdom GIGRIB (http://www.pingdom.com)"
70.85.114.58 - - [04/Mar/2007:09:32:39 -0800] "GET // HTTP/1.1" 200 779 "http://www.pingdom.com/monitor/www.shaneperfect.com" "Pingdom GIGRIB (http://www.pingdom.com)"
70.85.114.58 - - [04/Mar/2007:09:32:39 -0800] "GET // HTTP/1.1" 200 779 "http://www.pingdom.com/monitor/www.shaneperfect.com" "Pingdom GIGRIB (http://www.pingdom.com)"
74.6.86.230 - - [04/Mar/2007:11:22:54 -0800] "GET /robots.txt HTTP/1.0" 404 275 "-" "Mozilla/5.0 (compatible; Yahoo! Slurp; http://help.yahoo.com/help/us/ysearch/slurp)"
74.6.86.18 - - [04/Mar/2007:11:23:39 -0800] "GET /logs/ HTTP/1.0" 200 785 "-" "Mozilla/5.0 (compatible; Yahoo! Slurp; http://help.yahoo.com/help/us/ysearch/slurp)"
88.134.147.137 - - [04/Mar/2007:21:56:02 -0800] "GET /colornature.html HTTP/1.1" 404 275 "-" "findlinks/1.1.3-beta9 (+http://wortschatz.uni-leipzig.de/findlinks/)"
139.18.13.204 - - [05/Mar/2007:17:33:57 -0800] "GET /sx70.html HTTP/1.1" 404 275 "-" "findlinks/1.1.3-beta9 (+http://wortschatz.uni-leipzig.de/findlinks/)"
66.249.66.236 - - [05/Mar/2007:18:37:25 -0800] "GET /robots.txt HTTP/1.1" 404 275 "-" "Mozilla/5.0 (compatible; Googlebot/2.1; +http://www.google.com/bot.html)"
66.249.66.236 - - [05/Mar/2007:18:37:25 -0800] "GET /digital.html HTTP/1.1" 404 275 "-" "Mozilla/5.0 (compatible; Googlebot/2.1; +http://www.google.com/bot.html)"
74.6.75.12 - - [05/Mar/2007:18:39:59 -0800] "GET /robots.txt HTTP/1.0" 404 275 "-" "Mozilla/5.0 (compatible; Yahoo! Slurp; http://help.yahoo.com/help/us/ysearch/slurp)"
74.6.70.37 - - [05/Mar/2007:18:39:59 -0800] "GET / HTTP/1.0" 200 763 "-" "Mozilla/5.0 (compatible; Yahoo! Slurp; http://help.yahoo.com/help/us/ysearch/slurp)"
68.142.212.193 - - [05/Mar/2007:19:03:02 -0800] "GET /robots.txt HTTP/1.0" 404 275 "-" "Yahoo-MMCrawler/3.x (mms dash mmcrawler dash support at yahoo dash inc dot com)"
139.18.2.216 - - [05/Mar/2007:20:56:39 -0800] "GET /wyoming.html HTTP/1.1" 404 275 "-" "findlinks/1.1.3-beta9 (+http://wortschatz.uni-leipzig.de/findlinks/)"
68.142.212.189 - - [06/Mar/2007:00:28:21 -0800] "GET /robots.txt HTTP/1.0" 404 275 "-" "Yahoo-MMCrawler/3.x (mms dash mmcrawler dash support at yahoo dash inc dot com)"
74.6.75.36 - - [06/Mar/2007:02:54:15 -0800] "GET /robots.txt HTTP/1.0" 404 275 "-" "Mozilla/5.0 (compatible; Yahoo! Slurp; http://help.yahoo.com/help/us/ysearch/slurp)"
74.6.68.163 - - [06/Mar/2007:02:54:15 -0800] "GET / HTTP/1.0" 200 763 "-" "Mozilla/5.0 (compatible; Yahoo! Slurp; http://help.yahoo.com/help/us/ysearch/slurp)"
74.6.75.12 - - [06/Mar/2007:10:30:02 -0800] "GET /robots.txt HTTP/1.0" 404 275 "-" "Mozilla/5.0 (compatible; Yahoo! Slurp; http://help.yahoo.com/help/us/ysearch/slurp)"
74.6.74.205 - - [06/Mar/2007:10:30:55 -0800] "GET /wyoming.html HTTP/1.0" 404 275 "-" "Mozilla/5.0 (compatible; Yahoo! Slurp; http://help.yahoo.com/help/us/ysearch/slurp)"
63.123.238.8 - - [06/Mar/2007:23:17:26 -0800] "GET /robots.txt HTTP/1.1" 404 275 "-" "Mozilla/2.0 (compatible; Ask Jeeves/Teoma)"
63.123.238.8 - - [06/Mar/2007:23:17:26 -0800] "GET / HTTP/1.1" 200 779 "-" "Mozilla/2.0 (compatible; Ask Jeeves/Teoma)"
74.6.75.12 - - [06/Mar/2007:23:26:34 -0800] "GET /robots.txt HTTP/1.0" 404 275 "-" "Mozilla/5.0 (compatible; Yahoo! Slurp; http://help.yahoo.com/help/us/ysearch/slurp)"
74.6.69.214 - - [06/Mar/2007:23:26:35 -0800] "GET /aboutus.html HTTP/1.0" 404 275 "-" "Mozilla/5.0 (compatible; Yahoo! Slurp; http://help.yahoo.com/help/us/ysearch/slurp)"
74.6.75.34 - - [12/Mar/2007:16:10:10 -0700] "GET /robots.txt HTTP/1.0" 404 275 "-" "Mozilla/5.0 (compatible; Yahoo! Slurp; http://help.yahoo.com/help/us/ysearch/slurp)"
74.6.70.37 - - [12/Mar/2007:16:10:10 -0700] "GET / HTTP/1.0" 200 763 "-" "Mozilla/5.0 (compatible; Yahoo! Slurp; http://help.yahoo.com/help/us/ysearch/slurp)"
64.141.174.122 - - [13/Mar/2007:11:05:27 -0700] "GET / HTTP/1.1" 200 779 "http://www.hollyheath.com/artiststatement.html" "Mozilla/4.0 (compatible; MSIE 6.0; Windows NT 5.1; SV1; .NET CLR 1.0.3705; InfoPath.1; .NET CLR 2.0.50727; .NET CLR 3.0.04506.30)"
63.123.238.8 - - [13/Mar/2007:19:03:53 -0700] "GET /robots.txt HTTP/1.1" 404 275 "-" "Mozilla/2.0 (compatible; Ask Jeeves/Teoma)"
63.123.238.8 - - [13/Mar/2007:19:03:53 -0700] "GET / HTTP/1.1" 200 779 "-" "Mozilla/2.0 (compatible; Ask Jeeves/Teoma)"
74.6.86.230 - - [13/Mar/2007:22:15:50 -0700] "GET /robots.txt HTTP/1.0" 404 275 "-" "Mozilla/5.0 (compatible; Yahoo! Slurp; http://help.yahoo.com/help/us/ysearch/slurp)"
74.6.86.113 - - [13/Mar/2007:22:17:32 -0700] "GET / HTTP/1.0" 200 763 "-" "Mozilla/5.0 (compatible; Yahoo! Slurp; http://help.yahoo.com/help/us/ysearch/slurp)"
65.214.44.177 - - [14/Mar/2007:01:14:33 -0700] "GET /robots.txt HTTP/1.0" 404 275 "-" "Mozilla/2.0 (compatible; Ask Jeeves/Teoma; +http://about.ask.com/en/docs/about/webmasters.shtml)"
65.214.44.177 - - [14/Mar/2007:01:14:33 -0700] "GET / HTTP/1.0" 200 763 "-" "Mozilla/2.0 (compatible; Ask Jeeves/Teoma; +http://about.ask.com/en/docs/about/webmasters.shtml)"
65.214.44.177 - - [14/Mar/2007:01:24:40 -0700] "GET /aboutus.html HTTP/1.0" 404 275 "-" "Mozilla/2.0 (compatible; Ask Jeeves/Teoma; +http://about.ask.com/en/docs/about/webmasters.shtml)"
74.6.86.230 - - [14/Mar/2007:01:42:42 -0700] "GET /robots.txt HTTP/1.0" 404 275 "-" "Mozilla/5.0 (compatible; Yahoo! Slurp; http://help.yahoo.com/help/us/ysearch/slurp)"
74.6.87.114 - - [14/Mar/2007:01:43:41 -0700] "GET /?N=D HTTP/1.0" 200 763 "-" "Mozilla/5.0 (compatible; Yahoo! Slurp; http://help.yahoo.com/help/us/ysearch/slurp)"
65.214.44.177 - - [14/Mar/2007:03:31:56 -0700] "GET /rome.html HTTP/1.0" 404 275 "-" "Mozilla/2.0 (compatible; Ask Jeeves/Teoma; +http://about.ask.com/en/docs/about/webmasters.shtml)"
65.214.44.177 - - [14/Mar/2007:06:02:44 -0700] "GET /contactinfo.html HTTP/1.0" 404 275 "-" "Mozilla/2.0 (compatible; Ask Jeeves/Teoma; +http://about.ask.com/en/docs/about/webmasters.shtml)"
71.193.96.38 - - [14/Mar/2007:10:52:31 -0700] "GET / HTTP/1.1" 200 779 "http://www.google.com/search?hl=en&q=shane+perfect+fort+wayne+indiana" "Mozilla/4.0 (compatible; MSIE 7.0; Windows NT 5.1; .NET CLR 1.1.4322; .NET CLR 2.0.50727; .NET CLR 3.0.04506.30)"
71.193.96.38 - - [14/Mar/2007:10:52:32 -0700] "GET /favicon.ico HTTP/1.1" 404 275 "-" "Mozilla/4.0 (compatible; MSIE 7.0; Windows NT 5.1; .NET CLR 1.1.4322; .NET CLR 2.0.50727; .NET CLR 3.0.04506.30)"
71.193.96.38 - - [14/Mar/2007:10:52:35 -0700] "GET /logs/ HTTP/1.1" 200 801 "http://shaneperfect.com/" "Mozilla/4.0 (compatible; MSIE 7.0; Windows NT 5.1; .NET CLR 1.1.4322; .NET CLR 2.0.50727; .NET CLR 3.0.04506.30)"
71.193.96.38 - - [14/Mar/2007:10:52:38 -0700] "GET / HTTP/1.1" 200 779 "http://shaneperfect.com/logs/" "Mozilla/4.0 (compatible; MSIE 7.0; Windows NT 5.1; .NET CLR 1.1.4322; .NET CLR 2.0.50727; .NET CLR 3.0.04506.30)"
71.193.96.38 - - [14/Mar/2007:10:52:39 -0700] "GET /tmp/ HTTP/1.1" 200 520 "http://shaneperfect.com/" "Mozilla/4.0 (compatible; MSIE 7.0; Windows NT 5.1; .NET CLR 1.1.4322; .NET CLR 2.0.50727; .NET CLR 3.0.04506.30)"
71.193.96.38 - - [14/Mar/2007:10:52:40 -0700] "GET / HTTP/1.1" 200 779 "http://shaneperfect.com/tmp/" "Mozilla/4.0 (compatible; MSIE 7.0; Windows NT 5.1; .NET CLR 1.1.4322; .NET CLR 2.0.50727; .NET CLR 3.0.04506.30)"
71.193.96.38 - - [14/Mar/2007:10:52:44 -0700] "GET / HTTP/1.1" 200 779 "http://shaneperfect.com/" "Mozilla/4.0 (compatible; MSIE 7.0; Windows NT 5.1; .NET CLR 1.1.4322; .NET CLR 2.0.50727; .NET CLR 3.0.04506.30)"
71.193.96.38 - - [14/Mar/2007:10:52:48 -0700] "GET /?N=D HTTP/1.1" 200 779 "http://shaneperfect.com/" "Mozilla/4.0 (compatible; MSIE 7.0; Windows NT 5.1; .NET CLR 1.1.4322; .NET CLR 2.0.50727; .NET CLR 3.0.04506.30)"
71.193.96.38 - - [14/Mar/2007:10:52:53 -0700] "GET /?M=A HTTP/1.1" 200 779 "http://shaneperfect.com/?N=D" "Mozilla/4.0 (compatible; MSIE 7.0; Windows NT 5.1; .NET CLR 1.1.4322; .NET CLR 2.0.50727; .NET CLR 3.0.04506.30)"
207.46.98.126 - - [15/Mar/2007:11:45:07 -0700] "GET /robots.txt HTTP/1.0" 404 275 "-" "msnbot/1.0 (+http://search.msn.com/msnbot.htm)"
207.46.98.126 - - [15/Mar/2007:11:45:07 -0700] "GET /aboutus.html HTTP/1.0" 404 275 "-" "msnbot/1.0 (+http://search.msn.com/msnbot.htm)"
74.6.75.42 - - [15/Mar/2007:16:10:17 -0700] "GET /robots.txt HTTP/1.0" 404 275 "-" "Mozilla/5.0 (compatible; Yahoo! Slurp; http://help.yahoo.com/help/us/ysearch/slurp)"
74.6.68.163 - - [15/Mar/2007:16:10:17 -0700] "GET / HTTP/1.0" 200 763 "-" "Mozilla/5.0 (compatible; Yahoo! Slurp; http://help.yahoo.com/help/us/ysearch/slurp)"
74.6.86.230 - - [15/Mar/2007:20:34:26 -0700] "GET /robots.txt HTTP/1.0" 404 275 "-" "Mozilla/5.0 (compatible; Yahoo! Slurp; http://help.yahoo.com/help/us/ysearch/slurp)"
74.6.86.228 - - [15/Mar/2007:20:35:11 -0700] "GET /tmp/ HTTP/1.0" 200 504 "-" "Mozilla/5.0 (compatible; Yahoo! Slurp; http://help.yahoo.com/help/us/ysearch/slurp)"
68.142.212.193 - - [15/Mar/2007:23:35:31 -0700] "GET /robots.txt HTTP/1.0" 404 275 "-" "Yahoo-MMCrawler/3.x (mms dash mmcrawler dash support at yahoo dash inc dot com)"
65.214.44.177 - - [16/Mar/2007:00:29:24 -0700] "GET /robots.txt HTTP/1.0" 404 275 "-" "Mozilla/2.0 (compatible; Ask Jeeves/Teoma; +http://about.ask.com/en/docs/about/webmasters.shtml)"
65.214.44.177 - - [16/Mar/2007:00:29:39 -0700] "GET / HTTP/1.0" 200 763 "-" "Mozilla/2.0 (compatible; Ask Jeeves/Teoma; +http://about.ask.com/en/docs/about/webmasters.shtml)"
207.46.98.128 - - [16/Mar/2007:05:02:57 -0700] "GET /robots.txt HTTP/1.0" 404 275 "-" "msnbot/1.0 (+http://search.msn.com/msnbot.htm)"
207.46.98.128 - - [16/Mar/2007:05:02:57 -0700] "GET /contactinfo.html HTTP/1.0" 404 275 "-" "msnbot/1.0 (+http://search.msn.com/msnbot.htm)"
68.142.212.189 - - [16/Mar/2007:10:41:09 -0700] "GET /robots.txt HTTP/1.0" 404 275 "-" "Yahoo-MMCrawler/3.x (mms dash mmcrawler dash support at yahoo dash inc dot com)"
207.46.98.128 - - [16/Mar/2007:11:29:51 -0700] "GET /robots.txt HTTP/1.0" 404 275 "-" "msnbot/1.0 (+http://search.msn.com/msnbot.htm)"
207.46.98.128 - - [16/Mar/2007:11:29:51 -0700] "GET /index.html HTTP/1.0" 404 275 "-" "msnbot/1.0 (+http://search.msn.com/msnbot.htm)"
66.249.65.98 - - [16/Mar/2007:14:54:46 -0700] "GET /robots.txt HTTP/1.1" 404 275 "-" "Mozilla/5.0 (compatible; Googlebot/2.1; +http://www.google.com/bot.html)"
66.249.65.98 - - [16/Mar/2007:14:54:46 -0700] "GET / HTTP/1.1" 200 779 "-" "Mozilla/5.0 (compatible; Googlebot/2.1; +http://www.google.com/bot.html)"
74.6.86.230 - - [16/Mar/2007:19:06:06 -0700] "GET /robots.txt HTTP/1.0" 404 275 "-" "Mozilla/5.0 (compatible; Yahoo! Slurp; http://help.yahoo.com/help/us/ysearch/slurp)"
74.6.87.125 - - [16/Mar/2007:19:06:14 -0700] "GET /?D=A HTTP/1.0" 200 763 "-" "Mozilla/5.0 (compatible; Yahoo! Slurp; http://help.yahoo.com/help/us/ysearch/slurp)"
74.6.75.28 - - [17/Mar/2007:11:12:36 -0700] "GET /robots.txt HTTP/1.0" 404 275 "-" "Mozilla/5.0 (compatible; Yahoo! Slurp; http://help.yahoo.com/help/us/ysearch/slurp)"
74.6.72.89 - - [17/Mar/2007:11:12:40 -0700] "GET /index.html HTTP/1.0" 404 275 "-" "Mozilla/5.0 (compatible; Yahoo! Slurp; http://help.yahoo.com/help/us/ysearch/slurp)"
74.6.75.42 - - [17/Mar/2007:11:34:44 -0700] "GET /robots.txt HTTP/1.0" 404 275 "-" "Mozilla/5.0 (compatible; Yahoo! Slurp; http://help.yahoo.com/help/us/ysearch/slurp)"
74.6.68.163 - - [17/Mar/2007:11:34:44 -0700] "GET / HTTP/1.0" 200 763 "-" "Mozilla/5.0 (compatible; Yahoo! Slurp; http://help.yahoo.com/help/us/ysearch/slurp)"
207.46.98.127 - - [17/Mar/2007:17:29:45 -0700] "GET /robots.txt HTTP/1.0" 404 275 "-" "msnbot/1.0 (+http://search.msn.com/msnbot.htm)"
207.46.98.127 - - [17/Mar/2007:17:29:45 -0700] "GET /robots.txt HTTP/1.0" 404 275 "-" "msnbot/1.0 (+http://search.msn.com/msnbot.htm)"
207.46.98.127 - - [17/Mar/2007:17:29:46 -0700] "GET /colornature.html HTTP/1.0" 404 275 "-" "msnbot/1.0 (+http://search.msn.com/msnbot.htm)"
207.46.98.127 - - [17/Mar/2007:17:29:46 -0700] "GET /digital.html HTTP/1.0" 404 275 "-" "msnbot/1.0 (+http://search.msn.com/msnbot.htm)"
74.6.75.42 - - [17/Mar/2007:17:44:25 -0700] "GET /robots.txt HTTP/1.0" 404 275 "-" "Mozilla/5.0 (compatible; Yahoo! Slurp; http://help.yahoo.com/help/us/ysearch/slurp)"
74.6.73.171 - - [17/Mar/2007:17:44:26 -0700] "GET /index.html HTTP/1.0" 404 275 "-" "Mozilla/5.0 (compatible; Yahoo! Slurp; http://help.yahoo.com/help/us/ysearch/slurp)"
74.6.75.28 - - [17/Mar/2007:17:46:47 -0700] "GET /robots.txt HTTP/1.0" 404 275 "-" "Mozilla/5.0 (compatible; Yahoo! Slurp; http://help.yahoo.com/help/us/ysearch/slurp)"
74.6.65.234 - - [17/Mar/2007:17:46:48 -0700] "GET / HTTP/1.0" 200 763 "-" "Mozilla/5.0 (compatible; Yahoo! Slurp; http://help.yahoo.com/help/us/ysearch/slurp)"
207.46.98.128 - - [18/Mar/2007:11:28:34 -0700] "GET /robots.txt HTTP/1.0" 404 275 "-" "msnbot/1.0 (+http://search.msn.com/msnbot.htm)"
207.46.98.128 - - [18/Mar/2007:11:28:34 -0700] "GET /indiana.html HTTP/1.0" 404 275 "-" "msnbot/1.0 (+http://search.msn.com/msnbot.htm)"
74.6.75.28 - - [18/Mar/2007:12:48:01 -0700] "GET /robots.txt HTTP/1.0" 404 275 "-" "Mozilla/5.0 (compatible; Yahoo! Slurp; http://help.yahoo.com/help/us/ysearch/slurp)"
74.6.71.231 - - [18/Mar/2007:12:48:01 -0700] "GET /?M=A HTTP/1.0" 200 763 "-" "Mozilla/5.0 (compatible; Yahoo! Slurp; http://help.yahoo.com/help/us/ysearch/slurp)"
217.212.224.159 - - [18/Mar/2007:14:47:05 -0700] "GET /robots.txt HTTP/1.0" 404 275 "-" "psbot/0.1 (+http://www.picsearch.com/bot.html)"
217.212.224.168 - - [18/Mar/2007:14:47:06 -0700] "GET /southwest.html HTTP/1.0" 404 275 "-" "psbot/0.1 (+http://www.picsearch.com/bot.html)"
74.6.75.28 - - [18/Mar/2007:17:58:25 -0700] "GET /robots.txt HTTP/1.0" 404 275 "-" "Mozilla/5.0 (compatible; Yahoo! Slurp; http://help.yahoo.com/help/us/ysearch/slurp)"
74.6.68.207 - - [18/Mar/2007:17:58:25 -0700] "GET /?N=A HTTP/1.0" 200 763 "-" "Mozilla/5.0 (compatible; Yahoo! Slurp; http://help.yahoo.com/help/us/ysearch/slurp)"
217.212.224.159 - - [18/Mar/2007:18:56:20 -0700] "GET /robots.txt HTTP/1.0" 404 275 "-" "psbot/0.1 (+http://www.picsearch.com/bot.html)"
217.212.224.177 - - [18/Mar/2007:18:56:21 -0700] "GET /sx70.html HTTP/1.0" 404 275 "-" "psbot/0.1 (+http://www.picsearch.com/bot.html)"
217.212.224.144 - - [18/Mar/2007:19:37:05 -0700] "GET /robots.txt HTTP/1.0" 404 275 "-" "psbot/0.1 (+http://www.picsearch.com/bot.html)"
217.212.224.170 - - [18/Mar/2007:19:37:06 -0700] "GET /wyoming.html HTTP/1.0" 404 275 "-" "psbot/0.1 (+http://www.picsearch.com/bot.html)"
217.212.224.149 - - [18/Mar/2007:21:14:45 -0700] "GET /robots.txt HTTP/1.0" 404 275 "-" "psbot/0.1 (+http://www.picsearch.com/bot.html)"
217.212.224.168 - - [18/Mar/2007:21:14:46 -0700] "GET / HTTP/1.0" 200 763 "-" "psbot/0.1 (+http://www.picsearch.com/bot.html)"
68.142.212.193 - - [19/Mar/2007:03:20:43 -0700] "GET /robots.txt HTTP/1.0" 404 275 "-" "Yahoo-MMCrawler/3.x (mms dash mmcrawler dash support at yahoo dash inc dot com)"
38.99.203.110 - - [19/Mar/2007:04:03:09 -0700] "GET /robots.txt HTTP/1.1" 404 275 "-" "Java/1.6.0_01-ea"
38.99.203.110 - - [19/Mar/2007:04:03:09 -0700] "GET / HTTP/1.1" 200 779 "-" "panscient.com"
38.99.203.110 - - [19/Mar/2007:04:03:10 -0700] "GET /?N=D HTTP/1.1" 200 779 "-" "panscient.com"
38.99.203.110 - - [19/Mar/2007:04:03:11 -0700] "GET /?D=A HTTP/1.1" 200 779 "-" "panscient.com"
38.99.203.110 - - [19/Mar/2007:04:03:12 -0700] "GET /?D=D HTTP/1.1" 200 779 "-" "panscient.com"
38.99.203.110 - - [19/Mar/2007:04:03:13 -0700] "GET /?N=A HTTP/1.1" 200 779 "-" "panscient.com"
38.99.203.110 - - [19/Mar/2007:04:03:15 -0700] "GET /?M=A HTTP/1.1" 200 779 "-" "panscient.com"
38.99.203.110 - - [19/Mar/2007:04:03:16 -0700] "GET /logs/ HTTP/1.1" 200 801 "-" "panscient.com"
38.99.203.110 - - [19/Mar/2007:04:03:17 -0700] "GET /logs/?N=D HTTP/1.1" 200 801 "-" "panscient.com"
38.99.203.110 - - [19/Mar/2007:04:03:18 -0700] "GET /logs/?D=A HTTP/1.1" 200 801 "-" "panscient.com"
38.99.203.110 - - [19/Mar/2007:04:03:19 -0700] "GET /logs/?D=D HTTP/1.1" 200 801 "-" "panscient.com"
38.99.203.110 - - [19/Mar/2007:04:03:20 -0700] "GET /logs/?N=A HTTP/1.1" 200 801 "-" "panscient.com"
38.99.203.110 - - [19/Mar/2007:04:03:21 -0700] "GET /logs/?M=A HTTP/1.1" 200 801 "-" "panscient.com"
38.99.203.110 - - [19/Mar/2007:04:03:22 -0700] "GET /tmp/ HTTP/1.1" 200 520 "-" "panscient.com"
38.99.203.110 - - [19/Mar/2007:04:03:23 -0700] "GET /tmp/?N=D HTTP/1.1" 200 520 "-" "panscient.com"
38.99.203.110 - - [19/Mar/2007:04:03:24 -0700] "GET /tmp/?D=A HTTP/1.1" 200 520 "-" "panscient.com"
38.99.203.110 - - [19/Mar/2007:04:03:26 -0700] "GET /tmp/?D=D HTTP/1.1" 200 520 "-" "panscient.com"
38.99.203.110 - - [19/Mar/2007:04:03:27 -0700] "GET /tmp/?M=A HTTP/1.1" 200 520 "-" "panscient.com"
38.99.203.110 - - [19/Mar/2007:04:03:28 -0700] "GET /tmp/?N=A HTTP/1.1" 200 520 "-" "panscient.com"
38.99.203.110 - - [19/Mar/2007:04:03:29 -0700] "GET /tmp/?M=D HTTP/1.1" 200 520 "-" "panscient.com"
38.99.203.110 - - [19/Mar/2007:04:03:30 -0700] "GET /tmp/?S=A HTTP/1.1" 200 520 "-" "panscient.com"
38.99.203.110 - - [19/Mar/2007:04:03:31 -0700] "GET /?S=A HTTP/1.1" 200 779 "-" "panscient.com"
38.99.203.110 - - [19/Mar/2007:04:03:32 -0700] "GET /logs/?S=A HTTP/1.1" 200 801 "-" "panscient.com"
74.6.75.28 - - [19/Mar/2007:05:22:30 -0700] "GET /robots.txt HTTP/1.0" 404 275 "-" "Mozilla/5.0 (compatible; Yahoo! Slurp; http://help.yahoo.com/help/us/ysearch/slurp)"
74.6.73.164 - - [19/Mar/2007:05:22:31 -0700] "GET /?N=D HTTP/1.0" 200 763 "-" "Mozilla/5.0 (compatible; Yahoo! Slurp; http://help.yahoo.com/help/us/ysearch/slurp)"
71.127.97.126 - - [19/Mar/2007:06:29:45 -0700] "GET / HTTP/1.1" 200 779 "http://www.hollyheath.com/fineart.html" "Mozilla/4.0 (compatible; MSIE 6.0; Windows NT 5.1; SV1; MSN 6.1; MSNbMSFT; MSNmen-us; MSNc00; v5m)"
74.6.75.42 - - [19/Mar/2007:06:58:22 -0700] "GET /robots.txt HTTP/1.0" 404 275 "-" "Mozilla/5.0 (compatible; Yahoo! Slurp; http://help.yahoo.com/help/us/ysearch/slurp)"
74.6.68.163 - - [19/Mar/2007:06:58:22 -0700] "GET / HTTP/1.0" 200 763 "-" "Mozilla/5.0 (compatible; Yahoo! Slurp; http://help.yahoo.com/help/us/ysearch/slurp)"
70.85.114.58 - - [19/Mar/2007:08:36:17 -0700] "GET /robots.txt HTTP/1.1" 404 275 "www.shaneperfect.com" "Pingdom GIGRIB (http://www.pingdom.com)"
70.85.114.58 - - [19/Mar/2007:08:36:17 -0700] "GET /robots.txt HTTP/1.1" 404 275 "www.shaneperfect.com" "Pingdom GIGRIB (http://www.pingdom.com)"
70.85.114.58 - - [19/Mar/2007:08:36:17 -0700] "GET /robots.txt HTTP/1.1" 404 275 "www.shaneperfect.com" "Pingdom GIGRIB (http://www.pingdom.com)"
70.85.114.58 - - [19/Mar/2007:08:36:21 -0700] "GET /robots.txt HTTP/1.1" 404 275 "www.shaneperfect.com" "Pingdom GIGRIB (http://www.pingdom.com)"
70.85.114.58 - - [19/Mar/2007:08:36:21 -0700] "GET /robots.txt HTTP/1.1" 404 275 "www.shaneperfect.com" "Pingdom GIGRIB (http://www.pingdom.com)"
70.85.114.58 - - [19/Mar/2007:08:36:21 -0700] "GET /robots.txt HTTP/1.1" 404 275 "www.shaneperfect.com" "Pingdom GIGRIB (http://www.pingdom.com)"
70.85.114.58 - - [19/Mar/2007:08:39:07 -0700] "GET // HTTP/1.1" 200 779 "http://www.pingdom.com/monitor/www.shaneperfect.com" "Pingdom GIGRIB (http://www.pingdom.com)"
70.85.114.58 - - [19/Mar/2007:08:39:07 -0700] "GET // HTTP/1.1" 200 779 "http://www.pingdom.com/monitor/www.shaneperfect.com" "Pingdom GIGRIB (http://www.pingdom.com)"
70.85.114.58 - - [19/Mar/2007:08:39:07 -0700] "GET // HTTP/1.1" 200 779 "http://www.pingdom.com/monitor/www.shaneperfect.com" "Pingdom GIGRIB (http://www.pingdom.com)"
70.85.114.58 - - [19/Mar/2007:08:39:07 -0700] "GET // HTTP/1.1" 200 779 "http://www.pingdom.com/monitor/www.shaneperfect.com" "Pingdom GIGRIB (http://www.pingdom.com)"
70.85.114.58 - - [19/Mar/2007:08:39:07 -0700] "GET // HTTP/1.1" 200 779 "http://www.pingdom.com/monitor/www.shaneperfect.com" "Pingdom GIGRIB (http://www.pingdom.com)"
70.85.114.58 - - [19/Mar/2007:08:39:13 -0700] "GET // HTTP/1.1" 200 779 "http://www.pingdom.com/monitor/www.shaneperfect.com" "Pingdom GIGRIB (http://www.pingdom.com)"
68.58.71.87 - - [19/Mar/2007:08:43:04 -0700] "GET / HTTP/1.1" 200 779 "http://www.hollyheath.com/fineart.html" "Mozilla/4.0 (compatible; MSIE 7.0; Windows NT 5.1; FunWebProducts; IEMB3; .NET CLR 1.1.4322; .NET CLR 2.0.50727; .NET CLR 3.0.04506.30; IEMB3)"
68.58.71.87 - - [19/Mar/2007:08:43:05 -0700] "GET /favicon.ico HTTP/1.1" 404 275 "-" "Mozilla/4.0 (compatible; MSIE 7.0; Windows NT 5.1; FunWebProducts; IEMB3; .NET CLR 1.1.4322; .NET CLR 2.0.50727; .NET CLR 3.0.04506.30; IEMB3)"
4.253.118.236 - - [19/Mar/2007:16:09:38 -0700] "GET / HTTP/1.1" 200 779 "http://www.hollyheath.com/artiststatement.html" "Mozilla/4.0 (compatible; MSIE 6.0; Windows 98; Win 9x 4.90; YPC 3.0.0; .NET CLR 1.1.4322; yplus 4.0.00d)"
4.253.118.236 - - [19/Mar/2007:16:09:46 -0700] "GET /logs/ HTTP/1.1" 200 801 "http://shaneperfect.com/" "Mozilla/4.0 (compatible; MSIE 6.0; Windows 98; Win 9x 4.90; YPC 3.0.0; .NET CLR 1.1.4322; yplus 4.0.00d)"
4.253.118.236 - - [19/Mar/2007:16:09:51 -0700] "GET /logs/access.log HTTP/1.1" 200 30565 "http://shaneperfect.com/logs/" "Mozilla/4.0 (compatible; MSIE 6.0; Windows 98; Win 9x 4.90; YPC 3.0.0; .NET CLR 1.1.4322; yplus 4.0.00d)"
4.253.118.236 - - [19/Mar/2007:16:10:08 -0700] "GET /logs/access_070301.log HTTP/1.1" 200 25559 "http://shaneperfect.com/logs/" "Mozilla/4.0 (compatible; MSIE 6.0; Windows 98; Win 9x 4.90; YPC 3.0.0; .NET CLR 1.1.4322; yplus 4.0.00d)"
4.253.118.236 - - [19/Mar/2007:16:10:15 -0700] "GET / HTTP/1.1" 200 779 "http://shaneperfect.com/logs/" "Mozilla/4.0 (compatible; MSIE 6.0; Windows 98; Win 9x 4.90; YPC 3.0.0; .NET CLR 1.1.4322; yplus 4.0.00d)"
68.142.212.189 - - [19/Mar/2007:17:28:02 -0700] "GET /robots.txt HTTP/1.0" 404 275 "-" "Yahoo-MMCrawler/3.x (mms dash mmcrawler dash support at yahoo dash inc dot com)"
66.249.65.98 - - [20/Mar/2007:11:02:09 -0700] "GET /robots.txt HTTP/1.1" 404 275 "-" "Mozilla/5.0 (compatible; Googlebot/2.1; +http://www.google.com/bot.html)"
66.249.65.98 - - [20/Mar/2007:11:02:09 -0700] "GET /tmp/ HTTP/1.1" 200 520 "-" "Mozilla/5.0 (compatible; Googlebot/2.1; +http://www.google.com/bot.html)"
144.226.230.36 - - [20/Mar/2007:13:23:23 -0700] "GET / HTTP/1.1" 200 779 "http://hollyheath.com/fineart.html" "Mozilla/4.0 (compatible; MSIE 6.0; Windows NT 5.0; H010818; 824145; .NET CLR 1.1.4322; .NET CLR 2.0.50727)"
144.226.230.36 - - [20/Mar/2007:13:23:27 -0700] "GET / HTTP/1.1" 200 779 "http://shaneperfect.com/" "Mozilla/4.0 (compatible; MSIE 6.0; Windows NT 5.0; H010818; 824145; .NET CLR 1.1.4322; .NET CLR 2.0.50727)"
144.226.230.36 - - [20/Mar/2007:13:23:29 -0700] "GET /logs/ HTTP/1.1" 200 801 "http://shaneperfect.com/" "Mozilla/4.0 (compatible; MSIE 6.0; Windows NT 5.0; H010818; 824145; .NET CLR 1.1.4322; .NET CLR 2.0.50727)"
144.226.230.36 - - [20/Mar/2007:13:23:31 -0700] "GET /logs/access_070301.log HTTP/1.1" 200 25559 "http://shaneperfect.com/logs/" "Mozilla/4.0 (compatible; MSIE 6.0; Windows NT 5.0; H010818; 824145; .NET CLR 1.1.4322; .NET CLR 2.0.50727)"
144.226.230.36 - - [20/Mar/2007:13:23:37 -0700] "GET / HTTP/1.1" 200 779 "http://shaneperfect.com/" "Mozilla/4.0 (compatible; MSIE 6.0; Windows NT 5.0; H010818; 824145; .NET CLR 1.1.4322; .NET CLR 2.0.50727)"
74.6.75.28 - - [20/Mar/2007:18:08:32 -0700] "GET /robots.txt HTTP/1.0" 404 275 "-" "Mozilla/5.0 (compatible; Yahoo! Slurp; http://help.yahoo.com/help/us/ysearch/slurp)"
74.6.65.234 - - [20/Mar/2007:18:08:33 -0700] "GET / HTTP/1.0" 200 763 "-" "Mozilla/5.0 (compatible; Yahoo! Slurp; http://help.yahoo.com/help/us/ysearch/slurp)"
66.249.72.115 - - [20/Mar/2007:19:43:33 -0700] "GET /robots.txt HTTP/1.1" 404 275 "-" "Mozilla/5.0 (compatible; Googlebot/2.1; +http://www.google.com/bot.html)"
66.249.72.115 - - [20/Mar/2007:19:43:33 -0700] "GET /logs/ HTTP/1.1" 200 801 "-" "Mozilla/5.0 (compatible; Googlebot/2.1; +http://www.google.com/bot.html)"
74.6.86.230 - - [20/Mar/2007:22:20:25 -0700] "GET /robots.txt HTTP/1.0" 404 275 "-" "Mozilla/5.0 (compatible; Yahoo! Slurp; http://help.yahoo.com/help/us/ysearch/slurp)"
74.6.86.113 - - [20/Mar/2007:22:23:36 -0700] "GET / HTTP/1.0" 200 763 "-" "Mozilla/5.0 (compatible; Yahoo! Slurp; http://help.yahoo.com/help/us/ysearch/slurp)"
74.6.86.25 - - [20/Mar/2007:22:26:55 -0700] "GET /?M=A HTTP/1.0" 200 763 "-" "Mozilla/5.0 (compatible; Yahoo! Slurp; http://help.yahoo.com/help/us/ysearch/slurp)"
4.176.63.73 - - [20/Mar/2007:22:51:36 -0700] "GET / HTTP/1.1" 200 779 "http://www.google.com/search?q=%22shane+perfect%22&sourceid=mozilla-search&start=0&start=0&ie=utf-8&oe=utf-8&client=firefox-a&rls=org.mozilla:en-US:official" "Mozilla/5.0 (Windows; U; Win 9x 4.90; en-US; rv:1.7.10) Gecko/20050716 Firefox/1.0.6"
4.176.63.73 - - [20/Mar/2007:22:51:40 -0700] "GET /favicon.ico HTTP/1.1" 404 275 "-" "Mozilla/5.0 (Windows; U; Win 9x 4.90; en-US; rv:1.7.10) Gecko/20050716 Firefox/1.0.6"
4.176.63.73 - - [20/Mar/2007:22:51:41 -0700] "GET /favicon.ico HTTP/1.1" 404 275 "-" "Mozilla/5.0 (Windows; U; Win 9x 4.90; en-US; rv:1.7.10) Gecko/20050716 Firefox/1.0.6"
4.176.63.73 - - [20/Mar/2007:22:51:50 -0700] "GET / HTTP/1.1" 200 779 "http://shaneperfect.com/" "Mozilla/5.0 (Windows; U; Win 9x 4.90; en-US; rv:1.7.10) Gecko/20050716 Firefox/1.0.6"
4.176.63.73 - - [20/Mar/2007:22:51:53 -0700] "GET /favicon.ico HTTP/1.1" 404 275 "-" "Mozilla/5.0 (Windows; U; Win 9x 4.90; en-US; rv:1.7.10) Gecko/20050716 Firefox/1.0.6"
4.176.63.73 - - [20/Mar/2007:22:51:57 -0700] "GET /favicon.ico HTTP/1.1" 404 275 "-" "Mozilla/5.0 (Windows; U; Win 9x 4.90; en-US; rv:1.7.10) Gecko/20050716 Firefox/1.0.6"
4.176.63.73 - - [20/Mar/2007:23:20:59 -0700] "GET / HTTP/1.1" 200 779 "http://www.hollyheath.com/fineart.html" "Mozilla/5.0 (Windows; U; Win 9x 4.90; en-US; rv:1.7.10) Gecko/20050716 Firefox/1.0.6"
4.176.63.73 - - [20/Mar/2007:23:21:01 -0700] "GET /favicon.ico HTTP/1.1" 404 275 "-" "Mozilla/5.0 (Windows; U; Win 9x 4.90; en-US; rv:1.7.10) Gecko/20050716 Firefox/1.0.6"
4.176.63.73 - - [20/Mar/2007:23:21:01 -0700] "GET /favicon.ico HTTP/1.1" 404 275 "-" "Mozilla/5.0 (Windows; U; Win 9x 4.90; en-US; rv:1.7.10) Gecko/20050716 Firefox/1.0.6"
68.142.212.193 - - [21/Mar/2007:04:49:02 -0700] "GET /robots.txt HTTP/1.0" 404 275 "-" "Yahoo-MMCrawler/3.x (mms dash mmcrawler dash support at yahoo dash inc dot com)"
63.123.238.8 - - [21/Mar/2007:08:37:53 -0700] "GET /robots.txt HTTP/1.1" 404 275 "-" "Mozilla/2.0 (compatible; Ask Jeeves/Teoma)"
63.123.238.8 - - [21/Mar/2007:08:37:53 -0700] "GET / HTTP/1.1" 200 779 "-" "Mozilla/2.0 (compatible; Ask Jeeves/Teoma)"
68.142.212.189 - - [21/Mar/2007:22:19:03 -0700] "GET /robots.txt HTTP/1.0" 404 275 "-" "Yahoo-MMCrawler/3.x (mms dash mmcrawler dash support at yahoo dash inc dot com)"
207.46.98.127 - - [22/Mar/2007:05:25:36 -0700] "GET /robots.txt HTTP/1.0" 404 275 "-" "msnbot/1.0 (+http://search.msn.com/msnbot.htm)"
207.46.98.127 - - [22/Mar/2007:05:25:36 -0700] "GET /sx70.html HTTP/1.0" 404 275 "-" "msnbot/1.0 (+http://search.msn.com/msnbot.htm)"
66.249.72.115 - - [22/Mar/2007:07:17:09 -0700] "GET /robots.txt HTTP/1.1" 404 275 "-" "Mozilla/5.0 (compatible; Googlebot/2.1; +http://www.google.com/bot.html)"
66.249.72.115 - - [22/Mar/2007:07:17:09 -0700] "GET /?D=A HTTP/1.1" 200 779 "-" "Mozilla/5.0 (compatible; Googlebot/2.1; +http://www.google.com/bot.html)"
63.123.238.8 - - [22/Mar/2007:08:18:31 -0700] "GET /robots.txt HTTP/1.1" 404 275 "-" "Mozilla/2.0 (compatible; Ask Jeeves/Teoma)"
63.123.238.8 - - [22/Mar/2007:08:18:31 -0700] "GET / HTTP/1.1" 200 779 "-" "Mozilla/2.0 (compatible; Ask Jeeves/Teoma)"
74.6.75.42 - - [22/Mar/2007:09:26:42 -0700] "GET /robots.txt HTTP/1.0" 404 275 "-" "Mozilla/5.0 (compatible; Yahoo! Slurp; http://help.yahoo.com/help/us/ysearch/slurp)"
74.6.68.163 - - [22/Mar/2007:09:26:42 -0700] "GET / HTTP/1.0" 200 763 "-" "Mozilla/5.0 (compatible; Yahoo! Slurp; http://help.yahoo.com/help/us/ysearch/slurp)"
74.6.75.28 - - [22/Mar/2007:13:32:16 -0700] "GET /robots.txt HTTP/1.0" 404 275 "-" "Mozilla/5.0 (compatible; Yahoo! Slurp; http://help.yahoo.com/help/us/ysearch/slurp)"
74.6.74.122 - - [22/Mar/2007:13:32:17 -0700] "GET /tmp/ HTTP/1.0" 200 504 "-" "Mozilla/5.0 (compatible; Yahoo! Slurp; http://help.yahoo.com/help/us/ysearch/slurp)"
66.249.72.115 - - [22/Mar/2007:19:09:59 -0700] "GET /robots.txt HTTP/1.1" 404 275 "-" "Mozilla/5.0 (compatible; Googlebot/2.1; +http://www.google.com/bot.html)"
66.249.72.115 - - [22/Mar/2007:19:09:59 -0700] "GET /logs/access.log HTTP/1.1" 200 37765 "-" "Mozilla/5.0 (compatible; Googlebot/2.1; +http://www.google.com/bot.html)"
74.6.75.28 - - [22/Mar/2007:20:47:17 -0700] "GET /robots.txt HTTP/1.0" 404 275 "-" "Mozilla/5.0 (compatible; Yahoo! Slurp; http://help.yahoo.com/help/us/ysearch/slurp)"
74.6.73.59 - - [22/Mar/2007:20:47:18 -0700] "GET /tmp/?M=A HTTP/1.0" 200 504 "-" "Mozilla/5.0 (compatible; Yahoo! Slurp; http://help.yahoo.com/help/us/ysearch/slurp)"
66.249.72.115 - - [22/Mar/2007:22:57:10 -0700] "GET /logs/access_070301.log HTTP/1.1" 200 25559 "-" "Mozilla/5.0 (compatible; Googlebot/2.1; +http://www.google.com/bot.html)"
66.249.72.115 - - [23/Mar/2007:02:55:17 -0700] "GET /robots.txt HTTP/1.1" 404 275 "-" "Mozilla/5.0 (compatible; Googlebot/2.1; +http://www.google.com/bot.html)"
66.249.72.115 - - [23/Mar/2007:02:55:17 -0700] "GET /tmp/?D=A HTTP/1.1" 200 520 "-" "Mozilla/5.0 (compatible; Googlebot/2.1; +http://www.google.com/bot.html)"
66.249.72.115 - - [23/Mar/2007:05:28:37 -0700] "GET /logs/?D=A HTTP/1.1" 200 801 "-" "Mozilla/5.0 (compatible; Googlebot/2.1; +http://www.google.com/bot.html)"
66.231.188.140 - - [23/Mar/2007:06:56:02 -0700] "GET /robots.txt HTTP/1.0" 404 275 "-" "Gigabot/2.0/gigablast.com/spider.html"
66.231.188.140 - - [23/Mar/2007:06:56:02 -0700] "GET / HTTP/1.0" 200 763 "-" "Gigabot/2.0/gigablast.com/spider.html"
68.142.212.193 - - [23/Mar/2007:08:19:08 -0700] "GET /robots.txt HTTP/1.0" 404 275 "-" "Yahoo-MMCrawler/3.x (mms dash mmcrawler dash support at yahoo dash inc dot com)"
74.6.75.28 - - [23/Mar/2007:09:09:07 -0700] "GET /robots.txt HTTP/1.0" 404 275 "-" "Mozilla/5.0 (compatible; Yahoo! Slurp; http://help.yahoo.com/help/us/ysearch/slurp)"
74.6.65.234 - - [23/Mar/2007:09:09:07 -0700] "GET / HTTP/1.0" 200 763 "-" "Mozilla/5.0 (compatible; Yahoo! Slurp; http://help.yahoo.com/help/us/ysearch/slurp)"
66.249.72.115 - - [23/Mar/2007:19:50:24 -0700] "GET /robots.txt HTTP/1.1" 404 275 "-" "Mozilla/5.0 (compatible; Googlebot/2.1; +http://www.google.com/bot.html)"
66.249.72.115 - - [23/Mar/2007:19:50:24 -0700] "GET /?N=A HTTP/1.1" 200 779 "-" "Mozilla/5.0 (compatible; Googlebot/2.1; +http://www.google.com/bot.html)"
68.142.212.189 - - [24/Mar/2007:01:41:48 -0700] "GET /robots.txt HTTP/1.0" 404 275 "-" "Yahoo-MMCrawler/3.x (mms dash mmcrawler dash support at yahoo dash inc dot com)"
74.6.75.42 - - [24/Mar/2007:04:00:10 -0700] "GET /robots.txt HTTP/1.0" 404 275 "-" "Mozilla/5.0 (compatible; Yahoo! Slurp; http://help.yahoo.com/help/us/ysearch/slurp)"
74.6.72.54 - - [24/Mar/2007:04:00:11 -0700] "GET /neworleans.html HTTP/1.0" 404 275 "-" "Mozilla/5.0 (compatible; Yahoo! Slurp; http://help.yahoo.com/help/us/ysearch/slurp)"
74.6.86.230 - - [24/Mar/2007:06:42:54 -0700] "GET /robots.txt HTTP/1.0" 404 275 "-" "Mozilla/5.0 (compatible; Yahoo! Slurp; http://help.yahoo.com/help/us/ysearch/slurp)"
74.6.86.111 - - [24/Mar/2007:06:43:19 -0700] "GET /?S=A HTTP/1.0" 200 763 "-" "Mozilla/5.0 (compatible; Yahoo! Slurp; http://help.yahoo.com/help/us/ysearch/slurp)"
74.6.86.230 - - [24/Mar/2007:15:34:17 -0700] "GET /robots.txt HTTP/1.0" 404 275 "-" "Mozilla/5.0 (compatible; Yahoo! Slurp; http://help.yahoo.com/help/us/ysearch/slurp)"
74.6.86.14 - - [24/Mar/2007:15:35:09 -0700] "GET /logs/ HTTP/1.0" 200 785 "-" "Mozilla/5.0 (compatible; Yahoo! Slurp; http://help.yahoo.com/help/us/ysearch/slurp)"
66.249.72.115 - - [24/Mar/2007:16:42:24 -0700] "GET /robots.txt HTTP/1.1" 404 275 "-" "Mozilla/5.0 (compatible; Googlebot/2.1; +http://www.google.com/bot.html)"
66.249.72.115 - - [24/Mar/2007:16:42:24 -0700] "GET /tmp/?D=D HTTP/1.1" 200 520 "-" "Mozilla/5.0 (compatible; Googlebot/2.1; +http://www.google.com/bot.html)"
74.6.75.42 - - [25/Mar/2007:00:11:38 -0700] "GET /robots.txt HTTP/1.0" 404 275 "-" "Mozilla/5.0 (compatible; Yahoo! Slurp; http://help.yahoo.com/help/us/ysearch/slurp)"
74.6.68.163 - - [25/Mar/2007:00:11:38 -0700] "GET / HTTP/1.0" 200 763 "-" "Mozilla/5.0 (compatible; Yahoo! Slurp; http://help.yahoo.com/help/us/ysearch/slurp)"
66.249.72.115 - - [25/Mar/2007:14:54:11 -0700] "GET /robots.txt HTTP/1.1" 404 275 "-" "Mozilla/5.0 (compatible; Googlebot/2.1; +http://www.google.com/bot.html)"
66.249.72.115 - - [25/Mar/2007:14:54:11 -0700] "GET /tmp/ HTTP/1.1" 200 520 "-" "Mozilla/5.0 (compatible; Googlebot/2.1; +http://www.google.com/bot.html)"
66.249.72.115 - - [25/Mar/2007:16:09:07 -0700] "GET /logs/ HTTP/1.1" 200 801 "-" "Mozilla/5.0 (compatible; Googlebot/2.1; +http://www.google.com/bot.html)"
74.6.75.42 - - [26/Mar/2007:04:37:05 -0700] "GET /robots.txt HTTP/1.0" 404 275 "-" "Mozilla/5.0 (compatible; Yahoo! Slurp; http://help.yahoo.com/help/us/ysearch/slurp)"
74.6.73.171 - - [26/Mar/2007:04:37:05 -0700] "GET /index.html HTTP/1.0" 404 275 "-" "Mozilla/5.0 (compatible; Yahoo! Slurp; http://help.yahoo.com/help/us/ysearch/slurp)"
68.142.212.193 - - [26/Mar/2007:07:53:45 -0700] "GET /robots.txt HTTP/1.0" 404 275 "-" "Yahoo-MMCrawler/3.x (mms dash mmcrawler dash support at yahoo dash inc dot com)"
74.6.75.28 - - [26/Mar/2007:10:33:34 -0700] "GET /robots.txt HTTP/1.0" 404 275 "-" "Mozilla/5.0 (compatible; Yahoo! Slurp; http://help.yahoo.com/help/us/ysearch/slurp)"
74.6.72.89 - - [26/Mar/2007:10:33:34 -0700] "GET /index.html HTTP/1.0" 404 275 "-" "Mozilla/5.0 (compatible; Yahoo! Slurp; http://help.yahoo.com/help/us/ysearch/slurp)"
66.249.72.115 - - [26/Mar/2007:11:53:30 -0700] "GET /robots.txt HTTP/1.1" 404 275 "-" "Mozilla/5.0 (compatible; Googlebot/2.1; +http://www.google.com/bot.html)"
66.249.72.115 - - [26/Mar/2007:11:53:30 -0700] "GET /?D=A HTTP/1.1" 200 779 "-" "Mozilla/5.0 (compatible; Googlebot/2.1; +http://www.google.com/bot.html)"
66.249.72.115 - - [26/Mar/2007:11:56:33 -0700] "GET /tmp/?N=D HTTP/1.1" 200 520 "-" "Mozilla/5.0 (compatible; Googlebot/2.1; +http://www.google.com/bot.html)"
68.142.212.189 - - [26/Mar/2007:13:42:37 -0700] "GET /robots.txt HTTP/1.0" 404 275 "-" "Yahoo-MMCrawler/3.x (mms dash mmcrawler dash support at yahoo dash inc dot com)"
74.6.75.37 - - [27/Mar/2007:02:49:00 -0700] "GET /robots.txt HTTP/1.0" 404 275 "-" "Mozilla/5.0 (compatible; Yahoo! Slurp; http://help.yahoo.com/help/us/ysearch/slurp)"
74.6.65.234 - - [27/Mar/2007:02:49:01 -0700] "GET / HTTP/1.0" 200 763 "-" "Mozilla/5.0 (compatible; Yahoo! Slurp; http://help.yahoo.com/help/us/ysearch/slurp)"
66.249.72.115 - - [27/Mar/2007:09:57:36 -0700] "GET /robots.txt HTTP/1.1" 404 275 "-" "Mozilla/5.0 (compatible; Googlebot/2.1; +http://www.google.com/bot.html)"
66.249.72.115 - - [27/Mar/2007:09:57:36 -0700] "GET /logs/?D=A HTTP/1.1" 200 801 "-" "Mozilla/5.0 (compatible; Googlebot/2.1; +http://www.google.com/bot.html)"
66.249.72.115 - - [27/Mar/2007:11:29:19 -0700] "GET /logs/access_070301.log HTTP/1.1" 304 - "-" "Mozilla/5.0 (compatible; Googlebot/2.1; +http://www.google.com/bot.html)"
63.123.238.8 - - [27/Mar/2007:13:57:33 -0700] "GET /robots.txt HTTP/1.1" 404 275 "-" "Mozilla/2.0 (compatible; Ask Jeeves/Teoma)"
63.123.238.8 - - [27/Mar/2007:13:57:33 -0700] "GET / HTTP/1.1" 200 779 "-" "Mozilla/2.0 (compatible; Ask Jeeves/Teoma)"
72.241.119.40 - - [27/Mar/2007:18:28:26 -0700] "GET / HTTP/1.1" 200 779 "http://www.hollyheath.com/fineart.html" "Mozilla/4.0 (compatible; MSIE 7.0; Windows NT 5.1; .NET CLR 1.1.4322; InfoPath.1)"
72.241.119.40 - - [27/Mar/2007:18:28:26 -0700] "GET /favicon.ico HTTP/1.1" 404 275 "-" "Mozilla/4.0 (compatible; MSIE 7.0; Windows NT 5.1; .NET CLR 1.1.4322; InfoPath.1)"
72.241.119.40 - - [27/Mar/2007:18:33:21 -0700] "GET / HTTP/1.1" 200 779 "http://www.hollyheath.com/fineart.html" "Mozilla/4.0 (compatible; MSIE 7.0; Windows NT 5.1; .NET CLR 1.1.4322; InfoPath.1)"
74.6.86.230 - - [28/Mar/2007:02:02:25 -0700] "GET /robots.txt HTTP/1.0" 404 275 "-" "Mozilla/5.0 (compatible; Yahoo! Slurp; http://help.yahoo.com/help/us/ysearch/slurp)"
74.6.86.113 - - [28/Mar/2007:02:03:05 -0700] "GET / HTTP/1.0" 200 763 "-" "Mozilla/5.0 (compatible; Yahoo! Slurp; http://help.yahoo.com/help/us/ysearch/slurp)"
70.90.47.10 - - [28/Mar/2007:05:07:58 -0700] "GET / HTTP/1.1" 200 779 "http://hollyheath.com/fineart.html" "Mozilla/4.0 (compatible; MSIE 6.0; Windows NT 5.1; SV1; .NET CLR 1.1.4322; InfoPath.1; .NET CLR 2.0.50727)"
72.86.67.251 - - [28/Mar/2007:05:59:33 -0700] "GET / HTTP/1.1" 200 779 "http://hollyheath.com/artiststatement.html" "Mozilla/4.0 (compatible; MSIE 7.0; Windows NT 5.1; FunWebProducts; .NET CLR 1.1.4322)"
72.86.67.251 - - [28/Mar/2007:05:59:34 -0700] "GET /favicon.ico HTTP/1.1" 404 275 "-" "Mozilla/4.0 (compatible; MSIE 7.0; Windows NT 5.1; FunWebProducts; .NET CLR 1.1.4322)"
72.86.67.251 - - [28/Mar/2007:05:59:49 -0700] "GET / HTTP/1.1" 200 779 "http://shaneperfect.com/" "Mozilla/4.0 (compatible; MSIE 7.0; Windows NT 5.1; FunWebProducts; .NET CLR 1.1.4322)"
72.86.67.251 - - [28/Mar/2007:05:59:51 -0700] "GET / HTTP/1.1" 200 779 "http://shaneperfect.com/" "Mozilla/4.0 (compatible; MSIE 7.0; Windows NT 5.1; FunWebProducts; .NET CLR 1.1.4322)"
207.46.98.128 - - [28/Mar/2007:07:50:33 -0700] "GET /robots.txt HTTP/1.0" 404 275 "-" "msnbot/1.0 (+http://search.msn.com/msnbot.htm)"
207.46.98.128 - - [28/Mar/2007:07:50:33 -0700] "GET /wyoming.html HTTP/1.0" 404 275 "-" "msnbot/1.0 (+http://search.msn.com/msnbot.htm)"
207.46.98.128 - - [28/Mar/2007:07:51:34 -0700] "GET /neworleans.html HTTP/1.0" 404 275 "-" "msnbot/1.0 (+http://search.msn.com/msnbot.htm)"
207.46.98.126 - - [28/Mar/2007:08:00:40 -0700] "GET /robots.txt HTTP/1.0" 404 275 "-" "msnbot/1.0 (+http://search.msn.com/msnbot.htm)"
207.46.98.126 - - [28/Mar/2007:08:00:40 -0700] "GET /southwest.html HTTP/1.0" 404 275 "-" "msnbot/1.0 (+http://search.msn.com/msnbot.htm)"
207.46.98.128 - - [28/Mar/2007:08:08:11 -0700] "GET /rome.html HTTP/1.0" 404 275 "-" "msnbot/1.0 (+http://search.msn.com/msnbot.htm)"
207.46.98.128 - - [28/Mar/2007:08:08:11 -0700] "GET /abstract.html HTTP/1.0" 404 275 "-" "msnbot/1.0 (+http://search.msn.com/msnbot.htm)"
207.46.98.127 - - [28/Mar/2007:08:32:40 -0700] "GET /robots.txt HTTP/1.0" 404 275 "-" "msnbot/1.0 (+http://search.msn.com/msnbot.htm)"
207.46.98.127 - - [28/Mar/2007:08:32:40 -0700] "GET /architecture.html HTTP/1.0" 404 275 "-" "msnbot/1.0 (+http://search.msn.com/msnbot.htm)"
66.249.72.115 - - [28/Mar/2007:10:18:34 -0700] "GET /robots.txt HTTP/1.1" 404 275 "-" "Mozilla/5.0 (compatible; Googlebot/2.1; +http://www.google.com/bot.html)"
66.249.72.115 - - [28/Mar/2007:10:18:35 -0700] "GET /logs/ HTTP/1.1" 200 801 "-" "Mozilla/5.0 (compatible; Googlebot/2.1; +http://www.google.com/bot.html)"
66.249.72.115 - - [28/Mar/2007:10:18:35 -0700] "GET /tmp/ HTTP/1.1" 200 520 "-" "Mozilla/5.0 (compatible; Googlebot/2.1; +http://www.google.com/bot.html)"
66.249.72.115 - - [28/Mar/2007:12:45:18 -0700] "GET /tmp/?D=D HTTP/1.1" 200 520 "-" "Mozilla/5.0 (compatible; Googlebot/2.1; +http://www.google.com/bot.html)"
66.249.72.115 - - [28/Mar/2007:13:27:49 -0700] "GET /logs/access.log HTTP/1.1" 200 48732 "-" "Mozilla/5.0 (compatible; Googlebot/2.1; +http://www.google.com/bot.html)"
74.6.75.28 - - [28/Mar/2007:13:31:11 -0700] "GET /robots.txt HTTP/1.0" 404 275 "-" "Mozilla/5.0 (compatible; Yahoo! Slurp; http://help.yahoo.com/help/us/ysearch/slurp)"
74.6.67.163 - - [28/Mar/2007:13:31:11 -0700] "GET /contactinfo.html HTTP/1.0" 404 275 "-" "Mozilla/5.0 (compatible; Yahoo! Slurp; http://help.yahoo.com/help/us/ysearch/slurp)"
68.142.212.193 - - [28/Mar/2007:14:43:54 -0700] "GET /robots.txt HTTP/1.0" 404 275 "-" "Yahoo-MMCrawler/3.x (mms dash mmcrawler dash support at yahoo dash inc dot com)"
131.107.0.96 - - [28/Mar/2007:16:59:59 -0700] "GET /sx70.html HTTP/1.1" 404 275 "http://search.live.com/result.aspx?q=ferarri&mrt=en-us&FORM=LVSP" "Mozilla/4.0 (compatible; MSIE 6.0; Windows NT 5.2; Win64; x64; SV1; .NET CLR 2.0.50727)"
68.142.212.189 - - [28/Mar/2007:17:40:12 -0700] "GET /robots.txt HTTP/1.0" 404 275 "-" "Yahoo-MMCrawler/3.x (mms dash mmcrawler dash support at yahoo dash inc dot com)"